{"text_format":"1","workbook":"xlsx","n_sheets":5,"sheets":["تفاصيل المعادلة ","المعلومات ","البيانات","التفاصيل","lists"],"not_rendered":{"charts":0,"images":0,"macros":1,"external_links":0,"defined_names":9,"comments":0,"pivot_tables":1},"unopened":[],"bounds":{"document_bytes":16777216,"sheet_cells":100000,"rows_first":2000,"rows_last":500,"rows_between":2000,"halvings":0,"cell_chars":16384,"cell_head_chars":4096},"cells_cut":0,"cells_raw":0,"read":"whole","date_system":"1900"}

{"sheet":"تفاصيل المعادلة ","index":0,"n_rows":11,"n_cols":9,"rows_kept":11,"cut":false,"hidden":true,"merged":[]}
["النوع","النوع","العرض","العمق","الارتفاع","العدد","كمية المساحة ","الكلفة ","الأجمالي"]
["جوانب","AB",56,0.56000000000000005,0.75,2,"=IF(A2=\"جوانب\";D2*E2*F2;IF(A2=\"القاعدة\";C2*D2*F2;IF(A2=\"الرف\";C2*D2*F2;IF(A2=\"المسطرة\";C2*E2*F2;\"\"))))",16.329999999999998,{"$f":"H2*G2","v":{"$error":"#VALUE!"}}]
["القاعدة","AB",0.96399999999999997,0.56000000000000005,0.75,1,null,16.329999999999998,{"$f":"H3*G3","v":0}]
["الرف","AB",0.96399999999999997,0.54,null,1,{"$f":"C4*D4*F4","v":0.52056000000000002},16.329999999999998,8.5007447999999997]
["المسطرة","AB",0.96399999999999997,null,0.12,2,{"$f":"C5*E5*F5","v":0.23135999999999998},16.329999999999998,3.7781087999999992]
[]
[]
[]
[]
[]
[null,null,null,null,null,null,{"$f":"SUM(G2:G10)","v":0.75192000000000003}]

{"sheet":"المعلومات ","index":1,"n_rows":17,"n_cols":21,"rows_kept":17,"cut":false,"hidden":false,"merged":[]}
["التاريخ","رقم الأمر","الجهة ","اسم الزبون","النوع","الملاحظات ","كود المصنع","تكلفة الفاتورة","عدد الأمتار","واقع الحال","التلف","سعر الكلفة ","صافي الربح ","تاريخ التصعيد ","المبلغ ",{"$f":"SUBTOTAL(9,$H:$H:$H:$H)","v":8004.3},"العدد",{"$f":"SUBTOTAL(2,$H:$H:$H:$H)","v":16},{"$f":"TODAY()","v":"2018-03-30"},"الأمتار ",{"$f":"SUBTOTAL(9,$I:$I:$I:$I)","v":73.2}]
["2018-01-01",1,"شركة بهار ","عماد احمد x10","ابواب",null,"AB35-AB14",1718,20.68,null,null,null,{"$f":"H2-J2-K2-L2","v":1718},"2018-01-01",null,null,null,null,{"$f":"TODAY()","v":"2018-03-30"}]
["2018-01-01",1,"شركة بهار ","عماد احمد x10","كابينات ",null,"KH3",334,null,null,null,null,{"$f":"H3-J3-K3-L3","v":334},"2018-01-01",null,null,null,null,"2018-03-30"]
["2018-01-01",1,"شركة بهار ","عماد احمد x10","كورين ",null,"F1",1406,7.9799999999999995,null,null,null,1406,"2018-01-03",null,null,null,null,"2018-03-30"]
["2018-01-01",2,"شركة بهار ","حيدر كريم كاطع Z54","كابينات ",null,"KH1",52,null,null,null,null,52,"2018-01-03",null,null,null,null,"2018-03-30"]
["2018-01-01",3,"شركة بهار ","عباس قاسم علي ","ابواب",null,"AB1",763,15.43,null,null,null,763,"2018-01-03",null,null,null,null,"2018-03-30"]
["2018-01-01",3,"شركة بهار ","عباس قاسم علي ","كابينات ",null,"KH2",23,null,null,null,null,23,"2018-01-09",null,null,null,null,"2018-03-30"]
["2018-01-01",3,"شركة بهار ","عباس قاسم علي ","كوارتز",null,"CD3 ",1041,8.01,null,null,null,1041,"2018-01-09",null,null,null,null,"2018-03-30"]
["2018-01-03",4,"شركة بهار ","مهند علاء Z66","ابواب",null,"AB15",116,2.76,null,null,null,116,"2018-01-09",null,null,null,null,"2018-03-30"]
["2018-01-03",4,"شركة بهار ","مهند علاء Z66","كابينات ",null,"KH4",20,null,null,null,null,20,"2018-01-10",null,null,null,null,"2018-03-30"]
["2018-01-03",4,"شركة بهار ","مهند علاء Z66","كوارتز",null,"CD4",173.3,2.31,null,null,null,173.3,"2018-01-02",null,null,null,null,"2018-03-30"]
["2018-01-02",5,"معرض الأسكان ","محمد ","كابينات ",null,"KH6",83,null,null,null,null,83,"2018-01-02",null,null,null,null,"2018-03-30"]
["2018-01-01",6,"شركة ايفا ","kc 40 المعرض ","كابينات ",null,"KH7",86,null,null,null,null,86,"2018-01-03",null,null,null,null,"2018-03-30"]
["2018-01-01",7,"شركة بهار ","يوناميD 2/2 ","كورين ",null,"F 16",1315,6.74,null,null,null,1315,"2018-01-03",null,null,null,null,"2018-03-30"]
["2018-01-03",7,"شركة بهار ","يوناميD 2/2 ","ابواب",null,"AB 29",362,5.59,null,null,null,362,"2018-01-07",null,null,null,null,"2018-03-30"]
["2018-01-03",7,"شركة بهار ","يوناميD 2/2 ","كابينات ",null,"KH 8",337,null,null,null,null,337,"2018-01-07",null,null,null,null,"2018-03-30"]
["2018-01-03",8,"شركة بهار ","رعد مظلوم Z 68","ابواب",null,"AB 25",175,3.7,null,null,null,175,"2018-01-07",null,null,null,null,"2018-03-30"]

{"sheet":"البيانات","index":2,"n_rows":953,"n_cols":22,"rows_kept":953,"cut":false,"hidden":false,"merged":[]}
[null,"ت","قياس الكابينة","MDFنوع الخشب"," شريط PVC","ظهر( طبقة الفايبر)","مسند بلاستك","سعر MDF","سعر PVC","سعر الظهر","سعر المسند","مواد تشغيل ","الأجمالي",null,null,null,null,null,null,null,null,{"$f":"INDEX(MyFindData,SMALL(IF(ISNUMBER(SEARCH(FindText,MyFindData)),ROW(MyFindData),\"\"),ROW())-ROW(INDEX(MyFindData,1,1))+1)","v":"AW 50*33*90"}]
[{"$f":"COUNTIF($C:$C,C2)","v":1},1,"AB 100*56*75","2.1",14.8,0.63,4,null,null,null,null,null,{"$f":"SUM(H2:L2)","v":0},null,null,null,null,null,null,null,null,{"$error":"#NUM!"}]
[1,2,"AB 90*56*75","1.99",13.92,0.56999999999999995,7,null,null,null,null,null,{"$f":"SUM(H3:L3)","v":0},null,null,null,null,null,null,null,null,{"$error":"#NUM!"}]
[1,3,"AB 80*56*75","1.85",13.12,0.5,6,null,null,null,null,null,0,null,null,null,null,null,null,null,null,{"$error":"#NUM!"}]
[1,4,"AB 75*56*75","1.85",13.12,0.5,4,null,null,null,null,null,0,null,null,null,null,null,null,null,null,{"$error":"#NUM!"}]
[1,5,"AB 70*56*75","1.72",12.32,0.44,4,null,null,null,null,null,0,null,null,null,null,null,null,null,null,{"$error":"#NUM!"}]
[1,6,"AB 60*56*75","1.59",11.52,0.37,7,null,null,null,null,null,0,null,null,null,null,null,null,null,null,{"$error":"#NUM!"}]
[1,7,"AB 50*56*75","1.45",10.72,0.31,4,null,null,null,null,null,0,null,null,null,null,null,null,null,null,{"$error":"#NUM!"}]
[1,8,"AB 45*56*75","1.39",10.32,0.27,7,null,null,null,null,null,0,null,null,null,null,null,null,null,null,{"$error":"#NUM!"}]
[1,9,"AB 40*56*75","1.25",9.92,0.24,4,null,null,null,null,null,0,null,null,null,null,null,null,null,null,{"$error":"#NUM!"}]
[1,10,"AB 35*56*75","1.22",9.52,0.22,4,null,null,null,null,null,0,null,null,null,null,null,null,null,null,{"$error":"#NUM!"}]
[1,11,"AB 30*56*75","1.19",9.1199999999999992,0.21,4,null,null,null,null,null,0,null,null,null,null,null,null,null,null,{"$error":"#NUM!"}]
[1,12,"AB 25*56*75",null,null,null,5,null,null,null,null,null,0,null,null,null,null,null,null,null,null,{"$error":"#NUM!"}]
[1,13,"AB 20*56*75","1.05",8.32,0.18,4,null,null,null,null,null,0,null,null,null,null,null,null,null,null,{"$error":"#NUM!"}]
[1,14,"AB 15*56*75","1",8,0.18,5,null,null,null,null,null,0,null,null,null,null,null,null,null,null,{"$error":"#NUM!"}]
[1,15,"ASB 100*56*75","1.78",14.8,0.63,5,null,null,null,null,null,0,null,null,null,null,null,null,null,null,{"$error":"#NUM!"}]
[1,16,"ASB 90*56*75","1.68",13.92,0.56999999999999995,51,null,null,null,null,null,0,null,null,null,null,null,null,null,null,{"$error":"#NUM!"}]
[1,17,"AOB 90*56*75","1.88",13.92,0.56999999999999995,4,null,null,null,null,null,0,null,null,null,null,null,null,null,null,{"$error":"#NUM!"}]
[1,18,"AOB 60*56*75","1.52",11.52,0.37,4,null,null,null,null,null,0,null,null,null,null,null,null,null,null,{"$error":"#NUM!"}]
[1,19,"ABC 90*90*56*75","3.3",17,1.28,5,null,null,null,null,null,0,null,null,null,null,null,null,null,null,{"$error":"#NUM!"}]
[1,20,"ABB110*56*75","2.63",19.2,0.79,4,null,null,null,null,null,0,null,null,null,null,null,null,null,null,{"$error":"#NUM!"}]
[1,21,"ABB 105*56*75","2.19",16,0.66,4,null,null,null,null,null,0,null,null,null,null,null,null,null,null,{"$error":"#NUM!"}]
[1,22,"ABB 100*56*75",null,null,null,4,null,null,null,null,null,0,null,null,null,null,null,null,null,null,{"$error":"#NUM!"}]
[1,23,"ABM 40*56*75","1.22",9.52,0.22,null,null,null,null,null,null,0,null,null,null,null,null,null,null,null,{"$error":"#NUM!"}]
[1,24,"ATBC 90*90*56*75",null,null,null,null,null,null,null,null,null,0,null,null,null,null,null,null,null,null,{"$error":"#NUM!"}]
[1,25,"AW 100*33*75","1.38",11.2,0.71,4,null,null,null,null,null,0,null,null,null,null,null,null,null,null,{"$error":"#NUM!"}]
[1,26,"AW 90*33*75","1.28",10.6,0.64,5,null,null,null,null,null,0,null,null,null,null,null,null,null,null,{"$error":"#NUM!"}]
[1,27,"AW 80*33*75","1.19",10.039999999999999,0.56000000000000005,5,null,null,null,null,null,0,null,null,null,null,null,null,null,null,{"$error":"#NUM!"}]
[1,28,"AW 75*33*75","1.19",10.039999999999999,0.56000000000000005,4,null,null,null,null,null,0,null,null,null,null,null,null,null,null,{"$error":"#NUM!"}]
[1,29,"AW 70*33*75","1.09",9.42,0.49,4,null,null,null,null,null,0,null,null,null,null,null,null,null,null,{"$error":"#NUM!"}]
[1,30,"AW 60*33*75","1",8.8000000000000007,0.42,4,null,null,null,null,null,0,null,null,null,null,null,null,null,null,{"$error":"#NUM!"}]
[1,31,"AW 50*33*75","0.91",8.1999999999999993,0.35,5,null,null,null,null,null,0,null,null,null,null,null,null,null,null,{"$error":"#NUM!"}]
[1,32,"AW 45*33*75","0.86",7.92,0.31,4,null,null,null,null,null,0,null,null,null,null,null,null,null,null,{"$error":"#NUM!"}]
[1,33,"AW 40*33*75","0.82",7.6,0.27,14,null,null,null,null,null,0,null,null,null,null,null,null,null,null,{"$error":"#NUM!"}]
[1,34,"AW 35*33*75","0.77",7.3,0.24,6,null,null,null,null,null,0,null,null,null,null,null,null,null,null,{"$error":"#NUM!"}]
[1,35,"AW 30*33*75","0.72",7,0.2,4,null,null,null,null,null,0,null,null,null,null,null,null,null,null,{"$error":"#NUM!"}]
[1,36,"AW 25*33*75","0.72",7,0.2,4,null,null,null,null,null,0,null,null,null,null,null,null,null,null,{"$error":"#NUM!"}]
[1,37,"AW 20*33*75","0.63",6.4,0.13,4,null,null,null,null,null,0,null,null,null,null,null,null,null,null,{"$error":"#NUM!"}]
[1,38,"ABW 75*33*75","1.14",9.8000000000000007,0.53,4,null,null,null,null,null,0,null,null,null,null,null,null,null,null,{"$error":"#NUM!"}]
[1,39,"AWC 60*60*33*75","1.59",12.28,0.84,5,null,null,null,null,null,0,null,null,null,null,null,null,null,null,{"$error":"#NUM!"}]
[1,40,"ATWC 60*60*33*75","1.59",15.6,0.84,5,null,null,null,null,null,0,null,null,null,null,null,null,null,null,{"$error":"#NUM!"}]
[1,41,"AWL42 40*42*75",null,null,null,null,null,null,null,null,null,0,null,null,null,null,null,null,null,null,{"$error":"#NUM!"}]
[1,42,"AWL42 45*42*75",null,null,null,null,null,null,null,null,null,0,null,null,null,null,null,null,null,null,{"$error":"#NUM!"}]
[1,43,"AWL42 50*42*75",null,null,null,null,null,null,null,null,null,0,null,null,null,null,null,null,null,null,{"$error":"#NUM!"}]
[1,44,"AWL42 60*42*75","1.09",9.42,0.49,null,null,null,null,null,null,0,null,null,null,null,null,null,null,null,{"$error":"#NUM!"}]
[1,45,"AWL42 75*42*75",null,null,null,null,null,null,null,null,null,0,null,null,null,null,null,null,null,null,{"$error":"#NUM!"}]
[1,46,"AWL42 80*42*75",null,null,null,null,null,null,null,null,null,0,null,null,null,null,null,null,null,null,{"$error":"#NUM!"}]
[1,47,"AWL42 90*42*75",null,null,null,null,null,null,null,null,null,0,null,null,null,null,null,null,null,null,{"$error":"#NUM!"}]
[1,48,"ABW 75*42*75",null,null,null,null,null,null,null,null,null,0,null,null,null,null,null,null,null,null,{"$error":"#NUM!"}]
[1,49,"AW 100*33*90",null,null,null,null,null,null,null,null,null,0,null,null,null,null,null,null,null,null,{"$error":"#NUM!"}]
[1,50,"AW 90*33*90","1.63",13.68,0.77,8,null,null,null,null,null,0,null,null,null,null,null,null,null,null,{"$error":"#NUM!"}]
[1,51,"AW 80*33*90","1.51",12.88,0.68,8,null,null,null,null,null,0,null,null,null,null,null,null,null,null,{"$error":"#NUM!"}]
[1,52,"AW 75*33*90","1.38",12.08,0.59,8,null,null,null,null,null,0,null,null,null,null,null,null,null,null,{"$error":"#NUM!"}]
[1,53,"AW 60*33*90","1.26",11.28,0.51,8,null,null,null,null,null,0,null,null,null,null,null,null,null,null,{"$error":"#NUM!"}]
[1,54,"AW 50*33*90","1.14",10.48,0.42,8,null,null,null,null,null,0,null,null,null,null,null,null,null,null,{"$error":"#NUM!"}]
[1,55,"AW 45*33*90","1.08",10.08,0.37,8,null,null,null,null,null,0,null,null,null,null,null,null,null,null,{"$error":"#NUM!"}]
[1,56,"AW 40*33*90","1.02",9.68,0.33,8,null,null,null,null,null,0,null,null,null,null,null,null,null,null,{"$error":"#NUM!"}]
[1,57,"AW 35*33*90",null,null,null,null,null,null,null,null,null,0,null,null,null,null,null,null,null,null,{"$error":"#NUM!"}]
[1,58,"AW 30*33*90",null,null,null,null,null,null,null,null,null,0,null,null,null,null,null,null,null,null,{"$error":"#NUM!"}]
[1,59,"ABW 75*33*90","1.45",12.4,0.64,8,null,null,null,null,null,0,null,null,null,null,null,null,null,null,{"$error":"#NUM!"}]
[1,60,"AWC 60*60*33*90","2.02",15.6,1.02,10,null,null,null,null,null,0,null,null,null,null,null,null,null,null,{"$error":"#NUM!"}]
[1,61,"ATWC 60*60*33*90","2.03",15.6,1.02,10,null,null,null,null,null,0,null,null,null,null,null,null,null,null,{"$error":"#NUM!"}]
[1,62,"AWL42 100*42*90",null,null,null,null,null,null,null,null,null,0,null,null,null,null,null,null,null,null,{"$error":"#NUM!"}]
[1,63,"AWL42 90*42*90",null,null,null,null,null,null,null,null,null,0,null,null,null,null,null,null,null,null,{"$error":"#NUM!"}]
[1,64,"AWL42 80*42*90",null,null,null,null,null,null,null,null,null,0,null,null,null,null,null,null,null,null,{"$error":"#NUM!"}]
[{"$f":"COUNTIF($C:$C,C66)","v":1},65,"AWL42 75*42*90",null,null,null,null,null,null,null,null,null,0,null,null,null,null,null,null,null,null,{"$error":"#NUM!"}]
[1,66,"AWL42 70*42*90",null,null,null,null,null,null,null,null,null,{"$f":"SUM(H67:L67)","v":0},null,null,null,null,null,null,null,null,{"$error":"#NUM!"}]
[1,67,"AWL42 60*42*90","1.79",13.08,0.51,8,null,null,null,null,null,0,null,null,null,null,null,null,null,null,{"$error":"#NUM!"}]
[1,68,"AWL42 50*42*90","1.62",12.28,0.42,8,null,null,null,null,null,0,null,null,null,null,null,null,null,null,{"$error":"#NUM!"}]
[1,69,"AWL42 45*42*90","1.53",11.48,0.37,8,null,null,null,null,null,0,null,null,null,null,null,null,null,null,{"$error":"#NUM!"}]
[1,70,"AWL42 40*42*90",null,null,null,null,null,null,null,null,null,0,null,null,null,null,null,null,null,null,{"$error":"#NUM!"}]
[1,71,"AWL42 35*42*90",null,null,null,null,null,null,null,null,null,0,null,null,null,null,null,null,null,null,{"$error":"#NUM!"}]
[1,72,"AWL42 30*42*90",null,null,null,null,null,null,null,null,null,0,null,null,null,null,null,null,null,null,{"$error":"#NUM!"}]
[1,73,"ABW 75*42*90",null,null,null,null,null,null,null,null,null,0,null,null,null,null,null,null,null,null,{"$error":"#NUM!"}]
[1,74,"AW 100*33*110",null,null,null,null,null,null,null,null,null,0,null,null,null,null,null,null,null,null,{"$error":"#NUM!"}]
[1,75,"AW 90*33*110","1.88",15.54,0.95,null,null,null,null,null,null,0,null,null,null,null,null,null,null,null,{"$error":"#NUM!"}]
[1,76,"AW 80*33*110","1.75",14.73,0.84,null,null,null,null,null,null,0,null,null,null,null,null,null,null,null,{"$error":"#NUM!"}]
[1,77,"AW 75*33*110",null,null,null,null,null,null,null,null,null,0,null,null,null,null,null,null,null,null,{"$error":"#NUM!"}]
[1,78,"AW 70*33*110",null,null,null,null,null,null,null,null,null,0,null,null,null,null,null,null,null,null,{"$error":"#NUM!"}]
[1,79,"AW 60*33*110",null,null,null,null,null,null,null,null,null,0,null,null,null,null,null,null,null,null,{"$error":"#NUM!"}]
[1,80,"AW 50*33*110","1.33",12,0.52,null,null,null,null,null,null,0,null,null,null,null,null,null,null,null,{"$error":"#NUM!"}]
[1,81,"AW 45*33*110","1.26",11.62,0.46,null,null,null,null,null,null,0,null,null,null,null,null,null,null,null,{"$error":"#NUM!"}]
[1,82,"AW 40*33*110",null,null,null,null,null,null,null,null,null,0,null,null,null,null,null,null,null,null,{"$error":"#NUM!"}]
[1,83,"AW 35*33*110",null,null,null,null,null,null,null,null,null,0,null,null,null,null,null,null,null,null,{"$error":"#NUM!"}]
[1,84,"ABW 75*33*110",null,null,null,null,null,null,null,null,null,0,null,null,null,null,null,null,null,null,{"$error":"#NUM!"}]
[1,85,"AWC 60*60*33*110",null,null,null,null,null,null,null,null,null,0,null,null,null,null,null,null,null,null,{"$error":"#NUM!"}]
[1,86,"ATWC 60*60*33*110","2.33",18,1.22,null,null,null,null,null,null,0,null,null,null,null,null,null,null,null,{"$error":"#NUM!"}]
[1,87,"AWL42 100*42*110",null,null,null,null,null,null,null,null,null,0,null,null,null,null,null,null,null,null,{"$error":"#NUM!"}]
[1,88,"AWL42 90*42*110",null,null,null,null,null,null,null,null,null,0,null,null,null,null,null,null,null,null,{"$error":"#NUM!"}]
[1,89,"AWL42 80*42*110",null,null,null,null,null,null,null,null,null,0,null,null,null,null,null,null,null,null,{"$error":"#NUM!"}]
[2,90,"AWL42 75*42*110",null,null,null,null,null,null,null,null,null,0,null,null,null,null,null,null,null,null,{"$error":"#NUM!"}]
[1,91,"AWL42 70*42*110",null,null,null,null,null,null,null,null,null,0,null,null,null,null,null,null,null,null,{"$error":"#NUM!"}]
[1,92,"AWL42 60*42*110",null,null,null,null,null,null,null,null,null,0,null,null,null,null,null,null,null,null,{"$error":"#NUM!"}]
[3,93,"AWL42 50*42*110",null,null,null,null,null,null,null,null,null,0,null,null,null,null,null,null,null,null,{"$error":"#NUM!"}]
[3,94,"AWL42 50*42*110",null,null,null,null,null,null,null,null,null,0,null,null,null,null,null,null,null,null,{"$error":"#NUM!"}]
[3,95,"AWL42 50*42*110",null,null,null,null,null,null,null,null,null,0,null,null,null,null,null,null,null,null,{"$error":"#NUM!"}]
[1,96,"AWL42 35*42*110",null,null,null,null,null,null,null,null,null,0,null,null,null,null,null,null,null,null,{"$error":"#NUM!"}]
[1,97,"AWL42 30*42*110",null,null,null,null,null,null,null,null,null,0,null,null,null,null,null,null,null,null,{"$error":"#NUM!"}]
[2,98,"AWL42 75*42*110",null,null,null,null,null,null,null,null,null,0,null,null,null,null,null,null,null,null,{"$error":"#NUM!"}]
[1,99,"AWT 60*33*135",null,null,null,null,null,null,null,null,null,0,null,null,null,null,null,null,null,null,{"$error":"#NUM!"}]
[1,100,"AWT 50*33*135","1.57",14.6,0.63,12,null,null,null,null,null,0,null,null,null,null,null,null,null,null,{"$error":"#NUM!"}]
[1,101,"AWT 45*33*135","2.11",15.52,0.56999999999999995,12,null,null,null,null,null,0,null,null,null,null,null,null,null,null,{"$error":"#NUM!"}]
[1,102,"AWT 60*42*135",null,null,null,null,null,null,null,null,null,0,null,null,null,null,null,null,null,null,{"$error":"#NUM!"}]
[1,103,"AWT 50*42*135","2.22",16,0.63,12,null,null,null,null,null,0,null,null,null,null,null,null,null,null,{"$error":"#NUM!"}]
[1,104,"AWT 45*42*135",null,null,null,null,null,null,null,null,null,0,null,null,null,null,null,null,null,null,{"$error":"#NUM!"}]
[1,105,"AWT 60*33*150",null,null,null,null,null,null,null,null,null,0,null,null,null,null,null,null,null,null,{"$error":"#NUM!"}]
[1,106,"AWT 50*33*150",null,null,null,null,null,null,null,null,null,0,null,null,null,null,null,null,null,null,{"$error":"#NUM!"}]
[1,107,"AWT 45*33*150",null,null,null,null,null,null,null,null,null,0,null,null,null,null,null,null,null,null,{"$error":"#NUM!"}]
[1,108,"AWT 60*42*150","3",17,0.83,null,null,null,null,null,null,0,null,null,null,null,null,null,null,null,{"$error":"#NUM!"}]
[1,109,"AWT 50*42*150",null,null,null,null,null,null,null,null,null,0,null,null,null,null,null,null,null,null,{"$error":"#NUM!"}]
[1,110,"AWT 45*42*150",null,null,null,null,null,null,null,null,null,0,null,null,null,null,null,null,null,null,{"$error":"#NUM!"}]
[1,111,"AW 100*33*60",null,null,null,null,null,null,null,null,null,0,null,null,null,null,null,null,null,null,{"$error":"#NUM!"}]
[1,112,"AW 90*33*60","1.19",9.48,0.51,4,null,null,null,null,null,0,null,null,null,null,null,null,null,null,{"$error":"#NUM!"}]
[1,113,"AW 80*33*60","1.09",8.8800000000000008,0.45,4,null,null,null,null,null,0,null,null,null,null,null,null,null,null,{"$error":"#NUM!"}]
[1,114,"AW75*33*60",null,null,null,4,null,null,null,null,null,0,null,null,null,null,null,null,null,null,{"$error":"#NUM!"}]
[1,115,"AW 70*33*60","1",8.44,0.39,5,null,null,null,null,null,0,null,null,null,null,null,null,null,null,{"$error":"#NUM!"}]
[1,116,"AW60*33*60","0.91",8,0.33,4,null,null,null,null,null,0,null,null,null,null,null,null,null,null,{"$error":"#NUM!"}]
[1,117,"AW 50*33*60","0.81",7.6,0.27,4,null,null,null,null,null,0,null,null,null,null,null,null,null,null,{"$error":"#NUM!"}]
[1,118,"AW 45*33*60","0.77",null,null,4,null,null,null,null,null,0,null,null,null,null,null,null,null,null,{"$error":"#NUM!"}]
[1,119,"AW40*33*60",null,null,null,4,null,null,null,null,null,0,null,null,null,null,null,null,null,null,{"$error":"#NUM!"}]
[1,120,"AW 35*33*60",null,null,null,4,null,null,null,null,null,0,null,null,null,null,null,null,null,null,{"$error":"#NUM!"}]
[1,121,"AW 30*33*60",null,null,null,4,null,null,null,null,null,0,null,null,null,null,null,null,null,null,{"$error":"#NUM!"}]
[1,122,"ABW 75*33*60",null,null,null,4,null,null,null,null,null,0,null,null,null,null,null,null,null,null,{"$error":"#NUM!"}]
[1,123,"AW 100*33*50","1.19",9.48,0.51,4,null,null,null,null,null,0,null,null,null,null,null,null,null,null,{"$error":"#NUM!"}]
[1,124,"AW 90*33*50",null,null,null,4,null,null,null,null,null,0,null,null,null,null,null,null,null,null,{"$error":"#NUM!"}]
[1,125,"AW 80*33*50",null,null,null,4,null,null,null,null,null,0,null,null,null,null,null,null,null,null,{"$error":"#NUM!"}]
[1,126,"AW 75*33*50",null,null,null,4,null,null,null,null,null,0,null,null,null,null,null,null,null,null,{"$error":"#NUM!"}]
[1,127,"AW 70*33*50",null,null,null,4,null,null,null,null,null,0,null,null,null,null,null,null,null,null,{"$error":"#NUM!"}]
[1,128,"AW 60*33*50",null,null,null,4,null,null,null,null,null,0,null,null,null,null,null,null,null,null,{"$error":"#NUM!"}]
[{"$f":"COUNTIF($C:$C,C130)","v":1},129,"AW 50*33*50",null,null,null,4,null,null,null,null,null,0,null,null,null,null,null,null,null,null,{"$error":"#NUM!"}]
[1,130,"AW 45*33*50",null,null,null,4,null,null,null,null,null,{"$f":"SUM(H131:L131)","v":0},null,null,null,null,null,null,null,null,{"$error":"#NUM!"}]
[1,131,"AW 40*33*50",null,null,null,4,null,null,null,null,null,0,null,null,null,null,null,null,null,null,{"$error":"#NUM!"}]
[1,132,"AW 35*33*50",null,null,null,4,null,null,null,null,null,0,null,null,null,null,null,null,null,null,{"$error":"#NUM!"}]
[1,133,"AW 30*33*50",null,null,null,4,null,null,null,null,null,0,null,null,null,null,null,null,null,null,{"$error":"#NUM!"}]
[1,134,"ABW 75*33*50",null,null,null,4,null,null,null,null,null,0,null,null,null,null,null,null,null,null,{"$error":"#NUM!"}]
[1,135,"ATWC 65*65*33*50",null,null,null,null,null,null,null,null,null,0,null,null,null,null,null,null,null,null,{"$error":"#NUM!"}]
[1,136,"AWAR 100*33*35","0.84",6.92,0.37,1,null,null,null,null,null,0,null,null,null,null,null,null,null,null,{"$error":"#NUM!"}]
[1,137,"AWAR 90*33*35",null,null,null,null,null,null,null,null,null,0,null,null,null,null,null,null,null,null,{"$error":"#NUM!"}]
[1,138,"AWAR 80*33*35","0.71",6.12,0.28999999999999998,null,null,null,null,null,null,0,null,null,null,null,null,null,null,null,{"$error":"#NUM!"}]
[1,139,"AWAR 70*33*35",null,null,null,1,null,null,null,null,null,0,null,null,null,null,null,null,null,null,{"$error":"#NUM!"}]
[1,140,"AWAR 60*33*35",null,null,null,null,null,null,null,null,null,0,null,null,null,null,null,null,null,null,{"$error":"#NUM!"}]
[1,141,"AWAR 100*42*35",null,null,null,null,null,null,null,null,null,0,null,null,null,null,null,null,null,null,{"$error":"#NUM!"}]
[1,142,"AWAR 90*42*35",null,null,null,null,null,null,null,null,null,0,null,null,null,null,null,null,null,null,{"$error":"#NUM!"}]
[1,143,"AWAR80*42*35",null,null,null,null,null,null,null,null,null,0,null,null,null,null,null,null,null,null,{"$error":"#NUM!"}]
[1,144,"AWAR 70*42*35",null,null,null,null,null,null,null,null,null,0,null,null,null,null,null,null,null,null,{"$error":"#NUM!"}]
[1,145,"AWAR 60*42*35",null,null,null,null,null,null,null,null,null,0,null,null,null,null,null,null,null,null,{"$error":"#NUM!"}]
[1,146,"AWAR 100*56*35",null,null,null,null,null,null,null,null,null,0,null,null,null,null,null,null,null,null,{"$error":"#NUM!"}]
[1,147,"AWAR 90*56*35",null,null,null,null,null,null,null,null,null,0,null,null,null,null,null,null,null,null,{"$error":"#NUM!"}]
[1,148,"AWAR 80*56*35",null,null,null,null,null,null,null,null,null,0,null,null,null,null,null,null,null,null,{"$error":"#NUM!"}]
[1,149,"AWAR 70*56*35",null,null,null,null,null,null,null,null,null,0,null,null,null,null,null,null,null,null,{"$error":"#NUM!"}]
[1,150,"AWAR 60*56*35",null,null,null,null,null,null,null,null,null,0,null,null,null,null,null,null,null,null,{"$error":"#NUM!"}]
[1,151,"A2D 90*45*20",null,null,null,null,null,null,null,null,null,0,null,null,null,null,null,null,null,null,{"$error":"#NUM!"}]
[1,152,"A2D 80*45*20",null,null,null,null,null,null,null,null,null,0,null,null,null,null,null,null,null,null,{"$error":"#NUM!"}]
[1,153,"A2D 70*45*20",null,null,null,null,null,null,null,null,null,0,null,null,null,null,null,null,null,null,{"$error":"#NUM!"}]
[1,154,"A2D 60*45*20",null,null,null,null,null,null,null,null,null,0,null,null,null,null,null,null,null,null,{"$error":"#NUM!"}]
[1,155,"A2D 50*45*20",null,null,null,null,null,null,null,null,null,0,null,null,null,null,null,null,null,null,{"$error":"#NUM!"}]
[1,156,"A2D 45*45*20",null,null,null,null,null,null,null,null,null,0,null,null,null,null,null,null,null,null,{"$error":"#NUM!"}]
[1,157,"A3D 90*45*20*15*15",null,null,null,null,null,null,null,null,null,0,null,null,null,null,null,null,null,null,{"$error":"#NUM!"}]
[1,158,"A3D 80*45*20*15*15","1.3",17.28,0.92,12,null,null,null,null,null,0,null,null,null,null,null,null,null,null,{"$error":"#NUM!"}]
[1,159,"A3D 70*45*20*15*15",null,null,null,null,null,null,null,null,null,0,null,null,null,null,null,null,null,null,{"$error":"#NUM!"}]
[1,160,"A3D 60*45*20*15*15","1.08",14.88,0.67,12,null,null,null,null,null,0,null,null,null,null,null,null,null,null,{"$error":"#NUM!"}]
[1,161,"A3D 50*45*20*15*15","0.97",13.68,0.54,12,null,null,null,null,null,0,null,null,null,null,null,null,null,null,{"$error":"#NUM!"}]
[1,162,"A3D 45*45*20*15*15","0.97",13.68,0.54,12,null,null,null,null,null,0,null,null,null,null,null,null,null,null,{"$error":"#NUM!"}]
[1,163,"A4D 90*45*15",null,null,null,null,null,null,null,null,null,0,null,null,null,null,null,null,null,null,{"$error":"#NUM!"}]
[1,164,"A4D 80*45*15",null,null,null,null,null,null,null,null,null,0,null,null,null,null,null,null,null,null,{"$error":"#NUM!"}]
[1,165,"A4D 70*45*15",null,null,null,null,null,null,null,null,null,0,null,null,null,null,null,null,null,null,{"$error":"#NUM!"}]
[1,166,"A4D 60*45*15","1.18",18.079999999999998,0.43,16,null,null,null,null,null,0,null,null,null,null,null,null,null,null,{"$error":"#NUM!"}]
[1,167,"A4D 50*45*15","1.06",16.48,0.33,16,null,null,null,null,null,0,null,null,null,null,null,null,null,null,{"$error":"#NUM!"}]
[1,168,"A4D 45*45*15","1",15,0.28000000000000003,16,null,null,null,null,null,0,null,null,null,null,null,null,null,null,{"$error":"#NUM!"}]
[1,169,"AT  60*56*228","4.69",28,1.31,16,null,null,null,null,null,0,null,null,null,null,null,null,null,null,{"$error":"#NUM!"}]
[1,170,"AT  50*56*200","4.31",26.6,1.08,16,null,null,null,null,null,0,null,null,null,null,null,null,null,null,{"$error":"#NUM!"}]
[1,171,"AT  45*56*228","4.12",25.92,0.97,16,null,null,null,null,null,0,null,null,null,null,null,null,null,null,{"$error":"#NUM!"}]
[1,172,"AT  40*56*228",null,null,null,null,null,null,null,null,null,0,null,null,null,null,null,null,null,null,{"$error":"#NUM!"}]
[1,173,"AT  60*56*212","4",25,1.5,null,null,null,null,null,null,0,null,null,null,null,null,null,null,null,{"$error":"#NUM!"}]
[1,174,"AT  50*56*212",null,null,null,null,null,null,null,null,null,0,null,null,null,null,null,null,null,null,{"$error":"#NUM!"}]
[1,175,"AT  45*56*212",null,null,null,null,null,null,null,null,null,0,null,null,null,null,null,null,null,null,{"$error":"#NUM!"}]
[1,176,"AT  40*56*212",null,null,null,null,null,null,null,null,null,0,null,null,null,null,null,null,null,null,{"$error":"#NUM!"}]
[1,177,"AT 100*56*175",null,null,null,null,null,null,null,null,null,0,null,null,null,null,null,null,null,null,{"$error":"#NUM!"}]
[1,178,"AT 90*56*175",null,null,null,null,null,null,null,null,null,0,null,null,null,null,null,null,null,null,{"$error":"#NUM!"}]
[1,179,"AT 80*56*175",null,null,null,null,null,null,null,null,null,0,null,null,null,null,null,null,null,null,{"$error":"#NUM!"}]
[1,180,"AT 70*56*175",null,null,null,null,null,null,null,null,null,0,null,null,null,null,null,null,null,null,{"$error":"#NUM!"}]
[1,181,"AT 60*56*175",null,null,null,null,null,null,null,null,null,0,null,null,null,null,null,null,null,null,{"$error":"#NUM!"}]
[1,182,"AT 50*56*175",null,null,null,null,null,null,null,null,null,0,null,null,null,null,null,null,null,null,{"$error":"#NUM!"}]
[1,183,"AT 45*56*175",null,null,null,null,null,null,null,null,null,0,null,null,null,null,null,null,null,null,{"$error":"#NUM!"}]
[1,184,"AT 40*56*175",null,null,null,null,null,null,null,null,null,0,null,null,null,null,null,null,null,null,{"$error":"#NUM!"}]
[1,185,"ABT 100*56*135",null,null,null,null,null,null,null,null,null,0,null,null,null,null,null,null,null,null,{"$error":"#NUM!"}]
[1,186,"ABT 90*56*135","3.42",18.760000000000002,1.17,8,null,null,null,null,null,0,null,null,null,null,null,null,null,null,{"$error":"#NUM!"}]
[1,187,"ABT 80*56*135",null,null,null,null,null,null,null,null,null,0,null,null,null,null,null,null,null,null,{"$error":"#NUM!"}]
[1,188,"ABT 70*56*135",null,null,null,null,null,null,null,null,null,0,null,null,null,null,null,null,null,null,{"$error":"#NUM!"}]
[1,189,"ABT 60*56*135","2.75",16,0.77,8,null,null,null,null,null,0,null,null,null,null,null,null,null,null,{"$error":"#NUM!"}]
[1,190,"ABT 50*56*135","2.53",15.36,0.64,8,null,null,null,null,null,0,null,null,null,null,null,null,null,null,{"$error":"#NUM!"}]
[1,191,"ABT 45*56*135","2.42",14.84,0.56999999999999995,8,null,null,null,null,null,0,null,null,null,null,null,null,null,null,{"$error":"#NUM!"}]
[1,192,"ABT 40*56*135",null,null,null,null,null,null,null,null,null,0,null,null,null,null,null,null,null,null,{"$error":"#NUM!"}]
[{"$f":"COUNTIF($C:$C,C194)","v":1},193,"ABT 60*56*115","2.52",15.4,0.56000000000000005,8,null,null,null,null,null,0,null,null,null,null,null,null,null,null,{"$error":"#NUM!"}]
[1,194,"ABT 50*56*115","2.3",14.6,0.54,8,null,null,null,null,null,{"$f":"SUM(H195:L195)","v":0},null,null,null,null,null,null,null,null,{"$error":"#NUM!"}]
[1,195,"ABT 45*56*115","2.19",14.2,0.48,8,null,null,null,null,null,0,null,null,null,null,null,null,null,null,{"$error":"#NUM!"}]
[1,196,"ABT 40*56*115",null,null,null,null,null,null,null,null,null,0,null,null,null,null,null,null,null,null,{"$error":"#NUM!"}]
[1,197,"AW 40*33*37.5",null,null,null,null,null,null,null,null,null,0,null,null,null,null,null,null,null,null,{"$error":"#NUM!"}]
[1,198,"AB 100 *70*75",null,null,null,null,null,null,null,null,null,0,null,null,null,null,null,null,null,null,{"$error":"#NUM!"}]
[1,199,"AOB  10*56*75",null,null,null,null,null,null,null,null,null,0,null,null,null,null,null,null,null,null,{"$error":"#NUM!"}]
[1,200,"ASB 113*56*75",null,null,null,null,null,null,null,null,null,0,null,null,null,null,null,null,null,null,{"$f":"INDEX(MyFindData,SMALL(IF(ISNUMBER(SEARCH(FindText,MyFindData)),ROW(MyFindData),\"\"),ROW())-ROW(INDEX(MyFindData,1,1))+1)","v":{"$error":"#NUM!"}}]
[1,201,"AT 25*56*214",null,null,null,null,null,null,null,null,null,0,null,null,null,null,null,null,null,null,{"$f":"INDEX(MyFindData,SMALL(IF(ISNUMBER(SEARCH(FindText,MyFindData)),ROW(MyFindData),\"\"),ROW())-ROW(INDEX(MyFindData,1,1))+1)","v":{"$error":"#NUM!"}}]
[1,202,"AT 56*25*214",null,null,null,null,null,null,null,null,null,0,null,null,null,null,null,null,null,null,{"$f":"INDEX(MyFindData,SMALL(IF(ISNUMBER(SEARCH(FindText,MyFindData)),ROW(MyFindData),\"\"),ROW())-ROW(INDEX(MyFindData,1,1))+1)","v":{"$error":"#NUM!"}}]
[1,203,"ATM 40*56*33*212","3.5",20,0.8,null,null,null,null,null,null,0,null,null,null,null,null,null,null,null,{"$f":"INDEX(MyFindData,SMALL(IF(ISNUMBER(SEARCH(FindText,MyFindData)),ROW(MyFindData),\"\"),ROW())-ROW(INDEX(MyFindData,1,1))+1)","v":{"$error":"#NUM!"}}]
[1,204,"ABT 120*56*212",null,null,null,null,null,null,null,null,null,0,null,null,null,null,null,null,null,null,{"$f":"INDEX(MyFindData,SMALL(IF(ISNUMBER(SEARCH(FindText,MyFindData)),ROW(MyFindData),\"\"),ROW())-ROW(INDEX(MyFindData,1,1))+1)","v":{"$error":"#NUM!"}}]
[1,205,"ATM 80*56*12*212","3.5",5,1.2,null,null,null,null,null,null,0,null,null,null,null,null,null,null,null,{"$f":"INDEX(MyFindData,SMALL(IF(ISNUMBER(SEARCH(FindText,MyFindData)),ROW(MyFindData),\"\"),ROW())-ROW(INDEX(MyFindData,1,1))+1)","v":{"$error":"#NUM!"}}]
[1,206,"AW 105*42*75",null,null,null,null,null,null,null,null,null,0,null,null,null,null,null,null,null,null,{"$f":"INDEX(MyFindData,SMALL(IF(ISNUMBER(SEARCH(FindText,MyFindData)),ROW(MyFindData),\"\"),ROW())-ROW(INDEX(MyFindData,1,1))+1)","v":{"$error":"#NUM!"}}]
[1,207,"ASB 60*56*75",null,null,null,null,null,null,null,null,null,0,null,null,null,null,null,null,null,null,{"$f":"INDEX(MyFindData,SMALL(IF(ISNUMBER(SEARCH(FindText,MyFindData)),ROW(MyFindData),\"\"),ROW())-ROW(INDEX(MyFindData,1,1))+1)","v":{"$error":"#NUM!"}}]
[1,208,"AWAR 90*70*35",null,null,null,null,null,null,null,null,null,0,null,null,null,null,null,null,null,null,{"$f":"INDEX(MyFindData,SMALL(IF(ISNUMBER(SEARCH(FindText,MyFindData)),ROW(MyFindData),\"\"),ROW())-ROW(INDEX(MyFindData,1,1))+1)","v":{"$error":"#NUM!"}}]
[1,209,"AWAR 75*60*70",null,null,null,null,null,null,null,null,null,0,null,null,null,null,null,null,null,null,{"$f":"INDEX(MyFindData,SMALL(IF(ISNUMBER(SEARCH(FindText,MyFindData)),ROW(MyFindData),\"\"),ROW())-ROW(INDEX(MyFindData,1,1))+1)","v":{"$error":"#NUM!"}}]
[1,210,"ABB 125*56*75",null,null,null,null,null,null,null,null,null,0,null,null,null,null,null,null,null,null,{"$f":"INDEX(MyFindData,SMALL(IF(ISNUMBER(SEARCH(FindText,MyFindData)),ROW(MyFindData),\"\"),ROW())-ROW(INDEX(MyFindData,1,1))+1)","v":{"$error":"#NUM!"}}]
[1,211,"ABB 120*56*75",null,null,null,null,null,null,null,null,null,0,null,null,null,null,null,null,null,null,{"$f":"INDEX(MyFindData,SMALL(IF(ISNUMBER(SEARCH(FindText,MyFindData)),ROW(MyFindData),\"\"),ROW())-ROW(INDEX(MyFindData,1,1))+1)","v":{"$error":"#NUM!"}}]
[1,212,"AT 50*70*240",null,null,null,null,null,null,null,null,null,0,null,null,null,null,null,null,null,null,{"$f":"INDEX(MyFindData,SMALL(IF(ISNUMBER(SEARCH(FindText,MyFindData)),ROW(MyFindData),\"\"),ROW())-ROW(INDEX(MyFindData,1,1))+1)","v":{"$error":"#NUM!"}}]
[1,213,"AT 45*70*240",null,null,null,null,null,null,null,null,null,0,null,null,null,null,null,null,null,null,{"$f":"INDEX(MyFindData,SMALL(IF(ISNUMBER(SEARCH(FindText,MyFindData)),ROW(MyFindData),\"\"),ROW())-ROW(INDEX(MyFindData,1,1))+1)","v":{"$error":"#NUM!"}}]
[1,214,"AT 60*70*240",null,null,null,null,null,null,null,null,null,0,null,null,null,null,null,null,null,null,{"$f":"INDEX(MyFindData,SMALL(IF(ISNUMBER(SEARCH(FindText,MyFindData)),ROW(MyFindData),\"\"),ROW())-ROW(INDEX(MyFindData,1,1))+1)","v":{"$error":"#NUM!"}}]
[1,215,"AWAR 100*70*62",null,null,null,null,null,null,null,null,null,0,null,null,null,null,null,null,null,null,{"$f":"INDEX(MyFindData,SMALL(IF(ISNUMBER(SEARCH(FindText,MyFindData)),ROW(MyFindData),\"\"),ROW())-ROW(INDEX(MyFindData,1,1))+1)","v":{"$error":"#NUM!"}}]
[1,216,"AWAR 90*42*45",null,null,null,null,null,null,null,null,null,0,null,null,null,null,null,null,null,null,{"$f":"INDEX(MyFindData,SMALL(IF(ISNUMBER(SEARCH(FindText,MyFindData)),ROW(MyFindData),\"\"),ROW())-ROW(INDEX(MyFindData,1,1))+1)","v":{"$error":"#NUM!"}}]
[1,217,"ASB 40*56*75",null,null,null,null,null,null,null,null,null,0,null,null,null,null,null,null,null,null,{"$f":"INDEX(MyFindData,SMALL(IF(ISNUMBER(SEARCH(FindText,MyFindData)),ROW(MyFindData),\"\"),ROW())-ROW(INDEX(MyFindData,1,1))+1)","v":{"$error":"#NUM!"}}]
[1,218,"ASB 120*53*75",null,null,null,null,null,null,null,null,null,0,null,null,null,null,null,null,null,null,{"$f":"INDEX(MyFindData,SMALL(IF(ISNUMBER(SEARCH(FindText,MyFindData)),ROW(MyFindData),\"\"),ROW())-ROW(INDEX(MyFindData,1,1))+1)","v":{"$error":"#NUM!"}}]
[1,219,"AWAR 130*33*35",null,null,null,null,null,null,null,null,null,0,null,null,null,null,null,null,null,null,{"$f":"INDEX(MyFindData,SMALL(IF(ISNUMBER(SEARCH(FindText,MyFindData)),ROW(MyFindData),\"\"),ROW())-ROW(INDEX(MyFindData,1,1))+1)","v":{"$error":"#NUM!"}}]
[1,220,"AW 70*56*60",null,null,null,null,null,null,null,null,null,0,null,null,null,null,null,null,null,null,{"$f":"INDEX(MyFindData,SMALL(IF(ISNUMBER(SEARCH(FindText,MyFindData)),ROW(MyFindData),\"\"),ROW())-ROW(INDEX(MyFindData,1,1))+1)","v":{"$error":"#NUM!"}}]
[1,221,"ASB 120*56*75",null,null,null,null,null,null,null,null,null,0,null,null,null,null,null,null,null,null,{"$f":"INDEX(MyFindData,SMALL(IF(ISNUMBER(SEARCH(FindText,MyFindData)),ROW(MyFindData),\"\"),ROW())-ROW(INDEX(MyFindData,1,1))+1)","v":{"$error":"#NUM!"}}]
[null,222,null,null,null,null,null,null,null,null,null,null,0,null,null,null,null,null,null,null,null,{"$f":"INDEX(MyFindData,SMALL(IF(ISNUMBER(SEARCH(FindText,MyFindData)),ROW(MyFindData),\"\"),ROW())-ROW(INDEX(MyFindData,1,1))+1)","v":{"$error":"#NUM!"}}]
[null,223,null,null,null,null,null,null,null,null,null,null,0,null,null,null,null,null,null,null,null,{"$f":"INDEX(MyFindData,SMALL(IF(ISNUMBER(SEARCH(FindText,MyFindData)),ROW(MyFindData),\"\"),ROW())-ROW(INDEX(MyFindData,1,1))+1)","v":{"$error":"#NUM!"}}]
[null,224,null,null,null,null,null,null,null,null,null,null,0,null,null,null,null,null,null,null,null,{"$f":"INDEX(MyFindData,SMALL(IF(ISNUMBER(SEARCH(FindText,MyFindData)),ROW(MyFindData),\"\"),ROW())-ROW(INDEX(MyFindData,1,1))+1)","v":{"$error":"#NUM!"}}]
[null,225,null,null,null,null,null,null,null,null,null,null,0,null,null,null,null,null,null,null,null,{"$f":"INDEX(MyFindData,SMALL(IF(ISNUMBER(SEARCH(FindText,MyFindData)),ROW(MyFindData),\"\"),ROW())-ROW(INDEX(MyFindData,1,1))+1)","v":{"$error":"#NUM!"}}]
[null,226,null,null,null,null,null,null,null,null,null,null,0,null,null,null,null,null,null,null,null,{"$f":"INDEX(MyFindData,SMALL(IF(ISNUMBER(SEARCH(FindText,MyFindData)),ROW(MyFindData),\"\"),ROW())-ROW(INDEX(MyFindData,1,1))+1)","v":{"$error":"#NUM!"}}]
[null,227,null,null,null,null,null,null,null,null,null,null,0,null,null,null,null,null,null,null,null,{"$f":"INDEX(MyFindData,SMALL(IF(ISNUMBER(SEARCH(FindText,MyFindData)),ROW(MyFindData),\"\"),ROW())-ROW(INDEX(MyFindData,1,1))+1)","v":{"$error":"#NUM!"}}]
[null,228,null,null,null,null,null,null,null,null,null,null,0,null,null,null,null,null,null,null,null,{"$f":"INDEX(MyFindData,SMALL(IF(ISNUMBER(SEARCH(FindText,MyFindData)),ROW(MyFindData),\"\"),ROW())-ROW(INDEX(MyFindData,1,1))+1)","v":{"$error":"#NUM!"}}]
[null,229,null,null,null,null,null,null,null,null,null,null,0,null,null,null,null,null,null,null,null,{"$f":"INDEX(MyFindData,SMALL(IF(ISNUMBER(SEARCH(FindText,MyFindData)),ROW(MyFindData),\"\"),ROW())-ROW(INDEX(MyFindData,1,1))+1)","v":{"$error":"#NUM!"}}]
[null,230,null,null,null,null,null,null,null,null,null,null,0,null,null,null,null,null,null,null,null,{"$f":"INDEX(MyFindData,SMALL(IF(ISNUMBER(SEARCH(FindText,MyFindData)),ROW(MyFindData),\"\"),ROW())-ROW(INDEX(MyFindData,1,1))+1)","v":{"$error":"#NUM!"}}]
[null,231,null,null,null,null,null,null,null,null,null,null,0,null,null,null,null,null,null,null,null,{"$f":"INDEX(MyFindData,SMALL(IF(ISNUMBER(SEARCH(FindText,MyFindData)),ROW(MyFindData),\"\"),ROW())-ROW(INDEX(MyFindData,1,1))+1)","v":{"$error":"#NUM!"}}]
[null,232,null,null,null,null,null,null,null,null,null,null,0,null,null,null,null,null,null,null,null,{"$f":"INDEX(MyFindData,SMALL(IF(ISNUMBER(SEARCH(FindText,MyFindData)),ROW(MyFindData),\"\"),ROW())-ROW(INDEX(MyFindData,1,1))+1)","v":{"$error":"#NUM!"}}]
[null,233,null,null,null,null,null,null,null,null,null,null,0,null,null,null,null,null,null,null,null,{"$f":"INDEX(MyFindData,SMALL(IF(ISNUMBER(SEARCH(FindText,MyFindData)),ROW(MyFindData),\"\"),ROW())-ROW(INDEX(MyFindData,1,1))+1)","v":{"$error":"#NUM!"}}]
[null,234,null,null,null,null,null,null,null,null,null,null,0,null,null,null,null,null,null,null,null,{"$f":"INDEX(MyFindData,SMALL(IF(ISNUMBER(SEARCH(FindText,MyFindData)),ROW(MyFindData),\"\"),ROW())-ROW(INDEX(MyFindData,1,1))+1)","v":{"$error":"#NUM!"}}]
[null,235,null,null,null,null,null,null,null,null,null,null,0,null,null,null,null,null,null,null,null,{"$f":"INDEX(MyFindData,SMALL(IF(ISNUMBER(SEARCH(FindText,MyFindData)),ROW(MyFindData),\"\"),ROW())-ROW(INDEX(MyFindData,1,1))+1)","v":{"$error":"#NUM!"}}]
[null,236,null,null,null,null,null,null,null,null,null,null,0,null,null,null,null,null,null,null,null,{"$f":"INDEX(MyFindData,SMALL(IF(ISNUMBER(SEARCH(FindText,MyFindData)),ROW(MyFindData),\"\"),ROW())-ROW(INDEX(MyFindData,1,1))+1)","v":{"$error":"#NUM!"}}]
[null,237,null,null,null,null,null,null,null,null,null,null,0,null,null,null,null,null,null,null,null,{"$f":"INDEX(MyFindData,SMALL(IF(ISNUMBER(SEARCH(FindText,MyFindData)),ROW(MyFindData),\"\"),ROW())-ROW(INDEX(MyFindData,1,1))+1)","v":{"$error":"#NUM!"}}]
[null,238,null,null,null,null,null,null,null,null,null,null,0,null,null,null,null,null,null,null,null,{"$f":"INDEX(MyFindData,SMALL(IF(ISNUMBER(SEARCH(FindText,MyFindData)),ROW(MyFindData),\"\"),ROW())-ROW(INDEX(MyFindData,1,1))+1)","v":{"$error":"#NUM!"}}]
[null,239,null,null,null,null,null,null,null,null,null,null,0,null,null,null,null,null,null,null,null,{"$f":"INDEX(MyFindData,SMALL(IF(ISNUMBER(SEARCH(FindText,MyFindData)),ROW(MyFindData),\"\"),ROW())-ROW(INDEX(MyFindData,1,1))+1)","v":{"$error":"#NUM!"}}]
[null,240,null,null,null,null,null,null,null,null,null,null,0,null,null,null,null,null,null,null,null,{"$f":"INDEX(MyFindData,SMALL(IF(ISNUMBER(SEARCH(FindText,MyFindData)),ROW(MyFindData),\"\"),ROW())-ROW(INDEX(MyFindData,1,1))+1)","v":{"$error":"#NUM!"}}]
[null,241,null,null,null,null,null,null,null,null,null,null,0,null,null,null,null,null,null,null,null,{"$f":"INDEX(MyFindData,SMALL(IF(ISNUMBER(SEARCH(FindText,MyFindData)),ROW(MyFindData),\"\"),ROW())-ROW(INDEX(MyFindData,1,1))+1)","v":{"$error":"#NUM!"}}]
[null,242,null,null,null,null,null,null,null,null,null,null,0,null,null,null,null,null,null,null,null,{"$f":"INDEX(MyFindData,SMALL(IF(ISNUMBER(SEARCH(FindText,MyFindData)),ROW(MyFindData),\"\"),ROW())-ROW(INDEX(MyFindData,1,1))+1)","v":{"$error":"#NUM!"}}]
[null,243,null,null,null,null,null,null,null,null,null,null,0,null,null,null,null,null,null,null,null,{"$f":"INDEX(MyFindData,SMALL(IF(ISNUMBER(SEARCH(FindText,MyFindData)),ROW(MyFindData),\"\"),ROW())-ROW(INDEX(MyFindData,1,1))+1)","v":{"$error":"#NUM!"}}]
[null,244,null,null,null,null,null,null,null,null,null,null,0,null,null,null,null,null,null,null,null,{"$f":"INDEX(MyFindData,SMALL(IF(ISNUMBER(SEARCH(FindText,MyFindData)),ROW(MyFindData),\"\"),ROW())-ROW(INDEX(MyFindData,1,1))+1)","v":{"$error":"#NUM!"}}]
[null,245,null,null,null,null,null,null,null,null,null,null,0,null,null,null,null,null,null,null,null,{"$f":"INDEX(MyFindData,SMALL(IF(ISNUMBER(SEARCH(FindText,MyFindData)),ROW(MyFindData),\"\"),ROW())-ROW(INDEX(MyFindData,1,1))+1)","v":{"$error":"#NUM!"}}]
[null,246,null,null,null,null,null,null,null,null,null,null,0,null,null,null,null,null,null,null,null,{"$f":"INDEX(MyFindData,SMALL(IF(ISNUMBER(SEARCH(FindText,MyFindData)),ROW(MyFindData),\"\"),ROW())-ROW(INDEX(MyFindData,1,1))+1)","v":{"$error":"#NUM!"}}]
[null,247,null,null,null,null,null,null,null,null,null,null,0,null,null,null,null,null,null,null,null,{"$f":"INDEX(MyFindData,SMALL(IF(ISNUMBER(SEARCH(FindText,MyFindData)),ROW(MyFindData),\"\"),ROW())-ROW(INDEX(MyFindData,1,1))+1)","v":{"$error":"#NUM!"}}]
[null,248,null,null,null,null,null,null,null,null,null,null,0,null,null,null,null,null,null,null,null,{"$f":"INDEX(MyFindData,SMALL(IF(ISNUMBER(SEARCH(FindText,MyFindData)),ROW(MyFindData),\"\"),ROW())-ROW(INDEX(MyFindData,1,1))+1)","v":{"$error":"#NUM!"}}]
[null,249,null,null,null,null,null,null,null,null,null,null,0,null,null,null,null,null,null,null,null,{"$f":"INDEX(MyFindData,SMALL(IF(ISNUMBER(SEARCH(FindText,MyFindData)),ROW(MyFindData),\"\"),ROW())-ROW(INDEX(MyFindData,1,1))+1)","v":{"$error":"#NUM!"}}]
[null,250,null,null,null,null,null,null,null,null,null,null,0,null,null,null,null,null,null,null,null,{"$f":"INDEX(MyFindData,SMALL(IF(ISNUMBER(SEARCH(FindText,MyFindData)),ROW(MyFindData),\"\"),ROW())-ROW(INDEX(MyFindData,1,1))+1)","v":{"$error":"#NUM!"}}]
[null,251,null,null,null,null,null,null,null,null,null,null,0,null,null,null,null,null,null,null,null,{"$f":"INDEX(MyFindData,SMALL(IF(ISNUMBER(SEARCH(FindText,MyFindData)),ROW(MyFindData),\"\"),ROW())-ROW(INDEX(MyFindData,1,1))+1)","v":{"$error":"#NUM!"}}]
[null,252,null,null,null,null,null,null,null,null,null,null,0,null,null,null,null,null,null,null,null,{"$f":"INDEX(MyFindData,SMALL(IF(ISNUMBER(SEARCH(FindText,MyFindData)),ROW(MyFindData),\"\"),ROW())-ROW(INDEX(MyFindData,1,1))+1)","v":{"$error":"#NUM!"}}]
[null,253,null,null,null,null,null,null,null,null,null,null,0,null,null,null,null,null,null,null,null,{"$f":"INDEX(MyFindData,SMALL(IF(ISNUMBER(SEARCH(FindText,MyFindData)),ROW(MyFindData),\"\"),ROW())-ROW(INDEX(MyFindData,1,1))+1)","v":{"$error":"#NUM!"}}]
[null,254,null,null,null,null,null,null,null,null,null,null,0,null,null,null,null,null,null,null,null,{"$f":"INDEX(MyFindData,SMALL(IF(ISNUMBER(SEARCH(FindText,MyFindData)),ROW(MyFindData),\"\"),ROW())-ROW(INDEX(MyFindData,1,1))+1)","v":{"$error":"#NUM!"}}]
[null,255,null,null,null,null,null,null,null,null,null,null,0,null,null,null,null,null,null,null,null,{"$f":"INDEX(MyFindData,SMALL(IF(ISNUMBER(SEARCH(FindText,MyFindData)),ROW(MyFindData),\"\"),ROW())-ROW(INDEX(MyFindData,1,1))+1)","v":{"$error":"#NUM!"}}]
[null,256,null,null,null,null,null,null,null,null,null,null,0,null,null,null,null,null,null,null,null,{"$f":"INDEX(MyFindData,SMALL(IF(ISNUMBER(SEARCH(FindText,MyFindData)),ROW(MyFindData),\"\"),ROW())-ROW(INDEX(MyFindData,1,1))+1)","v":{"$error":"#NUM!"}}]
[null,257,null,null,null,null,null,null,null,null,null,null,{"$f":"SUM(H258:L258)","v":0},null,null,null,null,null,null,null,null,{"$f":"INDEX(MyFindData,SMALL(IF(ISNUMBER(SEARCH(FindText,MyFindData)),ROW(MyFindData),\"\"),ROW())-ROW(INDEX(MyFindData,1,1))+1)","v":{"$error":"#NUM!"}}]
[null,258,null,null,null,null,null,null,null,null,null,null,0,null,null,null,null,null,null,null,null,{"$f":"INDEX(MyFindData,SMALL(IF(ISNUMBER(SEARCH(FindText,MyFindData)),ROW(MyFindData),\"\"),ROW())-ROW(INDEX(MyFindData,1,1))+1)","v":{"$error":"#NUM!"}}]
[null,259,null,null,null,null,null,null,null,null,null,null,0,null,null,null,null,null,null,null,null,{"$f":"INDEX(MyFindData,SMALL(IF(ISNUMBER(SEARCH(FindText,MyFindData)),ROW(MyFindData),\"\"),ROW())-ROW(INDEX(MyFindData,1,1))+1)","v":{"$error":"#NUM!"}}]
[null,260,null,null,null,null,null,null,null,null,null,null,0,null,null,null,null,null,null,null,null,{"$f":"INDEX(MyFindData,SMALL(IF(ISNUMBER(SEARCH(FindText,MyFindData)),ROW(MyFindData),\"\"),ROW())-ROW(INDEX(MyFindData,1,1))+1)","v":{"$error":"#NUM!"}}]
[null,261,null,null,null,null,null,null,null,null,null,null,0,null,null,null,null,null,null,null,null,{"$f":"INDEX(MyFindData,SMALL(IF(ISNUMBER(SEARCH(FindText,MyFindData)),ROW(MyFindData),\"\"),ROW())-ROW(INDEX(MyFindData,1,1))+1)","v":{"$error":"#NUM!"}}]
[null,262,null,null,null,null,null,null,null,null,null,null,0,null,null,null,null,null,null,null,null,{"$f":"INDEX(MyFindData,SMALL(IF(ISNUMBER(SEARCH(FindText,MyFindData)),ROW(MyFindData),\"\"),ROW())-ROW(INDEX(MyFindData,1,1))+1)","v":{"$error":"#NUM!"}}]
[null,263,null,null,null,null,null,null,null,null,null,null,0,null,null,null,null,null,null,null,null,{"$f":"INDEX(MyFindData,SMALL(IF(ISNUMBER(SEARCH(FindText,MyFindData)),ROW(MyFindData),\"\"),ROW())-ROW(INDEX(MyFindData,1,1))+1)","v":{"$error":"#NUM!"}}]
[null,264,null,null,null,null,null,null,null,null,null,null,0,null,null,null,null,null,null,null,null,{"$f":"INDEX(MyFindData,SMALL(IF(ISNUMBER(SEARCH(FindText,MyFindData)),ROW(MyFindData),\"\"),ROW())-ROW(INDEX(MyFindData,1,1))+1)","v":{"$error":"#NUM!"}}]
[null,265,null,null,null,null,null,null,null,null,null,null,0,null,null,null,null,null,null,null,null,{"$f":"INDEX(MyFindData,SMALL(IF(ISNUMBER(SEARCH(FindText,MyFindData)),ROW(MyFindData),\"\"),ROW())-ROW(INDEX(MyFindData,1,1))+1)","v":{"$error":"#NUM!"}}]
[null,266,null,null,null,null,null,null,null,null,null,null,0,null,null,null,null,null,null,null,null,{"$f":"INDEX(MyFindData,SMALL(IF(ISNUMBER(SEARCH(FindText,MyFindData)),ROW(MyFindData),\"\"),ROW())-ROW(INDEX(MyFindData,1,1))+1)","v":{"$error":"#NUM!"}}]
[null,267,null,null,null,null,null,null,null,null,null,null,0,null,null,null,null,null,null,null,null,{"$f":"INDEX(MyFindData,SMALL(IF(ISNUMBER(SEARCH(FindText,MyFindData)),ROW(MyFindData),\"\"),ROW())-ROW(INDEX(MyFindData,1,1))+1)","v":{"$error":"#NUM!"}}]
[null,268,null,null,null,null,null,null,null,null,null,null,0,null,null,null,null,null,null,null,null,{"$f":"INDEX(MyFindData,SMALL(IF(ISNUMBER(SEARCH(FindText,MyFindData)),ROW(MyFindData),\"\"),ROW())-ROW(INDEX(MyFindData,1,1))+1)","v":{"$error":"#NUM!"}}]
[null,269,null,null,null,null,null,null,null,null,null,null,0,null,null,null,null,null,null,null,null,{"$f":"INDEX(MyFindData,SMALL(IF(ISNUMBER(SEARCH(FindText,MyFindData)),ROW(MyFindData),\"\"),ROW())-ROW(INDEX(MyFindData,1,1))+1)","v":{"$error":"#NUM!"}}]
[null,270,null,null,null,null,null,null,null,null,null,null,0,null,null,null,null,null,null,null,null,{"$f":"INDEX(MyFindData,SMALL(IF(ISNUMBER(SEARCH(FindText,MyFindData)),ROW(MyFindData),\"\"),ROW())-ROW(INDEX(MyFindData,1,1))+1)","v":{"$error":"#NUM!"}}]
[null,271,null,null,null,null,null,null,null,null,null,null,0,null,null,null,null,null,null,null,null,{"$f":"INDEX(MyFindData,SMALL(IF(ISNUMBER(SEARCH(FindText,MyFindData)),ROW(MyFindData),\"\"),ROW())-ROW(INDEX(MyFindData,1,1))+1)","v":{"$error":"#NUM!"}}]
[null,272,null,null,null,null,null,null,null,null,null,null,0,null,null,null,null,null,null,null,null,{"$f":"INDEX(MyFindData,SMALL(IF(ISNUMBER(SEARCH(FindText,MyFindData)),ROW(MyFindData),\"\"),ROW())-ROW(INDEX(MyFindData,1,1))+1)","v":{"$error":"#NUM!"}}]
[null,273,null,null,null,null,null,null,null,null,null,null,0,null,null,null,null,null,null,null,null,{"$f":"INDEX(MyFindData,SMALL(IF(ISNUMBER(SEARCH(FindText,MyFindData)),ROW(MyFindData),\"\"),ROW())-ROW(INDEX(MyFindData,1,1))+1)","v":{"$error":"#NUM!"}}]
[null,274,null,null,null,null,null,null,null,null,null,null,0,null,null,null,null,null,null,null,null,{"$f":"INDEX(MyFindData,SMALL(IF(ISNUMBER(SEARCH(FindText,MyFindData)),ROW(MyFindData),\"\"),ROW())-ROW(INDEX(MyFindData,1,1))+1)","v":{"$error":"#NUM!"}}]
[null,275,null,null,null,null,null,null,null,null,null,null,0,null,null,null,null,null,null,null,null,{"$f":"INDEX(MyFindData,SMALL(IF(ISNUMBER(SEARCH(FindText,MyFindData)),ROW(MyFindData),\"\"),ROW())-ROW(INDEX(MyFindData,1,1))+1)","v":{"$error":"#NUM!"}}]
[null,276,null,null,null,null,null,null,null,null,null,null,0,null,null,null,null,null,null,null,null,{"$f":"INDEX(MyFindData,SMALL(IF(ISNUMBER(SEARCH(FindText,MyFindData)),ROW(MyFindData),\"\"),ROW())-ROW(INDEX(MyFindData,1,1))+1)","v":{"$error":"#NUM!"}}]
[null,277,null,null,null,null,null,null,null,null,null,null,0,null,null,null,null,null,null,null,null,{"$f":"INDEX(MyFindData,SMALL(IF(ISNUMBER(SEARCH(FindText,MyFindData)),ROW(MyFindData),\"\"),ROW())-ROW(INDEX(MyFindData,1,1))+1)","v":{"$error":"#NUM!"}}]
[null,278,null,null,null,null,null,null,null,null,null,null,0,null,null,null,null,null,null,null,null,{"$f":"INDEX(MyFindData,SMALL(IF(ISNUMBER(SEARCH(FindText,MyFindData)),ROW(MyFindData),\"\"),ROW())-ROW(INDEX(MyFindData,1,1))+1)","v":{"$error":"#NUM!"}}]
[null,279,null,null,null,null,null,null,null,null,null,null,0,null,null,null,null,null,null,null,null,{"$f":"INDEX(MyFindData,SMALL(IF(ISNUMBER(SEARCH(FindText,MyFindData)),ROW(MyFindData),\"\"),ROW())-ROW(INDEX(MyFindData,1,1))+1)","v":{"$error":"#NUM!"}}]
[null,280,null,null,null,null,null,null,null,null,null,null,0,null,null,null,null,null,null,null,null,{"$f":"INDEX(MyFindData,SMALL(IF(ISNUMBER(SEARCH(FindText,MyFindData)),ROW(MyFindData),\"\"),ROW())-ROW(INDEX(MyFindData,1,1))+1)","v":{"$error":"#NUM!"}}]
[null,281,null,null,null,null,null,null,null,null,null,null,0,null,null,null,null,null,null,null,null,{"$f":"INDEX(MyFindData,SMALL(IF(ISNUMBER(SEARCH(FindText,MyFindData)),ROW(MyFindData),\"\"),ROW())-ROW(INDEX(MyFindData,1,1))+1)","v":{"$error":"#NUM!"}}]
[null,282,null,null,null,null,null,null,null,null,null,null,0,null,null,null,null,null,null,null,null,{"$f":"INDEX(MyFindData,SMALL(IF(ISNUMBER(SEARCH(FindText,MyFindData)),ROW(MyFindData),\"\"),ROW())-ROW(INDEX(MyFindData,1,1))+1)","v":{"$error":"#NUM!"}}]
[null,283,null,null,null,null,null,null,null,null,null,null,0,null,null,null,null,null,null,null,null,{"$f":"INDEX(MyFindData,SMALL(IF(ISNUMBER(SEARCH(FindText,MyFindData)),ROW(MyFindData),\"\"),ROW())-ROW(INDEX(MyFindData,1,1))+1)","v":{"$error":"#NUM!"}}]
[null,284,null,null,null,null,null,null,null,null,null,null,0,null,null,null,null,null,null,null,null,{"$f":"INDEX(MyFindData,SMALL(IF(ISNUMBER(SEARCH(FindText,MyFindData)),ROW(MyFindData),\"\"),ROW())-ROW(INDEX(MyFindData,1,1))+1)","v":{"$error":"#NUM!"}}]
[null,285,null,null,null,null,null,null,null,null,null,null,0,null,null,null,null,null,null,null,null,{"$f":"INDEX(MyFindData,SMALL(IF(ISNUMBER(SEARCH(FindText,MyFindData)),ROW(MyFindData),\"\"),ROW())-ROW(INDEX(MyFindData,1,1))+1)","v":{"$error":"#NUM!"}}]
[null,286,null,null,null,null,null,null,null,null,null,null,0,null,null,null,null,null,null,null,null,{"$f":"INDEX(MyFindData,SMALL(IF(ISNUMBER(SEARCH(FindText,MyFindData)),ROW(MyFindData),\"\"),ROW())-ROW(INDEX(MyFindData,1,1))+1)","v":{"$error":"#NUM!"}}]
[null,287,null,null,null,null,null,null,null,null,null,null,0,null,null,null,null,null,null,null,null,{"$f":"INDEX(MyFindData,SMALL(IF(ISNUMBER(SEARCH(FindText,MyFindData)),ROW(MyFindData),\"\"),ROW())-ROW(INDEX(MyFindData,1,1))+1)","v":{"$error":"#NUM!"}}]
[null,288,null,null,null,null,null,null,null,null,null,null,0,null,null,null,null,null,null,null,null,{"$f":"INDEX(MyFindData,SMALL(IF(ISNUMBER(SEARCH(FindText,MyFindData)),ROW(MyFindData),\"\"),ROW())-ROW(INDEX(MyFindData,1,1))+1)","v":{"$error":"#NUM!"}}]
[null,289,null,null,null,null,null,null,null,null,null,null,0,null,null,null,null,null,null,null,null,{"$f":"INDEX(MyFindData,SMALL(IF(ISNUMBER(SEARCH(FindText,MyFindData)),ROW(MyFindData),\"\"),ROW())-ROW(INDEX(MyFindData,1,1))+1)","v":{"$error":"#NUM!"}}]
[null,290,null,null,null,null,null,null,null,null,null,null,0,null,null,null,null,null,null,null,null,{"$f":"INDEX(MyFindData,SMALL(IF(ISNUMBER(SEARCH(FindText,MyFindData)),ROW(MyFindData),\"\"),ROW())-ROW(INDEX(MyFindData,1,1))+1)","v":{"$error":"#NUM!"}}]
[null,291,null,null,null,null,null,null,null,null,null,null,0,null,null,null,null,null,null,null,null,{"$f":"INDEX(MyFindData,SMALL(IF(ISNUMBER(SEARCH(FindText,MyFindData)),ROW(MyFindData),\"\"),ROW())-ROW(INDEX(MyFindData,1,1))+1)","v":{"$error":"#NUM!"}}]
[null,292,null,null,null,null,null,null,null,null,null,null,0,null,null,null,null,null,null,null,null,{"$f":"INDEX(MyFindData,SMALL(IF(ISNUMBER(SEARCH(FindText,MyFindData)),ROW(MyFindData),\"\"),ROW())-ROW(INDEX(MyFindData,1,1))+1)","v":{"$error":"#NUM!"}}]
[null,293,null,null,null,null,null,null,null,null,null,null,0,null,null,null,null,null,null,null,null,{"$f":"INDEX(MyFindData,SMALL(IF(ISNUMBER(SEARCH(FindText,MyFindData)),ROW(MyFindData),\"\"),ROW())-ROW(INDEX(MyFindData,1,1))+1)","v":{"$error":"#NUM!"}}]
[null,294,null,null,null,null,null,null,null,null,null,null,0,null,null,null,null,null,null,null,null,{"$f":"INDEX(MyFindData,SMALL(IF(ISNUMBER(SEARCH(FindText,MyFindData)),ROW(MyFindData),\"\"),ROW())-ROW(INDEX(MyFindData,1,1))+1)","v":{"$error":"#NUM!"}}]
[null,295,null,null,null,null,null,null,null,null,null,null,0,null,null,null,null,null,null,null,null,{"$f":"INDEX(MyFindData,SMALL(IF(ISNUMBER(SEARCH(FindText,MyFindData)),ROW(MyFindData),\"\"),ROW())-ROW(INDEX(MyFindData,1,1))+1)","v":{"$error":"#NUM!"}}]
[null,296,null,null,null,null,null,null,null,null,null,null,0,null,null,null,null,null,null,null,null,{"$f":"INDEX(MyFindData,SMALL(IF(ISNUMBER(SEARCH(FindText,MyFindData)),ROW(MyFindData),\"\"),ROW())-ROW(INDEX(MyFindData,1,1))+1)","v":{"$error":"#NUM!"}}]
[null,297,null,null,null,null,null,null,null,null,null,null,0,null,null,null,null,null,null,null,null,{"$f":"INDEX(MyFindData,SMALL(IF(ISNUMBER(SEARCH(FindText,MyFindData)),ROW(MyFindData),\"\"),ROW())-ROW(INDEX(MyFindData,1,1))+1)","v":{"$error":"#NUM!"}}]
[null,298,null,null,null,null,null,null,null,null,null,null,0,null,null,null,null,null,null,null,null,{"$f":"INDEX(MyFindData,SMALL(IF(ISNUMBER(SEARCH(FindText,MyFindData)),ROW(MyFindData),\"\"),ROW())-ROW(INDEX(MyFindData,1,1))+1)","v":{"$error":"#NUM!"}}]
[null,299,null,null,null,null,null,null,null,null,null,null,0,null,null,null,null,null,null,null,null,{"$f":"INDEX(MyFindData,SMALL(IF(ISNUMBER(SEARCH(FindText,MyFindData)),ROW(MyFindData),\"\"),ROW())-ROW(INDEX(MyFindData,1,1))+1)","v":{"$error":"#NUM!"}}]
[null,300,null,null,null,null,null,null,null,null,null,null,0,null,null,null,null,null,null,null,null,{"$f":"INDEX(MyFindData,SMALL(IF(ISNUMBER(SEARCH(FindText,MyFindData)),ROW(MyFindData),\"\"),ROW())-ROW(INDEX(MyFindData,1,1))+1)","v":{"$error":"#NUM!"}}]
[null,301,null,null,null,null,null,null,null,null,null,null,0,null,null,null,null,null,null,null,null,{"$f":"INDEX(MyFindData,SMALL(IF(ISNUMBER(SEARCH(FindText,MyFindData)),ROW(MyFindData),\"\"),ROW())-ROW(INDEX(MyFindData,1,1))+1)","v":{"$error":"#NUM!"}}]
[null,302,null,null,null,null,null,null,null,null,null,null,0,null,null,null,null,null,null,null,null,{"$f":"INDEX(MyFindData,SMALL(IF(ISNUMBER(SEARCH(FindText,MyFindData)),ROW(MyFindData),\"\"),ROW())-ROW(INDEX(MyFindData,1,1))+1)","v":{"$error":"#NUM!"}}]
[null,303,null,null,null,null,null,null,null,null,null,null,0,null,null,null,null,null,null,null,null,{"$f":"INDEX(MyFindData,SMALL(IF(ISNUMBER(SEARCH(FindText,MyFindData)),ROW(MyFindData),\"\"),ROW())-ROW(INDEX(MyFindData,1,1))+1)","v":{"$error":"#NUM!"}}]
[null,304,null,null,null,null,null,null,null,null,null,null,0,null,null,null,null,null,null,null,null,{"$f":"INDEX(MyFindData,SMALL(IF(ISNUMBER(SEARCH(FindText,MyFindData)),ROW(MyFindData),\"\"),ROW())-ROW(INDEX(MyFindData,1,1))+1)","v":{"$error":"#NUM!"}}]
[null,305,null,null,null,null,null,null,null,null,null,null,0,null,null,null,null,null,null,null,null,{"$f":"INDEX(MyFindData,SMALL(IF(ISNUMBER(SEARCH(FindText,MyFindData)),ROW(MyFindData),\"\"),ROW())-ROW(INDEX(MyFindData,1,1))+1)","v":{"$error":"#NUM!"}}]
[null,306,null,null,null,null,null,null,null,null,null,null,0,null,null,null,null,null,null,null,null,{"$f":"INDEX(MyFindData,SMALL(IF(ISNUMBER(SEARCH(FindText,MyFindData)),ROW(MyFindData),\"\"),ROW())-ROW(INDEX(MyFindData,1,1))+1)","v":{"$error":"#NUM!"}}]
[null,307,null,null,null,null,null,null,null,null,null,null,0,null,null,null,null,null,null,null,null,{"$f":"INDEX(MyFindData,SMALL(IF(ISNUMBER(SEARCH(FindText,MyFindData)),ROW(MyFindData),\"\"),ROW())-ROW(INDEX(MyFindData,1,1))+1)","v":{"$error":"#NUM!"}}]
[null,308,null,null,null,null,null,null,null,null,null,null,0,null,null,null,null,null,null,null,null,{"$f":"INDEX(MyFindData,SMALL(IF(ISNUMBER(SEARCH(FindText,MyFindData)),ROW(MyFindData),\"\"),ROW())-ROW(INDEX(MyFindData,1,1))+1)","v":{"$error":"#NUM!"}}]
[null,309,null,null,null,null,null,null,null,null,null,null,0,null,null,null,null,null,null,null,null,{"$f":"INDEX(MyFindData,SMALL(IF(ISNUMBER(SEARCH(FindText,MyFindData)),ROW(MyFindData),\"\"),ROW())-ROW(INDEX(MyFindData,1,1))+1)","v":{"$error":"#NUM!"}}]
[null,310,null,null,null,null,null,null,null,null,null,null,0,null,null,null,null,null,null,null,null,{"$f":"INDEX(MyFindData,SMALL(IF(ISNUMBER(SEARCH(FindText,MyFindData)),ROW(MyFindData),\"\"),ROW())-ROW(INDEX(MyFindData,1,1))+1)","v":{"$error":"#NUM!"}}]
[null,311,null,null,null,null,null,null,null,null,null,null,0,null,null,null,null,null,null,null,null,{"$f":"INDEX(MyFindData,SMALL(IF(ISNUMBER(SEARCH(FindText,MyFindData)),ROW(MyFindData),\"\"),ROW())-ROW(INDEX(MyFindData,1,1))+1)","v":{"$error":"#NUM!"}}]
[null,312,null,null,null,null,null,null,null,null,null,null,0,null,null,null,null,null,null,null,null,{"$f":"INDEX(MyFindData,SMALL(IF(ISNUMBER(SEARCH(FindText,MyFindData)),ROW(MyFindData),\"\"),ROW())-ROW(INDEX(MyFindData,1,1))+1)","v":{"$error":"#NUM!"}}]
[null,313,null,null,null,null,null,null,null,null,null,null,0,null,null,null,null,null,null,null,null,{"$f":"INDEX(MyFindData,SMALL(IF(ISNUMBER(SEARCH(FindText,MyFindData)),ROW(MyFindData),\"\"),ROW())-ROW(INDEX(MyFindData,1,1))+1)","v":{"$error":"#NUM!"}}]
[null,314,null,null,null,null,null,null,null,null,null,null,0,null,null,null,null,null,null,null,null,{"$f":"INDEX(MyFindData,SMALL(IF(ISNUMBER(SEARCH(FindText,MyFindData)),ROW(MyFindData),\"\"),ROW())-ROW(INDEX(MyFindData,1,1))+1)","v":{"$error":"#NUM!"}}]
[null,315,null,null,null,null,null,null,null,null,null,null,0,null,null,null,null,null,null,null,null,{"$f":"INDEX(MyFindData,SMALL(IF(ISNUMBER(SEARCH(FindText,MyFindData)),ROW(MyFindData),\"\"),ROW())-ROW(INDEX(MyFindData,1,1))+1)","v":{"$error":"#NUM!"}}]
[null,316,null,null,null,null,null,null,null,null,null,null,0,null,null,null,null,null,null,null,null,{"$f":"INDEX(MyFindData,SMALL(IF(ISNUMBER(SEARCH(FindText,MyFindData)),ROW(MyFindData),\"\"),ROW())-ROW(INDEX(MyFindData,1,1))+1)","v":{"$error":"#NUM!"}}]
[null,317,null,null,null,null,null,null,null,null,null,null,0,null,null,null,null,null,null,null,null,{"$f":"INDEX(MyFindData,SMALL(IF(ISNUMBER(SEARCH(FindText,MyFindData)),ROW(MyFindData),\"\"),ROW())-ROW(INDEX(MyFindData,1,1))+1)","v":{"$error":"#NUM!"}}]
[null,318,null,null,null,null,null,null,null,null,null,null,0,null,null,null,null,null,null,null,null,{"$f":"INDEX(MyFindData,SMALL(IF(ISNUMBER(SEARCH(FindText,MyFindData)),ROW(MyFindData),\"\"),ROW())-ROW(INDEX(MyFindData,1,1))+1)","v":{"$error":"#NUM!"}}]
[null,319,null,null,null,null,null,null,null,null,null,null,0,null,null,null,null,null,null,null,null,{"$f":"INDEX(MyFindData,SMALL(IF(ISNUMBER(SEARCH(FindText,MyFindData)),ROW(MyFindData),\"\"),ROW())-ROW(INDEX(MyFindData,1,1))+1)","v":{"$error":"#NUM!"}}]
[null,320,null,null,null,null,null,null,null,null,null,null,0,null,null,null,null,null,null,null,null,{"$f":"INDEX(MyFindData,SMALL(IF(ISNUMBER(SEARCH(FindText,MyFindData)),ROW(MyFindData),\"\"),ROW())-ROW(INDEX(MyFindData,1,1))+1)","v":{"$error":"#NUM!"}}]
[null,321,null,null,null,null,null,null,null,null,null,null,{"$f":"SUM(H322:L322)","v":0},null,null,null,null,null,null,null,null,{"$f":"INDEX(MyFindData,SMALL(IF(ISNUMBER(SEARCH(FindText,MyFindData)),ROW(MyFindData),\"\"),ROW())-ROW(INDEX(MyFindData,1,1))+1)","v":{"$error":"#NUM!"}}]
[null,322,null,null,null,null,null,null,null,null,null,null,0,null,null,null,null,null,null,null,null,{"$f":"INDEX(MyFindData,SMALL(IF(ISNUMBER(SEARCH(FindText,MyFindData)),ROW(MyFindData),\"\"),ROW())-ROW(INDEX(MyFindData,1,1))+1)","v":{"$error":"#NUM!"}}]
[null,323,null,null,null,null,null,null,null,null,null,null,0,null,null,null,null,null,null,null,null,{"$f":"INDEX(MyFindData,SMALL(IF(ISNUMBER(SEARCH(FindText,MyFindData)),ROW(MyFindData),\"\"),ROW())-ROW(INDEX(MyFindData,1,1))+1)","v":{"$error":"#NUM!"}}]
[null,324,null,null,null,null,null,null,null,null,null,null,0,null,null,null,null,null,null,null,null,{"$f":"INDEX(MyFindData,SMALL(IF(ISNUMBER(SEARCH(FindText,MyFindData)),ROW(MyFindData),\"\"),ROW())-ROW(INDEX(MyFindData,1,1))+1)","v":{"$error":"#NUM!"}}]
[null,325,null,null,null,null,null,null,null,null,null,null,0,null,null,null,null,null,null,null,null,{"$f":"INDEX(MyFindData,SMALL(IF(ISNUMBER(SEARCH(FindText,MyFindData)),ROW(MyFindData),\"\"),ROW())-ROW(INDEX(MyFindData,1,1))+1)","v":{"$error":"#NUM!"}}]
[null,326,null,null,null,null,null,null,null,null,null,null,0,null,null,null,null,null,null,null,null,{"$f":"INDEX(MyFindData,SMALL(IF(ISNUMBER(SEARCH(FindText,MyFindData)),ROW(MyFindData),\"\"),ROW())-ROW(INDEX(MyFindData,1,1))+1)","v":{"$error":"#NUM!"}}]
[null,327,null,null,null,null,null,null,null,null,null,null,0,null,null,null,null,null,null,null,null,{"$f":"INDEX(MyFindData,SMALL(IF(ISNUMBER(SEARCH(FindText,MyFindData)),ROW(MyFindData),\"\"),ROW())-ROW(INDEX(MyFindData,1,1))+1)","v":{"$error":"#NUM!"}}]
[null,328,null,null,null,null,null,null,null,null,null,null,0,null,null,null,null,null,null,null,null,{"$f":"INDEX(MyFindData,SMALL(IF(ISNUMBER(SEARCH(FindText,MyFindData)),ROW(MyFindData),\"\"),ROW())-ROW(INDEX(MyFindData,1,1))+1)","v":{"$error":"#NUM!"}}]
[null,329,null,null,null,null,null,null,null,null,null,null,0,null,null,null,null,null,null,null,null,{"$f":"INDEX(MyFindData,SMALL(IF(ISNUMBER(SEARCH(FindText,MyFindData)),ROW(MyFindData),\"\"),ROW())-ROW(INDEX(MyFindData,1,1))+1)","v":{"$error":"#NUM!"}}]
[null,330,null,null,null,null,null,null,null,null,null,null,0,null,null,null,null,null,null,null,null,{"$f":"INDEX(MyFindData,SMALL(IF(ISNUMBER(SEARCH(FindText,MyFindData)),ROW(MyFindData),\"\"),ROW())-ROW(INDEX(MyFindData,1,1))+1)","v":{"$error":"#NUM!"}}]
[null,331,null,null,null,null,null,null,null,null,null,null,0,null,null,null,null,null,null,null,null,{"$f":"INDEX(MyFindData,SMALL(IF(ISNUMBER(SEARCH(FindText,MyFindData)),ROW(MyFindData),\"\"),ROW())-ROW(INDEX(MyFindData,1,1))+1)","v":{"$error":"#NUM!"}}]
[null,332,null,null,null,null,null,null,null,null,null,null,0,null,null,null,null,null,null,null,null,{"$f":"INDEX(MyFindData,SMALL(IF(ISNUMBER(SEARCH(FindText,MyFindData)),ROW(MyFindData),\"\"),ROW())-ROW(INDEX(MyFindData,1,1))+1)","v":{"$error":"#NUM!"}}]
[null,333,null,null,null,null,null,null,null,null,null,null,0,null,null,null,null,null,null,null,null,{"$f":"INDEX(MyFindData,SMALL(IF(ISNUMBER(SEARCH(FindText,MyFindData)),ROW(MyFindData),\"\"),ROW())-ROW(INDEX(MyFindData,1,1))+1)","v":{"$error":"#NUM!"}}]
[null,334,null,null,null,null,null,null,null,null,null,null,0,null,null,null,null,null,null,null,null,{"$f":"INDEX(MyFindData,SMALL(IF(ISNUMBER(SEARCH(FindText,MyFindData)),ROW(MyFindData),\"\"),ROW())-ROW(INDEX(MyFindData,1,1))+1)","v":{"$error":"#NUM!"}}]
[null,335,null,null,null,null,null,null,null,null,null,null,0,null,null,null,null,null,null,null,null,{"$f":"INDEX(MyFindData,SMALL(IF(ISNUMBER(SEARCH(FindText,MyFindData)),ROW(MyFindData),\"\"),ROW())-ROW(INDEX(MyFindData,1,1))+1)","v":{"$error":"#NUM!"}}]
[null,336,null,null,null,null,null,null,null,null,null,null,0,null,null,null,null,null,null,null,null,{"$f":"INDEX(MyFindData,SMALL(IF(ISNUMBER(SEARCH(FindText,MyFindData)),ROW(MyFindData),\"\"),ROW())-ROW(INDEX(MyFindData,1,1))+1)","v":{"$error":"#NUM!"}}]
[null,337,null,null,null,null,null,null,null,null,null,null,0,null,null,null,null,null,null,null,null,{"$f":"INDEX(MyFindData,SMALL(IF(ISNUMBER(SEARCH(FindText,MyFindData)),ROW(MyFindData),\"\"),ROW())-ROW(INDEX(MyFindData,1,1))+1)","v":{"$error":"#NUM!"}}]
[null,338,null,null,null,null,null,null,null,null,null,null,0,null,null,null,null,null,null,null,null,{"$f":"INDEX(MyFindData,SMALL(IF(ISNUMBER(SEARCH(FindText,MyFindData)),ROW(MyFindData),\"\"),ROW())-ROW(INDEX(MyFindData,1,1))+1)","v":{"$error":"#NUM!"}}]
[null,339,null,null,null,null,null,null,null,null,null,null,0,null,null,null,null,null,null,null,null,{"$f":"INDEX(MyFindData,SMALL(IF(ISNUMBER(SEARCH(FindText,MyFindData)),ROW(MyFindData),\"\"),ROW())-ROW(INDEX(MyFindData,1,1))+1)","v":{"$error":"#NUM!"}}]
[null,340,null,null,null,null,null,null,null,null,null,null,0,null,null,null,null,null,null,null,null,{"$f":"INDEX(MyFindData,SMALL(IF(ISNUMBER(SEARCH(FindText,MyFindData)),ROW(MyFindData),\"\"),ROW())-ROW(INDEX(MyFindData,1,1))+1)","v":{"$error":"#NUM!"}}]
[null,341,null,null,null,null,null,null,null,null,null,null,0,null,null,null,null,null,null,null,null,{"$f":"INDEX(MyFindData,SMALL(IF(ISNUMBER(SEARCH(FindText,MyFindData)),ROW(MyFindData),\"\"),ROW())-ROW(INDEX(MyFindData,1,1))+1)","v":{"$error":"#NUM!"}}]
[null,342,null,null,null,null,null,null,null,null,null,null,0,null,null,null,null,null,null,null,null,{"$f":"INDEX(MyFindData,SMALL(IF(ISNUMBER(SEARCH(FindText,MyFindData)),ROW(MyFindData),\"\"),ROW())-ROW(INDEX(MyFindData,1,1))+1)","v":{"$error":"#NUM!"}}]
[null,343,null,null,null,null,null,null,null,null,null,null,0,null,null,null,null,null,null,null,null,{"$f":"INDEX(MyFindData,SMALL(IF(ISNUMBER(SEARCH(FindText,MyFindData)),ROW(MyFindData),\"\"),ROW())-ROW(INDEX(MyFindData,1,1))+1)","v":{"$error":"#NUM!"}}]
[null,344,null,null,null,null,null,null,null,null,null,null,0,null,null,null,null,null,null,null,null,{"$f":"INDEX(MyFindData,SMALL(IF(ISNUMBER(SEARCH(FindText,MyFindData)),ROW(MyFindData),\"\"),ROW())-ROW(INDEX(MyFindData,1,1))+1)","v":{"$error":"#NUM!"}}]
[null,345,null,null,null,null,null,null,null,null,null,null,0,null,null,null,null,null,null,null,null,{"$f":"INDEX(MyFindData,SMALL(IF(ISNUMBER(SEARCH(FindText,MyFindData)),ROW(MyFindData),\"\"),ROW())-ROW(INDEX(MyFindData,1,1))+1)","v":{"$error":"#NUM!"}}]
[null,346,null,null,null,null,null,null,null,null,null,null,0,null,null,null,null,null,null,null,null,{"$f":"INDEX(MyFindData,SMALL(IF(ISNUMBER(SEARCH(FindText,MyFindData)),ROW(MyFindData),\"\"),ROW())-ROW(INDEX(MyFindData,1,1))+1)","v":{"$error":"#NUM!"}}]
[null,347,null,null,null,null,null,null,null,null,null,null,0,null,null,null,null,null,null,null,null,{"$f":"INDEX(MyFindData,SMALL(IF(ISNUMBER(SEARCH(FindText,MyFindData)),ROW(MyFindData),\"\"),ROW())-ROW(INDEX(MyFindData,1,1))+1)","v":{"$error":"#NUM!"}}]
[null,348,null,null,null,null,null,null,null,null,null,null,0,null,null,null,null,null,null,null,null,{"$f":"INDEX(MyFindData,SMALL(IF(ISNUMBER(SEARCH(FindText,MyFindData)),ROW(MyFindData),\"\"),ROW())-ROW(INDEX(MyFindData,1,1))+1)","v":{"$error":"#NUM!"}}]
[null,349,null,null,null,null,null,null,null,null,null,null,0,null,null,null,null,null,null,null,null,{"$f":"INDEX(MyFindData,SMALL(IF(ISNUMBER(SEARCH(FindText,MyFindData)),ROW(MyFindData),\"\"),ROW())-ROW(INDEX(MyFindData,1,1))+1)","v":{"$error":"#NUM!"}}]
[null,350,null,null,null,null,null,null,null,null,null,null,0,null,null,null,null,null,null,null,null,{"$f":"INDEX(MyFindData,SMALL(IF(ISNUMBER(SEARCH(FindText,MyFindData)),ROW(MyFindData),\"\"),ROW())-ROW(INDEX(MyFindData,1,1))+1)","v":{"$error":"#NUM!"}}]
[null,351,null,null,null,null,null,null,null,null,null,null,0,null,null,null,null,null,null,null,null,{"$f":"INDEX(MyFindData,SMALL(IF(ISNUMBER(SEARCH(FindText,MyFindData)),ROW(MyFindData),\"\"),ROW())-ROW(INDEX(MyFindData,1,1))+1)","v":{"$error":"#NUM!"}}]
[null,352,null,null,null,null,null,null,null,null,null,null,0,null,null,null,null,null,null,null,null,{"$f":"INDEX(MyFindData,SMALL(IF(ISNUMBER(SEARCH(FindText,MyFindData)),ROW(MyFindData),\"\"),ROW())-ROW(INDEX(MyFindData,1,1))+1)","v":{"$error":"#NUM!"}}]
[null,353,null,null,null,null,null,null,null,null,null,null,0,null,null,null,null,null,null,null,null,{"$f":"INDEX(MyFindData,SMALL(IF(ISNUMBER(SEARCH(FindText,MyFindData)),ROW(MyFindData),\"\"),ROW())-ROW(INDEX(MyFindData,1,1))+1)","v":{"$error":"#NUM!"}}]
[null,354,null,null,null,null,null,null,null,null,null,null,0,null,null,null,null,null,null,null,null,{"$f":"INDEX(MyFindData,SMALL(IF(ISNUMBER(SEARCH(FindText,MyFindData)),ROW(MyFindData),\"\"),ROW())-ROW(INDEX(MyFindData,1,1))+1)","v":{"$error":"#NUM!"}}]
[null,355,null,null,null,null,null,null,null,null,null,null,0,null,null,null,null,null,null,null,null,{"$f":"INDEX(MyFindData,SMALL(IF(ISNUMBER(SEARCH(FindText,MyFindData)),ROW(MyFindData),\"\"),ROW())-ROW(INDEX(MyFindData,1,1))+1)","v":{"$error":"#NUM!"}}]
[null,356,null,null,null,null,null,null,null,null,null,null,0,null,null,null,null,null,null,null,null,{"$f":"INDEX(MyFindData,SMALL(IF(ISNUMBER(SEARCH(FindText,MyFindData)),ROW(MyFindData),\"\"),ROW())-ROW(INDEX(MyFindData,1,1))+1)","v":{"$error":"#NUM!"}}]
[null,357,null,null,null,null,null,null,null,null,null,null,0,null,null,null,null,null,null,null,null,{"$f":"INDEX(MyFindData,SMALL(IF(ISNUMBER(SEARCH(FindText,MyFindData)),ROW(MyFindData),\"\"),ROW())-ROW(INDEX(MyFindData,1,1))+1)","v":{"$error":"#NUM!"}}]
[null,358,null,null,null,null,null,null,null,null,null,null,0,null,null,null,null,null,null,null,null,{"$f":"INDEX(MyFindData,SMALL(IF(ISNUMBER(SEARCH(FindText,MyFindData)),ROW(MyFindData),\"\"),ROW())-ROW(INDEX(MyFindData,1,1))+1)","v":{"$error":"#NUM!"}}]
[null,359,null,null,null,null,null,null,null,null,null,null,0,null,null,null,null,null,null,null,null,{"$f":"INDEX(MyFindData,SMALL(IF(ISNUMBER(SEARCH(FindText,MyFindData)),ROW(MyFindData),\"\"),ROW())-ROW(INDEX(MyFindData,1,1))+1)","v":{"$error":"#NUM!"}}]
[null,360,null,null,null,null,null,null,null,null,null,null,0,null,null,null,null,null,null,null,null,{"$f":"INDEX(MyFindData,SMALL(IF(ISNUMBER(SEARCH(FindText,MyFindData)),ROW(MyFindData),\"\"),ROW())-ROW(INDEX(MyFindData,1,1))+1)","v":{"$error":"#NUM!"}}]
[null,361,null,null,null,null,null,null,null,null,null,null,0,null,null,null,null,null,null,null,null,{"$f":"INDEX(MyFindData,SMALL(IF(ISNUMBER(SEARCH(FindText,MyFindData)),ROW(MyFindData),\"\"),ROW())-ROW(INDEX(MyFindData,1,1))+1)","v":{"$error":"#NUM!"}}]
[null,362,null,null,null,null,null,null,null,null,null,null,0,null,null,null,null,null,null,null,null,{"$f":"INDEX(MyFindData,SMALL(IF(ISNUMBER(SEARCH(FindText,MyFindData)),ROW(MyFindData),\"\"),ROW())-ROW(INDEX(MyFindData,1,1))+1)","v":{"$error":"#NUM!"}}]
[null,363,null,null,null,null,null,null,null,null,null,null,0,null,null,null,null,null,null,null,null,{"$f":"INDEX(MyFindData,SMALL(IF(ISNUMBER(SEARCH(FindText,MyFindData)),ROW(MyFindData),\"\"),ROW())-ROW(INDEX(MyFindData,1,1))+1)","v":{"$error":"#NUM!"}}]
[null,364,null,null,null,null,null,null,null,null,null,null,0,null,null,null,null,null,null,null,null,{"$f":"INDEX(MyFindData,SMALL(IF(ISNUMBER(SEARCH(FindText,MyFindData)),ROW(MyFindData),\"\"),ROW())-ROW(INDEX(MyFindData,1,1))+1)","v":{"$error":"#NUM!"}}]
[null,365,null,null,null,null,null,null,null,null,null,null,0,null,null,null,null,null,null,null,null,{"$f":"INDEX(MyFindData,SMALL(IF(ISNUMBER(SEARCH(FindText,MyFindData)),ROW(MyFindData),\"\"),ROW())-ROW(INDEX(MyFindData,1,1))+1)","v":{"$error":"#NUM!"}}]
[null,366,null,null,null,null,null,null,null,null,null,null,0,null,null,null,null,null,null,null,null,{"$f":"INDEX(MyFindData,SMALL(IF(ISNUMBER(SEARCH(FindText,MyFindData)),ROW(MyFindData),\"\"),ROW())-ROW(INDEX(MyFindData,1,1))+1)","v":{"$error":"#NUM!"}}]
[null,367,null,null,null,null,null,null,null,null,null,null,0,null,null,null,null,null,null,null,null,{"$f":"INDEX(MyFindData,SMALL(IF(ISNUMBER(SEARCH(FindText,MyFindData)),ROW(MyFindData),\"\"),ROW())-ROW(INDEX(MyFindData,1,1))+1)","v":{"$error":"#NUM!"}}]
[null,368,null,null,null,null,null,null,null,null,null,null,0,null,null,null,null,null,null,null,null,{"$f":"INDEX(MyFindData,SMALL(IF(ISNUMBER(SEARCH(FindText,MyFindData)),ROW(MyFindData),\"\"),ROW())-ROW(INDEX(MyFindData,1,1))+1)","v":{"$error":"#NUM!"}}]
[null,369,null,null,null,null,null,null,null,null,null,null,0,null,null,null,null,null,null,null,null,{"$f":"INDEX(MyFindData,SMALL(IF(ISNUMBER(SEARCH(FindText,MyFindData)),ROW(MyFindData),\"\"),ROW())-ROW(INDEX(MyFindData,1,1))+1)","v":{"$error":"#NUM!"}}]
[null,370,null,null,null,null,null,null,null,null,null,null,0,null,null,null,null,null,null,null,null,{"$f":"INDEX(MyFindData,SMALL(IF(ISNUMBER(SEARCH(FindText,MyFindData)),ROW(MyFindData),\"\"),ROW())-ROW(INDEX(MyFindData,1,1))+1)","v":{"$error":"#NUM!"}}]
[null,371,null,null,null,null,null,null,null,null,null,null,0,null,null,null,null,null,null,null,null,{"$f":"INDEX(MyFindData,SMALL(IF(ISNUMBER(SEARCH(FindText,MyFindData)),ROW(MyFindData),\"\"),ROW())-ROW(INDEX(MyFindData,1,1))+1)","v":{"$error":"#NUM!"}}]
[null,372,null,null,null,null,null,null,null,null,null,null,0,null,null,null,null,null,null,null,null,{"$f":"INDEX(MyFindData,SMALL(IF(ISNUMBER(SEARCH(FindText,MyFindData)),ROW(MyFindData),\"\"),ROW())-ROW(INDEX(MyFindData,1,1))+1)","v":{"$error":"#NUM!"}}]
[null,373,null,null,null,null,null,null,null,null,null,null,0,null,null,null,null,null,null,null,null,{"$f":"INDEX(MyFindData,SMALL(IF(ISNUMBER(SEARCH(FindText,MyFindData)),ROW(MyFindData),\"\"),ROW())-ROW(INDEX(MyFindData,1,1))+1)","v":{"$error":"#NUM!"}}]
[null,374,null,null,null,null,null,null,null,null,null,null,0,null,null,null,null,null,null,null,null,{"$f":"INDEX(MyFindData,SMALL(IF(ISNUMBER(SEARCH(FindText,MyFindData)),ROW(MyFindData),\"\"),ROW())-ROW(INDEX(MyFindData,1,1))+1)","v":{"$error":"#NUM!"}}]
[null,375,null,null,null,null,null,null,null,null,null,null,0,null,null,null,null,null,null,null,null,{"$f":"INDEX(MyFindData,SMALL(IF(ISNUMBER(SEARCH(FindText,MyFindData)),ROW(MyFindData),\"\"),ROW())-ROW(INDEX(MyFindData,1,1))+1)","v":{"$error":"#NUM!"}}]
[null,376,null,null,null,null,null,null,null,null,null,null,0,null,null,null,null,null,null,null,null,{"$f":"INDEX(MyFindData,SMALL(IF(ISNUMBER(SEARCH(FindText,MyFindData)),ROW(MyFindData),\"\"),ROW())-ROW(INDEX(MyFindData,1,1))+1)","v":{"$error":"#NUM!"}}]
[null,377,null,null,null,null,null,null,null,null,null,null,0,null,null,null,null,null,null,null,null,{"$f":"INDEX(MyFindData,SMALL(IF(ISNUMBER(SEARCH(FindText,MyFindData)),ROW(MyFindData),\"\"),ROW())-ROW(INDEX(MyFindData,1,1))+1)","v":{"$error":"#NUM!"}}]
[null,378,null,null,null,null,null,null,null,null,null,null,0,null,null,null,null,null,null,null,null,{"$f":"INDEX(MyFindData,SMALL(IF(ISNUMBER(SEARCH(FindText,MyFindData)),ROW(MyFindData),\"\"),ROW())-ROW(INDEX(MyFindData,1,1))+1)","v":{"$error":"#NUM!"}}]
[null,379,null,null,null,null,null,null,null,null,null,null,0,null,null,null,null,null,null,null,null,{"$f":"INDEX(MyFindData,SMALL(IF(ISNUMBER(SEARCH(FindText,MyFindData)),ROW(MyFindData),\"\"),ROW())-ROW(INDEX(MyFindData,1,1))+1)","v":{"$error":"#NUM!"}}]
[null,380,null,null,null,null,null,null,null,null,null,null,0,null,null,null,null,null,null,null,null,{"$f":"INDEX(MyFindData,SMALL(IF(ISNUMBER(SEARCH(FindText,MyFindData)),ROW(MyFindData),\"\"),ROW())-ROW(INDEX(MyFindData,1,1))+1)","v":{"$error":"#NUM!"}}]
[null,381,null,null,null,null,null,null,null,null,null,null,0,null,null,null,null,null,null,null,null,{"$f":"INDEX(MyFindData,SMALL(IF(ISNUMBER(SEARCH(FindText,MyFindData)),ROW(MyFindData),\"\"),ROW())-ROW(INDEX(MyFindData,1,1))+1)","v":{"$error":"#NUM!"}}]
[null,382,null,null,null,null,null,null,null,null,null,null,0,null,null,null,null,null,null,null,null,{"$f":"INDEX(MyFindData,SMALL(IF(ISNUMBER(SEARCH(FindText,MyFindData)),ROW(MyFindData),\"\"),ROW())-ROW(INDEX(MyFindData,1,1))+1)","v":{"$error":"#NUM!"}}]
[null,383,null,null,null,null,null,null,null,null,null,null,0,null,null,null,null,null,null,null,null,{"$f":"INDEX(MyFindData,SMALL(IF(ISNUMBER(SEARCH(FindText,MyFindData)),ROW(MyFindData),\"\"),ROW())-ROW(INDEX(MyFindData,1,1))+1)","v":{"$error":"#NUM!"}}]
[null,384,null,null,null,null,null,null,null,null,null,null,0,null,null,null,null,null,null,null,null,{"$f":"INDEX(MyFindData,SMALL(IF(ISNUMBER(SEARCH(FindText,MyFindData)),ROW(MyFindData),\"\"),ROW())-ROW(INDEX(MyFindData,1,1))+1)","v":{"$error":"#NUM!"}}]
[null,385,null,null,null,null,null,null,null,null,null,null,{"$f":"SUM(H386:L386)","v":0},null,null,null,null,null,null,null,null,{"$f":"INDEX(MyFindData,SMALL(IF(ISNUMBER(SEARCH(FindText,MyFindData)),ROW(MyFindData),\"\"),ROW())-ROW(INDEX(MyFindData,1,1))+1)","v":{"$error":"#NUM!"}}]
[null,386,null,null,null,null,null,null,null,null,null,null,0,null,null,null,null,null,null,null,null,{"$f":"INDEX(MyFindData,SMALL(IF(ISNUMBER(SEARCH(FindText,MyFindData)),ROW(MyFindData),\"\"),ROW())-ROW(INDEX(MyFindData,1,1))+1)","v":{"$error":"#NUM!"}}]
[null,387,null,null,null,null,null,null,null,null,null,null,0,null,null,null,null,null,null,null,null,{"$f":"INDEX(MyFindData,SMALL(IF(ISNUMBER(SEARCH(FindText,MyFindData)),ROW(MyFindData),\"\"),ROW())-ROW(INDEX(MyFindData,1,1))+1)","v":{"$error":"#NUM!"}}]
[null,388,null,null,null,null,null,null,null,null,null,null,0,null,null,null,null,null,null,null,null,{"$f":"INDEX(MyFindData,SMALL(IF(ISNUMBER(SEARCH(FindText,MyFindData)),ROW(MyFindData),\"\"),ROW())-ROW(INDEX(MyFindData,1,1))+1)","v":{"$error":"#NUM!"}}]
[null,389,null,null,null,null,null,null,null,null,null,null,0,null,null,null,null,null,null,null,null,{"$f":"INDEX(MyFindData,SMALL(IF(ISNUMBER(SEARCH(FindText,MyFindData)),ROW(MyFindData),\"\"),ROW())-ROW(INDEX(MyFindData,1,1))+1)","v":{"$error":"#NUM!"}}]
[null,390,null,null,null,null,null,null,null,null,null,null,0,null,null,null,null,null,null,null,null,{"$f":"INDEX(MyFindData,SMALL(IF(ISNUMBER(SEARCH(FindText,MyFindData)),ROW(MyFindData),\"\"),ROW())-ROW(INDEX(MyFindData,1,1))+1)","v":{"$error":"#NUM!"}}]
[null,391,null,null,null,null,null,null,null,null,null,null,0,null,null,null,null,null,null,null,null,{"$f":"INDEX(MyFindData,SMALL(IF(ISNUMBER(SEARCH(FindText,MyFindData)),ROW(MyFindData),\"\"),ROW())-ROW(INDEX(MyFindData,1,1))+1)","v":{"$error":"#NUM!"}}]
[null,392,null,null,null,null,null,null,null,null,null,null,0,null,null,null,null,null,null,null,null,{"$f":"INDEX(MyFindData,SMALL(IF(ISNUMBER(SEARCH(FindText,MyFindData)),ROW(MyFindData),\"\"),ROW())-ROW(INDEX(MyFindData,1,1))+1)","v":{"$error":"#NUM!"}}]
[null,393,null,null,null,null,null,null,null,null,null,null,0,null,null,null,null,null,null,null,null,{"$f":"INDEX(MyFindData,SMALL(IF(ISNUMBER(SEARCH(FindText,MyFindData)),ROW(MyFindData),\"\"),ROW())-ROW(INDEX(MyFindData,1,1))+1)","v":{"$error":"#NUM!"}}]
[null,394,null,null,null,null,null,null,null,null,null,null,0,null,null,null,null,null,null,null,null,{"$f":"INDEX(MyFindData,SMALL(IF(ISNUMBER(SEARCH(FindText,MyFindData)),ROW(MyFindData),\"\"),ROW())-ROW(INDEX(MyFindData,1,1))+1)","v":{"$error":"#NUM!"}}]
[null,395,null,null,null,null,null,null,null,null,null,null,0,null,null,null,null,null,null,null,null,{"$f":"INDEX(MyFindData,SMALL(IF(ISNUMBER(SEARCH(FindText,MyFindData)),ROW(MyFindData),\"\"),ROW())-ROW(INDEX(MyFindData,1,1))+1)","v":{"$error":"#NUM!"}}]
[null,396,null,null,null,null,null,null,null,null,null,null,0,null,null,null,null,null,null,null,null,{"$f":"INDEX(MyFindData,SMALL(IF(ISNUMBER(SEARCH(FindText,MyFindData)),ROW(MyFindData),\"\"),ROW())-ROW(INDEX(MyFindData,1,1))+1)","v":{"$error":"#NUM!"}}]
[null,397,null,null,null,null,null,null,null,null,null,null,0,null,null,null,null,null,null,null,null,{"$f":"INDEX(MyFindData,SMALL(IF(ISNUMBER(SEARCH(FindText,MyFindData)),ROW(MyFindData),\"\"),ROW())-ROW(INDEX(MyFindData,1,1))+1)","v":{"$error":"#NUM!"}}]
[null,398,null,null,null,null,null,null,null,null,null,null,0,null,null,null,null,null,null,null,null,{"$f":"INDEX(MyFindData,SMALL(IF(ISNUMBER(SEARCH(FindText,MyFindData)),ROW(MyFindData),\"\"),ROW())-ROW(INDEX(MyFindData,1,1))+1)","v":{"$error":"#NUM!"}}]
[null,399,null,null,null,null,null,null,null,null,null,null,0,null,null,null,null,null,null,null,null,{"$f":"INDEX(MyFindData,SMALL(IF(ISNUMBER(SEARCH(FindText,MyFindData)),ROW(MyFindData),\"\"),ROW())-ROW(INDEX(MyFindData,1,1))+1)","v":{"$error":"#NUM!"}}]
[null,400,null,null,null,null,null,null,null,null,null,null,0,null,null,null,null,null,null,null,null,{"$f":"INDEX(MyFindData,SMALL(IF(ISNUMBER(SEARCH(FindText,MyFindData)),ROW(MyFindData),\"\"),ROW())-ROW(INDEX(MyFindData,1,1))+1)","v":{"$error":"#NUM!"}}]
[null,401,null,null,null,null,null,null,null,null,null,null,0,null,null,null,null,null,null,null,null,{"$f":"INDEX(MyFindData,SMALL(IF(ISNUMBER(SEARCH(FindText,MyFindData)),ROW(MyFindData),\"\"),ROW())-ROW(INDEX(MyFindData,1,1))+1)","v":{"$error":"#NUM!"}}]
[null,402,null,null,null,null,null,null,null,null,null,null,0,null,null,null,null,null,null,null,null,{"$f":"INDEX(MyFindData,SMALL(IF(ISNUMBER(SEARCH(FindText,MyFindData)),ROW(MyFindData),\"\"),ROW())-ROW(INDEX(MyFindData,1,1))+1)","v":{"$error":"#NUM!"}}]
[null,403,null,null,null,null,null,null,null,null,null,null,0,null,null,null,null,null,null,null,null,{"$f":"INDEX(MyFindData,SMALL(IF(ISNUMBER(SEARCH(FindText,MyFindData)),ROW(MyFindData),\"\"),ROW())-ROW(INDEX(MyFindData,1,1))+1)","v":{"$error":"#NUM!"}}]
[null,404,null,null,null,null,null,null,null,null,null,null,0,null,null,null,null,null,null,null,null,{"$f":"INDEX(MyFindData,SMALL(IF(ISNUMBER(SEARCH(FindText,MyFindData)),ROW(MyFindData),\"\"),ROW())-ROW(INDEX(MyFindData,1,1))+1)","v":{"$error":"#NUM!"}}]
[null,405,null,null,null,null,null,null,null,null,null,null,0,null,null,null,null,null,null,null,null,{"$f":"INDEX(MyFindData,SMALL(IF(ISNUMBER(SEARCH(FindText,MyFindData)),ROW(MyFindData),\"\"),ROW())-ROW(INDEX(MyFindData,1,1))+1)","v":{"$error":"#NUM!"}}]
[null,406,null,null,null,null,null,null,null,null,null,null,0,null,null,null,null,null,null,null,null,{"$f":"INDEX(MyFindData,SMALL(IF(ISNUMBER(SEARCH(FindText,MyFindData)),ROW(MyFindData),\"\"),ROW())-ROW(INDEX(MyFindData,1,1))+1)","v":{"$error":"#NUM!"}}]
[null,407,null,null,null,null,null,null,null,null,null,null,0,null,null,null,null,null,null,null,null,{"$f":"INDEX(MyFindData,SMALL(IF(ISNUMBER(SEARCH(FindText,MyFindData)),ROW(MyFindData),\"\"),ROW())-ROW(INDEX(MyFindData,1,1))+1)","v":{"$error":"#NUM!"}}]
[null,408,null,null,null,null,null,null,null,null,null,null,0,null,null,null,null,null,null,null,null,{"$f":"INDEX(MyFindData,SMALL(IF(ISNUMBER(SEARCH(FindText,MyFindData)),ROW(MyFindData),\"\"),ROW())-ROW(INDEX(MyFindData,1,1))+1)","v":{"$error":"#NUM!"}}]
[null,409,null,null,null,null,null,null,null,null,null,null,0,null,null,null,null,null,null,null,null,{"$f":"INDEX(MyFindData,SMALL(IF(ISNUMBER(SEARCH(FindText,MyFindData)),ROW(MyFindData),\"\"),ROW())-ROW(INDEX(MyFindData,1,1))+1)","v":{"$error":"#NUM!"}}]
[null,410,null,null,null,null,null,null,null,null,null,null,0,null,null,null,null,null,null,null,null,{"$f":"INDEX(MyFindData,SMALL(IF(ISNUMBER(SEARCH(FindText,MyFindData)),ROW(MyFindData),\"\"),ROW())-ROW(INDEX(MyFindData,1,1))+1)","v":{"$error":"#NUM!"}}]
[null,411,null,null,null,null,null,null,null,null,null,null,0,null,null,null,null,null,null,null,null,{"$f":"INDEX(MyFindData,SMALL(IF(ISNUMBER(SEARCH(FindText,MyFindData)),ROW(MyFindData),\"\"),ROW())-ROW(INDEX(MyFindData,1,1))+1)","v":{"$error":"#NUM!"}}]
[null,412,null,null,null,null,null,null,null,null,null,null,0,null,null,null,null,null,null,null,null,{"$f":"INDEX(MyFindData,SMALL(IF(ISNUMBER(SEARCH(FindText,MyFindData)),ROW(MyFindData),\"\"),ROW())-ROW(INDEX(MyFindData,1,1))+1)","v":{"$error":"#NUM!"}}]
[null,413,null,null,null,null,null,null,null,null,null,null,0,null,null,null,null,null,null,null,null,{"$f":"INDEX(MyFindData,SMALL(IF(ISNUMBER(SEARCH(FindText,MyFindData)),ROW(MyFindData),\"\"),ROW())-ROW(INDEX(MyFindData,1,1))+1)","v":{"$error":"#NUM!"}}]
[null,414,null,null,null,null,null,null,null,null,null,null,0,null,null,null,null,null,null,null,null,{"$f":"INDEX(MyFindData,SMALL(IF(ISNUMBER(SEARCH(FindText,MyFindData)),ROW(MyFindData),\"\"),ROW())-ROW(INDEX(MyFindData,1,1))+1)","v":{"$error":"#NUM!"}}]
[null,415,null,null,null,null,null,null,null,null,null,null,0,null,null,null,null,null,null,null,null,{"$f":"INDEX(MyFindData,SMALL(IF(ISNUMBER(SEARCH(FindText,MyFindData)),ROW(MyFindData),\"\"),ROW())-ROW(INDEX(MyFindData,1,1))+1)","v":{"$error":"#NUM!"}}]
[null,416,null,null,null,null,null,null,null,null,null,null,0,null,null,null,null,null,null,null,null,{"$f":"INDEX(MyFindData,SMALL(IF(ISNUMBER(SEARCH(FindText,MyFindData)),ROW(MyFindData),\"\"),ROW())-ROW(INDEX(MyFindData,1,1))+1)","v":{"$error":"#NUM!"}}]
[null,417,null,null,null,null,null,null,null,null,null,null,0,null,null,null,null,null,null,null,null,{"$f":"INDEX(MyFindData,SMALL(IF(ISNUMBER(SEARCH(FindText,MyFindData)),ROW(MyFindData),\"\"),ROW())-ROW(INDEX(MyFindData,1,1))+1)","v":{"$error":"#NUM!"}}]
[null,418,null,null,null,null,null,null,null,null,null,null,0,null,null,null,null,null,null,null,null,{"$f":"INDEX(MyFindData,SMALL(IF(ISNUMBER(SEARCH(FindText,MyFindData)),ROW(MyFindData),\"\"),ROW())-ROW(INDEX(MyFindData,1,1))+1)","v":{"$error":"#NUM!"}}]
[null,419,null,null,null,null,null,null,null,null,null,null,0,null,null,null,null,null,null,null,null,{"$f":"INDEX(MyFindData,SMALL(IF(ISNUMBER(SEARCH(FindText,MyFindData)),ROW(MyFindData),\"\"),ROW())-ROW(INDEX(MyFindData,1,1))+1)","v":{"$error":"#NUM!"}}]
[null,420,null,null,null,null,null,null,null,null,null,null,0,null,null,null,null,null,null,null,null,{"$f":"INDEX(MyFindData,SMALL(IF(ISNUMBER(SEARCH(FindText,MyFindData)),ROW(MyFindData),\"\"),ROW())-ROW(INDEX(MyFindData,1,1))+1)","v":{"$error":"#NUM!"}}]
[null,421,null,null,null,null,null,null,null,null,null,null,0,null,null,null,null,null,null,null,null,{"$f":"INDEX(MyFindData,SMALL(IF(ISNUMBER(SEARCH(FindText,MyFindData)),ROW(MyFindData),\"\"),ROW())-ROW(INDEX(MyFindData,1,1))+1)","v":{"$error":"#NUM!"}}]
[null,422,null,null,null,null,null,null,null,null,null,null,0,null,null,null,null,null,null,null,null,{"$f":"INDEX(MyFindData,SMALL(IF(ISNUMBER(SEARCH(FindText,MyFindData)),ROW(MyFindData),\"\"),ROW())-ROW(INDEX(MyFindData,1,1))+1)","v":{"$error":"#NUM!"}}]
[null,423,null,null,null,null,null,null,null,null,null,null,0,null,null,null,null,null,null,null,null,{"$f":"INDEX(MyFindData,SMALL(IF(ISNUMBER(SEARCH(FindText,MyFindData)),ROW(MyFindData),\"\"),ROW())-ROW(INDEX(MyFindData,1,1))+1)","v":{"$error":"#NUM!"}}]
[null,424,null,null,null,null,null,null,null,null,null,null,0,null,null,null,null,null,null,null,null,{"$f":"INDEX(MyFindData,SMALL(IF(ISNUMBER(SEARCH(FindText,MyFindData)),ROW(MyFindData),\"\"),ROW())-ROW(INDEX(MyFindData,1,1))+1)","v":{"$error":"#NUM!"}}]
[null,425,null,null,null,null,null,null,null,null,null,null,0,null,null,null,null,null,null,null,null,{"$f":"INDEX(MyFindData,SMALL(IF(ISNUMBER(SEARCH(FindText,MyFindData)),ROW(MyFindData),\"\"),ROW())-ROW(INDEX(MyFindData,1,1))+1)","v":{"$error":"#NUM!"}}]
[null,426,null,null,null,null,null,null,null,null,null,null,0,null,null,null,null,null,null,null,null,{"$f":"INDEX(MyFindData,SMALL(IF(ISNUMBER(SEARCH(FindText,MyFindData)),ROW(MyFindData),\"\"),ROW())-ROW(INDEX(MyFindData,1,1))+1)","v":{"$error":"#NUM!"}}]
[null,427,null,null,null,null,null,null,null,null,null,null,0,null,null,null,null,null,null,null,null,{"$f":"INDEX(MyFindData,SMALL(IF(ISNUMBER(SEARCH(FindText,MyFindData)),ROW(MyFindData),\"\"),ROW())-ROW(INDEX(MyFindData,1,1))+1)","v":{"$error":"#NUM!"}}]
[null,428,null,null,null,null,null,null,null,null,null,null,0,null,null,null,null,null,null,null,null,{"$f":"INDEX(MyFindData,SMALL(IF(ISNUMBER(SEARCH(FindText,MyFindData)),ROW(MyFindData),\"\"),ROW())-ROW(INDEX(MyFindData,1,1))+1)","v":{"$error":"#NUM!"}}]
[null,429,null,null,null,null,null,null,null,null,null,null,0,null,null,null,null,null,null,null,null,{"$f":"INDEX(MyFindData,SMALL(IF(ISNUMBER(SEARCH(FindText,MyFindData)),ROW(MyFindData),\"\"),ROW())-ROW(INDEX(MyFindData,1,1))+1)","v":{"$error":"#NUM!"}}]
[null,430,null,null,null,null,null,null,null,null,null,null,0,null,null,null,null,null,null,null,null,{"$f":"INDEX(MyFindData,SMALL(IF(ISNUMBER(SEARCH(FindText,MyFindData)),ROW(MyFindData),\"\"),ROW())-ROW(INDEX(MyFindData,1,1))+1)","v":{"$error":"#NUM!"}}]
[null,431,null,null,null,null,null,null,null,null,null,null,0,null,null,null,null,null,null,null,null,{"$f":"INDEX(MyFindData,SMALL(IF(ISNUMBER(SEARCH(FindText,MyFindData)),ROW(MyFindData),\"\"),ROW())-ROW(INDEX(MyFindData,1,1))+1)","v":{"$error":"#NUM!"}}]
[null,432,null,null,null,null,null,null,null,null,null,null,0,null,null,null,null,null,null,null,null,{"$f":"INDEX(MyFindData,SMALL(IF(ISNUMBER(SEARCH(FindText,MyFindData)),ROW(MyFindData),\"\"),ROW())-ROW(INDEX(MyFindData,1,1))+1)","v":{"$error":"#NUM!"}}]
[null,433,null,null,null,null,null,null,null,null,null,null,0,null,null,null,null,null,null,null,null,{"$f":"INDEX(MyFindData,SMALL(IF(ISNUMBER(SEARCH(FindText,MyFindData)),ROW(MyFindData),\"\"),ROW())-ROW(INDEX(MyFindData,1,1))+1)","v":{"$error":"#NUM!"}}]
[null,434,null,null,null,null,null,null,null,null,null,null,0,null,null,null,null,null,null,null,null,{"$f":"INDEX(MyFindData,SMALL(IF(ISNUMBER(SEARCH(FindText,MyFindData)),ROW(MyFindData),\"\"),ROW())-ROW(INDEX(MyFindData,1,1))+1)","v":{"$error":"#NUM!"}}]
[null,435,null,null,null,null,null,null,null,null,null,null,0,null,null,null,null,null,null,null,null,{"$f":"INDEX(MyFindData,SMALL(IF(ISNUMBER(SEARCH(FindText,MyFindData)),ROW(MyFindData),\"\"),ROW())-ROW(INDEX(MyFindData,1,1))+1)","v":{"$error":"#NUM!"}}]
[null,436,null,null,null,null,null,null,null,null,null,null,0,null,null,null,null,null,null,null,null,{"$f":"INDEX(MyFindData,SMALL(IF(ISNUMBER(SEARCH(FindText,MyFindData)),ROW(MyFindData),\"\"),ROW())-ROW(INDEX(MyFindData,1,1))+1)","v":{"$error":"#NUM!"}}]
[null,437,null,null,null,null,null,null,null,null,null,null,0,null,null,null,null,null,null,null,null,{"$f":"INDEX(MyFindData,SMALL(IF(ISNUMBER(SEARCH(FindText,MyFindData)),ROW(MyFindData),\"\"),ROW())-ROW(INDEX(MyFindData,1,1))+1)","v":{"$error":"#NUM!"}}]
[null,438,null,null,null,null,null,null,null,null,null,null,0,null,null,null,null,null,null,null,null,{"$f":"INDEX(MyFindData,SMALL(IF(ISNUMBER(SEARCH(FindText,MyFindData)),ROW(MyFindData),\"\"),ROW())-ROW(INDEX(MyFindData,1,1))+1)","v":{"$error":"#NUM!"}}]
[null,439,null,null,null,null,null,null,null,null,null,null,0,null,null,null,null,null,null,null,null,{"$f":"INDEX(MyFindData,SMALL(IF(ISNUMBER(SEARCH(FindText,MyFindData)),ROW(MyFindData),\"\"),ROW())-ROW(INDEX(MyFindData,1,1))+1)","v":{"$error":"#NUM!"}}]
[null,440,null,null,null,null,null,null,null,null,null,null,0,null,null,null,null,null,null,null,null,{"$f":"INDEX(MyFindData,SMALL(IF(ISNUMBER(SEARCH(FindText,MyFindData)),ROW(MyFindData),\"\"),ROW())-ROW(INDEX(MyFindData,1,1))+1)","v":{"$error":"#NUM!"}}]
[null,441,null,null,null,null,null,null,null,null,null,null,0,null,null,null,null,null,null,null,null,{"$f":"INDEX(MyFindData,SMALL(IF(ISNUMBER(SEARCH(FindText,MyFindData)),ROW(MyFindData),\"\"),ROW())-ROW(INDEX(MyFindData,1,1))+1)","v":{"$error":"#NUM!"}}]
[null,442,null,null,null,null,null,null,null,null,null,null,0,null,null,null,null,null,null,null,null,{"$f":"INDEX(MyFindData,SMALL(IF(ISNUMBER(SEARCH(FindText,MyFindData)),ROW(MyFindData),\"\"),ROW())-ROW(INDEX(MyFindData,1,1))+1)","v":{"$error":"#NUM!"}}]
[null,443,null,null,null,null,null,null,null,null,null,null,0]
[null,444,null,null,null,null,null,null,null,null,null,null,0]
[null,445,null,null,null,null,null,null,null,null,null,null,0]
[null,446,null,null,null,null,null,null,null,null,null,null,0]
[null,447,null,null,null,null,null,null,null,null,null,null,0]
[null,448,null,null,null,null,null,null,null,null,null,null,0]
[null,449,null,null,null,null,null,null,null,null,null,null,{"$f":"SUM(H450:L450)","v":0}]
[null,450,null,null,null,null,null,null,null,null,null,null,0]
[null,451,null,null,null,null,null,null,null,null,null,null,0]
[null,452,null,null,null,null,null,null,null,null,null,null,0]
[null,453,null,null,null,null,null,null,null,null,null,null,0]
[null,454,null,null,null,null,null,null,null,null,null,null,0]
[null,455,null,null,null,null,null,null,null,null,null,null,0]
[null,456,null,null,null,null,null,null,null,null,null,null,0]
[null,457,null,null,null,null,null,null,null,null,null,null,0]
[null,458,null,null,null,null,null,null,null,null,null,null,0]
[null,459,null,null,null,null,null,null,null,null,null,null,0]
[null,460,null,null,null,null,null,null,null,null,null,null,0]
[null,461,null,null,null,null,null,null,null,null,null,null,0]
[null,462,null,null,null,null,null,null,null,null,null,null,0]
[null,463,null,null,null,null,null,null,null,null,null,null,0]
[null,464,null,null,null,null,null,null,null,null,null,null,0]
[null,465,null,null,null,null,null,null,null,null,null,null,0]
[null,466,null,null,null,null,null,null,null,null,null,null,0]
[null,467,null,null,null,null,null,null,null,null,null,null,0]
[null,468,null,null,null,null,null,null,null,null,null,null,0]
[null,469,null,null,null,null,null,null,null,null,null,null,0]
[null,470,null,null,null,null,null,null,null,null,null,null,0]
[null,471,null,null,null,null,null,null,null,null,null,null,0]
[null,472,null,null,null,null,null,null,null,null,null,null,0]
[null,473,null,null,null,null,null,null,null,null,null,null,0]
[null,474,null,null,null,null,null,null,null,null,null,null,0]
[null,475,null,null,null,null,null,null,null,null,null,null,0]
[null,476,null,null,null,null,null,null,null,null,null,null,0]
[null,477,null,null,null,null,null,null,null,null,null,null,0]
[null,478,null,null,null,null,null,null,null,null,null,null,0]
[null,479,null,null,null,null,null,null,null,null,null,null,0]
[null,480,null,null,null,null,null,null,null,null,null,null,0]
[null,481,null,null,null,null,null,null,null,null,null,null,0]
[null,482,null,null,null,null,null,null,null,null,null,null,0]
[null,483,null,null,null,null,null,null,null,null,null,null,0]
[null,484,null,null,null,null,null,null,null,null,null,null,0]
[null,485,null,null,null,null,null,null,null,null,null,null,0]
[null,486,null,null,null,null,null,null,null,null,null,null,0]
[null,487,null,null,null,null,null,null,null,null,null,null,0]
[null,488,null,null,null,null,null,null,null,null,null,null,0]
[null,489,null,null,null,null,null,null,null,null,null,null,0]
[null,490,null,null,null,null,null,null,null,null,null,null,0]
[null,491,null,null,null,null,null,null,null,null,null,null,0]
[null,492,null,null,null,null,null,null,null,null,null,null,0]
[null,493,null,null,null,null,null,null,null,null,null,null,0]
[null,null,null,null,null,null,null,null,null,null,null,null,0]
[null,null,null,null,null,null,null,null,null,null,null,null,0]
[null,null,null,null,null,null,null,null,null,null,null,null,0]
[null,null,null,null,null,null,null,null,null,null,null,null,0]
[null,null,null,null,null,null,null,null,null,null,null,null,0]
[null,null,null,null,null,null,null,null,null,null,null,null,0]
[null,null,null,null,null,null,null,null,null,null,null,null,0]
[null,null,null,null,null,null,null,null,null,null,null,null,0]
[null,null,null,null,null,null,null,null,null,null,null,null,0]
[null,null,null,null,null,null,null,null,null,null,null,null,0]
[null,null,null,null,null,null,null,null,null,null,null,null,0]
[null,null,null,null,null,null,null,null,null,null,null,null,0]
[null,null,null,null,null,null,null,null,null,null,null,null,0]
[null,null,null,null,null,null,null,null,null,null,null,null,0]
[null,null,null,null,null,null,null,null,null,null,null,null,0]
[null,null,null,null,null,null,null,null,null,null,null,null,0]
[null,null,null,null,null,null,null,null,null,null,null,null,0]
[null,null,null,null,null,null,null,null,null,null,null,null,0]
[null,null,null,null,null,null,null,null,null,null,null,null,0]
[null,null,null,null,null,null,null,null,null,null,null,null,{"$f":"SUM(H514:L514)","v":0}]
[null,null,null,null,null,null,null,null,null,null,null,null,0]
[null,null,null,null,null,null,null,null,null,null,null,null,0]
[null,null,null,null,null,null,null,null,null,null,null,null,0]
[null,null,null,null,null,null,null,null,null,null,null,null,0]
[null,null,null,null,null,null,null,null,null,null,null,null,0]
[null,null,null,null,null,null,null,null,null,null,null,null,0]
[null,null,null,null,null,null,null,null,null,null,null,null,0]
[null,null,null,null,null,null,null,null,null,null,null,null,0]
[null,null,null,null,null,null,null,null,null,null,null,null,0]
[null,null,null,null,null,null,null,null,null,null,null,null,0]
[null,null,null,null,null,null,null,null,null,null,null,null,0]
[null,null,null,null,null,null,null,null,null,null,null,null,0]
[null,null,null,null,null,null,null,null,null,null,null,null,0]
[null,null,null,null,null,null,null,null,null,null,null,null,0]
[null,null,null,null,null,null,null,null,null,null,null,null,0]
[null,null,null,null,null,null,null,null,null,null,null,null,0]
[null,null,null,null,null,null,null,null,null,null,null,null,0]
[null,null,null,null,null,null,null,null,null,null,null,null,0]
[null,null,null,null,null,null,null,null,null,null,null,null,0]
[null,null,null,null,null,null,null,null,null,null,null,null,0]
[null,null,null,null,null,null,null,null,null,null,null,null,0]
[null,null,null,null,null,null,null,null,null,null,null,null,0]
[null,null,null,null,null,null,null,null,null,null,null,null,0]
[null,null,null,null,null,null,null,null,null,null,null,null,0]
[null,null,null,null,null,null,null,null,null,null,null,null,0]
[null,null,null,null,null,null,null,null,null,null,null,null,0]
[null,null,null,null,null,null,null,null,null,null,null,null,0]
[null,null,null,null,null,null,null,null,null,null,null,null,0]
[null,null,null,null,null,null,null,null,null,null,null,null,0]
[null,null,null,null,null,null,null,null,null,null,null,null,0]
[null,null,null,null,null,null,null,null,null,null,null,null,0]
[null,null,null,null,null,null,null,null,null,null,null,null,0]
[null,null,null,null,null,null,null,null,null,null,null,null,0]
[null,null,null,null,null,null,null,null,null,null,null,null,0]
[null,null,null,null,null,null,null,null,null,null,null,null,0]
[null,null,null,null,null,null,null,null,null,null,null,null,0]
[null,null,null,null,null,null,null,null,null,null,null,null,0]
[null,null,null,null,null,null,null,null,null,null,null,null,0]
[null,null,null,null,null,null,null,null,null,null,null,null,0]
[null,null,null,null,null,null,null,null,null,null,null,null,0]
[null,null,null,null,null,null,null,null,null,null,null,null,0]
[null,null,null,null,null,null,null,null,null,null,null,null,0]
[null,null,null,null,null,null,null,null,null,null,null,null,0]
[null,null,null,null,null,null,null,null,null,null,null,null,0]
[null,null,null,null,null,null,null,null,null,null,null,null,0]
[null,null,null,null,null,null,null,null,null,null,null,null,0]
[null,null,null,null,null,null,null,null,null,null,null,null,0]
[null,null,null,null,null,null,null,null,null,null,null,null,0]
[null,null,null,null,null,null,null,null,null,null,null,null,0]
[null,null,null,null,null,null,null,null,null,null,null,null,0]
[null,null,null,null,null,null,null,null,null,null,null,null,0]
[null,null,null,null,null,null,null,null,null,null,null,null,0]
[null,null,null,null,null,null,null,null,null,null,null,null,0]
[null,null,null,null,null,null,null,null,null,null,null,null,0]
[null,null,null,null,null,null,null,null,null,null,null,null,0]
[null,null,null,null,null,null,null,null,null,null,null,null,0]
[null,null,null,null,null,null,null,null,null,null,null,null,0]
[null,null,null,null,null,null,null,null,null,null,null,null,0]
[null,null,null,null,null,null,null,null,null,null,null,null,0]
[null,null,null,null,null,null,null,null,null,null,null,null,0]
[null,null,null,null,null,null,null,null,null,null,null,null,0]
[null,null,null,null,null,null,null,null,null,null,null,null,0]
[null,null,null,null,null,null,null,null,null,null,null,null,0]
[null,null,null,null,null,null,null,null,null,null,null,null,{"$f":"SUM(H578:L578)","v":0}]
[null,null,null,null,null,null,null,null,null,null,null,null,0]
[null,null,null,null,null,null,null,null,null,null,null,null,0]
[null,null,null,null,null,null,null,null,null,null,null,null,0]
[null,null,null,null,null,null,null,null,null,null,null,null,0]
[null,null,null,null,null,null,null,null,null,null,null,null,0]
[null,null,null,null,null,null,null,null,null,null,null,null,0]
[null,null,null,null,null,null,null,null,null,null,null,null,0]
[null,null,null,null,null,null,null,null,null,null,null,null,0]
[null,null,null,null,null,null,null,null,null,null,null,null,0]
[null,null,null,null,null,null,null,null,null,null,null,null,0]
[null,null,null,null,null,null,null,null,null,null,null,null,0]
[null,null,null,null,null,null,null,null,null,null,null,null,0]
[null,null,null,null,null,null,null,null,null,null,null,null,0]
[null,null,null,null,null,null,null,null,null,null,null,null,0]
[null,null,null,null,null,null,null,null,null,null,null,null,0]
[null,null,null,null,null,null,null,null,null,null,null,null,0]
[null,null,null,null,null,null,null,null,null,null,null,null,0]
[null,null,null,null,null,null,null,null,null,null,null,null,0]
[null,null,null,null,null,null,null,null,null,null,null,null,0]
[null,null,null,null,null,null,null,null,null,null,null,null,0]
[null,null,null,null,null,null,null,null,null,null,null,null,0]
[null,null,null,null,null,null,null,null,null,null,null,null,0]
[null,null,null,null,null,null,null,null,null,null,null,null,0]
[null,null,null,null,null,null,null,null,null,null,null,null,0]
[null,null,null,null,null,null,null,null,null,null,null,null,0]
[null,null,null,null,null,null,null,null,null,null,null,null,0]
[null,null,null,null,null,null,null,null,null,null,null,null,0]
[null,null,null,null,null,null,null,null,null,null,null,null,0]
[null,null,null,null,null,null,null,null,null,null,null,null,0]
[null,null,null,null,null,null,null,null,null,null,null,null,0]
[null,null,null,null,null,null,null,null,null,null,null,null,0]
[null,null,null,null,null,null,null,null,null,null,null,null,0]
[null,null,null,null,null,null,null,null,null,null,null,null,0]
[null,null,null,null,null,null,null,null,null,null,null,null,0]
[null,null,null,null,null,null,null,null,null,null,null,null,0]
[null,null,null,null,null,null,null,null,null,null,null,null,0]
[null,null,null,null,null,null,null,null,null,null,null,null,0]
[null,null,null,null,null,null,null,null,null,null,null,null,0]
[null,null,null,null,null,null,null,null,null,null,null,null,0]
[null,null,null,null,null,null,null,null,null,null,null,null,0]
[null,null,null,null,null,null,null,null,null,null,null,null,0]
[null,null,null,null,null,null,null,null,null,null,null,null,0]
[null,null,null,null,null,null,null,null,null,null,null,null,0]
[null,null,null,null,null,null,null,null,null,null,null,null,0]
[null,null,null,null,null,null,null,null,null,null,null,null,0]
[null,null,null,null,null,null,null,null,null,null,null,null,0]
[null,null,null,null,null,null,null,null,null,null,null,null,0]
[null,null,null,null,null,null,null,null,null,null,null,null,0]
[null,null,null,null,null,null,null,null,null,null,null,null,0]
[null,null,null,null,null,null,null,null,null,null,null,null,0]
[null,null,null,null,null,null,null,null,null,null,null,null,0]
[null,null,null,null,null,null,null,null,null,null,null,null,0]
[null,null,null,null,null,null,null,null,null,null,null,null,0]
[null,null,null,null,null,null,null,null,null,null,null,null,0]
[null,null,null,null,null,null,null,null,null,null,null,null,0]
[null,null,null,null,null,null,null,null,null,null,null,null,0]
[null,null,null,null,null,null,null,null,null,null,null,null,0]
[null,null,null,null,null,null,null,null,null,null,null,null,0]
[null,null,null,null,null,null,null,null,null,null,null,null,0]
[null,null,null,null,null,null,null,null,null,null,null,null,0]
[null,null,null,null,null,null,null,null,null,null,null,null,0]
[null,null,null,null,null,null,null,null,null,null,null,null,0]
[null,null,null,null,null,null,null,null,null,null,null,null,0]
[null,null,null,null,null,null,null,null,null,null,null,null,{"$f":"SUM(H642:L642)","v":0}]
[null,null,null,null,null,null,null,null,null,null,null,null,0]
[null,null,null,null,null,null,null,null,null,null,null,null,0]
[null,null,null,null,null,null,null,null,null,null,null,null,0]
[null,null,null,null,null,null,null,null,null,null,null,null,0]
[null,null,null,null,null,null,null,null,null,null,null,null,0]
[null,null,null,null,null,null,null,null,null,null,null,null,0]
[null,null,null,null,null,null,null,null,null,null,null,null,0]
[null,null,null,null,null,null,null,null,null,null,null,null,0]
[null,null,null,null,null,null,null,null,null,null,null,null,0]
[null,null,null,null,null,null,null,null,null,null,null,null,0]
[null,null,null,null,null,null,null,null,null,null,null,null,0]
[null,null,null,null,null,null,null,null,null,null,null,null,0]
[null,null,null,null,null,null,null,null,null,null,null,null,0]
[null,null,null,null,null,null,null,null,null,null,null,null,0]
[null,null,null,null,null,null,null,null,null,null,null,null,0]
[null,null,null,null,null,null,null,null,null,null,null,null,0]
[null,null,null,null,null,null,null,null,null,null,null,null,0]
[null,null,null,null,null,null,null,null,null,null,null,null,0]
[null,null,null,null,null,null,null,null,null,null,null,null,0]
[null,null,null,null,null,null,null,null,null,null,null,null,0]
[null,null,null,null,null,null,null,null,null,null,null,null,0]
[null,null,null,null,null,null,null,null,null,null,null,null,0]
[null,null,null,null,null,null,null,null,null,null,null,null,0]
[null,null,null,null,null,null,null,null,null,null,null,null,0]
[null,null,null,null,null,null,null,null,null,null,null,null,0]
[null,null,null,null,null,null,null,null,null,null,null,null,0]
[null,null,null,null,null,null,null,null,null,null,null,null,0]
[null,null,null,null,null,null,null,null,null,null,null,null,0]
[null,null,null,null,null,null,null,null,null,null,null,null,0]
[null,null,null,null,null,null,null,null,null,null,null,null,0]
[null,null,null,null,null,null,null,null,null,null,null,null,0]
[null,null,null,null,null,null,null,null,null,null,null,null,0]
[null,null,null,null,null,null,null,null,null,null,null,null,0]
[null,null,null,null,null,null,null,null,null,null,null,null,0]
[null,null,null,null,null,null,null,null,null,null,null,null,0]
[null,null,null,null,null,null,null,null,null,null,null,null,0]
[null,null,null,null,null,null,null,null,null,null,null,null,0]
[null,null,null,null,null,null,null,null,null,null,null,null,0]
[null,null,null,null,null,null,null,null,null,null,null,null,0]
[null,null,null,null,null,null,null,null,null,null,null,null,0]
[null,null,null,null,null,null,null,null,null,null,null,null,0]
[null,null,null,null,null,null,null,null,null,null,null,null,0]
[null,null,null,null,null,null,null,null,null,null,null,null,0]
[null,null,null,null,null,null,null,null,null,null,null,null,0]
[null,null,null,null,null,null,null,null,null,null,null,null,0]
[null,null,null,null,null,null,null,null,null,null,null,null,0]
[null,null,null,null,null,null,null,null,null,null,null,null,0]
[null,null,null,null,null,null,null,null,null,null,null,null,0]
[null,null,null,null,null,null,null,null,null,null,null,null,0]
[null,null,null,null,null,null,null,null,null,null,null,null,0]
[null,null,null,null,null,null,null,null,null,null,null,null,0]
[null,null,null,null,null,null,null,null,null,null,null,null,0]
[null,null,null,null,null,null,null,null,null,null,null,null,0]
[null,null,null,null,null,null,null,null,null,null,null,null,0]
[null,null,null,null,null,null,null,null,null,null,null,null,0]
[null,null,null,null,null,null,null,null,null,null,null,null,0]
[null,null,null,null,null,null,null,null,null,null,null,null,0]
[null,null,null,null,null,null,null,null,null,null,null,null,0]
[null,null,null,null,null,null,null,null,null,null,null,null,0]
[null,null,null,null,null,null,null,null,null,null,null,null,0]
[null,null,null,null,null,null,null,null,null,null,null,null,0]
[null,null,null,null,null,null,null,null,null,null,null,null,0]
[null,null,null,null,null,null,null,null,null,null,null,null,0]
[null,null,null,null,null,null,null,null,null,null,null,null,{"$f":"SUM(H706:L706)","v":0}]
[null,null,null,null,null,null,null,null,null,null,null,null,0]
[null,null,null,null,null,null,null,null,null,null,null,null,0]
[null,null,null,null,null,null,null,null,null,null,null,null,0]
[null,null,null,null,null,null,null,null,null,null,null,null,0]
[null,null,null,null,null,null,null,null,null,null,null,null,0]
[null,null,null,null,null,null,null,null,null,null,null,null,0]
[null,null,null,null,null,null,null,null,null,null,null,null,0]
[null,null,null,null,null,null,null,null,null,null,null,null,0]
[null,null,null,null,null,null,null,null,null,null,null,null,0]
[null,null,null,null,null,null,null,null,null,null,null,null,0]
[null,null,null,null,null,null,null,null,null,null,null,null,0]
[null,null,null,null,null,null,null,null,null,null,null,null,0]
[null,null,null,null,null,null,null,null,null,null,null,null,0]
[null,null,null,null,null,null,null,null,null,null,null,null,0]
[null,null,null,null,null,null,null,null,null,null,null,null,0]
[null,null,null,null,null,null,null,null,null,null,null,null,0]
[null,null,null,null,null,null,null,null,null,null,null,null,0]
[null,null,null,null,null,null,null,null,null,null,null,null,0]
[null,null,null,null,null,null,null,null,null,null,null,null,0]
[null,null,null,null,null,null,null,null,null,null,null,null,0]
[null,null,null,null,null,null,null,null,null,null,null,null,0]
[null,null,null,null,null,null,null,null,null,null,null,null,0]
[null,null,null,null,null,null,null,null,null,null,null,null,0]
[null,null,null,null,null,null,null,null,null,null,null,null,0]
[null,null,null,null,null,null,null,null,null,null,null,null,0]
[null,null,null,null,null,null,null,null,null,null,null,null,0]
[null,null,null,null,null,null,null,null,null,null,null,null,0]
[null,null,null,null,null,null,null,null,null,null,null,null,0]
[null,null,null,null,null,null,null,null,null,null,null,null,0]
[null,null,null,null,null,null,null,null,null,null,null,null,0]
[null,null,null,null,null,null,null,null,null,null,null,null,0]
[null,null,null,null,null,null,null,null,null,null,null,null,0]
[null,null,null,null,null,null,null,null,null,null,null,null,0]
[null,null,null,null,null,null,null,null,null,null,null,null,0]
[null,null,null,null,null,null,null,null,null,null,null,null,0]
[null,null,null,null,null,null,null,null,null,null,null,null,0]
[null,null,null,null,null,null,null,null,null,null,null,null,0]
[null,null,null,null,null,null,null,null,null,null,null,null,0]
[null,null,null,null,null,null,null,null,null,null,null,null,0]
[null,null,null,null,null,null,null,null,null,null,null,null,0]
[null,null,null,null,null,null,null,null,null,null,null,null,0]
[null,null,null,null,null,null,null,null,null,null,null,null,0]
[null,null,null,null,null,null,null,null,null,null,null,null,0]
[null,null,null,null,null,null,null,null,null,null,null,null,0]
[null,null,null,null,null,null,null,null,null,null,null,null,0]
[null,null,null,null,null,null,null,null,null,null,null,null,0]
[null,null,null,null,null,null,null,null,null,null,null,null,0]
[null,null,null,null,null,null,null,null,null,null,null,null,0]
[null,null,null,null,null,null,null,null,null,null,null,null,0]
[null,null,null,null,null,null,null,null,null,null,null,null,0]
[null,null,null,null,null,null,null,null,null,null,null,null,0]
[null,null,null,null,null,null,null,null,null,null,null,null,0]
[null,null,null,null,null,null,null,null,null,null,null,null,0]
[null,null,null,null,null,null,null,null,null,null,null,null,0]
[null,null,null,null,null,null,null,null,null,null,null,null,0]
[null,null,null,null,null,null,null,null,null,null,null,null,0]
[null,null,null,null,null,null,null,null,null,null,null,null,0]
[null,null,null,null,null,null,null,null,null,null,null,null,0]
[null,null,null,null,null,null,null,null,null,null,null,null,0]
[null,null,null,null,null,null,null,null,null,null,null,null,0]
[null,null,null,null,null,null,null,null,null,null,null,null,0]
[null,null,null,null,null,null,null,null,null,null,null,null,0]
[null,null,null,null,null,null,null,null,null,null,null,null,0]
[null,null,null,null,null,null,null,null,null,null,null,null,{"$f":"SUM(H770:L770)","v":0}]
[null,null,null,null,null,null,null,null,null,null,null,null,0]
[null,null,null,null,null,null,null,null,null,null,null,null,0]
[null,null,null,null,null,null,null,null,null,null,null,null,0]
[null,null,null,null,null,null,null,null,null,null,null,null,0]
[null,null,null,null,null,null,null,null,null,null,null,null,0]
[null,null,null,null,null,null,null,null,null,null,null,null,0]
[null,null,null,null,null,null,null,null,null,null,null,null,0]
[null,null,null,null,null,null,null,null,null,null,null,null,0]
[null,null,null,null,null,null,null,null,null,null,null,null,0]
[null,null,null,null,null,null,null,null,null,null,null,null,0]
[null,null,null,null,null,null,null,null,null,null,null,null,0]
[null,null,null,null,null,null,null,null,null,null,null,null,0]
[null,null,null,null,null,null,null,null,null,null,null,null,0]
[null,null,null,null,null,null,null,null,null,null,null,null,0]
[null,null,null,null,null,null,null,null,null,null,null,null,0]
[null,null,null,null,null,null,null,null,null,null,null,null,0]
[null,null,null,null,null,null,null,null,null,null,null,null,0]
[null,null,null,null,null,null,null,null,null,null,null,null,0]
[null,null,null,null,null,null,null,null,null,null,null,null,0]
[null,null,null,null,null,null,null,null,null,null,null,null,0]
[null,null,null,null,null,null,null,null,null,null,null,null,0]
[null,null,null,null,null,null,null,null,null,null,null,null,0]
[null,null,null,null,null,null,null,null,null,null,null,null,0]
[null,null,null,null,null,null,null,null,null,null,null,null,0]
[null,null,null,null,null,null,null,null,null,null,null,null,0]
[null,null,null,null,null,null,null,null,null,null,null,null,0]
[null,null,null,null,null,null,null,null,null,null,null,null,0]
[null,null,null,null,null,null,null,null,null,null,null,null,0]
[null,null,null,null,null,null,null,null,null,null,null,null,0]
[null,null,null,null,null,null,null,null,null,null,null,null,0]
[null,null,null,null,null,null,null,null,null,null,null,null,0]
[null,null,null,null,null,null,null,null,null,null,null,null,0]
[null,null,null,null,null,null,null,null,null,null,null,null,0]
[null,null,null,null,null,null,null,null,null,null,null,null,0]
[null,null,null,null,null,null,null,null,null,null,null,null,0]
[null,null,null,null,null,null,null,null,null,null,null,null,0]
[null,null,null,null,null,null,null,null,null,null,null,null,0]
[null,null,null,null,null,null,null,null,null,null,null,null,0]
[null,null,null,null,null,null,null,null,null,null,null,null,0]
[null,null,null,null,null,null,null,null,null,null,null,null,0]
[null,null,null,null,null,null,null,null,null,null,null,null,0]
[null,null,null,null,null,null,null,null,null,null,null,null,0]
[null,null,null,null,null,null,null,null,null,null,null,null,0]
[null,null,null,null,null,null,null,null,null,null,null,null,0]
[null,null,null,null,null,null,null,null,null,null,null,null,0]
[null,null,null,null,null,null,null,null,null,null,null,null,0]
[null,null,null,null,null,null,null,null,null,null,null,null,0]
[null,null,null,null,null,null,null,null,null,null,null,null,0]
[null,null,null,null,null,null,null,null,null,null,null,null,0]
[null,null,null,null,null,null,null,null,null,null,null,null,0]
[null,null,null,null,null,null,null,null,null,null,null,null,0]
[null,null,null,null,null,null,null,null,null,null,null,null,0]
[null,null,null,null,null,null,null,null,null,null,null,null,0]
[null,null,null,null,null,null,null,null,null,null,null,null,0]
[null,null,null,null,null,null,null,null,null,null,null,null,0]
[null,null,null,null,null,null,null,null,null,null,null,null,0]
[null,null,null,null,null,null,null,null,null,null,null,null,0]
[null,null,null,null,null,null,null,null,null,null,null,null,0]
[null,null,null,null,null,null,null,null,null,null,null,null,0]
[null,null,null,null,null,null,null,null,null,null,null,null,0]
[null,null,null,null,null,null,null,null,null,null,null,null,0]
[null,null,null,null,null,null,null,null,null,null,null,null,0]
[null,null,null,null,null,null,null,null,null,null,null,null,0]
[null,null,null,null,null,null,null,null,null,null,null,null,{"$f":"SUM(H834:L834)","v":0}]
[null,null,null,null,null,null,null,null,null,null,null,null,0]
[null,null,null,null,null,null,null,null,null,null,null,null,0]
[null,null,null,null,null,null,null,null,null,null,null,null,0]
[null,null,null,null,null,null,null,null,null,null,null,null,0]
[null,null,null,null,null,null,null,null,null,null,null,null,0]
[null,null,null,null,null,null,null,null,null,null,null,null,0]
[null,null,null,null,null,null,null,null,null,null,null,null,0]
[null,null,null,null,null,null,null,null,null,null,null,null,0]
[null,null,null,null,null,null,null,null,null,null,null,null,0]
[null,null,null,null,null,null,null,null,null,null,null,null,0]
[null,null,null,null,null,null,null,null,null,null,null,null,0]
[null,null,null,null,null,null,null,null,null,null,null,null,0]
[null,null,null,null,null,null,null,null,null,null,null,null,0]
[null,null,null,null,null,null,null,null,null,null,null,null,0]
[null,null,null,null,null,null,null,null,null,null,null,null,0]
[null,null,null,null,null,null,null,null,null,null,null,null,0]
[null,null,null,null,null,null,null,null,null,null,null,null,0]
[null,null,null,null,null,null,null,null,null,null,null,null,0]
[null,null,null,null,null,null,null,null,null,null,null,null,0]
[null,null,null,null,null,null,null,null,null,null,null,null,0]
[null,null,null,null,null,null,null,null,null,null,null,null,0]
[null,null,null,null,null,null,null,null,null,null,null,null,0]
[null,null,null,null,null,null,null,null,null,null,null,null,0]
[null,null,null,null,null,null,null,null,null,null,null,null,0]
[null,null,null,null,null,null,null,null,null,null,null,null,0]
[null,null,null,null,null,null,null,null,null,null,null,null,0]
[null,null,null,null,null,null,null,null,null,null,null,null,0]
[null,null,null,null,null,null,null,null,null,null,null,null,0]
[null,null,null,null,null,null,null,null,null,null,null,null,0]
[null,null,null,null,null,null,null,null,null,null,null,null,0]
[null,null,null,null,null,null,null,null,null,null,null,null,0]
[null,null,null,null,null,null,null,null,null,null,null,null,0]
[null,null,null,null,null,null,null,null,null,null,null,null,0]
[null,null,null,null,null,null,null,null,null,null,null,null,0]
[null,null,null,null,null,null,null,null,null,null,null,null,0]
[null,null,null,null,null,null,null,null,null,null,null,null,0]
[null,null,null,null,null,null,null,null,null,null,null,null,0]
[null,null,null,null,null,null,null,null,null,null,null,null,0]
[null,null,null,null,null,null,null,null,null,null,null,null,0]
[null,null,null,null,null,null,null,null,null,null,null,null,0]
[null,null,null,null,null,null,null,null,null,null,null,null,0]
[null,null,null,null,null,null,null,null,null,null,null,null,0]
[null,null,null,null,null,null,null,null,null,null,null,null,0]
[null,null,null,null,null,null,null,null,null,null,null,null,0]
[null,null,null,null,null,null,null,null,null,null,null,null,0]
[null,null,null,null,null,null,null,null,null,null,null,null,0]
[null,null,null,null,null,null,null,null,null,null,null,null,0]
[null,null,null,null,null,null,null,null,null,null,null,null,0]
[null,null,null,null,null,null,null,null,null,null,null,null,0]
[null,null,null,null,null,null,null,null,null,null,null,null,0]
[null,null,null,null,null,null,null,null,null,null,null,null,0]
[null,null,null,null,null,null,null,null,null,null,null,null,0]
[null,null,null,null,null,null,null,null,null,null,null,null,0]
[null,null,null,null,null,null,null,null,null,null,null,null,0]
[null,null,null,null,null,null,null,null,null,null,null,null,0]
[null,null,null,null,null,null,null,null,null,null,null,null,0]
[null,null,null,null,null,null,null,null,null,null,null,null,0]
[null,null,null,null,null,null,null,null,null,null,null,null,0]
[null,null,null,null,null,null,null,null,null,null,null,null,0]
[null,null,null,null,null,null,null,null,null,null,null,null,0]
[null,null,null,null,null,null,null,null,null,null,null,null,0]
[null,null,null,null,null,null,null,null,null,null,null,null,0]
[null,null,null,null,null,null,null,null,null,null,null,null,0]
[null,null,null,null,null,null,null,null,null,null,null,null,{"$f":"SUM(H898:L898)","v":0}]
[null,null,null,null,null,null,null,null,null,null,null,null,0]
[null,null,null,null,null,null,null,null,null,null,null,null,0]
[null,null,null,null,null,null,null,null,null,null,null,null,0]
[null,null,null,null,null,null,null,null,null,null,null,null,0]
[null,null,null,null,null,null,null,null,null,null,null,null,0]
[null,null,null,null,null,null,null,null,null,null,null,null,0]
[null,null,null,null,null,null,null,null,null,null,null,null,0]
[null,null,null,null,null,null,null,null,null,null,null,null,0]
[null,null,null,null,null,null,null,null,null,null,null,null,0]
[null,null,null,null,null,null,null,null,null,null,null,null,0]
[null,null,null,null,null,null,null,null,null,null,null,null,0]
[null,null,null,null,null,null,null,null,null,null,null,null,0]
[null,null,null,null,null,null,null,null,null,null,null,null,0]
[null,null,null,null,null,null,null,null,null,null,null,null,0]
[null,null,null,null,null,null,null,null,null,null,null,null,0]
[null,null,null,null,null,null,null,null,null,null,null,null,0]
[null,null,null,null,null,null,null,null,null,null,null,null,0]
[null,null,null,null,null,null,null,null,null,null,null,null,0]
[null,null,null,null,null,null,null,null,null,null,null,null,0]
[null,null,null,null,null,null,null,null,null,null,null,null,0]
[null,null,null,null,null,null,null,null,null,null,null,null,0]
[null,null,null,null,null,null,null,null,null,null,null,null,0]
[null,null,null,null,null,null,null,null,null,null,null,null,0]
[null,null,null,null,null,null,null,null,null,null,null,null,0]
[null,null,null,null,null,null,null,null,null,null,null,null,0]
[null,null,null,null,null,null,null,null,null,null,null,null,0]
[null,null,null,null,null,null,null,null,null,null,null,null,0]
[null,null,null,null,null,null,null,null,null,null,null,null,0]
[null,null,null,null,null,null,null,null,null,null,null,null,0]
[null,null,null,null,null,null,null,null,null,null,null,null,0]
[null,null,null,null,null,null,null,null,null,null,null,null,0]
[null,null,null,null,null,null,null,null,null,null,null,null,0]
[null,null,null,null,null,null,null,null,null,null,null,null,0]
[null,null,null,null,null,null,null,null,null,null,null,null,0]
[null,null,null,null,null,null,null,null,null,null,null,null,0]
[null,null,null,null,null,null,null,null,null,null,null,null,0]
[null,null,null,null,null,null,null,null,null,null,null,null,0]
[null,null,null,null,null,null,null,null,null,null,null,null,0]
[null,null,null,null,null,null,null,null,null,null,null,null,0]
[null,null,null,null,null,null,null,null,null,null,null,null,0]
[null,null,null,null,null,null,null,null,null,null,null,null,0]
[null,null,null,null,null,null,null,null,null,null,null,null,0]
[null,null,null,null,null,null,null,null,null,null,null,null,0]
[null,null,null,null,null,null,null,null,null,null,null,null,0]
[null,null,null,null,null,null,null,null,null,null,null,null,0]
[null,null,null,null,null,null,null,null,null,null,null,null,0]
[null,null,null,null,null,null,null,null,null,null,null,null,0]
[null,null,null,null,null,null,null,null,null,null,null,null,0]
[null,null,null,null,null,null,null,null,null,null,null,null,0]
[null,null,null,null,null,null,null,null,null,null,null,null,0]
[null,null,null,null,null,null,null,null,null,null,null,null,0]
[null,null,null,null,null,null,null,null,null,null,null,null,0]
[null,null,null,null,null,null,null,null,null,null,null,null,0]
[null,null,null,null,null,null,null,null,null,null,null,null,0]
[null,null,null,null,null,null,null,null,null,null,null,null,0]

{"sheet":"التفاصيل","index":3,"n_rows":918,"n_cols":15,"rows_kept":918,"cut":false,"hidden":false,"merged":[]}
["نوع الكابينة ","مبلغ التكلفة ","العدد","المساحة","PVC","الظهر","اجمالي التكلفة ","اجمالي البيع ","الربح","رقم الفاتورة ","اسم الزبون ","الجهة ","الكود ","تاريخ","الملاحظات"]
["AW 50*33*90",{"$f":"IFERROR(VLOOKUP($A2,البيانات!$C$2:$M$300,11,FALSE),\"\")","v":0},1,{"$f":"IFERROR(VLOOKUP($A2,البيانات!$C$2:$M$300,2,FALSE)*C:C,\"\")","v":1.1399999999999999},{"$f":"IFERROR(VLOOKUP($A2,البيانات!$C$2:$M$300,3,FALSE)*C:C,\"\")","v":10.48},{"$f":"IFERROR(VLOOKUP($A2,البيانات!$C$2:$M$300,4,FALSE)*C:C,\"\")","v":0.42},{"$f":"IFERROR(C2*B2,\"\")","v":0},25,{"$f":"IFERROR(H2-G2,\"\")","v":25},null,"عبد الرحمن1","معرض","KH49","2018-01-29"]
["AW 45*33*90",{"$f":"IFERROR(VLOOKUP($A3,البيانات!$C$2:$M$300,11,FALSE),\"\")","v":0},1,{"$f":"IFERROR(VLOOKUP($A3,البيانات!$C$2:$M$300,2,FALSE)*C:C,\"\")","v":1.08},{"$f":"IFERROR(VLOOKUP($A3,البيانات!$C$2:$M$300,3,FALSE)*C:C,\"\")","v":10.08},{"$f":"IFERROR(VLOOKUP($A3,البيانات!$C$2:$M$300,4,FALSE)*C:C,\"\")","v":0.37},{"$f":"IFERROR(C3*B3,\"\")","v":0},26,{"$f":"IFERROR(H3-G3,\"\")","v":26},null,"عبد الرحمن2","معرض","KH49","2018-01-29"]
["AW 50*33*75",{"$f":"IFERROR(VLOOKUP($A4,البيانات!$C$2:$M$300,11,FALSE),\"\")","v":0},1,{"$f":"IFERROR(VLOOKUP($A4,البيانات!$C$2:$M$300,2,FALSE)*C:C,\"\")","v":0.91},{"$f":"IFERROR(VLOOKUP($A4,البيانات!$C$2:$M$300,3,FALSE)*C:C,\"\")","v":8.1999999999999993},{"$f":"IFERROR(VLOOKUP($A4,البيانات!$C$2:$M$300,4,FALSE)*C:C,\"\")","v":0.35},0,27,27,null,"عبد الرحمن3","معرض","KH49","2018-01-29"]
["AW 45*33*75",{"$f":"IFERROR(VLOOKUP($A5,البيانات!$C$2:$M$300,11,FALSE),\"\")","v":0},1,{"$f":"IFERROR(VLOOKUP($A5,البيانات!$C$2:$M$300,2,FALSE)*C:C,\"\")","v":0.86},{"$f":"IFERROR(VLOOKUP($A5,البيانات!$C$2:$M$300,3,FALSE)*C:C,\"\")","v":7.92},{"$f":"IFERROR(VLOOKUP($A5,البيانات!$C$2:$M$300,4,FALSE)*C:C,\"\")","v":0.31},0,28,28,null,"عبد الرحمن4","معرض","KH49","2018-01-29"]
["AW 50*33*75",{"$f":"IFERROR(VLOOKUP($A6,البيانات!$C$2:$M$300,11,FALSE),\"\")","v":0},1,{"$f":"IFERROR(VLOOKUP($A6,البيانات!$C$2:$M$300,2,FALSE)*C:C,\"\")","v":0.91},{"$f":"IFERROR(VLOOKUP($A6,البيانات!$C$2:$M$300,3,FALSE)*C:C,\"\")","v":8.1999999999999993},{"$f":"IFERROR(VLOOKUP($A6,البيانات!$C$2:$M$300,4,FALSE)*C:C,\"\")","v":0.35},0,29,29,null,"عبد الرحمن5","معرض","KH49","2018-01-29"]
["ATWC 60*60*33*75",{"$f":"IFERROR(VLOOKUP($A7,البيانات!$C$2:$M$300,11,FALSE),\"\")","v":0},1,{"$f":"IFERROR(VLOOKUP($A7,البيانات!$C$2:$M$300,2,FALSE)*C:C,\"\")","v":1.59},{"$f":"IFERROR(VLOOKUP($A7,البيانات!$C$2:$M$300,3,FALSE)*C:C,\"\")","v":15.6},{"$f":"IFERROR(VLOOKUP($A7,البيانات!$C$2:$M$300,4,FALSE)*C:C,\"\")","v":0.84},0,25,25,null,"عبد الرحمن6","معرض","KH49","2018-01-29"]
["AB 100*56*75",{"$f":"IFERROR(VLOOKUP($A8,البيانات!$C$2:$M$300,11,FALSE),\"\")","v":0},1,{"$f":"IFERROR(VLOOKUP($A8,البيانات!$C$2:$M$300,2,FALSE)*C:C,\"\")","v":2.1},{"$f":"IFERROR(VLOOKUP($A8,البيانات!$C$2:$M$300,3,FALSE)*C:C,\"\")","v":14.8},{"$f":"IFERROR(VLOOKUP($A8,البيانات!$C$2:$M$300,4,FALSE)*C:C,\"\")","v":0.63},0,26,26,null,"عبد الرحمن7","معرض","KH53","2018-01-18"]
["AB 100*56*75",{"$f":"IFERROR(VLOOKUP($A9,البيانات!$C$2:$M$300,11,FALSE),\"\")","v":0},1,{"$f":"IFERROR(VLOOKUP($A9,البيانات!$C$2:$M$300,2,FALSE)*C:C,\"\")","v":2.1},{"$f":"IFERROR(VLOOKUP($A9,البيانات!$C$2:$M$300,3,FALSE)*C:C,\"\")","v":14.8},{"$f":"IFERROR(VLOOKUP($A9,البيانات!$C$2:$M$300,4,FALSE)*C:C,\"\")","v":0.63},0,27,27,null,"عبد الرحمن8","معرض","KH53","2018-01-18"]
["AW 25*33*75",{"$f":"IFERROR(VLOOKUP($A10,البيانات!$C$2:$M$300,11,FALSE),\"\")","v":0},1,{"$f":"IFERROR(VLOOKUP($A10,البيانات!$C$2:$M$300,2,FALSE)*C:C,\"\")","v":0.72},{"$f":"IFERROR(VLOOKUP($A10,البيانات!$C$2:$M$300,3,FALSE)*C:C,\"\")","v":7},{"$f":"IFERROR(VLOOKUP($A10,البيانات!$C$2:$M$300,4,FALSE)*C:C,\"\")","v":0.2},0,28,28,null,"عبد الرحمن9","معرض","KH53","2018-01-18"]
["AW 20*33*75",{"$f":"IFERROR(VLOOKUP($A11,البيانات!$C$2:$M$300,11,FALSE),\"\")","v":0},1,{"$f":"IFERROR(VLOOKUP($A11,البيانات!$C$2:$M$300,2,FALSE)*C:C,\"\")","v":0.63},{"$f":"IFERROR(VLOOKUP($A11,البيانات!$C$2:$M$300,3,FALSE)*C:C,\"\")","v":6.4},{"$f":"IFERROR(VLOOKUP($A11,البيانات!$C$2:$M$300,4,FALSE)*C:C,\"\")","v":0.13},0,29,29,null,"عبد الرحمن10","معرض","KH53","2018-01-18"]
["ASB 100*56*75",{"$f":"IFERROR(VLOOKUP($A12,البيانات!$C$2:$M$300,11,FALSE),\"\")","v":0},1,{"$f":"IFERROR(VLOOKUP($A12,البيانات!$C$2:$M$300,2,FALSE)*C:C,\"\")","v":1.78},{"$f":"IFERROR(VLOOKUP($A12,البيانات!$C$2:$M$300,3,FALSE)*C:C,\"\")","v":14.8},{"$f":"IFERROR(VLOOKUP($A12,البيانات!$C$2:$M$300,4,FALSE)*C:C,\"\")","v":0.63},0,25,25,null,"عبد الرحمن11","معرض","KH54","2018-01-20"]
["AW 90*33*75",{"$f":"IFERROR(VLOOKUP($A13,البيانات!$C$2:$M$300,11,FALSE),\"\")","v":0},1,{"$f":"IFERROR(VLOOKUP($A13,البيانات!$C$2:$M$300,2,FALSE)*C:C,\"\")","v":1.28},{"$f":"IFERROR(VLOOKUP($A13,البيانات!$C$2:$M$300,3,FALSE)*C:C,\"\")","v":10.6},{"$f":"IFERROR(VLOOKUP($A13,البيانات!$C$2:$M$300,4,FALSE)*C:C,\"\")","v":0.64},0,26,26,null,"عبد الرحمن12","معرض","KH54","2018-01-20"]
["AW 40*33*75",{"$f":"IFERROR(VLOOKUP($A14,البيانات!$C$2:$M$300,11,FALSE),\"\")","v":0},3,{"$f":"IFERROR(VLOOKUP($A14,البيانات!$C$2:$M$300,2,FALSE)*C:C,\"\")","v":2.46},{"$f":"IFERROR(VLOOKUP($A14,البيانات!$C$2:$M$300,3,FALSE)*C:C,\"\")","v":22.799999999999997},{"$f":"IFERROR(VLOOKUP($A14,البيانات!$C$2:$M$300,4,FALSE)*C:C,\"\")","v":0.81},0,27,27,null,"عبد الرحمن13","معرض","KH55","2018-01-20"]
[null,{"$f":"IFERROR(VLOOKUP($A15,البيانات!$C$2:$M$300,11,FALSE),\"\")","v":""},null,{"$f":"IFERROR(VLOOKUP($A15,البيانات!$C$2:$M$300,2,FALSE)*C:C,\"\")","v":""},{"$f":"IFERROR(VLOOKUP($A15,البيانات!$C$2:$M$300,3,FALSE)*C:C,\"\")","v":""},{"$f":"IFERROR(VLOOKUP($A15,البيانات!$C$2:$M$300,4,FALSE)*C:C,\"\")","v":""},"",25,"",null,"عبد الرحمن14","معرض"]
["A4D 45*45*15",{"$f":"IFERROR(VLOOKUP($A16,البيانات!$C$2:$M$300,11,FALSE),\"\")","v":0},2,{"$f":"IFERROR(VLOOKUP($A16,البيانات!$C$2:$M$300,2,FALSE)*C:C,\"\")","v":2},{"$f":"IFERROR(VLOOKUP($A16,البيانات!$C$2:$M$300,3,FALSE)*C:C,\"\")","v":30},{"$f":"IFERROR(VLOOKUP($A16,البيانات!$C$2:$M$300,4,FALSE)*C:C,\"\")","v":0.56000000000000005},0,26,26,null,"عبد الرحمن15","معرض","KH55","2018-01-20"]
["AW 35*33*75",{"$f":"IFERROR(VLOOKUP($A17,البيانات!$C$2:$M$300,11,FALSE),\"\")","v":0},1,{"$f":"IFERROR(VLOOKUP($A17,البيانات!$C$2:$M$300,2,FALSE)*C:C,\"\")","v":0.77},{"$f":"IFERROR(VLOOKUP($A17,البيانات!$C$2:$M$300,3,FALSE)*C:C,\"\")","v":7.3},{"$f":"IFERROR(VLOOKUP($A17,البيانات!$C$2:$M$300,4,FALSE)*C:C,\"\")","v":0.24},0,27,27,null,"عبد الرحمن16","معرض","KH60","2018-01-24"]
[null,{"$f":"IFERROR(VLOOKUP($A18,البيانات!$C$2:$M$207,11,FALSE),\"\")","v":""},null,{"$f":"IFERROR(VLOOKUP($A18,البيانات!$C$2:$M$207,2,FALSE)*C:C,\"\")","v":""},{"$f":"IFERROR(VLOOKUP($A18,البيانات!$C$2:$M$207,3,FALSE)*C:C,\"\")","v":""},{"$f":"IFERROR(VLOOKUP($A18,البيانات!$C$2:$M$207,4,FALSE)*C:C,\"\")","v":""},{"$f":"IFERROR(C18*B18,\"\")","v":""},null,{"$f":"IFERROR(H18-G18,\"\")","v":""}]
[null,{"$f":"IFERROR(VLOOKUP($A19,البيانات!$C$2:$M$207,11,FALSE),\"\")","v":""},null,{"$f":"IFERROR(VLOOKUP($A19,البيانات!$C$2:$M$207,2,FALSE)*C:C,\"\")","v":""},{"$f":"IFERROR(VLOOKUP($A19,البيانات!$C$2:$M$207,3,FALSE)*C:C,\"\")","v":""},{"$f":"IFERROR(VLOOKUP($A19,البيانات!$C$2:$M$207,4,FALSE)*C:C,\"\")","v":""},"",null,""]
[null,{"$f":"IFERROR(VLOOKUP($A20,البيانات!$C$2:$M$207,11,FALSE),\"\")","v":""},null,{"$f":"IFERROR(VLOOKUP($A20,البيانات!$C$2:$M$207,2,FALSE)*C:C,\"\")","v":""},{"$f":"IFERROR(VLOOKUP($A20,البيانات!$C$2:$M$207,3,FALSE)*C:C,\"\")","v":""},{"$f":"IFERROR(VLOOKUP($A20,البيانات!$C$2:$M$207,4,FALSE)*C:C,\"\")","v":""},"",null,""]
[null,{"$f":"IFERROR(VLOOKUP($A21,البيانات!$C$2:$M$207,11,FALSE),\"\")","v":""},null,{"$f":"IFERROR(VLOOKUP($A21,البيانات!$C$2:$M$207,2,FALSE)*C:C,\"\")","v":""},{"$f":"IFERROR(VLOOKUP($A21,البيانات!$C$2:$M$207,3,FALSE)*C:C,\"\")","v":""},{"$f":"IFERROR(VLOOKUP($A21,البيانات!$C$2:$M$207,4,FALSE)*C:C,\"\")","v":""},"",null,""]
[null,{"$f":"IFERROR(VLOOKUP($A22,البيانات!$C$2:$M$207,11,FALSE),\"\")","v":""},null,{"$f":"IFERROR(VLOOKUP($A22,البيانات!$C$2:$M$207,2,FALSE)*C:C,\"\")","v":""},{"$f":"IFERROR(VLOOKUP($A22,البيانات!$C$2:$M$207,3,FALSE)*C:C,\"\")","v":""},{"$f":"IFERROR(VLOOKUP($A22,البيانات!$C$2:$M$207,4,FALSE)*C:C,\"\")","v":""},"",null,""]
[null,{"$f":"IFERROR(VLOOKUP($A23,البيانات!$C$2:$M$207,11,FALSE),\"\")","v":""},null,{"$f":"IFERROR(VLOOKUP($A23,البيانات!$C$2:$M$207,2,FALSE)*C:C,\"\")","v":""},{"$f":"IFERROR(VLOOKUP($A23,البيانات!$C$2:$M$207,3,FALSE)*C:C,\"\")","v":""},{"$f":"IFERROR(VLOOKUP($A23,البيانات!$C$2:$M$207,4,FALSE)*C:C,\"\")","v":""},{"$f":"IFERROR(C23*B23,\"\")","v":""},null,""]
[null,{"$f":"IFERROR(VLOOKUP($A24,البيانات!$C$2:$M$207,11,FALSE),\"\")","v":""},null,{"$f":"IFERROR(VLOOKUP($A24,البيانات!$C$2:$M$207,2,FALSE)*C:C,\"\")","v":""},{"$f":"IFERROR(VLOOKUP($A24,البيانات!$C$2:$M$207,3,FALSE)*C:C,\"\")","v":""},{"$f":"IFERROR(VLOOKUP($A24,البيانات!$C$2:$M$207,4,FALSE)*C:C,\"\")","v":""},"",null,""]
[null,{"$f":"IFERROR(VLOOKUP($A25,البيانات!$C$2:$M$207,11,FALSE),\"\")","v":""},null,{"$f":"IFERROR(VLOOKUP($A25,البيانات!$C$2:$M$207,2,FALSE)*C:C,\"\")","v":""},{"$f":"IFERROR(VLOOKUP($A25,البيانات!$C$2:$M$207,3,FALSE)*C:C,\"\")","v":""},{"$f":"IFERROR(VLOOKUP($A25,البيانات!$C$2:$M$207,4,FALSE)*C:C,\"\")","v":""},"",null,""]
[null,{"$f":"IFERROR(VLOOKUP($A26,البيانات!$C$2:$M$207,11,FALSE),\"\")","v":""},null,{"$f":"IFERROR(VLOOKUP($A26,البيانات!$C$2:$M$207,2,FALSE)*C:C,\"\")","v":""},{"$f":"IFERROR(VLOOKUP($A26,البيانات!$C$2:$M$207,3,FALSE)*C:C,\"\")","v":""},{"$f":"IFERROR(VLOOKUP($A26,البيانات!$C$2:$M$207,4,FALSE)*C:C,\"\")","v":""},"",null,""]
[null,{"$f":"IFERROR(VLOOKUP($A27,البيانات!$C$2:$M$207,11,FALSE),\"\")","v":""},null,{"$f":"IFERROR(VLOOKUP($A27,البيانات!$C$2:$M$207,2,FALSE)*C:C,\"\")","v":""},{"$f":"IFERROR(VLOOKUP($A27,البيانات!$C$2:$M$207,3,FALSE)*C:C,\"\")","v":""},{"$f":"IFERROR(VLOOKUP($A27,البيانات!$C$2:$M$207,4,FALSE)*C:C,\"\")","v":""},"",null,""]
[null,{"$f":"IFERROR(VLOOKUP($A28,البيانات!$C$2:$M$207,11,FALSE),\"\")","v":""},null,{"$f":"IFERROR(VLOOKUP($A28,البيانات!$C$2:$M$207,2,FALSE)*C:C,\"\")","v":""},{"$f":"IFERROR(VLOOKUP($A28,البيانات!$C$2:$M$207,3,FALSE)*C:C,\"\")","v":""},{"$f":"IFERROR(VLOOKUP($A28,البيانات!$C$2:$M$207,4,FALSE)*C:C,\"\")","v":""},"",null,""]
[null,{"$f":"IFERROR(VLOOKUP($A29,البيانات!$C$2:$M$207,11,FALSE),\"\")","v":""},null,{"$f":"IFERROR(VLOOKUP($A29,البيانات!$C$2:$M$207,2,FALSE)*C:C,\"\")","v":""},{"$f":"IFERROR(VLOOKUP($A29,البيانات!$C$2:$M$207,3,FALSE)*C:C,\"\")","v":""},{"$f":"IFERROR(VLOOKUP($A29,البيانات!$C$2:$M$207,4,FALSE)*C:C,\"\")","v":""},"",null,""]
[null,{"$f":"IFERROR(VLOOKUP($A30,البيانات!$C$2:$M$207,11,FALSE),\"\")","v":""},null,{"$f":"IFERROR(VLOOKUP($A30,البيانات!$C$2:$M$207,2,FALSE)*C:C,\"\")","v":""},{"$f":"IFERROR(VLOOKUP($A30,البيانات!$C$2:$M$207,3,FALSE)*C:C,\"\")","v":""},{"$f":"IFERROR(VLOOKUP($A30,البيانات!$C$2:$M$207,4,FALSE)*C:C,\"\")","v":""},"",null,""]
[null,{"$f":"IFERROR(VLOOKUP($A31,البيانات!$C$2:$M$207,11,FALSE),\"\")","v":""},null,{"$f":"IFERROR(VLOOKUP($A31,البيانات!$C$2:$M$207,2,FALSE)*C:C,\"\")","v":""},{"$f":"IFERROR(VLOOKUP($A31,البيانات!$C$2:$M$207,3,FALSE)*C:C,\"\")","v":""},{"$f":"IFERROR(VLOOKUP($A31,البيانات!$C$2:$M$207,4,FALSE)*C:C,\"\")","v":""},"",null,""]
[null,{"$f":"IFERROR(VLOOKUP($A32,البيانات!$C$2:$M$207,11,FALSE),\"\")","v":""},null,{"$f":"IFERROR(VLOOKUP($A32,البيانات!$C$2:$M$207,2,FALSE)*C:C,\"\")","v":""},{"$f":"IFERROR(VLOOKUP($A32,البيانات!$C$2:$M$207,3,FALSE)*C:C,\"\")","v":""},{"$f":"IFERROR(VLOOKUP($A32,البيانات!$C$2:$M$207,4,FALSE)*C:C,\"\")","v":""},"",null,""]
[null,{"$f":"IFERROR(VLOOKUP($A33,البيانات!$C$2:$M$207,11,FALSE),\"\")","v":""},null,{"$f":"IFERROR(VLOOKUP($A33,البيانات!$C$2:$M$207,2,FALSE)*C:C,\"\")","v":""},{"$f":"IFERROR(VLOOKUP($A33,البيانات!$C$2:$M$207,3,FALSE)*C:C,\"\")","v":""},{"$f":"IFERROR(VLOOKUP($A33,البيانات!$C$2:$M$207,4,FALSE)*C:C,\"\")","v":""},"",null,""]
[null,{"$f":"IFERROR(VLOOKUP($A34,البيانات!$C$2:$M$207,11,FALSE),\"\")","v":""},null,{"$f":"IFERROR(VLOOKUP($A34,البيانات!$C$2:$M$207,2,FALSE)*C:C,\"\")","v":""},{"$f":"IFERROR(VLOOKUP($A34,البيانات!$C$2:$M$207,3,FALSE)*C:C,\"\")","v":""},{"$f":"IFERROR(VLOOKUP($A34,البيانات!$C$2:$M$207,4,FALSE)*C:C,\"\")","v":""},"",null,""]
[null,{"$f":"IFERROR(VLOOKUP($A35,البيانات!$C$2:$M$207,11,FALSE),\"\")","v":""},null,{"$f":"IFERROR(VLOOKUP($A35,البيانات!$C$2:$M$207,2,FALSE)*C:C,\"\")","v":""},{"$f":"IFERROR(VLOOKUP($A35,البيانات!$C$2:$M$207,3,FALSE)*C:C,\"\")","v":""},{"$f":"IFERROR(VLOOKUP($A35,البيانات!$C$2:$M$207,4,FALSE)*C:C,\"\")","v":""},"",null,""]
[null,{"$f":"IFERROR(VLOOKUP($A36,البيانات!$C$2:$M$207,11,FALSE),\"\")","v":""},null,{"$f":"IFERROR(VLOOKUP($A36,البيانات!$C$2:$M$207,2,FALSE)*C:C,\"\")","v":""},{"$f":"IFERROR(VLOOKUP($A36,البيانات!$C$2:$M$207,3,FALSE)*C:C,\"\")","v":""},{"$f":"IFERROR(VLOOKUP($A36,البيانات!$C$2:$M$207,4,FALSE)*C:C,\"\")","v":""},"",null,""]
[null,{"$f":"IFERROR(VLOOKUP($A37,البيانات!$C$2:$M$207,11,FALSE),\"\")","v":""},null,{"$f":"IFERROR(VLOOKUP($A37,البيانات!$C$2:$M$207,2,FALSE)*C:C,\"\")","v":""},{"$f":"IFERROR(VLOOKUP($A37,البيانات!$C$2:$M$207,3,FALSE)*C:C,\"\")","v":""},{"$f":"IFERROR(VLOOKUP($A37,البيانات!$C$2:$M$207,4,FALSE)*C:C,\"\")","v":""},"",null,""]
[null,{"$f":"IFERROR(VLOOKUP($A38,البيانات!$C$2:$M$207,11,FALSE),\"\")","v":""},null,{"$f":"IFERROR(VLOOKUP($A38,البيانات!$C$2:$M$207,2,FALSE)*C:C,\"\")","v":""},{"$f":"IFERROR(VLOOKUP($A38,البيانات!$C$2:$M$207,3,FALSE)*C:C,\"\")","v":""},{"$f":"IFERROR(VLOOKUP($A38,البيانات!$C$2:$M$207,4,FALSE)*C:C,\"\")","v":""},"",null,""]
[null,{"$f":"IFERROR(VLOOKUP($A39,البيانات!$C$2:$M$207,11,FALSE),\"\")","v":""},null,{"$f":"IFERROR(VLOOKUP($A39,البيانات!$C$2:$M$207,2,FALSE)*C:C,\"\")","v":""},{"$f":"IFERROR(VLOOKUP($A39,البيانات!$C$2:$M$207,3,FALSE)*C:C,\"\")","v":""},{"$f":"IFERROR(VLOOKUP($A39,البيانات!$C$2:$M$207,4,FALSE)*C:C,\"\")","v":""},"",null,""]
[null,{"$f":"IFERROR(VLOOKUP($A40,البيانات!$C$2:$M$207,11,FALSE),\"\")","v":""},null,{"$f":"IFERROR(VLOOKUP($A40,البيانات!$C$2:$M$207,2,FALSE)*C:C,\"\")","v":""},{"$f":"IFERROR(VLOOKUP($A40,البيانات!$C$2:$M$207,3,FALSE)*C:C,\"\")","v":""},{"$f":"IFERROR(VLOOKUP($A40,البيانات!$C$2:$M$207,4,FALSE)*C:C,\"\")","v":""},"",null,""]
[null,{"$f":"IFERROR(VLOOKUP($A41,البيانات!$C$2:$M$207,11,FALSE),\"\")","v":""},null,{"$f":"IFERROR(VLOOKUP($A41,البيانات!$C$2:$M$207,2,FALSE)*C:C,\"\")","v":""},{"$f":"IFERROR(VLOOKUP($A41,البيانات!$C$2:$M$207,3,FALSE)*C:C,\"\")","v":""},{"$f":"IFERROR(VLOOKUP($A41,البيانات!$C$2:$M$207,4,FALSE)*C:C,\"\")","v":""},"",null,""]
[null,{"$f":"IFERROR(VLOOKUP($A42,البيانات!$C$2:$M$207,11,FALSE),\"\")","v":""},null,{"$f":"IFERROR(VLOOKUP($A42,البيانات!$C$2:$M$207,2,FALSE)*C:C,\"\")","v":""},{"$f":"IFERROR(VLOOKUP($A42,البيانات!$C$2:$M$207,3,FALSE)*C:C,\"\")","v":""},{"$f":"IFERROR(VLOOKUP($A42,البيانات!$C$2:$M$207,4,FALSE)*C:C,\"\")","v":""},"",null,""]
[null,{"$f":"IFERROR(VLOOKUP($A43,البيانات!$C$2:$M$207,11,FALSE),\"\")","v":""},null,{"$f":"IFERROR(VLOOKUP($A43,البيانات!$C$2:$M$207,2,FALSE)*C:C,\"\")","v":""},{"$f":"IFERROR(VLOOKUP($A43,البيانات!$C$2:$M$207,3,FALSE)*C:C,\"\")","v":""},{"$f":"IFERROR(VLOOKUP($A43,البيانات!$C$2:$M$207,4,FALSE)*C:C,\"\")","v":""},"",null,""]
[null,{"$f":"IFERROR(VLOOKUP($A44,البيانات!$C$2:$M$207,11,FALSE),\"\")","v":""},null,{"$f":"IFERROR(VLOOKUP($A44,البيانات!$C$2:$M$207,2,FALSE)*C:C,\"\")","v":""},{"$f":"IFERROR(VLOOKUP($A44,البيانات!$C$2:$M$207,3,FALSE)*C:C,\"\")","v":""},{"$f":"IFERROR(VLOOKUP($A44,البيانات!$C$2:$M$207,4,FALSE)*C:C,\"\")","v":""},"",null,""]
[null,{"$f":"IFERROR(VLOOKUP($A45,البيانات!$C$2:$M$207,11,FALSE),\"\")","v":""},null,{"$f":"IFERROR(VLOOKUP($A45,البيانات!$C$2:$M$207,2,FALSE)*C:C,\"\")","v":""},{"$f":"IFERROR(VLOOKUP($A45,البيانات!$C$2:$M$207,3,FALSE)*C:C,\"\")","v":""},{"$f":"IFERROR(VLOOKUP($A45,البيانات!$C$2:$M$207,4,FALSE)*C:C,\"\")","v":""},"",null,""]
[null,{"$f":"IFERROR(VLOOKUP($A46,البيانات!$C$2:$M$207,11,FALSE),\"\")","v":""},null,{"$f":"IFERROR(VLOOKUP($A46,البيانات!$C$2:$M$207,2,FALSE)*C:C,\"\")","v":""},{"$f":"IFERROR(VLOOKUP($A46,البيانات!$C$2:$M$207,3,FALSE)*C:C,\"\")","v":""},{"$f":"IFERROR(VLOOKUP($A46,البيانات!$C$2:$M$207,4,FALSE)*C:C,\"\")","v":""},"",null,""]
[null,{"$f":"IFERROR(VLOOKUP($A47,البيانات!$C$2:$M$207,11,FALSE),\"\")","v":""},null,{"$f":"IFERROR(VLOOKUP($A47,البيانات!$C$2:$M$207,2,FALSE)*C:C,\"\")","v":""},{"$f":"IFERROR(VLOOKUP($A47,البيانات!$C$2:$M$207,3,FALSE)*C:C,\"\")","v":""},{"$f":"IFERROR(VLOOKUP($A47,البيانات!$C$2:$M$207,4,FALSE)*C:C,\"\")","v":""},"",null,""]
[null,{"$f":"IFERROR(VLOOKUP($A48,البيانات!$C$2:$M$207,11,FALSE),\"\")","v":""},null,{"$f":"IFERROR(VLOOKUP($A48,البيانات!$C$2:$M$207,2,FALSE)*C:C,\"\")","v":""},{"$f":"IFERROR(VLOOKUP($A48,البيانات!$C$2:$M$207,3,FALSE)*C:C,\"\")","v":""},{"$f":"IFERROR(VLOOKUP($A48,البيانات!$C$2:$M$207,4,FALSE)*C:C,\"\")","v":""},"",null,""]
[null,{"$f":"IFERROR(VLOOKUP($A49,البيانات!$C$2:$M$207,11,FALSE),\"\")","v":""},null,{"$f":"IFERROR(VLOOKUP($A49,البيانات!$C$2:$M$207,2,FALSE)*C:C,\"\")","v":""},{"$f":"IFERROR(VLOOKUP($A49,البيانات!$C$2:$M$207,3,FALSE)*C:C,\"\")","v":""},{"$f":"IFERROR(VLOOKUP($A49,البيانات!$C$2:$M$207,4,FALSE)*C:C,\"\")","v":""},"",null,""]
[null,{"$f":"IFERROR(VLOOKUP($A50,البيانات!$C$2:$M$207,11,FALSE),\"\")","v":""},null,{"$f":"IFERROR(VLOOKUP($A50,البيانات!$C$2:$M$207,2,FALSE)*C:C,\"\")","v":""},{"$f":"IFERROR(VLOOKUP($A50,البيانات!$C$2:$M$207,3,FALSE)*C:C,\"\")","v":""},{"$f":"IFERROR(VLOOKUP($A50,البيانات!$C$2:$M$207,4,FALSE)*C:C,\"\")","v":""},"",null,""]
[null,{"$f":"IFERROR(VLOOKUP($A51,البيانات!$C$2:$M$207,11,FALSE),\"\")","v":""},null,{"$f":"IFERROR(VLOOKUP($A51,البيانات!$C$2:$M$207,2,FALSE)*C:C,\"\")","v":""},{"$f":"IFERROR(VLOOKUP($A51,البيانات!$C$2:$M$207,3,FALSE)*C:C,\"\")","v":""},{"$f":"IFERROR(VLOOKUP($A51,البيانات!$C$2:$M$207,4,FALSE)*C:C,\"\")","v":""},"",null,""]
[null,{"$f":"IFERROR(VLOOKUP($A52,البيانات!$C$2:$M$207,11,FALSE),\"\")","v":""},null,{"$f":"IFERROR(VLOOKUP($A52,البيانات!$C$2:$M$207,2,FALSE)*C:C,\"\")","v":""},{"$f":"IFERROR(VLOOKUP($A52,البيانات!$C$2:$M$207,3,FALSE)*C:C,\"\")","v":""},{"$f":"IFERROR(VLOOKUP($A52,البيانات!$C$2:$M$207,4,FALSE)*C:C,\"\")","v":""},"",null,""]
[null,{"$f":"IFERROR(VLOOKUP($A53,البيانات!$C$2:$M$207,11,FALSE),\"\")","v":""},null,{"$f":"IFERROR(VLOOKUP($A53,البيانات!$C$2:$M$207,2,FALSE)*C:C,\"\")","v":""},{"$f":"IFERROR(VLOOKUP($A53,البيانات!$C$2:$M$207,3,FALSE)*C:C,\"\")","v":""},{"$f":"IFERROR(VLOOKUP($A53,البيانات!$C$2:$M$207,4,FALSE)*C:C,\"\")","v":""},"",null,""]
[null,{"$f":"IFERROR(VLOOKUP($A54,البيانات!$C$2:$M$207,11,FALSE),\"\")","v":""},null,{"$f":"IFERROR(VLOOKUP($A54,البيانات!$C$2:$M$207,2,FALSE)*C:C,\"\")","v":""},{"$f":"IFERROR(VLOOKUP($A54,البيانات!$C$2:$M$207,3,FALSE)*C:C,\"\")","v":""},{"$f":"IFERROR(VLOOKUP($A54,البيانات!$C$2:$M$207,4,FALSE)*C:C,\"\")","v":""},"",null,""]
[null,{"$f":"IFERROR(VLOOKUP($A55,البيانات!$C$2:$M$207,11,FALSE),\"\")","v":""},null,{"$f":"IFERROR(VLOOKUP($A55,البيانات!$C$2:$M$207,2,FALSE)*C:C,\"\")","v":""},{"$f":"IFERROR(VLOOKUP($A55,البيانات!$C$2:$M$207,3,FALSE)*C:C,\"\")","v":""},{"$f":"IFERROR(VLOOKUP($A55,البيانات!$C$2:$M$207,4,FALSE)*C:C,\"\")","v":""},"",null,""]
[null,{"$f":"IFERROR(VLOOKUP($A56,البيانات!$C$2:$M$207,11,FALSE),\"\")","v":""},null,{"$f":"IFERROR(VLOOKUP($A56,البيانات!$C$2:$M$207,2,FALSE)*C:C,\"\")","v":""},{"$f":"IFERROR(VLOOKUP($A56,البيانات!$C$2:$M$207,3,FALSE)*C:C,\"\")","v":""},{"$f":"IFERROR(VLOOKUP($A56,البيانات!$C$2:$M$207,4,FALSE)*C:C,\"\")","v":""},"",null,""]
[null,{"$f":"IFERROR(VLOOKUP($A57,البيانات!$C$2:$M$207,11,FALSE),\"\")","v":""},null,{"$f":"IFERROR(VLOOKUP($A57,البيانات!$C$2:$M$207,2,FALSE)*C:C,\"\")","v":""},{"$f":"IFERROR(VLOOKUP($A57,البيانات!$C$2:$M$207,3,FALSE)*C:C,\"\")","v":""},{"$f":"IFERROR(VLOOKUP($A57,البيانات!$C$2:$M$207,4,FALSE)*C:C,\"\")","v":""},"",null,""]
[null,{"$f":"IFERROR(VLOOKUP($A58,البيانات!$C$2:$M$207,11,FALSE),\"\")","v":""},null,{"$f":"IFERROR(VLOOKUP($A58,البيانات!$C$2:$M$207,2,FALSE)*C:C,\"\")","v":""},{"$f":"IFERROR(VLOOKUP($A58,البيانات!$C$2:$M$207,3,FALSE)*C:C,\"\")","v":""},{"$f":"IFERROR(VLOOKUP($A58,البيانات!$C$2:$M$207,4,FALSE)*C:C,\"\")","v":""},"",null,""]
[null,{"$f":"IFERROR(VLOOKUP($A59,البيانات!$C$2:$M$207,11,FALSE),\"\")","v":""},null,{"$f":"IFERROR(VLOOKUP($A59,البيانات!$C$2:$M$207,2,FALSE)*C:C,\"\")","v":""},{"$f":"IFERROR(VLOOKUP($A59,البيانات!$C$2:$M$207,3,FALSE)*C:C,\"\")","v":""},{"$f":"IFERROR(VLOOKUP($A59,البيانات!$C$2:$M$207,4,FALSE)*C:C,\"\")","v":""},"",null,""]
[null,{"$f":"IFERROR(VLOOKUP($A60,البيانات!$C$2:$M$207,11,FALSE),\"\")","v":""},null,{"$f":"IFERROR(VLOOKUP($A60,البيانات!$C$2:$M$207,2,FALSE)*C:C,\"\")","v":""},{"$f":"IFERROR(VLOOKUP($A60,البيانات!$C$2:$M$207,3,FALSE)*C:C,\"\")","v":""},{"$f":"IFERROR(VLOOKUP($A60,البيانات!$C$2:$M$207,4,FALSE)*C:C,\"\")","v":""},"",null,""]
[null,{"$f":"IFERROR(VLOOKUP($A61,البيانات!$C$2:$M$207,11,FALSE),\"\")","v":""},null,{"$f":"IFERROR(VLOOKUP($A61,البيانات!$C$2:$M$207,2,FALSE)*C:C,\"\")","v":""},{"$f":"IFERROR(VLOOKUP($A61,البيانات!$C$2:$M$207,3,FALSE)*C:C,\"\")","v":""},{"$f":"IFERROR(VLOOKUP($A61,البيانات!$C$2:$M$207,4,FALSE)*C:C,\"\")","v":""},"",null,""]
[null,{"$f":"IFERROR(VLOOKUP($A62,البيانات!$C$2:$M$207,11,FALSE),\"\")","v":""},null,{"$f":"IFERROR(VLOOKUP($A62,البيانات!$C$2:$M$207,2,FALSE)*C:C,\"\")","v":""},{"$f":"IFERROR(VLOOKUP($A62,البيانات!$C$2:$M$207,3,FALSE)*C:C,\"\")","v":""},{"$f":"IFERROR(VLOOKUP($A62,البيانات!$C$2:$M$207,4,FALSE)*C:C,\"\")","v":""},"",null,""]
[null,{"$f":"IFERROR(VLOOKUP($A63,البيانات!$C$2:$M$207,11,FALSE),\"\")","v":""},null,{"$f":"IFERROR(VLOOKUP($A63,البيانات!$C$2:$M$207,2,FALSE)*C:C,\"\")","v":""},{"$f":"IFERROR(VLOOKUP($A63,البيانات!$C$2:$M$207,3,FALSE)*C:C,\"\")","v":""},{"$f":"IFERROR(VLOOKUP($A63,البيانات!$C$2:$M$207,4,FALSE)*C:C,\"\")","v":""},"",null,""]
[null,{"$f":"IFERROR(VLOOKUP($A64,البيانات!$C$2:$M$207,11,FALSE),\"\")","v":""},null,{"$f":"IFERROR(VLOOKUP($A64,البيانات!$C$2:$M$207,2,FALSE)*C:C,\"\")","v":""},{"$f":"IFERROR(VLOOKUP($A64,البيانات!$C$2:$M$207,3,FALSE)*C:C,\"\")","v":""},{"$f":"IFERROR(VLOOKUP($A64,البيانات!$C$2:$M$207,4,FALSE)*C:C,\"\")","v":""},"",null,""]
[null,{"$f":"IFERROR(VLOOKUP($A65,البيانات!$C$2:$M$207,11,FALSE),\"\")","v":""},null,{"$f":"IFERROR(VLOOKUP($A65,البيانات!$C$2:$M$207,2,FALSE)*C:C,\"\")","v":""},{"$f":"IFERROR(VLOOKUP($A65,البيانات!$C$2:$M$207,3,FALSE)*C:C,\"\")","v":""},{"$f":"IFERROR(VLOOKUP($A65,البيانات!$C$2:$M$207,4,FALSE)*C:C,\"\")","v":""},"",null,""]
[null,{"$f":"IFERROR(VLOOKUP($A66,البيانات!$C$2:$M$207,11,FALSE),\"\")","v":""},null,{"$f":"IFERROR(VLOOKUP($A66,البيانات!$C$2:$M$207,2,FALSE)*C:C,\"\")","v":""},{"$f":"IFERROR(VLOOKUP($A66,البيانات!$C$2:$M$207,3,FALSE)*C:C,\"\")","v":""},{"$f":"IFERROR(VLOOKUP($A66,البيانات!$C$2:$M$207,4,FALSE)*C:C,\"\")","v":""},"",null,""]
[null,{"$f":"IFERROR(VLOOKUP($A67,البيانات!$C$2:$M$207,11,FALSE),\"\")","v":""},null,{"$f":"IFERROR(VLOOKUP($A67,البيانات!$C$2:$M$207,2,FALSE)*C:C,\"\")","v":""},{"$f":"IFERROR(VLOOKUP($A67,البيانات!$C$2:$M$207,3,FALSE)*C:C,\"\")","v":""},{"$f":"IFERROR(VLOOKUP($A67,البيانات!$C$2:$M$207,4,FALSE)*C:C,\"\")","v":""},"",null,""]
[null,{"$f":"IFERROR(VLOOKUP($A68,البيانات!$C$2:$M$207,11,FALSE),\"\")","v":""},null,{"$f":"IFERROR(VLOOKUP($A68,البيانات!$C$2:$M$207,2,FALSE)*C:C,\"\")","v":""},{"$f":"IFERROR(VLOOKUP($A68,البيانات!$C$2:$M$207,3,FALSE)*C:C,\"\")","v":""},{"$f":"IFERROR(VLOOKUP($A68,البيانات!$C$2:$M$207,4,FALSE)*C:C,\"\")","v":""},"",null,""]
[null,{"$f":"IFERROR(VLOOKUP($A69,البيانات!$C$2:$M$207,11,FALSE),\"\")","v":""},null,{"$f":"IFERROR(VLOOKUP($A69,البيانات!$C$2:$M$207,2,FALSE)*C:C,\"\")","v":""},{"$f":"IFERROR(VLOOKUP($A69,البيانات!$C$2:$M$207,3,FALSE)*C:C,\"\")","v":""},{"$f":"IFERROR(VLOOKUP($A69,البيانات!$C$2:$M$207,4,FALSE)*C:C,\"\")","v":""},"",null,""]
[null,{"$f":"IFERROR(VLOOKUP($A70,البيانات!$C$2:$M$207,11,FALSE),\"\")","v":""},null,{"$f":"IFERROR(VLOOKUP($A70,البيانات!$C$2:$M$207,2,FALSE)*C:C,\"\")","v":""},{"$f":"IFERROR(VLOOKUP($A70,البيانات!$C$2:$M$207,3,FALSE)*C:C,\"\")","v":""},{"$f":"IFERROR(VLOOKUP($A70,البيانات!$C$2:$M$207,4,FALSE)*C:C,\"\")","v":""},"",null,{"$f":"IFERROR(H70-G70,\"\")","v":""}]
[null,{"$f":"IFERROR(VLOOKUP($A71,البيانات!$C$2:$M$207,11,FALSE),\"\")","v":""},null,{"$f":"IFERROR(VLOOKUP($A71,البيانات!$C$2:$M$207,2,FALSE)*C:C,\"\")","v":""},{"$f":"IFERROR(VLOOKUP($A71,البيانات!$C$2:$M$207,3,FALSE)*C:C,\"\")","v":""},{"$f":"IFERROR(VLOOKUP($A71,البيانات!$C$2:$M$207,4,FALSE)*C:C,\"\")","v":""},"",null,""]
[null,{"$f":"IFERROR(VLOOKUP($A72,البيانات!$C$2:$M$207,11,FALSE),\"\")","v":""},null,{"$f":"IFERROR(VLOOKUP($A72,البيانات!$C$2:$M$207,2,FALSE)*C:C,\"\")","v":""},{"$f":"IFERROR(VLOOKUP($A72,البيانات!$C$2:$M$207,3,FALSE)*C:C,\"\")","v":""},{"$f":"IFERROR(VLOOKUP($A72,البيانات!$C$2:$M$207,4,FALSE)*C:C,\"\")","v":""},"",null,""]
[null,{"$f":"IFERROR(VLOOKUP($A73,البيانات!$C$2:$M$207,11,FALSE),\"\")","v":""},null,{"$f":"IFERROR(VLOOKUP($A73,البيانات!$C$2:$M$207,2,FALSE)*C:C,\"\")","v":""},{"$f":"IFERROR(VLOOKUP($A73,البيانات!$C$2:$M$207,3,FALSE)*C:C,\"\")","v":""},{"$f":"IFERROR(VLOOKUP($A73,البيانات!$C$2:$M$207,4,FALSE)*C:C,\"\")","v":""},"",null,""]
[null,{"$f":"IFERROR(VLOOKUP($A74,البيانات!$C$2:$M$207,11,FALSE),\"\")","v":""},null,{"$f":"IFERROR(VLOOKUP($A74,البيانات!$C$2:$M$207,2,FALSE)*C:C,\"\")","v":""},{"$f":"IFERROR(VLOOKUP($A74,البيانات!$C$2:$M$207,3,FALSE)*C:C,\"\")","v":""},{"$f":"IFERROR(VLOOKUP($A74,البيانات!$C$2:$M$207,4,FALSE)*C:C,\"\")","v":""},"",null,""]
[null,{"$f":"IFERROR(VLOOKUP($A75,البيانات!$C$2:$M$207,11,FALSE),\"\")","v":""},null,{"$f":"IFERROR(VLOOKUP($A75,البيانات!$C$2:$M$207,2,FALSE)*C:C,\"\")","v":""},{"$f":"IFERROR(VLOOKUP($A75,البيانات!$C$2:$M$207,3,FALSE)*C:C,\"\")","v":""},{"$f":"IFERROR(VLOOKUP($A75,البيانات!$C$2:$M$207,4,FALSE)*C:C,\"\")","v":""},"",null,""]
[null,{"$f":"IFERROR(VLOOKUP($A76,البيانات!$C$2:$M$207,11,FALSE),\"\")","v":""},null,{"$f":"IFERROR(VLOOKUP($A76,البيانات!$C$2:$M$207,2,FALSE)*C:C,\"\")","v":""},{"$f":"IFERROR(VLOOKUP($A76,البيانات!$C$2:$M$207,3,FALSE)*C:C,\"\")","v":""},{"$f":"IFERROR(VLOOKUP($A76,البيانات!$C$2:$M$207,4,FALSE)*C:C,\"\")","v":""},"",null,""]
[null,{"$f":"IFERROR(VLOOKUP($A77,البيانات!$C$2:$M$207,11,FALSE),\"\")","v":""},null,{"$f":"IFERROR(VLOOKUP($A77,البيانات!$C$2:$M$207,2,FALSE)*C:C,\"\")","v":""},{"$f":"IFERROR(VLOOKUP($A77,البيانات!$C$2:$M$207,3,FALSE)*C:C,\"\")","v":""},{"$f":"IFERROR(VLOOKUP($A77,البيانات!$C$2:$M$207,4,FALSE)*C:C,\"\")","v":""},"",null,""]
[null,{"$f":"IFERROR(VLOOKUP($A78,البيانات!$C$2:$M$207,11,FALSE),\"\")","v":""},null,{"$f":"IFERROR(VLOOKUP($A78,البيانات!$C$2:$M$207,2,FALSE)*C:C,\"\")","v":""},{"$f":"IFERROR(VLOOKUP($A78,البيانات!$C$2:$M$207,3,FALSE)*C:C,\"\")","v":""},{"$f":"IFERROR(VLOOKUP($A78,البيانات!$C$2:$M$207,4,FALSE)*C:C,\"\")","v":""},"",null,""]
[null,{"$f":"IFERROR(VLOOKUP($A79,البيانات!$C$2:$M$207,11,FALSE),\"\")","v":""},null,{"$f":"IFERROR(VLOOKUP($A79,البيانات!$C$2:$M$207,2,FALSE)*C:C,\"\")","v":""},{"$f":"IFERROR(VLOOKUP($A79,البيانات!$C$2:$M$207,3,FALSE)*C:C,\"\")","v":""},{"$f":"IFERROR(VLOOKUP($A79,البيانات!$C$2:$M$207,4,FALSE)*C:C,\"\")","v":""},"",null,""]
[null,{"$f":"IFERROR(VLOOKUP($A80,البيانات!$C$2:$M$207,11,FALSE),\"\")","v":""},null,{"$f":"IFERROR(VLOOKUP($A80,البيانات!$C$2:$M$207,2,FALSE)*C:C,\"\")","v":""},{"$f":"IFERROR(VLOOKUP($A80,البيانات!$C$2:$M$207,3,FALSE)*C:C,\"\")","v":""},{"$f":"IFERROR(VLOOKUP($A80,البيانات!$C$2:$M$207,4,FALSE)*C:C,\"\")","v":""},"",null,""]
[null,{"$f":"IFERROR(VLOOKUP($A81,البيانات!$C$2:$M$207,11,FALSE),\"\")","v":""},null,{"$f":"IFERROR(VLOOKUP($A81,البيانات!$C$2:$M$207,2,FALSE)*C:C,\"\")","v":""},{"$f":"IFERROR(VLOOKUP($A81,البيانات!$C$2:$M$207,3,FALSE)*C:C,\"\")","v":""},{"$f":"IFERROR(VLOOKUP($A81,البيانات!$C$2:$M$207,4,FALSE)*C:C,\"\")","v":""},"",null,""]
[null,{"$f":"IFERROR(VLOOKUP($A82,البيانات!$C$2:$M$207,11,FALSE),\"\")","v":""},null,{"$f":"IFERROR(VLOOKUP($A82,البيانات!$C$2:$M$207,2,FALSE)*C:C,\"\")","v":""},{"$f":"IFERROR(VLOOKUP($A82,البيانات!$C$2:$M$207,3,FALSE)*C:C,\"\")","v":""},{"$f":"IFERROR(VLOOKUP($A82,البيانات!$C$2:$M$207,4,FALSE)*C:C,\"\")","v":""},"",null,""]
[null,{"$f":"IFERROR(VLOOKUP($A83,البيانات!$C$2:$M$207,11,FALSE),\"\")","v":""},null,{"$f":"IFERROR(VLOOKUP($A83,البيانات!$C$2:$M$207,2,FALSE)*C:C,\"\")","v":""},{"$f":"IFERROR(VLOOKUP($A83,البيانات!$C$2:$M$207,3,FALSE)*C:C,\"\")","v":""},{"$f":"IFERROR(VLOOKUP($A83,البيانات!$C$2:$M$207,4,FALSE)*C:C,\"\")","v":""},"",null,""]
[null,{"$f":"IFERROR(VLOOKUP($A84,البيانات!$C$2:$M$207,11,FALSE),\"\")","v":""},null,{"$f":"IFERROR(VLOOKUP($A84,البيانات!$C$2:$M$207,2,FALSE)*C:C,\"\")","v":""},{"$f":"IFERROR(VLOOKUP($A84,البيانات!$C$2:$M$207,3,FALSE)*C:C,\"\")","v":""},{"$f":"IFERROR(VLOOKUP($A84,البيانات!$C$2:$M$207,4,FALSE)*C:C,\"\")","v":""},"",null,""]
[null,{"$f":"IFERROR(VLOOKUP($A85,البيانات!$C$2:$M$207,11,FALSE),\"\")","v":""},null,{"$f":"IFERROR(VLOOKUP($A85,البيانات!$C$2:$M$207,2,FALSE)*C:C,\"\")","v":""},{"$f":"IFERROR(VLOOKUP($A85,البيانات!$C$2:$M$207,3,FALSE)*C:C,\"\")","v":""},{"$f":"IFERROR(VLOOKUP($A85,البيانات!$C$2:$M$207,4,FALSE)*C:C,\"\")","v":""},"",null,""]
[null,{"$f":"IFERROR(VLOOKUP($A86,البيانات!$C$2:$M$207,11,FALSE),\"\")","v":""},null,{"$f":"IFERROR(VLOOKUP($A86,البيانات!$C$2:$M$207,2,FALSE)*C:C,\"\")","v":""},{"$f":"IFERROR(VLOOKUP($A86,البيانات!$C$2:$M$207,3,FALSE)*C:C,\"\")","v":""},{"$f":"IFERROR(VLOOKUP($A86,البيانات!$C$2:$M$207,4,FALSE)*C:C,\"\")","v":""},"",null,""]
[null,{"$f":"IFERROR(VLOOKUP($A87,البيانات!$C$2:$M$207,11,FALSE),\"\")","v":""},null,{"$f":"IFERROR(VLOOKUP($A87,البيانات!$C$2:$M$207,2,FALSE)*C:C,\"\")","v":""},{"$f":"IFERROR(VLOOKUP($A87,البيانات!$C$2:$M$207,3,FALSE)*C:C,\"\")","v":""},{"$f":"IFERROR(VLOOKUP($A87,البيانات!$C$2:$M$207,4,FALSE)*C:C,\"\")","v":""},{"$f":"IFERROR(C87*B87,\"\")","v":""},null,""]
[null,{"$f":"IFERROR(VLOOKUP($A88,البيانات!$C$2:$M$207,11,FALSE),\"\")","v":""},null,{"$f":"IFERROR(VLOOKUP($A88,البيانات!$C$2:$M$207,2,FALSE)*C:C,\"\")","v":""},{"$f":"IFERROR(VLOOKUP($A88,البيانات!$C$2:$M$207,3,FALSE)*C:C,\"\")","v":""},{"$f":"IFERROR(VLOOKUP($A88,البيانات!$C$2:$M$207,4,FALSE)*C:C,\"\")","v":""},"",null,""]
[null,{"$f":"IFERROR(VLOOKUP($A89,البيانات!$C$2:$M$207,11,FALSE),\"\")","v":""},null,{"$f":"IFERROR(VLOOKUP($A89,البيانات!$C$2:$M$207,2,FALSE)*C:C,\"\")","v":""},{"$f":"IFERROR(VLOOKUP($A89,البيانات!$C$2:$M$207,3,FALSE)*C:C,\"\")","v":""},{"$f":"IFERROR(VLOOKUP($A89,البيانات!$C$2:$M$207,4,FALSE)*C:C,\"\")","v":""},"",null,""]
[null,{"$f":"IFERROR(VLOOKUP($A90,البيانات!$C$2:$M$207,11,FALSE),\"\")","v":""},null,{"$f":"IFERROR(VLOOKUP($A90,البيانات!$C$2:$M$207,2,FALSE)*C:C,\"\")","v":""},{"$f":"IFERROR(VLOOKUP($A90,البيانات!$C$2:$M$207,3,FALSE)*C:C,\"\")","v":""},{"$f":"IFERROR(VLOOKUP($A90,البيانات!$C$2:$M$207,4,FALSE)*C:C,\"\")","v":""},"",null,""]
[null,{"$f":"IFERROR(VLOOKUP($A91,البيانات!$C$2:$M$207,11,FALSE),\"\")","v":""},null,{"$f":"IFERROR(VLOOKUP($A91,البيانات!$C$2:$M$207,2,FALSE)*C:C,\"\")","v":""},{"$f":"IFERROR(VLOOKUP($A91,البيانات!$C$2:$M$207,3,FALSE)*C:C,\"\")","v":""},{"$f":"IFERROR(VLOOKUP($A91,البيانات!$C$2:$M$207,4,FALSE)*C:C,\"\")","v":""},"",null,""]
[null,{"$f":"IFERROR(VLOOKUP($A92,البيانات!$C$2:$M$207,11,FALSE),\"\")","v":""},null,{"$f":"IFERROR(VLOOKUP($A92,البيانات!$C$2:$M$207,2,FALSE)*C:C,\"\")","v":""},{"$f":"IFERROR(VLOOKUP($A92,البيانات!$C$2:$M$207,3,FALSE)*C:C,\"\")","v":""},{"$f":"IFERROR(VLOOKUP($A92,البيانات!$C$2:$M$207,4,FALSE)*C:C,\"\")","v":""},"",null,""]
[null,{"$f":"IFERROR(VLOOKUP($A93,البيانات!$C$2:$M$207,11,FALSE),\"\")","v":""},null,{"$f":"IFERROR(VLOOKUP($A93,البيانات!$C$2:$M$207,2,FALSE)*C:C,\"\")","v":""},{"$f":"IFERROR(VLOOKUP($A93,البيانات!$C$2:$M$207,3,FALSE)*C:C,\"\")","v":""},{"$f":"IFERROR(VLOOKUP($A93,البيانات!$C$2:$M$207,4,FALSE)*C:C,\"\")","v":""},"",null,""]
[null,{"$f":"IFERROR(VLOOKUP($A94,البيانات!$C$2:$M$207,11,FALSE),\"\")","v":""},null,{"$f":"IFERROR(VLOOKUP($A94,البيانات!$C$2:$M$207,2,FALSE)*C:C,\"\")","v":""},{"$f":"IFERROR(VLOOKUP($A94,البيانات!$C$2:$M$207,3,FALSE)*C:C,\"\")","v":""},{"$f":"IFERROR(VLOOKUP($A94,البيانات!$C$2:$M$207,4,FALSE)*C:C,\"\")","v":""},"",null,""]
[null,{"$f":"IFERROR(VLOOKUP($A95,البيانات!$C$2:$M$207,11,FALSE),\"\")","v":""},null,{"$f":"IFERROR(VLOOKUP($A95,البيانات!$C$2:$M$207,2,FALSE)*C:C,\"\")","v":""},{"$f":"IFERROR(VLOOKUP($A95,البيانات!$C$2:$M$207,3,FALSE)*C:C,\"\")","v":""},{"$f":"IFERROR(VLOOKUP($A95,البيانات!$C$2:$M$207,4,FALSE)*C:C,\"\")","v":""},"",null,""]
[null,{"$f":"IFERROR(VLOOKUP($A96,البيانات!$C$2:$M$207,11,FALSE),\"\")","v":""},null,{"$f":"IFERROR(VLOOKUP($A96,البيانات!$C$2:$M$207,2,FALSE)*C:C,\"\")","v":""},{"$f":"IFERROR(VLOOKUP($A96,البيانات!$C$2:$M$207,3,FALSE)*C:C,\"\")","v":""},{"$f":"IFERROR(VLOOKUP($A96,البيانات!$C$2:$M$207,4,FALSE)*C:C,\"\")","v":""},"",null,""]
[null,{"$f":"IFERROR(VLOOKUP($A97,البيانات!$C$2:$M$207,11,FALSE),\"\")","v":""},null,{"$f":"IFERROR(VLOOKUP($A97,البيانات!$C$2:$M$207,2,FALSE)*C:C,\"\")","v":""},{"$f":"IFERROR(VLOOKUP($A97,البيانات!$C$2:$M$207,3,FALSE)*C:C,\"\")","v":""},{"$f":"IFERROR(VLOOKUP($A97,البيانات!$C$2:$M$207,4,FALSE)*C:C,\"\")","v":""},"",null,""]
[null,{"$f":"IFERROR(VLOOKUP($A98,البيانات!$C$2:$M$207,11,FALSE),\"\")","v":""},null,{"$f":"IFERROR(VLOOKUP($A98,البيانات!$C$2:$M$207,2,FALSE)*C:C,\"\")","v":""},{"$f":"IFERROR(VLOOKUP($A98,البيانات!$C$2:$M$207,3,FALSE)*C:C,\"\")","v":""},{"$f":"IFERROR(VLOOKUP($A98,البيانات!$C$2:$M$207,4,FALSE)*C:C,\"\")","v":""},"",null,""]
[null,{"$f":"IFERROR(VLOOKUP($A99,البيانات!$C$2:$M$207,11,FALSE),\"\")","v":""},null,{"$f":"IFERROR(VLOOKUP($A99,البيانات!$C$2:$M$207,2,FALSE)*C:C,\"\")","v":""},{"$f":"IFERROR(VLOOKUP($A99,البيانات!$C$2:$M$207,3,FALSE)*C:C,\"\")","v":""},{"$f":"IFERROR(VLOOKUP($A99,البيانات!$C$2:$M$207,4,FALSE)*C:C,\"\")","v":""},"",null,""]
[null,{"$f":"IFERROR(VLOOKUP($A100,البيانات!$C$2:$M$207,11,FALSE),\"\")","v":""},null,{"$f":"IFERROR(VLOOKUP($A100,البيانات!$C$2:$M$207,2,FALSE)*C:C,\"\")","v":""},{"$f":"IFERROR(VLOOKUP($A100,البيانات!$C$2:$M$207,3,FALSE)*C:C,\"\")","v":""},{"$f":"IFERROR(VLOOKUP($A100,البيانات!$C$2:$M$207,4,FALSE)*C:C,\"\")","v":""},"",null,""]
[null,{"$f":"IFERROR(VLOOKUP($A101,البيانات!$C$2:$M$207,11,FALSE),\"\")","v":""},null,{"$f":"IFERROR(VLOOKUP($A101,البيانات!$C$2:$M$207,2,FALSE)*C:C,\"\")","v":""},{"$f":"IFERROR(VLOOKUP($A101,البيانات!$C$2:$M$207,3,FALSE)*C:C,\"\")","v":""},{"$f":"IFERROR(VLOOKUP($A101,البيانات!$C$2:$M$207,4,FALSE)*C:C,\"\")","v":""},"",null,""]
[null,{"$f":"IFERROR(VLOOKUP($A102,البيانات!$C$2:$M$207,11,FALSE),\"\")","v":""},null,{"$f":"IFERROR(VLOOKUP($A102,البيانات!$C$2:$M$207,2,FALSE)*C:C,\"\")","v":""},{"$f":"IFERROR(VLOOKUP($A102,البيانات!$C$2:$M$207,3,FALSE)*C:C,\"\")","v":""},{"$f":"IFERROR(VLOOKUP($A102,البيانات!$C$2:$M$207,4,FALSE)*C:C,\"\")","v":""},"",null,""]
[null,{"$f":"IFERROR(VLOOKUP($A103,البيانات!$C$2:$M$207,11,FALSE),\"\")","v":""},null,{"$f":"IFERROR(VLOOKUP($A103,البيانات!$C$2:$M$207,2,FALSE)*C:C,\"\")","v":""},{"$f":"IFERROR(VLOOKUP($A103,البيانات!$C$2:$M$207,3,FALSE)*C:C,\"\")","v":""},{"$f":"IFERROR(VLOOKUP($A103,البيانات!$C$2:$M$207,4,FALSE)*C:C,\"\")","v":""},"",null,""]
[null,{"$f":"IFERROR(VLOOKUP($A104,البيانات!$C$2:$M$207,11,FALSE),\"\")","v":""},null,{"$f":"IFERROR(VLOOKUP($A104,البيانات!$C$2:$M$207,2,FALSE)*C:C,\"\")","v":""},{"$f":"IFERROR(VLOOKUP($A104,البيانات!$C$2:$M$207,3,FALSE)*C:C,\"\")","v":""},{"$f":"IFERROR(VLOOKUP($A104,البيانات!$C$2:$M$207,4,FALSE)*C:C,\"\")","v":""},"",null,""]
[null,{"$f":"IFERROR(VLOOKUP($A105,البيانات!$C$2:$M$207,11,FALSE),\"\")","v":""},null,{"$f":"IFERROR(VLOOKUP($A105,البيانات!$C$2:$M$207,2,FALSE)*C:C,\"\")","v":""},{"$f":"IFERROR(VLOOKUP($A105,البيانات!$C$2:$M$207,3,FALSE)*C:C,\"\")","v":""},{"$f":"IFERROR(VLOOKUP($A105,البيانات!$C$2:$M$207,4,FALSE)*C:C,\"\")","v":""},"",null,""]
[null,{"$f":"IFERROR(VLOOKUP($A106,البيانات!$C$2:$M$207,11,FALSE),\"\")","v":""},null,{"$f":"IFERROR(VLOOKUP($A106,البيانات!$C$2:$M$207,2,FALSE)*C:C,\"\")","v":""},{"$f":"IFERROR(VLOOKUP($A106,البيانات!$C$2:$M$207,3,FALSE)*C:C,\"\")","v":""},{"$f":"IFERROR(VLOOKUP($A106,البيانات!$C$2:$M$207,4,FALSE)*C:C,\"\")","v":""},"",null,""]
[null,{"$f":"IFERROR(VLOOKUP($A107,البيانات!$C$2:$M$207,11,FALSE),\"\")","v":""},null,{"$f":"IFERROR(VLOOKUP($A107,البيانات!$C$2:$M$207,2,FALSE)*C:C,\"\")","v":""},{"$f":"IFERROR(VLOOKUP($A107,البيانات!$C$2:$M$207,3,FALSE)*C:C,\"\")","v":""},{"$f":"IFERROR(VLOOKUP($A107,البيانات!$C$2:$M$207,4,FALSE)*C:C,\"\")","v":""},"",null,""]
[null,{"$f":"IFERROR(VLOOKUP($A108,البيانات!$C$2:$M$207,11,FALSE),\"\")","v":""},null,{"$f":"IFERROR(VLOOKUP($A108,البيانات!$C$2:$M$207,2,FALSE)*C:C,\"\")","v":""},{"$f":"IFERROR(VLOOKUP($A108,البيانات!$C$2:$M$207,3,FALSE)*C:C,\"\")","v":""},{"$f":"IFERROR(VLOOKUP($A108,البيانات!$C$2:$M$207,4,FALSE)*C:C,\"\")","v":""},"",null,""]
[null,{"$f":"IFERROR(VLOOKUP($A109,البيانات!$C$2:$M$207,11,FALSE),\"\")","v":""},null,{"$f":"IFERROR(VLOOKUP($A109,البيانات!$C$2:$M$207,2,FALSE)*C:C,\"\")","v":""},{"$f":"IFERROR(VLOOKUP($A109,البيانات!$C$2:$M$207,3,FALSE)*C:C,\"\")","v":""},{"$f":"IFERROR(VLOOKUP($A109,البيانات!$C$2:$M$207,4,FALSE)*C:C,\"\")","v":""},"",null,""]
[null,{"$f":"IFERROR(VLOOKUP($A110,البيانات!$C$2:$M$207,11,FALSE),\"\")","v":""},null,{"$f":"IFERROR(VLOOKUP($A110,البيانات!$C$2:$M$207,2,FALSE)*C:C,\"\")","v":""},{"$f":"IFERROR(VLOOKUP($A110,البيانات!$C$2:$M$207,3,FALSE)*C:C,\"\")","v":""},{"$f":"IFERROR(VLOOKUP($A110,البيانات!$C$2:$M$207,4,FALSE)*C:C,\"\")","v":""},"",null,""]
[null,{"$f":"IFERROR(VLOOKUP($A111,البيانات!$C$2:$M$207,11,FALSE),\"\")","v":""},null,{"$f":"IFERROR(VLOOKUP($A111,البيانات!$C$2:$M$207,2,FALSE)*C:C,\"\")","v":""},{"$f":"IFERROR(VLOOKUP($A111,البيانات!$C$2:$M$207,3,FALSE)*C:C,\"\")","v":""},{"$f":"IFERROR(VLOOKUP($A111,البيانات!$C$2:$M$207,4,FALSE)*C:C,\"\")","v":""},"",null,""]
[null,{"$f":"IFERROR(VLOOKUP($A112,البيانات!$C$2:$M$207,11,FALSE),\"\")","v":""},null,{"$f":"IFERROR(VLOOKUP($A112,البيانات!$C$2:$M$207,2,FALSE)*C:C,\"\")","v":""},{"$f":"IFERROR(VLOOKUP($A112,البيانات!$C$2:$M$207,3,FALSE)*C:C,\"\")","v":""},{"$f":"IFERROR(VLOOKUP($A112,البيانات!$C$2:$M$207,4,FALSE)*C:C,\"\")","v":""},"",null,""]
[null,{"$f":"IFERROR(VLOOKUP($A113,البيانات!$C$2:$M$207,11,FALSE),\"\")","v":""},null,{"$f":"IFERROR(VLOOKUP($A113,البيانات!$C$2:$M$207,2,FALSE)*C:C,\"\")","v":""},{"$f":"IFERROR(VLOOKUP($A113,البيانات!$C$2:$M$207,3,FALSE)*C:C,\"\")","v":""},{"$f":"IFERROR(VLOOKUP($A113,البيانات!$C$2:$M$207,4,FALSE)*C:C,\"\")","v":""},"",null,""]
[null,{"$f":"IFERROR(VLOOKUP($A114,البيانات!$C$2:$M$207,11,FALSE),\"\")","v":""},null,{"$f":"IFERROR(VLOOKUP($A114,البيانات!$C$2:$M$207,2,FALSE)*C:C,\"\")","v":""},{"$f":"IFERROR(VLOOKUP($A114,البيانات!$C$2:$M$207,3,FALSE)*C:C,\"\")","v":""},{"$f":"IFERROR(VLOOKUP($A114,البيانات!$C$2:$M$207,4,FALSE)*C:C,\"\")","v":""},"",null,""]
[null,{"$f":"IFERROR(VLOOKUP($A115,البيانات!$C$2:$M$207,11,FALSE),\"\")","v":""},null,{"$f":"IFERROR(VLOOKUP($A115,البيانات!$C$2:$M$207,2,FALSE)*C:C,\"\")","v":""},{"$f":"IFERROR(VLOOKUP($A115,البيانات!$C$2:$M$207,3,FALSE)*C:C,\"\")","v":""},{"$f":"IFERROR(VLOOKUP($A115,البيانات!$C$2:$M$207,4,FALSE)*C:C,\"\")","v":""},"",null,""]
[null,{"$f":"IFERROR(VLOOKUP($A116,البيانات!$C$2:$M$207,11,FALSE),\"\")","v":""},null,{"$f":"IFERROR(VLOOKUP($A116,البيانات!$C$2:$M$207,2,FALSE)*C:C,\"\")","v":""},{"$f":"IFERROR(VLOOKUP($A116,البيانات!$C$2:$M$207,3,FALSE)*C:C,\"\")","v":""},{"$f":"IFERROR(VLOOKUP($A116,البيانات!$C$2:$M$207,4,FALSE)*C:C,\"\")","v":""},"",null,""]
[null,{"$f":"IFERROR(VLOOKUP($A117,البيانات!$C$2:$M$207,11,FALSE),\"\")","v":""},null,{"$f":"IFERROR(VLOOKUP($A117,البيانات!$C$2:$M$207,2,FALSE)*C:C,\"\")","v":""},{"$f":"IFERROR(VLOOKUP($A117,البيانات!$C$2:$M$207,3,FALSE)*C:C,\"\")","v":""},{"$f":"IFERROR(VLOOKUP($A117,البيانات!$C$2:$M$207,4,FALSE)*C:C,\"\")","v":""},"",null,""]
[null,{"$f":"IFERROR(VLOOKUP($A118,البيانات!$C$2:$M$207,11,FALSE),\"\")","v":""},null,{"$f":"IFERROR(VLOOKUP($A118,البيانات!$C$2:$M$207,2,FALSE)*C:C,\"\")","v":""},{"$f":"IFERROR(VLOOKUP($A118,البيانات!$C$2:$M$207,3,FALSE)*C:C,\"\")","v":""},{"$f":"IFERROR(VLOOKUP($A118,البيانات!$C$2:$M$207,4,FALSE)*C:C,\"\")","v":""},"",null,""]
[null,{"$f":"IFERROR(VLOOKUP($A119,البيانات!$C$2:$M$207,11,FALSE),\"\")","v":""},null,{"$f":"IFERROR(VLOOKUP($A119,البيانات!$C$2:$M$207,2,FALSE)*C:C,\"\")","v":""},{"$f":"IFERROR(VLOOKUP($A119,البيانات!$C$2:$M$207,3,FALSE)*C:C,\"\")","v":""},{"$f":"IFERROR(VLOOKUP($A119,البيانات!$C$2:$M$207,4,FALSE)*C:C,\"\")","v":""},"",null,""]
[null,{"$f":"IFERROR(VLOOKUP($A120,البيانات!$C$2:$M$207,11,FALSE),\"\")","v":""},null,{"$f":"IFERROR(VLOOKUP($A120,البيانات!$C$2:$M$207,2,FALSE)*C:C,\"\")","v":""},{"$f":"IFERROR(VLOOKUP($A120,البيانات!$C$2:$M$207,3,FALSE)*C:C,\"\")","v":""},{"$f":"IFERROR(VLOOKUP($A120,البيانات!$C$2:$M$207,4,FALSE)*C:C,\"\")","v":""},"",null,""]
[null,{"$f":"IFERROR(VLOOKUP($A121,البيانات!$C$2:$M$207,11,FALSE),\"\")","v":""},null,{"$f":"IFERROR(VLOOKUP($A121,البيانات!$C$2:$M$207,2,FALSE)*C:C,\"\")","v":""},{"$f":"IFERROR(VLOOKUP($A121,البيانات!$C$2:$M$207,3,FALSE)*C:C,\"\")","v":""},{"$f":"IFERROR(VLOOKUP($A121,البيانات!$C$2:$M$207,4,FALSE)*C:C,\"\")","v":""},"",null,""]
[null,{"$f":"IFERROR(VLOOKUP($A122,البيانات!$C$2:$M$207,11,FALSE),\"\")","v":""},null,{"$f":"IFERROR(VLOOKUP($A122,البيانات!$C$2:$M$207,2,FALSE)*C:C,\"\")","v":""},{"$f":"IFERROR(VLOOKUP($A122,البيانات!$C$2:$M$207,3,FALSE)*C:C,\"\")","v":""},{"$f":"IFERROR(VLOOKUP($A122,البيانات!$C$2:$M$207,4,FALSE)*C:C,\"\")","v":""},"",null,""]
[null,{"$f":"IFERROR(VLOOKUP($A123,البيانات!$C$2:$M$207,11,FALSE),\"\")","v":""},null,{"$f":"IFERROR(VLOOKUP($A123,البيانات!$C$2:$M$207,2,FALSE)*C:C,\"\")","v":""},{"$f":"IFERROR(VLOOKUP($A123,البيانات!$C$2:$M$207,3,FALSE)*C:C,\"\")","v":""},{"$f":"IFERROR(VLOOKUP($A123,البيانات!$C$2:$M$207,4,FALSE)*C:C,\"\")","v":""},"",null,""]
[null,{"$f":"IFERROR(VLOOKUP($A124,البيانات!$C$2:$M$207,11,FALSE),\"\")","v":""},null,{"$f":"IFERROR(VLOOKUP($A124,البيانات!$C$2:$M$207,2,FALSE)*C:C,\"\")","v":""},{"$f":"IFERROR(VLOOKUP($A124,البيانات!$C$2:$M$207,3,FALSE)*C:C,\"\")","v":""},{"$f":"IFERROR(VLOOKUP($A124,البيانات!$C$2:$M$207,4,FALSE)*C:C,\"\")","v":""},"",null,""]
[null,{"$f":"IFERROR(VLOOKUP($A125,البيانات!$C$2:$M$207,11,FALSE),\"\")","v":""},null,{"$f":"IFERROR(VLOOKUP($A125,البيانات!$C$2:$M$207,2,FALSE)*C:C,\"\")","v":""},{"$f":"IFERROR(VLOOKUP($A125,البيانات!$C$2:$M$207,3,FALSE)*C:C,\"\")","v":""},{"$f":"IFERROR(VLOOKUP($A125,البيانات!$C$2:$M$207,4,FALSE)*C:C,\"\")","v":""},"",null,""]
[null,{"$f":"IFERROR(VLOOKUP($A126,البيانات!$C$2:$M$207,11,FALSE),\"\")","v":""},null,{"$f":"IFERROR(VLOOKUP($A126,البيانات!$C$2:$M$207,2,FALSE)*C:C,\"\")","v":""},{"$f":"IFERROR(VLOOKUP($A126,البيانات!$C$2:$M$207,3,FALSE)*C:C,\"\")","v":""},{"$f":"IFERROR(VLOOKUP($A126,البيانات!$C$2:$M$207,4,FALSE)*C:C,\"\")","v":""},"",null,""]
[null,{"$f":"IFERROR(VLOOKUP($A127,البيانات!$C$2:$M$207,11,FALSE),\"\")","v":""},null,{"$f":"IFERROR(VLOOKUP($A127,البيانات!$C$2:$M$207,2,FALSE)*C:C,\"\")","v":""},{"$f":"IFERROR(VLOOKUP($A127,البيانات!$C$2:$M$207,3,FALSE)*C:C,\"\")","v":""},{"$f":"IFERROR(VLOOKUP($A127,البيانات!$C$2:$M$207,4,FALSE)*C:C,\"\")","v":""},"",null,""]
[null,{"$f":"IFERROR(VLOOKUP($A128,البيانات!$C$2:$M$207,11,FALSE),\"\")","v":""},null,{"$f":"IFERROR(VLOOKUP($A128,البيانات!$C$2:$M$207,2,FALSE)*C:C,\"\")","v":""},{"$f":"IFERROR(VLOOKUP($A128,البيانات!$C$2:$M$207,3,FALSE)*C:C,\"\")","v":""},{"$f":"IFERROR(VLOOKUP($A128,البيانات!$C$2:$M$207,4,FALSE)*C:C,\"\")","v":""},"",null,""]
[null,{"$f":"IFERROR(VLOOKUP($A129,البيانات!$C$2:$M$207,11,FALSE),\"\")","v":""},null,{"$f":"IFERROR(VLOOKUP($A129,البيانات!$C$2:$M$207,2,FALSE)*C:C,\"\")","v":""},{"$f":"IFERROR(VLOOKUP($A129,البيانات!$C$2:$M$207,3,FALSE)*C:C,\"\")","v":""},{"$f":"IFERROR(VLOOKUP($A129,البيانات!$C$2:$M$207,4,FALSE)*C:C,\"\")","v":""},"",null,""]
[null,{"$f":"IFERROR(VLOOKUP($A130,البيانات!$C$2:$M$207,11,FALSE),\"\")","v":""},null,{"$f":"IFERROR(VLOOKUP($A130,البيانات!$C$2:$M$207,2,FALSE)*C:C,\"\")","v":""},{"$f":"IFERROR(VLOOKUP($A130,البيانات!$C$2:$M$207,3,FALSE)*C:C,\"\")","v":""},{"$f":"IFERROR(VLOOKUP($A130,البيانات!$C$2:$M$207,4,FALSE)*C:C,\"\")","v":""},"",null,""]
[null,{"$f":"IFERROR(VLOOKUP($A131,البيانات!$C$2:$M$207,11,FALSE),\"\")","v":""},null,{"$f":"IFERROR(VLOOKUP($A131,البيانات!$C$2:$M$207,2,FALSE)*C:C,\"\")","v":""},{"$f":"IFERROR(VLOOKUP($A131,البيانات!$C$2:$M$207,3,FALSE)*C:C,\"\")","v":""},{"$f":"IFERROR(VLOOKUP($A131,البيانات!$C$2:$M$207,4,FALSE)*C:C,\"\")","v":""},"",null,""]
[null,{"$f":"IFERROR(VLOOKUP($A132,البيانات!$C$2:$M$207,11,FALSE),\"\")","v":""},null,{"$f":"IFERROR(VLOOKUP($A132,البيانات!$C$2:$M$207,2,FALSE)*C:C,\"\")","v":""},{"$f":"IFERROR(VLOOKUP($A132,البيانات!$C$2:$M$207,3,FALSE)*C:C,\"\")","v":""},{"$f":"IFERROR(VLOOKUP($A132,البيانات!$C$2:$M$207,4,FALSE)*C:C,\"\")","v":""},"",null,""]
[null,{"$f":"IFERROR(VLOOKUP($A133,البيانات!$C$2:$M$207,11,FALSE),\"\")","v":""},null,{"$f":"IFERROR(VLOOKUP($A133,البيانات!$C$2:$M$207,2,FALSE)*C:C,\"\")","v":""},{"$f":"IFERROR(VLOOKUP($A133,البيانات!$C$2:$M$207,3,FALSE)*C:C,\"\")","v":""},{"$f":"IFERROR(VLOOKUP($A133,البيانات!$C$2:$M$207,4,FALSE)*C:C,\"\")","v":""},"",null,""]
[null,{"$f":"IFERROR(VLOOKUP($A134,البيانات!$C$2:$M$207,11,FALSE),\"\")","v":""},null,{"$f":"IFERROR(VLOOKUP($A134,البيانات!$C$2:$M$207,2,FALSE)*C:C,\"\")","v":""},{"$f":"IFERROR(VLOOKUP($A134,البيانات!$C$2:$M$207,3,FALSE)*C:C,\"\")","v":""},{"$f":"IFERROR(VLOOKUP($A134,البيانات!$C$2:$M$207,4,FALSE)*C:C,\"\")","v":""},"",null,{"$f":"IFERROR(H134-G134,\"\")","v":""}]
[null,{"$f":"IFERROR(VLOOKUP($A135,البيانات!$C$2:$M$207,11,FALSE),\"\")","v":""},null,{"$f":"IFERROR(VLOOKUP($A135,البيانات!$C$2:$M$207,2,FALSE)*C:C,\"\")","v":""},{"$f":"IFERROR(VLOOKUP($A135,البيانات!$C$2:$M$207,3,FALSE)*C:C,\"\")","v":""},{"$f":"IFERROR(VLOOKUP($A135,البيانات!$C$2:$M$207,4,FALSE)*C:C,\"\")","v":""},"",null,""]
[null,{"$f":"IFERROR(VLOOKUP($A136,البيانات!$C$2:$M$207,11,FALSE),\"\")","v":""},null,{"$f":"IFERROR(VLOOKUP($A136,البيانات!$C$2:$M$207,2,FALSE)*C:C,\"\")","v":""},{"$f":"IFERROR(VLOOKUP($A136,البيانات!$C$2:$M$207,3,FALSE)*C:C,\"\")","v":""},{"$f":"IFERROR(VLOOKUP($A136,البيانات!$C$2:$M$207,4,FALSE)*C:C,\"\")","v":""},"",null,""]
[null,{"$f":"IFERROR(VLOOKUP($A137,البيانات!$C$2:$M$207,11,FALSE),\"\")","v":""},null,{"$f":"IFERROR(VLOOKUP($A137,البيانات!$C$2:$M$207,2,FALSE)*C:C,\"\")","v":""},{"$f":"IFERROR(VLOOKUP($A137,البيانات!$C$2:$M$207,3,FALSE)*C:C,\"\")","v":""},{"$f":"IFERROR(VLOOKUP($A137,البيانات!$C$2:$M$207,4,FALSE)*C:C,\"\")","v":""},"",null,""]
[null,{"$f":"IFERROR(VLOOKUP($A138,البيانات!$C$2:$M$207,11,FALSE),\"\")","v":""},null,{"$f":"IFERROR(VLOOKUP($A138,البيانات!$C$2:$M$207,2,FALSE)*C:C,\"\")","v":""},{"$f":"IFERROR(VLOOKUP($A138,البيانات!$C$2:$M$207,3,FALSE)*C:C,\"\")","v":""},{"$f":"IFERROR(VLOOKUP($A138,البيانات!$C$2:$M$207,4,FALSE)*C:C,\"\")","v":""},"",null,""]
[null,{"$f":"IFERROR(VLOOKUP($A139,البيانات!$C$2:$M$207,11,FALSE),\"\")","v":""},null,{"$f":"IFERROR(VLOOKUP($A139,البيانات!$C$2:$M$207,2,FALSE)*C:C,\"\")","v":""},{"$f":"IFERROR(VLOOKUP($A139,البيانات!$C$2:$M$207,3,FALSE)*C:C,\"\")","v":""},{"$f":"IFERROR(VLOOKUP($A139,البيانات!$C$2:$M$207,4,FALSE)*C:C,\"\")","v":""},"",null,""]
[null,{"$f":"IFERROR(VLOOKUP($A140,البيانات!$C$2:$M$207,11,FALSE),\"\")","v":""},null,{"$f":"IFERROR(VLOOKUP($A140,البيانات!$C$2:$M$207,2,FALSE)*C:C,\"\")","v":""},{"$f":"IFERROR(VLOOKUP($A140,البيانات!$C$2:$M$207,3,FALSE)*C:C,\"\")","v":""},{"$f":"IFERROR(VLOOKUP($A140,البيانات!$C$2:$M$207,4,FALSE)*C:C,\"\")","v":""},"",null,""]
[null,{"$f":"IFERROR(VLOOKUP($A141,البيانات!$C$2:$M$207,11,FALSE),\"\")","v":""},null,{"$f":"IFERROR(VLOOKUP($A141,البيانات!$C$2:$M$207,2,FALSE)*C:C,\"\")","v":""},{"$f":"IFERROR(VLOOKUP($A141,البيانات!$C$2:$M$207,3,FALSE)*C:C,\"\")","v":""},{"$f":"IFERROR(VLOOKUP($A141,البيانات!$C$2:$M$207,4,FALSE)*C:C,\"\")","v":""},"",null,""]
[null,{"$f":"IFERROR(VLOOKUP($A142,البيانات!$C$2:$M$207,11,FALSE),\"\")","v":""},null,{"$f":"IFERROR(VLOOKUP($A142,البيانات!$C$2:$M$207,2,FALSE)*C:C,\"\")","v":""},{"$f":"IFERROR(VLOOKUP($A142,البيانات!$C$2:$M$207,3,FALSE)*C:C,\"\")","v":""},{"$f":"IFERROR(VLOOKUP($A142,البيانات!$C$2:$M$207,4,FALSE)*C:C,\"\")","v":""},"",null,""]
[null,{"$f":"IFERROR(VLOOKUP($A143,البيانات!$C$2:$M$207,11,FALSE),\"\")","v":""},null,{"$f":"IFERROR(VLOOKUP($A143,البيانات!$C$2:$M$207,2,FALSE)*C:C,\"\")","v":""},{"$f":"IFERROR(VLOOKUP($A143,البيانات!$C$2:$M$207,3,FALSE)*C:C,\"\")","v":""},{"$f":"IFERROR(VLOOKUP($A143,البيانات!$C$2:$M$207,4,FALSE)*C:C,\"\")","v":""},"",null,""]
[null,{"$f":"IFERROR(VLOOKUP($A144,البيانات!$C$2:$M$207,11,FALSE),\"\")","v":""},null,{"$f":"IFERROR(VLOOKUP($A144,البيانات!$C$2:$M$207,2,FALSE)*C:C,\"\")","v":""},{"$f":"IFERROR(VLOOKUP($A144,البيانات!$C$2:$M$207,3,FALSE)*C:C,\"\")","v":""},{"$f":"IFERROR(VLOOKUP($A144,البيانات!$C$2:$M$207,4,FALSE)*C:C,\"\")","v":""},"",null,""]
[null,{"$f":"IFERROR(VLOOKUP($A145,البيانات!$C$2:$M$207,11,FALSE),\"\")","v":""},null,{"$f":"IFERROR(VLOOKUP($A145,البيانات!$C$2:$M$207,2,FALSE)*C:C,\"\")","v":""},{"$f":"IFERROR(VLOOKUP($A145,البيانات!$C$2:$M$207,3,FALSE)*C:C,\"\")","v":""},{"$f":"IFERROR(VLOOKUP($A145,البيانات!$C$2:$M$207,4,FALSE)*C:C,\"\")","v":""},"",null,""]
[null,{"$f":"IFERROR(VLOOKUP($A146,البيانات!$C$2:$M$207,11,FALSE),\"\")","v":""},null,{"$f":"IFERROR(VLOOKUP($A146,البيانات!$C$2:$M$207,2,FALSE)*C:C,\"\")","v":""},{"$f":"IFERROR(VLOOKUP($A146,البيانات!$C$2:$M$207,3,FALSE)*C:C,\"\")","v":""},{"$f":"IFERROR(VLOOKUP($A146,البيانات!$C$2:$M$207,4,FALSE)*C:C,\"\")","v":""},"",null,""]
[null,{"$f":"IFERROR(VLOOKUP($A147,البيانات!$C$2:$M$207,11,FALSE),\"\")","v":""},null,{"$f":"IFERROR(VLOOKUP($A147,البيانات!$C$2:$M$207,2,FALSE)*C:C,\"\")","v":""},{"$f":"IFERROR(VLOOKUP($A147,البيانات!$C$2:$M$207,3,FALSE)*C:C,\"\")","v":""},{"$f":"IFERROR(VLOOKUP($A147,البيانات!$C$2:$M$207,4,FALSE)*C:C,\"\")","v":""},"",null,""]
[null,{"$f":"IFERROR(VLOOKUP($A148,البيانات!$C$2:$M$207,11,FALSE),\"\")","v":""},null,{"$f":"IFERROR(VLOOKUP($A148,البيانات!$C$2:$M$207,2,FALSE)*C:C,\"\")","v":""},{"$f":"IFERROR(VLOOKUP($A148,البيانات!$C$2:$M$207,3,FALSE)*C:C,\"\")","v":""},{"$f":"IFERROR(VLOOKUP($A148,البيانات!$C$2:$M$207,4,FALSE)*C:C,\"\")","v":""},"",null,""]
[null,{"$f":"IFERROR(VLOOKUP($A149,البيانات!$C$2:$M$207,11,FALSE),\"\")","v":""},null,{"$f":"IFERROR(VLOOKUP($A149,البيانات!$C$2:$M$207,2,FALSE)*C:C,\"\")","v":""},{"$f":"IFERROR(VLOOKUP($A149,البيانات!$C$2:$M$207,3,FALSE)*C:C,\"\")","v":""},{"$f":"IFERROR(VLOOKUP($A149,البيانات!$C$2:$M$207,4,FALSE)*C:C,\"\")","v":""},"",null,""]
[null,{"$f":"IFERROR(VLOOKUP($A150,البيانات!$C$2:$M$207,11,FALSE),\"\")","v":""},null,{"$f":"IFERROR(VLOOKUP($A150,البيانات!$C$2:$M$207,2,FALSE)*C:C,\"\")","v":""},{"$f":"IFERROR(VLOOKUP($A150,البيانات!$C$2:$M$207,3,FALSE)*C:C,\"\")","v":""},{"$f":"IFERROR(VLOOKUP($A150,البيانات!$C$2:$M$207,4,FALSE)*C:C,\"\")","v":""},"",null,""]
[null,{"$f":"IFERROR(VLOOKUP($A151,البيانات!$C$2:$M$207,11,FALSE),\"\")","v":""},null,{"$f":"IFERROR(VLOOKUP($A151,البيانات!$C$2:$M$207,2,FALSE)*C:C,\"\")","v":""},{"$f":"IFERROR(VLOOKUP($A151,البيانات!$C$2:$M$207,3,FALSE)*C:C,\"\")","v":""},{"$f":"IFERROR(VLOOKUP($A151,البيانات!$C$2:$M$207,4,FALSE)*C:C,\"\")","v":""},{"$f":"IFERROR(C151*B151,\"\")","v":""},null,""]
[null,{"$f":"IFERROR(VLOOKUP($A152,البيانات!$C$2:$M$207,11,FALSE),\"\")","v":""},null,{"$f":"IFERROR(VLOOKUP($A152,البيانات!$C$2:$M$207,2,FALSE)*C:C,\"\")","v":""},{"$f":"IFERROR(VLOOKUP($A152,البيانات!$C$2:$M$207,3,FALSE)*C:C,\"\")","v":""},{"$f":"IFERROR(VLOOKUP($A152,البيانات!$C$2:$M$207,4,FALSE)*C:C,\"\")","v":""},"",null,""]
[null,{"$f":"IFERROR(VLOOKUP($A153,البيانات!$C$2:$M$207,11,FALSE),\"\")","v":""},null,{"$f":"IFERROR(VLOOKUP($A153,البيانات!$C$2:$M$207,2,FALSE)*C:C,\"\")","v":""},{"$f":"IFERROR(VLOOKUP($A153,البيانات!$C$2:$M$207,3,FALSE)*C:C,\"\")","v":""},{"$f":"IFERROR(VLOOKUP($A153,البيانات!$C$2:$M$207,4,FALSE)*C:C,\"\")","v":""},"",null,""]
[null,{"$f":"IFERROR(VLOOKUP($A154,البيانات!$C$2:$M$207,11,FALSE),\"\")","v":""},null,{"$f":"IFERROR(VLOOKUP($A154,البيانات!$C$2:$M$207,2,FALSE)*C:C,\"\")","v":""},{"$f":"IFERROR(VLOOKUP($A154,البيانات!$C$2:$M$207,3,FALSE)*C:C,\"\")","v":""},{"$f":"IFERROR(VLOOKUP($A154,البيانات!$C$2:$M$207,4,FALSE)*C:C,\"\")","v":""},"",null,""]
[null,{"$f":"IFERROR(VLOOKUP($A155,البيانات!$C$2:$M$207,11,FALSE),\"\")","v":""},null,{"$f":"IFERROR(VLOOKUP($A155,البيانات!$C$2:$M$207,2,FALSE)*C:C,\"\")","v":""},{"$f":"IFERROR(VLOOKUP($A155,البيانات!$C$2:$M$207,3,FALSE)*C:C,\"\")","v":""},{"$f":"IFERROR(VLOOKUP($A155,البيانات!$C$2:$M$207,4,FALSE)*C:C,\"\")","v":""},"",null,""]
[null,{"$f":"IFERROR(VLOOKUP($A156,البيانات!$C$2:$M$207,11,FALSE),\"\")","v":""},null,{"$f":"IFERROR(VLOOKUP($A156,البيانات!$C$2:$M$207,2,FALSE)*C:C,\"\")","v":""},{"$f":"IFERROR(VLOOKUP($A156,البيانات!$C$2:$M$207,3,FALSE)*C:C,\"\")","v":""},{"$f":"IFERROR(VLOOKUP($A156,البيانات!$C$2:$M$207,4,FALSE)*C:C,\"\")","v":""},"",null,""]
[null,{"$f":"IFERROR(VLOOKUP($A157,البيانات!$C$2:$M$207,11,FALSE),\"\")","v":""},null,{"$f":"IFERROR(VLOOKUP($A157,البيانات!$C$2:$M$207,2,FALSE)*C:C,\"\")","v":""},{"$f":"IFERROR(VLOOKUP($A157,البيانات!$C$2:$M$207,3,FALSE)*C:C,\"\")","v":""},{"$f":"IFERROR(VLOOKUP($A157,البيانات!$C$2:$M$207,4,FALSE)*C:C,\"\")","v":""},"",null,""]
[null,{"$f":"IFERROR(VLOOKUP($A158,البيانات!$C$2:$M$207,11,FALSE),\"\")","v":""},null,{"$f":"IFERROR(VLOOKUP($A158,البيانات!$C$2:$M$207,2,FALSE)*C:C,\"\")","v":""},{"$f":"IFERROR(VLOOKUP($A158,البيانات!$C$2:$M$207,3,FALSE)*C:C,\"\")","v":""},{"$f":"IFERROR(VLOOKUP($A158,البيانات!$C$2:$M$207,4,FALSE)*C:C,\"\")","v":""},"",null,""]
[null,{"$f":"IFERROR(VLOOKUP($A159,البيانات!$C$2:$M$207,11,FALSE),\"\")","v":""},null,{"$f":"IFERROR(VLOOKUP($A159,البيانات!$C$2:$M$207,2,FALSE)*C:C,\"\")","v":""},{"$f":"IFERROR(VLOOKUP($A159,البيانات!$C$2:$M$207,3,FALSE)*C:C,\"\")","v":""},{"$f":"IFERROR(VLOOKUP($A159,البيانات!$C$2:$M$207,4,FALSE)*C:C,\"\")","v":""},"",null,""]
[null,{"$f":"IFERROR(VLOOKUP($A160,البيانات!$C$2:$M$207,11,FALSE),\"\")","v":""},null,{"$f":"IFERROR(VLOOKUP($A160,البيانات!$C$2:$M$207,2,FALSE)*C:C,\"\")","v":""},{"$f":"IFERROR(VLOOKUP($A160,البيانات!$C$2:$M$207,3,FALSE)*C:C,\"\")","v":""},{"$f":"IFERROR(VLOOKUP($A160,البيانات!$C$2:$M$207,4,FALSE)*C:C,\"\")","v":""},"",null,""]
[null,{"$f":"IFERROR(VLOOKUP($A161,البيانات!$C$2:$M$207,11,FALSE),\"\")","v":""},null,{"$f":"IFERROR(VLOOKUP($A161,البيانات!$C$2:$M$207,2,FALSE)*C:C,\"\")","v":""},{"$f":"IFERROR(VLOOKUP($A161,البيانات!$C$2:$M$207,3,FALSE)*C:C,\"\")","v":""},{"$f":"IFERROR(VLOOKUP($A161,البيانات!$C$2:$M$207,4,FALSE)*C:C,\"\")","v":""},"",null,""]
[null,{"$f":"IFERROR(VLOOKUP($A162,البيانات!$C$2:$M$207,11,FALSE),\"\")","v":""},null,{"$f":"IFERROR(VLOOKUP($A162,البيانات!$C$2:$M$207,2,FALSE)*C:C,\"\")","v":""},{"$f":"IFERROR(VLOOKUP($A162,البيانات!$C$2:$M$207,3,FALSE)*C:C,\"\")","v":""},{"$f":"IFERROR(VLOOKUP($A162,البيانات!$C$2:$M$207,4,FALSE)*C:C,\"\")","v":""},"",null,""]
[null,{"$f":"IFERROR(VLOOKUP($A163,البيانات!$C$2:$M$207,11,FALSE),\"\")","v":""},null,{"$f":"IFERROR(VLOOKUP($A163,البيانات!$C$2:$M$207,2,FALSE)*C:C,\"\")","v":""},{"$f":"IFERROR(VLOOKUP($A163,البيانات!$C$2:$M$207,3,FALSE)*C:C,\"\")","v":""},{"$f":"IFERROR(VLOOKUP($A163,البيانات!$C$2:$M$207,4,FALSE)*C:C,\"\")","v":""},"",null,""]
[null,{"$f":"IFERROR(VLOOKUP($A164,البيانات!$C$2:$M$207,11,FALSE),\"\")","v":""},null,{"$f":"IFERROR(VLOOKUP($A164,البيانات!$C$2:$M$207,2,FALSE)*C:C,\"\")","v":""},{"$f":"IFERROR(VLOOKUP($A164,البيانات!$C$2:$M$207,3,FALSE)*C:C,\"\")","v":""},{"$f":"IFERROR(VLOOKUP($A164,البيانات!$C$2:$M$207,4,FALSE)*C:C,\"\")","v":""},"",null,""]
[null,{"$f":"IFERROR(VLOOKUP($A165,البيانات!$C$2:$M$207,11,FALSE),\"\")","v":""},null,{"$f":"IFERROR(VLOOKUP($A165,البيانات!$C$2:$M$207,2,FALSE)*C:C,\"\")","v":""},{"$f":"IFERROR(VLOOKUP($A165,البيانات!$C$2:$M$207,3,FALSE)*C:C,\"\")","v":""},{"$f":"IFERROR(VLOOKUP($A165,البيانات!$C$2:$M$207,4,FALSE)*C:C,\"\")","v":""},"",null,""]
[null,{"$f":"IFERROR(VLOOKUP($A166,البيانات!$C$2:$M$207,11,FALSE),\"\")","v":""},null,{"$f":"IFERROR(VLOOKUP($A166,البيانات!$C$2:$M$207,2,FALSE)*C:C,\"\")","v":""},{"$f":"IFERROR(VLOOKUP($A166,البيانات!$C$2:$M$207,3,FALSE)*C:C,\"\")","v":""},{"$f":"IFERROR(VLOOKUP($A166,البيانات!$C$2:$M$207,4,FALSE)*C:C,\"\")","v":""},"",null,""]
[null,{"$f":"IFERROR(VLOOKUP($A167,البيانات!$C$2:$M$207,11,FALSE),\"\")","v":""},null,{"$f":"IFERROR(VLOOKUP($A167,البيانات!$C$2:$M$207,2,FALSE)*C:C,\"\")","v":""},{"$f":"IFERROR(VLOOKUP($A167,البيانات!$C$2:$M$207,3,FALSE)*C:C,\"\")","v":""},{"$f":"IFERROR(VLOOKUP($A167,البيانات!$C$2:$M$207,4,FALSE)*C:C,\"\")","v":""},"",null,""]
[null,{"$f":"IFERROR(VLOOKUP($A168,البيانات!$C$2:$M$207,11,FALSE),\"\")","v":""},null,{"$f":"IFERROR(VLOOKUP($A168,البيانات!$C$2:$M$207,2,FALSE)*C:C,\"\")","v":""},{"$f":"IFERROR(VLOOKUP($A168,البيانات!$C$2:$M$207,3,FALSE)*C:C,\"\")","v":""},{"$f":"IFERROR(VLOOKUP($A168,البيانات!$C$2:$M$207,4,FALSE)*C:C,\"\")","v":""},"",null,""]
[null,{"$f":"IFERROR(VLOOKUP($A169,البيانات!$C$2:$M$207,11,FALSE),\"\")","v":""},null,{"$f":"IFERROR(VLOOKUP($A169,البيانات!$C$2:$M$207,2,FALSE)*C:C,\"\")","v":""},{"$f":"IFERROR(VLOOKUP($A169,البيانات!$C$2:$M$207,3,FALSE)*C:C,\"\")","v":""},{"$f":"IFERROR(VLOOKUP($A169,البيانات!$C$2:$M$207,4,FALSE)*C:C,\"\")","v":""},"",null,""]
[null,{"$f":"IFERROR(VLOOKUP($A170,البيانات!$C$2:$M$207,11,FALSE),\"\")","v":""},null,{"$f":"IFERROR(VLOOKUP($A170,البيانات!$C$2:$M$207,2,FALSE)*C:C,\"\")","v":""},{"$f":"IFERROR(VLOOKUP($A170,البيانات!$C$2:$M$207,3,FALSE)*C:C,\"\")","v":""},{"$f":"IFERROR(VLOOKUP($A170,البيانات!$C$2:$M$207,4,FALSE)*C:C,\"\")","v":""},"",null,""]
[null,{"$f":"IFERROR(VLOOKUP($A171,البيانات!$C$2:$M$207,11,FALSE),\"\")","v":""},null,{"$f":"IFERROR(VLOOKUP($A171,البيانات!$C$2:$M$207,2,FALSE)*C:C,\"\")","v":""},{"$f":"IFERROR(VLOOKUP($A171,البيانات!$C$2:$M$207,3,FALSE)*C:C,\"\")","v":""},{"$f":"IFERROR(VLOOKUP($A171,البيانات!$C$2:$M$207,4,FALSE)*C:C,\"\")","v":""},"",null,""]
[null,{"$f":"IFERROR(VLOOKUP($A172,البيانات!$C$2:$M$207,11,FALSE),\"\")","v":""},null,{"$f":"IFERROR(VLOOKUP($A172,البيانات!$C$2:$M$207,2,FALSE)*C:C,\"\")","v":""},{"$f":"IFERROR(VLOOKUP($A172,البيانات!$C$2:$M$207,3,FALSE)*C:C,\"\")","v":""},{"$f":"IFERROR(VLOOKUP($A172,البيانات!$C$2:$M$207,4,FALSE)*C:C,\"\")","v":""},"",null,""]
[null,{"$f":"IFERROR(VLOOKUP($A173,البيانات!$C$2:$M$207,11,FALSE),\"\")","v":""},null,{"$f":"IFERROR(VLOOKUP($A173,البيانات!$C$2:$M$207,2,FALSE)*C:C,\"\")","v":""},{"$f":"IFERROR(VLOOKUP($A173,البيانات!$C$2:$M$207,3,FALSE)*C:C,\"\")","v":""},{"$f":"IFERROR(VLOOKUP($A173,البيانات!$C$2:$M$207,4,FALSE)*C:C,\"\")","v":""},"",null,""]
[null,{"$f":"IFERROR(VLOOKUP($A174,البيانات!$C$2:$M$207,11,FALSE),\"\")","v":""},null,{"$f":"IFERROR(VLOOKUP($A174,البيانات!$C$2:$M$207,2,FALSE)*C:C,\"\")","v":""},{"$f":"IFERROR(VLOOKUP($A174,البيانات!$C$2:$M$207,3,FALSE)*C:C,\"\")","v":""},{"$f":"IFERROR(VLOOKUP($A174,البيانات!$C$2:$M$207,4,FALSE)*C:C,\"\")","v":""},"",null,""]
[null,{"$f":"IFERROR(VLOOKUP($A175,البيانات!$C$2:$M$207,11,FALSE),\"\")","v":""},null,{"$f":"IFERROR(VLOOKUP($A175,البيانات!$C$2:$M$207,2,FALSE)*C:C,\"\")","v":""},{"$f":"IFERROR(VLOOKUP($A175,البيانات!$C$2:$M$207,3,FALSE)*C:C,\"\")","v":""},{"$f":"IFERROR(VLOOKUP($A175,البيانات!$C$2:$M$207,4,FALSE)*C:C,\"\")","v":""},"",null,""]
[null,{"$f":"IFERROR(VLOOKUP($A176,البيانات!$C$2:$M$207,11,FALSE),\"\")","v":""},null,{"$f":"IFERROR(VLOOKUP($A176,البيانات!$C$2:$M$207,2,FALSE)*C:C,\"\")","v":""},{"$f":"IFERROR(VLOOKUP($A176,البيانات!$C$2:$M$207,3,FALSE)*C:C,\"\")","v":""},{"$f":"IFERROR(VLOOKUP($A176,البيانات!$C$2:$M$207,4,FALSE)*C:C,\"\")","v":""},"",null,""]
[null,{"$f":"IFERROR(VLOOKUP($A177,البيانات!$C$2:$M$207,11,FALSE),\"\")","v":""},null,{"$f":"IFERROR(VLOOKUP($A177,البيانات!$C$2:$M$207,2,FALSE)*C:C,\"\")","v":""},{"$f":"IFERROR(VLOOKUP($A177,البيانات!$C$2:$M$207,3,FALSE)*C:C,\"\")","v":""},{"$f":"IFERROR(VLOOKUP($A177,البيانات!$C$2:$M$207,4,FALSE)*C:C,\"\")","v":""},"",null,""]
[null,{"$f":"IFERROR(VLOOKUP($A178,البيانات!$C$2:$M$207,11,FALSE),\"\")","v":""},null,{"$f":"IFERROR(VLOOKUP($A178,البيانات!$C$2:$M$207,2,FALSE)*C:C,\"\")","v":""},{"$f":"IFERROR(VLOOKUP($A178,البيانات!$C$2:$M$207,3,FALSE)*C:C,\"\")","v":""},{"$f":"IFERROR(VLOOKUP($A178,البيانات!$C$2:$M$207,4,FALSE)*C:C,\"\")","v":""},"",null,""]
[null,{"$f":"IFERROR(VLOOKUP($A179,البيانات!$C$2:$M$207,11,FALSE),\"\")","v":""},null,{"$f":"IFERROR(VLOOKUP($A179,البيانات!$C$2:$M$207,2,FALSE)*C:C,\"\")","v":""},{"$f":"IFERROR(VLOOKUP($A179,البيانات!$C$2:$M$207,3,FALSE)*C:C,\"\")","v":""},{"$f":"IFERROR(VLOOKUP($A179,البيانات!$C$2:$M$207,4,FALSE)*C:C,\"\")","v":""},"",null,""]
[null,{"$f":"IFERROR(VLOOKUP($A180,البيانات!$C$2:$M$207,11,FALSE),\"\")","v":""},null,{"$f":"IFERROR(VLOOKUP($A180,البيانات!$C$2:$M$207,2,FALSE)*C:C,\"\")","v":""},{"$f":"IFERROR(VLOOKUP($A180,البيانات!$C$2:$M$207,3,FALSE)*C:C,\"\")","v":""},{"$f":"IFERROR(VLOOKUP($A180,البيانات!$C$2:$M$207,4,FALSE)*C:C,\"\")","v":""},"",null,""]
[null,{"$f":"IFERROR(VLOOKUP($A181,البيانات!$C$2:$M$207,11,FALSE),\"\")","v":""},null,{"$f":"IFERROR(VLOOKUP($A181,البيانات!$C$2:$M$207,2,FALSE)*C:C,\"\")","v":""},{"$f":"IFERROR(VLOOKUP($A181,البيانات!$C$2:$M$207,3,FALSE)*C:C,\"\")","v":""},{"$f":"IFERROR(VLOOKUP($A181,البيانات!$C$2:$M$207,4,FALSE)*C:C,\"\")","v":""},"",null,""]
[null,{"$f":"IFERROR(VLOOKUP($A182,البيانات!$C$2:$M$207,11,FALSE),\"\")","v":""},null,{"$f":"IFERROR(VLOOKUP($A182,البيانات!$C$2:$M$207,2,FALSE)*C:C,\"\")","v":""},{"$f":"IFERROR(VLOOKUP($A182,البيانات!$C$2:$M$207,3,FALSE)*C:C,\"\")","v":""},{"$f":"IFERROR(VLOOKUP($A182,البيانات!$C$2:$M$207,4,FALSE)*C:C,\"\")","v":""},"",null,""]
[null,{"$f":"IFERROR(VLOOKUP($A183,البيانات!$C$2:$M$207,11,FALSE),\"\")","v":""},null,{"$f":"IFERROR(VLOOKUP($A183,البيانات!$C$2:$M$207,2,FALSE)*C:C,\"\")","v":""},{"$f":"IFERROR(VLOOKUP($A183,البيانات!$C$2:$M$207,3,FALSE)*C:C,\"\")","v":""},{"$f":"IFERROR(VLOOKUP($A183,البيانات!$C$2:$M$207,4,FALSE)*C:C,\"\")","v":""},"",null,""]
[null,{"$f":"IFERROR(VLOOKUP($A184,البيانات!$C$2:$M$207,11,FALSE),\"\")","v":""},null,{"$f":"IFERROR(VLOOKUP($A184,البيانات!$C$2:$M$207,2,FALSE)*C:C,\"\")","v":""},{"$f":"IFERROR(VLOOKUP($A184,البيانات!$C$2:$M$207,3,FALSE)*C:C,\"\")","v":""},{"$f":"IFERROR(VLOOKUP($A184,البيانات!$C$2:$M$207,4,FALSE)*C:C,\"\")","v":""},"",null,""]
[null,{"$f":"IFERROR(VLOOKUP($A185,البيانات!$C$2:$M$207,11,FALSE),\"\")","v":""},null,{"$f":"IFERROR(VLOOKUP($A185,البيانات!$C$2:$M$207,2,FALSE)*C:C,\"\")","v":""},{"$f":"IFERROR(VLOOKUP($A185,البيانات!$C$2:$M$207,3,FALSE)*C:C,\"\")","v":""},{"$f":"IFERROR(VLOOKUP($A185,البيانات!$C$2:$M$207,4,FALSE)*C:C,\"\")","v":""},"",null,""]
[null,{"$f":"IFERROR(VLOOKUP($A186,البيانات!$C$2:$M$207,11,FALSE),\"\")","v":""},null,{"$f":"IFERROR(VLOOKUP($A186,البيانات!$C$2:$M$207,2,FALSE)*C:C,\"\")","v":""},{"$f":"IFERROR(VLOOKUP($A186,البيانات!$C$2:$M$207,3,FALSE)*C:C,\"\")","v":""},{"$f":"IFERROR(VLOOKUP($A186,البيانات!$C$2:$M$207,4,FALSE)*C:C,\"\")","v":""},"",null,""]
[null,{"$f":"IFERROR(VLOOKUP($A187,البيانات!$C$2:$M$207,11,FALSE),\"\")","v":""},null,{"$f":"IFERROR(VLOOKUP($A187,البيانات!$C$2:$M$207,2,FALSE)*C:C,\"\")","v":""},{"$f":"IFERROR(VLOOKUP($A187,البيانات!$C$2:$M$207,3,FALSE)*C:C,\"\")","v":""},{"$f":"IFERROR(VLOOKUP($A187,البيانات!$C$2:$M$207,4,FALSE)*C:C,\"\")","v":""},"",null,""]
[null,{"$f":"IFERROR(VLOOKUP($A188,البيانات!$C$2:$M$207,11,FALSE),\"\")","v":""},null,{"$f":"IFERROR(VLOOKUP($A188,البيانات!$C$2:$M$207,2,FALSE)*C:C,\"\")","v":""},{"$f":"IFERROR(VLOOKUP($A188,البيانات!$C$2:$M$207,3,FALSE)*C:C,\"\")","v":""},{"$f":"IFERROR(VLOOKUP($A188,البيانات!$C$2:$M$207,4,FALSE)*C:C,\"\")","v":""},"",null,""]
[null,{"$f":"IFERROR(VLOOKUP($A189,البيانات!$C$2:$M$207,11,FALSE),\"\")","v":""},null,{"$f":"IFERROR(VLOOKUP($A189,البيانات!$C$2:$M$207,2,FALSE)*C:C,\"\")","v":""},{"$f":"IFERROR(VLOOKUP($A189,البيانات!$C$2:$M$207,3,FALSE)*C:C,\"\")","v":""},{"$f":"IFERROR(VLOOKUP($A189,البيانات!$C$2:$M$207,4,FALSE)*C:C,\"\")","v":""},"",null,""]
[null,{"$f":"IFERROR(VLOOKUP($A190,البيانات!$C$2:$M$207,11,FALSE),\"\")","v":""},null,{"$f":"IFERROR(VLOOKUP($A190,البيانات!$C$2:$M$207,2,FALSE)*C:C,\"\")","v":""},{"$f":"IFERROR(VLOOKUP($A190,البيانات!$C$2:$M$207,3,FALSE)*C:C,\"\")","v":""},{"$f":"IFERROR(VLOOKUP($A190,البيانات!$C$2:$M$207,4,FALSE)*C:C,\"\")","v":""},"",null,""]
[null,{"$f":"IFERROR(VLOOKUP($A191,البيانات!$C$2:$M$207,11,FALSE),\"\")","v":""},null,{"$f":"IFERROR(VLOOKUP($A191,البيانات!$C$2:$M$207,2,FALSE)*C:C,\"\")","v":""},{"$f":"IFERROR(VLOOKUP($A191,البيانات!$C$2:$M$207,3,FALSE)*C:C,\"\")","v":""},{"$f":"IFERROR(VLOOKUP($A191,البيانات!$C$2:$M$207,4,FALSE)*C:C,\"\")","v":""},"",null,""]
[null,{"$f":"IFERROR(VLOOKUP($A192,البيانات!$C$2:$M$207,11,FALSE),\"\")","v":""},null,{"$f":"IFERROR(VLOOKUP($A192,البيانات!$C$2:$M$207,2,FALSE)*C:C,\"\")","v":""},{"$f":"IFERROR(VLOOKUP($A192,البيانات!$C$2:$M$207,3,FALSE)*C:C,\"\")","v":""},{"$f":"IFERROR(VLOOKUP($A192,البيانات!$C$2:$M$207,4,FALSE)*C:C,\"\")","v":""},"",null,""]
[null,{"$f":"IFERROR(VLOOKUP($A193,البيانات!$C$2:$M$207,11,FALSE),\"\")","v":""},null,{"$f":"IFERROR(VLOOKUP($A193,البيانات!$C$2:$M$207,2,FALSE)*C:C,\"\")","v":""},{"$f":"IFERROR(VLOOKUP($A193,البيانات!$C$2:$M$207,3,FALSE)*C:C,\"\")","v":""},{"$f":"IFERROR(VLOOKUP($A193,البيانات!$C$2:$M$207,4,FALSE)*C:C,\"\")","v":""},"",null,""]
[null,{"$f":"IFERROR(VLOOKUP($A194,البيانات!$C$2:$M$207,11,FALSE),\"\")","v":""},null,{"$f":"IFERROR(VLOOKUP($A194,البيانات!$C$2:$M$207,2,FALSE)*C:C,\"\")","v":""},{"$f":"IFERROR(VLOOKUP($A194,البيانات!$C$2:$M$207,3,FALSE)*C:C,\"\")","v":""},{"$f":"IFERROR(VLOOKUP($A194,البيانات!$C$2:$M$207,4,FALSE)*C:C,\"\")","v":""},"",null,""]
[null,{"$f":"IFERROR(VLOOKUP($A195,البيانات!$C$2:$M$207,11,FALSE),\"\")","v":""},null,{"$f":"IFERROR(VLOOKUP($A195,البيانات!$C$2:$M$207,2,FALSE)*C:C,\"\")","v":""},{"$f":"IFERROR(VLOOKUP($A195,البيانات!$C$2:$M$207,3,FALSE)*C:C,\"\")","v":""},{"$f":"IFERROR(VLOOKUP($A195,البيانات!$C$2:$M$207,4,FALSE)*C:C,\"\")","v":""},"",null,""]
[null,{"$f":"IFERROR(VLOOKUP($A196,البيانات!$C$2:$M$207,11,FALSE),\"\")","v":""},null,{"$f":"IFERROR(VLOOKUP($A196,البيانات!$C$2:$M$207,2,FALSE)*C:C,\"\")","v":""},{"$f":"IFERROR(VLOOKUP($A196,البيانات!$C$2:$M$207,3,FALSE)*C:C,\"\")","v":""},{"$f":"IFERROR(VLOOKUP($A196,البيانات!$C$2:$M$207,4,FALSE)*C:C,\"\")","v":""},"",null,""]
[null,{"$f":"IFERROR(VLOOKUP($A197,البيانات!$C$2:$M$207,11,FALSE),\"\")","v":""},null,{"$f":"IFERROR(VLOOKUP($A197,البيانات!$C$2:$M$207,2,FALSE)*C:C,\"\")","v":""},{"$f":"IFERROR(VLOOKUP($A197,البيانات!$C$2:$M$207,3,FALSE)*C:C,\"\")","v":""},{"$f":"IFERROR(VLOOKUP($A197,البيانات!$C$2:$M$207,4,FALSE)*C:C,\"\")","v":""},"",null,""]
[null,{"$f":"IFERROR(VLOOKUP($A198,البيانات!$C$2:$M$207,11,FALSE),\"\")","v":""},null,{"$f":"IFERROR(VLOOKUP($A198,البيانات!$C$2:$M$207,2,FALSE)*C:C,\"\")","v":""},{"$f":"IFERROR(VLOOKUP($A198,البيانات!$C$2:$M$207,3,FALSE)*C:C,\"\")","v":""},{"$f":"IFERROR(VLOOKUP($A198,البيانات!$C$2:$M$207,4,FALSE)*C:C,\"\")","v":""},"",null,{"$f":"IFERROR(H198-G198,\"\")","v":""}]
[null,{"$f":"IFERROR(VLOOKUP($A199,البيانات!$C$2:$M$207,11,FALSE),\"\")","v":""},null,{"$f":"IFERROR(VLOOKUP($A199,البيانات!$C$2:$M$207,2,FALSE)*C:C,\"\")","v":""},{"$f":"IFERROR(VLOOKUP($A199,البيانات!$C$2:$M$207,3,FALSE)*C:C,\"\")","v":""},{"$f":"IFERROR(VLOOKUP($A199,البيانات!$C$2:$M$207,4,FALSE)*C:C,\"\")","v":""},"",null,""]
[null,{"$f":"IFERROR(VLOOKUP($A200,البيانات!$C$2:$M$207,11,FALSE),\"\")","v":""},null,{"$f":"IFERROR(VLOOKUP($A200,البيانات!$C$2:$M$207,2,FALSE)*C:C,\"\")","v":""},{"$f":"IFERROR(VLOOKUP($A200,البيانات!$C$2:$M$207,3,FALSE)*C:C,\"\")","v":""},{"$f":"IFERROR(VLOOKUP($A200,البيانات!$C$2:$M$207,4,FALSE)*C:C,\"\")","v":""},"",null,""]
[null,{"$f":"IFERROR(VLOOKUP($A201,البيانات!$C$2:$M$207,11,FALSE),\"\")","v":""},null,{"$f":"IFERROR(VLOOKUP($A201,البيانات!$C$2:$M$207,2,FALSE)*C:C,\"\")","v":""},{"$f":"IFERROR(VLOOKUP($A201,البيانات!$C$2:$M$207,3,FALSE)*C:C,\"\")","v":""},{"$f":"IFERROR(VLOOKUP($A201,البيانات!$C$2:$M$207,4,FALSE)*C:C,\"\")","v":""},"",null,""]
[null,{"$f":"IFERROR(VLOOKUP($A202,البيانات!$C$2:$M$207,11,FALSE),\"\")","v":""},null,{"$f":"IFERROR(VLOOKUP($A202,البيانات!$C$2:$M$207,2,FALSE)*C:C,\"\")","v":""},{"$f":"IFERROR(VLOOKUP($A202,البيانات!$C$2:$M$207,3,FALSE)*C:C,\"\")","v":""},{"$f":"IFERROR(VLOOKUP($A202,البيانات!$C$2:$M$207,4,FALSE)*C:C,\"\")","v":""},"",null,""]
[null,{"$f":"IFERROR(VLOOKUP($A203,البيانات!$C$2:$M$207,11,FALSE),\"\")","v":""},null,{"$f":"IFERROR(VLOOKUP($A203,البيانات!$C$2:$M$207,2,FALSE)*C:C,\"\")","v":""},{"$f":"IFERROR(VLOOKUP($A203,البيانات!$C$2:$M$207,3,FALSE)*C:C,\"\")","v":""},{"$f":"IFERROR(VLOOKUP($A203,البيانات!$C$2:$M$207,4,FALSE)*C:C,\"\")","v":""},"",null,""]
[null,{"$f":"IFERROR(VLOOKUP($A204,البيانات!$C$2:$M$207,11,FALSE),\"\")","v":""},null,{"$f":"IFERROR(VLOOKUP($A204,البيانات!$C$2:$M$207,2,FALSE)*C:C,\"\")","v":""},{"$f":"IFERROR(VLOOKUP($A204,البيانات!$C$2:$M$207,3,FALSE)*C:C,\"\")","v":""},{"$f":"IFERROR(VLOOKUP($A204,البيانات!$C$2:$M$207,4,FALSE)*C:C,\"\")","v":""},"",null,""]
[null,{"$f":"IFERROR(VLOOKUP($A205,البيانات!$C$2:$M$207,11,FALSE),\"\")","v":""},null,{"$f":"IFERROR(VLOOKUP($A205,البيانات!$C$2:$M$207,2,FALSE)*C:C,\"\")","v":""},{"$f":"IFERROR(VLOOKUP($A205,البيانات!$C$2:$M$207,3,FALSE)*C:C,\"\")","v":""},{"$f":"IFERROR(VLOOKUP($A205,البيانات!$C$2:$M$207,4,FALSE)*C:C,\"\")","v":""},"",null,""]
[null,{"$f":"IFERROR(VLOOKUP($A206,البيانات!$C$2:$M$207,11,FALSE),\"\")","v":""},null,{"$f":"IFERROR(VLOOKUP($A206,البيانات!$C$2:$M$207,2,FALSE)*C:C,\"\")","v":""},{"$f":"IFERROR(VLOOKUP($A206,البيانات!$C$2:$M$207,3,FALSE)*C:C,\"\")","v":""},{"$f":"IFERROR(VLOOKUP($A206,البيانات!$C$2:$M$207,4,FALSE)*C:C,\"\")","v":""},"",null,""]
[null,{"$f":"IFERROR(VLOOKUP($A207,البيانات!$C$2:$M$207,11,FALSE),\"\")","v":""},null,{"$f":"IFERROR(VLOOKUP($A207,البيانات!$C$2:$M$207,2,FALSE)*C:C,\"\")","v":""},{"$f":"IFERROR(VLOOKUP($A207,البيانات!$C$2:$M$207,3,FALSE)*C:C,\"\")","v":""},{"$f":"IFERROR(VLOOKUP($A207,البيانات!$C$2:$M$207,4,FALSE)*C:C,\"\")","v":""},"",null,""]
[null,{"$f":"IFERROR(VLOOKUP($A208,البيانات!$C$2:$M$207,11,FALSE),\"\")","v":""},null,{"$f":"IFERROR(VLOOKUP($A208,البيانات!$C$2:$M$207,2,FALSE)*C:C,\"\")","v":""},{"$f":"IFERROR(VLOOKUP($A208,البيانات!$C$2:$M$207,3,FALSE)*C:C,\"\")","v":""},{"$f":"IFERROR(VLOOKUP($A208,البيانات!$C$2:$M$207,4,FALSE)*C:C,\"\")","v":""},"",null,""]
[null,{"$f":"IFERROR(VLOOKUP($A209,البيانات!$C$2:$M$207,11,FALSE),\"\")","v":""},null,{"$f":"IFERROR(VLOOKUP($A209,البيانات!$C$2:$M$207,2,FALSE)*C:C,\"\")","v":""},{"$f":"IFERROR(VLOOKUP($A209,البيانات!$C$2:$M$207,3,FALSE)*C:C,\"\")","v":""},{"$f":"IFERROR(VLOOKUP($A209,البيانات!$C$2:$M$207,4,FALSE)*C:C,\"\")","v":""},"",null,""]
[null,{"$f":"IFERROR(VLOOKUP($A210,البيانات!$C$2:$M$207,11,FALSE),\"\")","v":""},null,{"$f":"IFERROR(VLOOKUP($A210,البيانات!$C$2:$M$207,2,FALSE)*C:C,\"\")","v":""},{"$f":"IFERROR(VLOOKUP($A210,البيانات!$C$2:$M$207,3,FALSE)*C:C,\"\")","v":""},{"$f":"IFERROR(VLOOKUP($A210,البيانات!$C$2:$M$207,4,FALSE)*C:C,\"\")","v":""},"",null,""]
[null,{"$f":"IFERROR(VLOOKUP($A211,البيانات!$C$2:$M$207,11,FALSE),\"\")","v":""},null,{"$f":"IFERROR(VLOOKUP($A211,البيانات!$C$2:$M$207,2,FALSE)*C:C,\"\")","v":""},{"$f":"IFERROR(VLOOKUP($A211,البيانات!$C$2:$M$207,3,FALSE)*C:C,\"\")","v":""},{"$f":"IFERROR(VLOOKUP($A211,البيانات!$C$2:$M$207,4,FALSE)*C:C,\"\")","v":""},"",null,""]
[null,{"$f":"IFERROR(VLOOKUP($A212,البيانات!$C$2:$M$207,11,FALSE),\"\")","v":""},null,{"$f":"IFERROR(VLOOKUP($A212,البيانات!$C$2:$M$207,2,FALSE)*C:C,\"\")","v":""},{"$f":"IFERROR(VLOOKUP($A212,البيانات!$C$2:$M$207,3,FALSE)*C:C,\"\")","v":""},{"$f":"IFERROR(VLOOKUP($A212,البيانات!$C$2:$M$207,4,FALSE)*C:C,\"\")","v":""},"",null,""]
[null,{"$f":"IFERROR(VLOOKUP($A213,البيانات!$C$2:$M$207,11,FALSE),\"\")","v":""},null,{"$f":"IFERROR(VLOOKUP($A213,البيانات!$C$2:$M$207,2,FALSE)*C:C,\"\")","v":""},{"$f":"IFERROR(VLOOKUP($A213,البيانات!$C$2:$M$207,3,FALSE)*C:C,\"\")","v":""},{"$f":"IFERROR(VLOOKUP($A213,البيانات!$C$2:$M$207,4,FALSE)*C:C,\"\")","v":""},"",null,""]
[null,{"$f":"IFERROR(VLOOKUP($A214,البيانات!$C$2:$M$207,11,FALSE),\"\")","v":""},null,{"$f":"IFERROR(VLOOKUP($A214,البيانات!$C$2:$M$207,2,FALSE)*C:C,\"\")","v":""},{"$f":"IFERROR(VLOOKUP($A214,البيانات!$C$2:$M$207,3,FALSE)*C:C,\"\")","v":""},{"$f":"IFERROR(VLOOKUP($A214,البيانات!$C$2:$M$207,4,FALSE)*C:C,\"\")","v":""},"",null,""]
[null,{"$f":"IFERROR(VLOOKUP($A215,البيانات!$C$2:$M$207,11,FALSE),\"\")","v":""},null,{"$f":"IFERROR(VLOOKUP($A215,البيانات!$C$2:$M$207,2,FALSE)*C:C,\"\")","v":""},{"$f":"IFERROR(VLOOKUP($A215,البيانات!$C$2:$M$207,3,FALSE)*C:C,\"\")","v":""},{"$f":"IFERROR(VLOOKUP($A215,البيانات!$C$2:$M$207,4,FALSE)*C:C,\"\")","v":""},{"$f":"IFERROR(C215*B215,\"\")","v":""},null,""]
[null,{"$f":"IFERROR(VLOOKUP($A216,البيانات!$C$2:$M$207,11,FALSE),\"\")","v":""},null,{"$f":"IFERROR(VLOOKUP($A216,البيانات!$C$2:$M$207,2,FALSE)*C:C,\"\")","v":""},{"$f":"IFERROR(VLOOKUP($A216,البيانات!$C$2:$M$207,3,FALSE)*C:C,\"\")","v":""},{"$f":"IFERROR(VLOOKUP($A216,البيانات!$C$2:$M$207,4,FALSE)*C:C,\"\")","v":""},"",null,""]
[null,{"$f":"IFERROR(VLOOKUP($A217,البيانات!$C$2:$M$207,11,FALSE),\"\")","v":""},null,{"$f":"IFERROR(VLOOKUP($A217,البيانات!$C$2:$M$207,2,FALSE)*C:C,\"\")","v":""},{"$f":"IFERROR(VLOOKUP($A217,البيانات!$C$2:$M$207,3,FALSE)*C:C,\"\")","v":""},{"$f":"IFERROR(VLOOKUP($A217,البيانات!$C$2:$M$207,4,FALSE)*C:C,\"\")","v":""},"",null,""]
[null,{"$f":"IFERROR(VLOOKUP($A218,البيانات!$C$2:$M$207,11,FALSE),\"\")","v":""},null,{"$f":"IFERROR(VLOOKUP($A218,البيانات!$C$2:$M$207,2,FALSE)*C:C,\"\")","v":""},{"$f":"IFERROR(VLOOKUP($A218,البيانات!$C$2:$M$207,3,FALSE)*C:C,\"\")","v":""},{"$f":"IFERROR(VLOOKUP($A218,البيانات!$C$2:$M$207,4,FALSE)*C:C,\"\")","v":""},"",null,""]
[null,{"$f":"IFERROR(VLOOKUP($A219,البيانات!$C$2:$M$207,11,FALSE),\"\")","v":""},null,{"$f":"IFERROR(VLOOKUP($A219,البيانات!$C$2:$M$207,2,FALSE)*C:C,\"\")","v":""},{"$f":"IFERROR(VLOOKUP($A219,البيانات!$C$2:$M$207,3,FALSE)*C:C,\"\")","v":""},{"$f":"IFERROR(VLOOKUP($A219,البيانات!$C$2:$M$207,4,FALSE)*C:C,\"\")","v":""},"",null,""]
[null,{"$f":"IFERROR(VLOOKUP($A220,البيانات!$C$2:$M$207,11,FALSE),\"\")","v":""},null,{"$f":"IFERROR(VLOOKUP($A220,البيانات!$C$2:$M$207,2,FALSE)*C:C,\"\")","v":""},{"$f":"IFERROR(VLOOKUP($A220,البيانات!$C$2:$M$207,3,FALSE)*C:C,\"\")","v":""},{"$f":"IFERROR(VLOOKUP($A220,البيانات!$C$2:$M$207,4,FALSE)*C:C,\"\")","v":""},"",null,""]
[null,{"$f":"IFERROR(VLOOKUP($A221,البيانات!$C$2:$M$207,11,FALSE),\"\")","v":""},null,{"$f":"IFERROR(VLOOKUP($A221,البيانات!$C$2:$M$207,2,FALSE)*C:C,\"\")","v":""},{"$f":"IFERROR(VLOOKUP($A221,البيانات!$C$2:$M$207,3,FALSE)*C:C,\"\")","v":""},{"$f":"IFERROR(VLOOKUP($A221,البيانات!$C$2:$M$207,4,FALSE)*C:C,\"\")","v":""},"",null,""]
[null,{"$f":"IFERROR(VLOOKUP($A222,البيانات!$C$2:$M$207,11,FALSE),\"\")","v":""},null,{"$f":"IFERROR(VLOOKUP($A222,البيانات!$C$2:$M$207,2,FALSE)*C:C,\"\")","v":""},{"$f":"IFERROR(VLOOKUP($A222,البيانات!$C$2:$M$207,3,FALSE)*C:C,\"\")","v":""},{"$f":"IFERROR(VLOOKUP($A222,البيانات!$C$2:$M$207,4,FALSE)*C:C,\"\")","v":""},"",null,""]
[null,{"$f":"IFERROR(VLOOKUP($A223,البيانات!$C$2:$M$207,11,FALSE),\"\")","v":""},null,{"$f":"IFERROR(VLOOKUP($A223,البيانات!$C$2:$M$207,2,FALSE)*C:C,\"\")","v":""},{"$f":"IFERROR(VLOOKUP($A223,البيانات!$C$2:$M$207,3,FALSE)*C:C,\"\")","v":""},{"$f":"IFERROR(VLOOKUP($A223,البيانات!$C$2:$M$207,4,FALSE)*C:C,\"\")","v":""},"",null,""]
[null,{"$f":"IFERROR(VLOOKUP($A224,البيانات!$C$2:$M$207,11,FALSE),\"\")","v":""},null,{"$f":"IFERROR(VLOOKUP($A224,البيانات!$C$2:$M$207,2,FALSE)*C:C,\"\")","v":""},{"$f":"IFERROR(VLOOKUP($A224,البيانات!$C$2:$M$207,3,FALSE)*C:C,\"\")","v":""},{"$f":"IFERROR(VLOOKUP($A224,البيانات!$C$2:$M$207,4,FALSE)*C:C,\"\")","v":""},"",null,""]
[null,{"$f":"IFERROR(VLOOKUP($A225,البيانات!$C$2:$M$207,11,FALSE),\"\")","v":""},null,{"$f":"IFERROR(VLOOKUP($A225,البيانات!$C$2:$M$207,2,FALSE)*C:C,\"\")","v":""},{"$f":"IFERROR(VLOOKUP($A225,البيانات!$C$2:$M$207,3,FALSE)*C:C,\"\")","v":""},{"$f":"IFERROR(VLOOKUP($A225,البيانات!$C$2:$M$207,4,FALSE)*C:C,\"\")","v":""},"",null,""]
[null,{"$f":"IFERROR(VLOOKUP($A226,البيانات!$C$2:$M$207,11,FALSE),\"\")","v":""},null,{"$f":"IFERROR(VLOOKUP($A226,البيانات!$C$2:$M$207,2,FALSE)*C:C,\"\")","v":""},{"$f":"IFERROR(VLOOKUP($A226,البيانات!$C$2:$M$207,3,FALSE)*C:C,\"\")","v":""},{"$f":"IFERROR(VLOOKUP($A226,البيانات!$C$2:$M$207,4,FALSE)*C:C,\"\")","v":""},"",null,""]
[null,{"$f":"IFERROR(VLOOKUP($A227,البيانات!$C$2:$M$207,11,FALSE),\"\")","v":""},null,{"$f":"IFERROR(VLOOKUP($A227,البيانات!$C$2:$M$207,2,FALSE)*C:C,\"\")","v":""},{"$f":"IFERROR(VLOOKUP($A227,البيانات!$C$2:$M$207,3,FALSE)*C:C,\"\")","v":""},{"$f":"IFERROR(VLOOKUP($A227,البيانات!$C$2:$M$207,4,FALSE)*C:C,\"\")","v":""},"",null,""]
[null,{"$f":"IFERROR(VLOOKUP($A228,البيانات!$C$2:$M$207,11,FALSE),\"\")","v":""},null,{"$f":"IFERROR(VLOOKUP($A228,البيانات!$C$2:$M$207,2,FALSE)*C:C,\"\")","v":""},{"$f":"IFERROR(VLOOKUP($A228,البيانات!$C$2:$M$207,3,FALSE)*C:C,\"\")","v":""},{"$f":"IFERROR(VLOOKUP($A228,البيانات!$C$2:$M$207,4,FALSE)*C:C,\"\")","v":""},"",null,""]
[null,{"$f":"IFERROR(VLOOKUP($A229,البيانات!$C$2:$M$207,11,FALSE),\"\")","v":""},null,{"$f":"IFERROR(VLOOKUP($A229,البيانات!$C$2:$M$207,2,FALSE)*C:C,\"\")","v":""},{"$f":"IFERROR(VLOOKUP($A229,البيانات!$C$2:$M$207,3,FALSE)*C:C,\"\")","v":""},{"$f":"IFERROR(VLOOKUP($A229,البيانات!$C$2:$M$207,4,FALSE)*C:C,\"\")","v":""},"",null,""]
[null,{"$f":"IFERROR(VLOOKUP($A230,البيانات!$C$2:$M$207,11,FALSE),\"\")","v":""},null,{"$f":"IFERROR(VLOOKUP($A230,البيانات!$C$2:$M$207,2,FALSE)*C:C,\"\")","v":""},{"$f":"IFERROR(VLOOKUP($A230,البيانات!$C$2:$M$207,3,FALSE)*C:C,\"\")","v":""},{"$f":"IFERROR(VLOOKUP($A230,البيانات!$C$2:$M$207,4,FALSE)*C:C,\"\")","v":""},"",null,""]
[null,{"$f":"IFERROR(VLOOKUP($A231,البيانات!$C$2:$M$207,11,FALSE),\"\")","v":""},null,{"$f":"IFERROR(VLOOKUP($A231,البيانات!$C$2:$M$207,2,FALSE)*C:C,\"\")","v":""},{"$f":"IFERROR(VLOOKUP($A231,البيانات!$C$2:$M$207,3,FALSE)*C:C,\"\")","v":""},{"$f":"IFERROR(VLOOKUP($A231,البيانات!$C$2:$M$207,4,FALSE)*C:C,\"\")","v":""},"",null,""]
[null,{"$f":"IFERROR(VLOOKUP($A232,البيانات!$C$2:$M$207,11,FALSE),\"\")","v":""},null,{"$f":"IFERROR(VLOOKUP($A232,البيانات!$C$2:$M$207,2,FALSE)*C:C,\"\")","v":""},{"$f":"IFERROR(VLOOKUP($A232,البيانات!$C$2:$M$207,3,FALSE)*C:C,\"\")","v":""},{"$f":"IFERROR(VLOOKUP($A232,البيانات!$C$2:$M$207,4,FALSE)*C:C,\"\")","v":""},"",null,""]
[null,{"$f":"IFERROR(VLOOKUP($A233,البيانات!$C$2:$M$207,11,FALSE),\"\")","v":""},null,{"$f":"IFERROR(VLOOKUP($A233,البيانات!$C$2:$M$207,2,FALSE)*C:C,\"\")","v":""},{"$f":"IFERROR(VLOOKUP($A233,البيانات!$C$2:$M$207,3,FALSE)*C:C,\"\")","v":""},{"$f":"IFERROR(VLOOKUP($A233,البيانات!$C$2:$M$207,4,FALSE)*C:C,\"\")","v":""},"",null,""]
[null,{"$f":"IFERROR(VLOOKUP($A234,البيانات!$C$2:$M$207,11,FALSE),\"\")","v":""},null,{"$f":"IFERROR(VLOOKUP($A234,البيانات!$C$2:$M$207,2,FALSE)*C:C,\"\")","v":""},{"$f":"IFERROR(VLOOKUP($A234,البيانات!$C$2:$M$207,3,FALSE)*C:C,\"\")","v":""},{"$f":"IFERROR(VLOOKUP($A234,البيانات!$C$2:$M$207,4,FALSE)*C:C,\"\")","v":""},"",null,""]
[null,{"$f":"IFERROR(VLOOKUP($A235,البيانات!$C$2:$M$207,11,FALSE),\"\")","v":""},null,{"$f":"IFERROR(VLOOKUP($A235,البيانات!$C$2:$M$207,2,FALSE)*C:C,\"\")","v":""},{"$f":"IFERROR(VLOOKUP($A235,البيانات!$C$2:$M$207,3,FALSE)*C:C,\"\")","v":""},{"$f":"IFERROR(VLOOKUP($A235,البيانات!$C$2:$M$207,4,FALSE)*C:C,\"\")","v":""},"",null,""]
[null,{"$f":"IFERROR(VLOOKUP($A236,البيانات!$C$2:$M$207,11,FALSE),\"\")","v":""},null,{"$f":"IFERROR(VLOOKUP($A236,البيانات!$C$2:$M$207,2,FALSE)*C:C,\"\")","v":""},{"$f":"IFERROR(VLOOKUP($A236,البيانات!$C$2:$M$207,3,FALSE)*C:C,\"\")","v":""},{"$f":"IFERROR(VLOOKUP($A236,البيانات!$C$2:$M$207,4,FALSE)*C:C,\"\")","v":""},"",null,""]
[null,{"$f":"IFERROR(VLOOKUP($A237,البيانات!$C$2:$M$207,11,FALSE),\"\")","v":""},null,{"$f":"IFERROR(VLOOKUP($A237,البيانات!$C$2:$M$207,2,FALSE)*C:C,\"\")","v":""},{"$f":"IFERROR(VLOOKUP($A237,البيانات!$C$2:$M$207,3,FALSE)*C:C,\"\")","v":""},{"$f":"IFERROR(VLOOKUP($A237,البيانات!$C$2:$M$207,4,FALSE)*C:C,\"\")","v":""},"",null,""]
[null,{"$f":"IFERROR(VLOOKUP($A238,البيانات!$C$2:$M$207,11,FALSE),\"\")","v":""},null,{"$f":"IFERROR(VLOOKUP($A238,البيانات!$C$2:$M$207,2,FALSE)*C:C,\"\")","v":""},{"$f":"IFERROR(VLOOKUP($A238,البيانات!$C$2:$M$207,3,FALSE)*C:C,\"\")","v":""},{"$f":"IFERROR(VLOOKUP($A238,البيانات!$C$2:$M$207,4,FALSE)*C:C,\"\")","v":""},"",null,""]
[null,{"$f":"IFERROR(VLOOKUP($A239,البيانات!$C$2:$M$207,11,FALSE),\"\")","v":""},null,{"$f":"IFERROR(VLOOKUP($A239,البيانات!$C$2:$M$207,2,FALSE)*C:C,\"\")","v":""},{"$f":"IFERROR(VLOOKUP($A239,البيانات!$C$2:$M$207,3,FALSE)*C:C,\"\")","v":""},{"$f":"IFERROR(VLOOKUP($A239,البيانات!$C$2:$M$207,4,FALSE)*C:C,\"\")","v":""},"",null,""]
[null,{"$f":"IFERROR(VLOOKUP($A240,البيانات!$C$2:$M$207,11,FALSE),\"\")","v":""},null,{"$f":"IFERROR(VLOOKUP($A240,البيانات!$C$2:$M$207,2,FALSE)*C:C,\"\")","v":""},{"$f":"IFERROR(VLOOKUP($A240,البيانات!$C$2:$M$207,3,FALSE)*C:C,\"\")","v":""},{"$f":"IFERROR(VLOOKUP($A240,البيانات!$C$2:$M$207,4,FALSE)*C:C,\"\")","v":""},"",null,""]
[null,{"$f":"IFERROR(VLOOKUP($A241,البيانات!$C$2:$M$207,11,FALSE),\"\")","v":""},null,{"$f":"IFERROR(VLOOKUP($A241,البيانات!$C$2:$M$207,2,FALSE)*C:C,\"\")","v":""},{"$f":"IFERROR(VLOOKUP($A241,البيانات!$C$2:$M$207,3,FALSE)*C:C,\"\")","v":""},{"$f":"IFERROR(VLOOKUP($A241,البيانات!$C$2:$M$207,4,FALSE)*C:C,\"\")","v":""},"",null,""]
[null,{"$f":"IFERROR(VLOOKUP($A242,البيانات!$C$2:$M$207,11,FALSE),\"\")","v":""},null,{"$f":"IFERROR(VLOOKUP($A242,البيانات!$C$2:$M$207,2,FALSE)*C:C,\"\")","v":""},{"$f":"IFERROR(VLOOKUP($A242,البيانات!$C$2:$M$207,3,FALSE)*C:C,\"\")","v":""},{"$f":"IFERROR(VLOOKUP($A242,البيانات!$C$2:$M$207,4,FALSE)*C:C,\"\")","v":""},"",null,""]
[null,{"$f":"IFERROR(VLOOKUP($A243,البيانات!$C$2:$M$207,11,FALSE),\"\")","v":""},null,{"$f":"IFERROR(VLOOKUP($A243,البيانات!$C$2:$M$207,2,FALSE)*C:C,\"\")","v":""},{"$f":"IFERROR(VLOOKUP($A243,البيانات!$C$2:$M$207,3,FALSE)*C:C,\"\")","v":""},{"$f":"IFERROR(VLOOKUP($A243,البيانات!$C$2:$M$207,4,FALSE)*C:C,\"\")","v":""},"",null,""]
[null,{"$f":"IFERROR(VLOOKUP($A244,البيانات!$C$2:$M$207,11,FALSE),\"\")","v":""},null,{"$f":"IFERROR(VLOOKUP($A244,البيانات!$C$2:$M$207,2,FALSE)*C:C,\"\")","v":""},{"$f":"IFERROR(VLOOKUP($A244,البيانات!$C$2:$M$207,3,FALSE)*C:C,\"\")","v":""},{"$f":"IFERROR(VLOOKUP($A244,البيانات!$C$2:$M$207,4,FALSE)*C:C,\"\")","v":""},"",null,""]
[null,{"$f":"IFERROR(VLOOKUP($A245,البيانات!$C$2:$M$207,11,FALSE),\"\")","v":""},null,{"$f":"IFERROR(VLOOKUP($A245,البيانات!$C$2:$M$207,2,FALSE)*C:C,\"\")","v":""},{"$f":"IFERROR(VLOOKUP($A245,البيانات!$C$2:$M$207,3,FALSE)*C:C,\"\")","v":""},{"$f":"IFERROR(VLOOKUP($A245,البيانات!$C$2:$M$207,4,FALSE)*C:C,\"\")","v":""},"",null,""]
[null,{"$f":"IFERROR(VLOOKUP($A246,البيانات!$C$2:$M$207,11,FALSE),\"\")","v":""},null,{"$f":"IFERROR(VLOOKUP($A246,البيانات!$C$2:$M$207,2,FALSE)*C:C,\"\")","v":""},{"$f":"IFERROR(VLOOKUP($A246,البيانات!$C$2:$M$207,3,FALSE)*C:C,\"\")","v":""},{"$f":"IFERROR(VLOOKUP($A246,البيانات!$C$2:$M$207,4,FALSE)*C:C,\"\")","v":""},"",null,""]
[null,{"$f":"IFERROR(VLOOKUP($A247,البيانات!$C$2:$M$207,11,FALSE),\"\")","v":""},null,{"$f":"IFERROR(VLOOKUP($A247,البيانات!$C$2:$M$207,2,FALSE)*C:C,\"\")","v":""},{"$f":"IFERROR(VLOOKUP($A247,البيانات!$C$2:$M$207,3,FALSE)*C:C,\"\")","v":""},{"$f":"IFERROR(VLOOKUP($A247,البيانات!$C$2:$M$207,4,FALSE)*C:C,\"\")","v":""},"",null,""]
[null,{"$f":"IFERROR(VLOOKUP($A248,البيانات!$C$2:$M$207,11,FALSE),\"\")","v":""},null,{"$f":"IFERROR(VLOOKUP($A248,البيانات!$C$2:$M$207,2,FALSE)*C:C,\"\")","v":""},{"$f":"IFERROR(VLOOKUP($A248,البيانات!$C$2:$M$207,3,FALSE)*C:C,\"\")","v":""},{"$f":"IFERROR(VLOOKUP($A248,البيانات!$C$2:$M$207,4,FALSE)*C:C,\"\")","v":""},"",null,""]
[null,{"$f":"IFERROR(VLOOKUP($A249,البيانات!$C$2:$M$207,11,FALSE),\"\")","v":""},null,{"$f":"IFERROR(VLOOKUP($A249,البيانات!$C$2:$M$207,2,FALSE)*C:C,\"\")","v":""},{"$f":"IFERROR(VLOOKUP($A249,البيانات!$C$2:$M$207,3,FALSE)*C:C,\"\")","v":""},{"$f":"IFERROR(VLOOKUP($A249,البيانات!$C$2:$M$207,4,FALSE)*C:C,\"\")","v":""},"",null,""]
[null,{"$f":"IFERROR(VLOOKUP($A250,البيانات!$C$2:$M$207,11,FALSE),\"\")","v":""},null,{"$f":"IFERROR(VLOOKUP($A250,البيانات!$C$2:$M$207,2,FALSE)*C:C,\"\")","v":""},{"$f":"IFERROR(VLOOKUP($A250,البيانات!$C$2:$M$207,3,FALSE)*C:C,\"\")","v":""},{"$f":"IFERROR(VLOOKUP($A250,البيانات!$C$2:$M$207,4,FALSE)*C:C,\"\")","v":""},"",null,""]
[null,{"$f":"IFERROR(VLOOKUP($A251,البيانات!$C$2:$M$207,11,FALSE),\"\")","v":""},null,{"$f":"IFERROR(VLOOKUP($A251,البيانات!$C$2:$M$207,2,FALSE)*C:C,\"\")","v":""},{"$f":"IFERROR(VLOOKUP($A251,البيانات!$C$2:$M$207,3,FALSE)*C:C,\"\")","v":""},{"$f":"IFERROR(VLOOKUP($A251,البيانات!$C$2:$M$207,4,FALSE)*C:C,\"\")","v":""},"",null,""]
[null,{"$f":"IFERROR(VLOOKUP($A252,البيانات!$C$2:$M$207,11,FALSE),\"\")","v":""},null,{"$f":"IFERROR(VLOOKUP($A252,البيانات!$C$2:$M$207,2,FALSE)*C:C,\"\")","v":""},{"$f":"IFERROR(VLOOKUP($A252,البيانات!$C$2:$M$207,3,FALSE)*C:C,\"\")","v":""},{"$f":"IFERROR(VLOOKUP($A252,البيانات!$C$2:$M$207,4,FALSE)*C:C,\"\")","v":""},"",null,""]
[null,{"$f":"IFERROR(VLOOKUP($A253,البيانات!$C$2:$M$207,11,FALSE),\"\")","v":""},null,{"$f":"IFERROR(VLOOKUP($A253,البيانات!$C$2:$M$207,2,FALSE)*C:C,\"\")","v":""},{"$f":"IFERROR(VLOOKUP($A253,البيانات!$C$2:$M$207,3,FALSE)*C:C,\"\")","v":""},{"$f":"IFERROR(VLOOKUP($A253,البيانات!$C$2:$M$207,4,FALSE)*C:C,\"\")","v":""},"",null,""]
[null,{"$f":"IFERROR(VLOOKUP($A254,البيانات!$C$2:$M$207,11,FALSE),\"\")","v":""},null,{"$f":"IFERROR(VLOOKUP($A254,البيانات!$C$2:$M$207,2,FALSE)*C:C,\"\")","v":""},{"$f":"IFERROR(VLOOKUP($A254,البيانات!$C$2:$M$207,3,FALSE)*C:C,\"\")","v":""},{"$f":"IFERROR(VLOOKUP($A254,البيانات!$C$2:$M$207,4,FALSE)*C:C,\"\")","v":""},"",null,""]
[null,{"$f":"IFERROR(VLOOKUP($A255,البيانات!$C$2:$M$207,11,FALSE),\"\")","v":""},null,{"$f":"IFERROR(VLOOKUP($A255,البيانات!$C$2:$M$207,2,FALSE)*C:C,\"\")","v":""},{"$f":"IFERROR(VLOOKUP($A255,البيانات!$C$2:$M$207,3,FALSE)*C:C,\"\")","v":""},{"$f":"IFERROR(VLOOKUP($A255,البيانات!$C$2:$M$207,4,FALSE)*C:C,\"\")","v":""},"",null,""]
[null,{"$f":"IFERROR(VLOOKUP($A256,البيانات!$C$2:$M$207,11,FALSE),\"\")","v":""},null,{"$f":"IFERROR(VLOOKUP($A256,البيانات!$C$2:$M$207,2,FALSE)*C:C,\"\")","v":""},{"$f":"IFERROR(VLOOKUP($A256,البيانات!$C$2:$M$207,3,FALSE)*C:C,\"\")","v":""},{"$f":"IFERROR(VLOOKUP($A256,البيانات!$C$2:$M$207,4,FALSE)*C:C,\"\")","v":""},"",null,""]
[null,{"$f":"IFERROR(VLOOKUP($A257,البيانات!$C$2:$M$207,11,FALSE),\"\")","v":""},null,{"$f":"IFERROR(VLOOKUP($A257,البيانات!$C$2:$M$207,2,FALSE)*C:C,\"\")","v":""},{"$f":"IFERROR(VLOOKUP($A257,البيانات!$C$2:$M$207,3,FALSE)*C:C,\"\")","v":""},{"$f":"IFERROR(VLOOKUP($A257,البيانات!$C$2:$M$207,4,FALSE)*C:C,\"\")","v":""},"",null,""]
[null,{"$f":"IFERROR(VLOOKUP($A258,البيانات!$C$2:$M$207,11,FALSE),\"\")","v":""},null,{"$f":"IFERROR(VLOOKUP($A258,البيانات!$C$2:$M$207,2,FALSE)*C:C,\"\")","v":""},{"$f":"IFERROR(VLOOKUP($A258,البيانات!$C$2:$M$207,3,FALSE)*C:C,\"\")","v":""},{"$f":"IFERROR(VLOOKUP($A258,البيانات!$C$2:$M$207,4,FALSE)*C:C,\"\")","v":""},"",null,""]
[null,{"$f":"IFERROR(VLOOKUP($A259,البيانات!$C$2:$M$207,11,FALSE),\"\")","v":""},null,{"$f":"IFERROR(VLOOKUP($A259,البيانات!$C$2:$M$207,2,FALSE)*C:C,\"\")","v":""},{"$f":"IFERROR(VLOOKUP($A259,البيانات!$C$2:$M$207,3,FALSE)*C:C,\"\")","v":""},{"$f":"IFERROR(VLOOKUP($A259,البيانات!$C$2:$M$207,4,FALSE)*C:C,\"\")","v":""},"",null,""]
[null,{"$f":"IFERROR(VLOOKUP($A260,البيانات!$C$2:$M$207,11,FALSE),\"\")","v":""},null,{"$f":"IFERROR(VLOOKUP($A260,البيانات!$C$2:$M$207,2,FALSE)*C:C,\"\")","v":""},{"$f":"IFERROR(VLOOKUP($A260,البيانات!$C$2:$M$207,3,FALSE)*C:C,\"\")","v":""},{"$f":"IFERROR(VLOOKUP($A260,البيانات!$C$2:$M$207,4,FALSE)*C:C,\"\")","v":""},"",null,""]
[null,{"$f":"IFERROR(VLOOKUP($A261,البيانات!$C$2:$M$207,11,FALSE),\"\")","v":""},null,{"$f":"IFERROR(VLOOKUP($A261,البيانات!$C$2:$M$207,2,FALSE)*C:C,\"\")","v":""},{"$f":"IFERROR(VLOOKUP($A261,البيانات!$C$2:$M$207,3,FALSE)*C:C,\"\")","v":""},{"$f":"IFERROR(VLOOKUP($A261,البيانات!$C$2:$M$207,4,FALSE)*C:C,\"\")","v":""},"",null,""]
[null,{"$f":"IFERROR(VLOOKUP($A262,البيانات!$C$2:$M$207,11,FALSE),\"\")","v":""},null,{"$f":"IFERROR(VLOOKUP($A262,البيانات!$C$2:$M$207,2,FALSE)*C:C,\"\")","v":""},{"$f":"IFERROR(VLOOKUP($A262,البيانات!$C$2:$M$207,3,FALSE)*C:C,\"\")","v":""},{"$f":"IFERROR(VLOOKUP($A262,البيانات!$C$2:$M$207,4,FALSE)*C:C,\"\")","v":""},"",null,{"$f":"IFERROR(H262-G262,\"\")","v":""}]
[null,{"$f":"IFERROR(VLOOKUP($A263,البيانات!$C$2:$M$207,11,FALSE),\"\")","v":""},null,{"$f":"IFERROR(VLOOKUP($A263,البيانات!$C$2:$M$207,2,FALSE)*C:C,\"\")","v":""},{"$f":"IFERROR(VLOOKUP($A263,البيانات!$C$2:$M$207,3,FALSE)*C:C,\"\")","v":""},{"$f":"IFERROR(VLOOKUP($A263,البيانات!$C$2:$M$207,4,FALSE)*C:C,\"\")","v":""},"",null,""]
[null,{"$f":"IFERROR(VLOOKUP($A264,البيانات!$C$2:$M$207,11,FALSE),\"\")","v":""},null,{"$f":"IFERROR(VLOOKUP($A264,البيانات!$C$2:$M$207,2,FALSE)*C:C,\"\")","v":""},{"$f":"IFERROR(VLOOKUP($A264,البيانات!$C$2:$M$207,3,FALSE)*C:C,\"\")","v":""},{"$f":"IFERROR(VLOOKUP($A264,البيانات!$C$2:$M$207,4,FALSE)*C:C,\"\")","v":""},"",null,""]
[null,{"$f":"IFERROR(VLOOKUP($A265,البيانات!$C$2:$M$207,11,FALSE),\"\")","v":""},null,{"$f":"IFERROR(VLOOKUP($A265,البيانات!$C$2:$M$207,2,FALSE)*C:C,\"\")","v":""},{"$f":"IFERROR(VLOOKUP($A265,البيانات!$C$2:$M$207,3,FALSE)*C:C,\"\")","v":""},{"$f":"IFERROR(VLOOKUP($A265,البيانات!$C$2:$M$207,4,FALSE)*C:C,\"\")","v":""},"",null,""]
[null,{"$f":"IFERROR(VLOOKUP($A266,البيانات!$C$2:$M$207,11,FALSE),\"\")","v":""},null,{"$f":"IFERROR(VLOOKUP($A266,البيانات!$C$2:$M$207,2,FALSE)*C:C,\"\")","v":""},{"$f":"IFERROR(VLOOKUP($A266,البيانات!$C$2:$M$207,3,FALSE)*C:C,\"\")","v":""},{"$f":"IFERROR(VLOOKUP($A266,البيانات!$C$2:$M$207,4,FALSE)*C:C,\"\")","v":""},"",null,""]
[null,{"$f":"IFERROR(VLOOKUP($A267,البيانات!$C$2:$M$207,11,FALSE),\"\")","v":""},null,{"$f":"IFERROR(VLOOKUP($A267,البيانات!$C$2:$M$207,2,FALSE)*C:C,\"\")","v":""},{"$f":"IFERROR(VLOOKUP($A267,البيانات!$C$2:$M$207,3,FALSE)*C:C,\"\")","v":""},{"$f":"IFERROR(VLOOKUP($A267,البيانات!$C$2:$M$207,4,FALSE)*C:C,\"\")","v":""},"",null,""]
[null,{"$f":"IFERROR(VLOOKUP($A268,البيانات!$C$2:$M$207,11,FALSE),\"\")","v":""},null,{"$f":"IFERROR(VLOOKUP($A268,البيانات!$C$2:$M$207,2,FALSE)*C:C,\"\")","v":""},{"$f":"IFERROR(VLOOKUP($A268,البيانات!$C$2:$M$207,3,FALSE)*C:C,\"\")","v":""},{"$f":"IFERROR(VLOOKUP($A268,البيانات!$C$2:$M$207,4,FALSE)*C:C,\"\")","v":""},"",null,""]
[null,{"$f":"IFERROR(VLOOKUP($A269,البيانات!$C$2:$M$207,11,FALSE),\"\")","v":""},null,{"$f":"IFERROR(VLOOKUP($A269,البيانات!$C$2:$M$207,2,FALSE)*C:C,\"\")","v":""},{"$f":"IFERROR(VLOOKUP($A269,البيانات!$C$2:$M$207,3,FALSE)*C:C,\"\")","v":""},{"$f":"IFERROR(VLOOKUP($A269,البيانات!$C$2:$M$207,4,FALSE)*C:C,\"\")","v":""},"",null,""]
[null,{"$f":"IFERROR(VLOOKUP($A270,البيانات!$C$2:$M$207,11,FALSE),\"\")","v":""},null,{"$f":"IFERROR(VLOOKUP($A270,البيانات!$C$2:$M$207,2,FALSE)*C:C,\"\")","v":""},{"$f":"IFERROR(VLOOKUP($A270,البيانات!$C$2:$M$207,3,FALSE)*C:C,\"\")","v":""},{"$f":"IFERROR(VLOOKUP($A270,البيانات!$C$2:$M$207,4,FALSE)*C:C,\"\")","v":""},"",null,""]
[null,{"$f":"IFERROR(VLOOKUP($A271,البيانات!$C$2:$M$207,11,FALSE),\"\")","v":""},null,{"$f":"IFERROR(VLOOKUP($A271,البيانات!$C$2:$M$207,2,FALSE)*C:C,\"\")","v":""},{"$f":"IFERROR(VLOOKUP($A271,البيانات!$C$2:$M$207,3,FALSE)*C:C,\"\")","v":""},{"$f":"IFERROR(VLOOKUP($A271,البيانات!$C$2:$M$207,4,FALSE)*C:C,\"\")","v":""},"",null,""]
[null,{"$f":"IFERROR(VLOOKUP($A272,البيانات!$C$2:$M$207,11,FALSE),\"\")","v":""},null,{"$f":"IFERROR(VLOOKUP($A272,البيانات!$C$2:$M$207,2,FALSE)*C:C,\"\")","v":""},{"$f":"IFERROR(VLOOKUP($A272,البيانات!$C$2:$M$207,3,FALSE)*C:C,\"\")","v":""},{"$f":"IFERROR(VLOOKUP($A272,البيانات!$C$2:$M$207,4,FALSE)*C:C,\"\")","v":""},"",null,""]
[null,null,null,{"$f":"IFERROR(VLOOKUP($A273,البيانات!$C$2:$M$207,2,FALSE)*C:C,\"\")","v":""},{"$f":"IFERROR(VLOOKUP($A273,البيانات!$C$2:$M$207,3,FALSE)*C:C,\"\")","v":""},{"$f":"IFERROR(VLOOKUP($A273,البيانات!$C$2:$M$207,4,FALSE)*C:C,\"\")","v":""},0,null,0]
[null,null,null,{"$f":"IFERROR(VLOOKUP($A274,البيانات!$C$2:$M$207,2,FALSE)*C:C,\"\")","v":""},{"$f":"IFERROR(VLOOKUP($A274,البيانات!$C$2:$M$207,3,FALSE)*C:C,\"\")","v":""},{"$f":"IFERROR(VLOOKUP($A274,البيانات!$C$2:$M$207,4,FALSE)*C:C,\"\")","v":""},0,null,0]
[null,null,null,{"$f":"IFERROR(VLOOKUP($A275,البيانات!$C$2:$M$207,2,FALSE)*C:C,\"\")","v":""},{"$f":"IFERROR(VLOOKUP($A275,البيانات!$C$2:$M$207,3,FALSE)*C:C,\"\")","v":""},{"$f":"IFERROR(VLOOKUP($A275,البيانات!$C$2:$M$207,4,FALSE)*C:C,\"\")","v":""},0,null,0]
[null,null,null,{"$f":"IFERROR(VLOOKUP($A276,البيانات!$C$2:$M$207,2,FALSE)*C:C,\"\")","v":""},{"$f":"IFERROR(VLOOKUP($A276,البيانات!$C$2:$M$207,3,FALSE)*C:C,\"\")","v":""},{"$f":"IFERROR(VLOOKUP($A276,البيانات!$C$2:$M$207,4,FALSE)*C:C,\"\")","v":""},0,null,0]
[null,null,null,{"$f":"IFERROR(VLOOKUP($A277,البيانات!$C$2:$M$207,2,FALSE)*C:C,\"\")","v":""},{"$f":"IFERROR(VLOOKUP($A277,البيانات!$C$2:$M$207,3,FALSE)*C:C,\"\")","v":""},{"$f":"IFERROR(VLOOKUP($A277,البيانات!$C$2:$M$207,4,FALSE)*C:C,\"\")","v":""},0,null,0]
[null,null,null,{"$f":"IFERROR(VLOOKUP($A278,البيانات!$C$2:$M$207,2,FALSE)*C:C,\"\")","v":""},{"$f":"IFERROR(VLOOKUP($A278,البيانات!$C$2:$M$207,3,FALSE)*C:C,\"\")","v":""},{"$f":"IFERROR(VLOOKUP($A278,البيانات!$C$2:$M$207,4,FALSE)*C:C,\"\")","v":""},0,null,0]
[null,null,null,{"$f":"IFERROR(VLOOKUP($A279,البيانات!$C$2:$M$207,2,FALSE)*C:C,\"\")","v":""},{"$f":"IFERROR(VLOOKUP($A279,البيانات!$C$2:$M$207,3,FALSE)*C:C,\"\")","v":""},{"$f":"IFERROR(VLOOKUP($A279,البيانات!$C$2:$M$207,4,FALSE)*C:C,\"\")","v":""},{"$f":"IFERROR(C279*B279,\"\")","v":0},null,0]
[null,null,null,{"$f":"IFERROR(VLOOKUP($A280,البيانات!$C$2:$M$207,2,FALSE)*C:C,\"\")","v":""},{"$f":"IFERROR(VLOOKUP($A280,البيانات!$C$2:$M$207,3,FALSE)*C:C,\"\")","v":""},{"$f":"IFERROR(VLOOKUP($A280,البيانات!$C$2:$M$207,4,FALSE)*C:C,\"\")","v":""},0,null,0]
[null,null,null,{"$f":"IFERROR(VLOOKUP($A281,البيانات!$C$2:$M$207,2,FALSE)*C:C,\"\")","v":""},{"$f":"IFERROR(VLOOKUP($A281,البيانات!$C$2:$M$207,3,FALSE)*C:C,\"\")","v":""},{"$f":"IFERROR(VLOOKUP($A281,البيانات!$C$2:$M$207,4,FALSE)*C:C,\"\")","v":""},0,null,0]
[null,null,null,{"$f":"IFERROR(VLOOKUP($A282,البيانات!$C$2:$M$207,2,FALSE)*C:C,\"\")","v":""},{"$f":"IFERROR(VLOOKUP($A282,البيانات!$C$2:$M$207,3,FALSE)*C:C,\"\")","v":""},{"$f":"IFERROR(VLOOKUP($A282,البيانات!$C$2:$M$207,4,FALSE)*C:C,\"\")","v":""},0,null,0]
[null,null,null,{"$f":"IFERROR(VLOOKUP($A283,البيانات!$C$2:$M$207,2,FALSE)*C:C,\"\")","v":""},{"$f":"IFERROR(VLOOKUP($A283,البيانات!$C$2:$M$207,3,FALSE)*C:C,\"\")","v":""},{"$f":"IFERROR(VLOOKUP($A283,البيانات!$C$2:$M$207,4,FALSE)*C:C,\"\")","v":""},0,null,0]
[null,null,null,{"$f":"IFERROR(VLOOKUP($A284,البيانات!$C$2:$M$207,2,FALSE)*C:C,\"\")","v":""},{"$f":"IFERROR(VLOOKUP($A284,البيانات!$C$2:$M$207,3,FALSE)*C:C,\"\")","v":""},{"$f":"IFERROR(VLOOKUP($A284,البيانات!$C$2:$M$207,4,FALSE)*C:C,\"\")","v":""},0,null,0]
[null,null,null,{"$f":"IFERROR(VLOOKUP($A285,البيانات!$C$2:$M$207,2,FALSE)*C:C,\"\")","v":""},{"$f":"IFERROR(VLOOKUP($A285,البيانات!$C$2:$M$207,3,FALSE)*C:C,\"\")","v":""},{"$f":"IFERROR(VLOOKUP($A285,البيانات!$C$2:$M$207,4,FALSE)*C:C,\"\")","v":""},0,null,0]
[null,null,null,{"$f":"IFERROR(VLOOKUP($A286,البيانات!$C$2:$M$207,2,FALSE)*C:C,\"\")","v":""},{"$f":"IFERROR(VLOOKUP($A286,البيانات!$C$2:$M$207,3,FALSE)*C:C,\"\")","v":""},{"$f":"IFERROR(VLOOKUP($A286,البيانات!$C$2:$M$207,4,FALSE)*C:C,\"\")","v":""},0,null,0]
[null,null,null,{"$f":"IFERROR(VLOOKUP($A287,البيانات!$C$2:$M$207,2,FALSE)*C:C,\"\")","v":""},{"$f":"IFERROR(VLOOKUP($A287,البيانات!$C$2:$M$207,3,FALSE)*C:C,\"\")","v":""},{"$f":"IFERROR(VLOOKUP($A287,البيانات!$C$2:$M$207,4,FALSE)*C:C,\"\")","v":""},0,null,0]
[null,null,null,{"$f":"IFERROR(VLOOKUP($A288,البيانات!$C$2:$M$207,2,FALSE)*C:C,\"\")","v":""},{"$f":"IFERROR(VLOOKUP($A288,البيانات!$C$2:$M$207,3,FALSE)*C:C,\"\")","v":""},{"$f":"IFERROR(VLOOKUP($A288,البيانات!$C$2:$M$207,4,FALSE)*C:C,\"\")","v":""},0,null,0]
[null,null,null,{"$f":"IFERROR(VLOOKUP($A289,البيانات!$C$2:$M$207,2,FALSE)*C:C,\"\")","v":""},{"$f":"IFERROR(VLOOKUP($A289,البيانات!$C$2:$M$207,3,FALSE)*C:C,\"\")","v":""},{"$f":"IFERROR(VLOOKUP($A289,البيانات!$C$2:$M$207,4,FALSE)*C:C,\"\")","v":""},0,null,0]
[null,null,null,{"$f":"IFERROR(VLOOKUP($A290,البيانات!$C$2:$M$207,2,FALSE)*C:C,\"\")","v":""},{"$f":"IFERROR(VLOOKUP($A290,البيانات!$C$2:$M$207,3,FALSE)*C:C,\"\")","v":""},{"$f":"IFERROR(VLOOKUP($A290,البيانات!$C$2:$M$207,4,FALSE)*C:C,\"\")","v":""},0,null,0]
[null,null,null,{"$f":"IFERROR(VLOOKUP($A291,البيانات!$C$2:$M$207,2,FALSE)*C:C,\"\")","v":""},{"$f":"IFERROR(VLOOKUP($A291,البيانات!$C$2:$M$207,3,FALSE)*C:C,\"\")","v":""},{"$f":"IFERROR(VLOOKUP($A291,البيانات!$C$2:$M$207,4,FALSE)*C:C,\"\")","v":""},0,null,0]
[null,null,null,{"$f":"IFERROR(VLOOKUP($A292,البيانات!$C$2:$M$207,2,FALSE)*C:C,\"\")","v":""},{"$f":"IFERROR(VLOOKUP($A292,البيانات!$C$2:$M$207,3,FALSE)*C:C,\"\")","v":""},{"$f":"IFERROR(VLOOKUP($A292,البيانات!$C$2:$M$207,4,FALSE)*C:C,\"\")","v":""},0,null,0]
[null,null,null,{"$f":"IFERROR(VLOOKUP($A293,البيانات!$C$2:$M$207,2,FALSE)*C:C,\"\")","v":""},{"$f":"IFERROR(VLOOKUP($A293,البيانات!$C$2:$M$207,3,FALSE)*C:C,\"\")","v":""},{"$f":"IFERROR(VLOOKUP($A293,البيانات!$C$2:$M$207,4,FALSE)*C:C,\"\")","v":""},0,null,0]
[null,null,null,{"$f":"IFERROR(VLOOKUP($A294,البيانات!$C$2:$M$207,2,FALSE)*C:C,\"\")","v":""},{"$f":"IFERROR(VLOOKUP($A294,البيانات!$C$2:$M$207,3,FALSE)*C:C,\"\")","v":""},{"$f":"IFERROR(VLOOKUP($A294,البيانات!$C$2:$M$207,4,FALSE)*C:C,\"\")","v":""},0,null,0]
[null,null,null,{"$f":"IFERROR(VLOOKUP($A295,البيانات!$C$2:$M$207,2,FALSE)*C:C,\"\")","v":""},{"$f":"IFERROR(VLOOKUP($A295,البيانات!$C$2:$M$207,3,FALSE)*C:C,\"\")","v":""},{"$f":"IFERROR(VLOOKUP($A295,البيانات!$C$2:$M$207,4,FALSE)*C:C,\"\")","v":""},0,null,0]
[null,null,null,{"$f":"IFERROR(VLOOKUP($A296,البيانات!$C$2:$M$207,2,FALSE)*C:C,\"\")","v":""},{"$f":"IFERROR(VLOOKUP($A296,البيانات!$C$2:$M$207,3,FALSE)*C:C,\"\")","v":""},{"$f":"IFERROR(VLOOKUP($A296,البيانات!$C$2:$M$207,4,FALSE)*C:C,\"\")","v":""},0,null,0]
[null,null,null,{"$f":"IFERROR(VLOOKUP($A297,البيانات!$C$2:$M$207,2,FALSE)*C:C,\"\")","v":""},{"$f":"IFERROR(VLOOKUP($A297,البيانات!$C$2:$M$207,3,FALSE)*C:C,\"\")","v":""},{"$f":"IFERROR(VLOOKUP($A297,البيانات!$C$2:$M$207,4,FALSE)*C:C,\"\")","v":""},0,null,0]
[null,null,null,{"$f":"IFERROR(VLOOKUP($A298,البيانات!$C$2:$M$207,2,FALSE)*C:C,\"\")","v":""},{"$f":"IFERROR(VLOOKUP($A298,البيانات!$C$2:$M$207,3,FALSE)*C:C,\"\")","v":""},{"$f":"IFERROR(VLOOKUP($A298,البيانات!$C$2:$M$207,4,FALSE)*C:C,\"\")","v":""},0,null,0]
[null,null,null,{"$f":"IFERROR(VLOOKUP($A299,البيانات!$C$2:$M$207,2,FALSE)*C:C,\"\")","v":""},{"$f":"IFERROR(VLOOKUP($A299,البيانات!$C$2:$M$207,3,FALSE)*C:C,\"\")","v":""},{"$f":"IFERROR(VLOOKUP($A299,البيانات!$C$2:$M$207,4,FALSE)*C:C,\"\")","v":""},0,null,0]
[null,null,null,{"$f":"IFERROR(VLOOKUP($A300,البيانات!$C$2:$M$207,2,FALSE)*C:C,\"\")","v":""},{"$f":"IFERROR(VLOOKUP($A300,البيانات!$C$2:$M$207,3,FALSE)*C:C,\"\")","v":""},{"$f":"IFERROR(VLOOKUP($A300,البيانات!$C$2:$M$207,4,FALSE)*C:C,\"\")","v":""},0,null,0]
[null,null,null,{"$f":"IFERROR(VLOOKUP($A301,البيانات!$C$2:$M$207,2,FALSE)*C:C,\"\")","v":""},{"$f":"IFERROR(VLOOKUP($A301,البيانات!$C$2:$M$207,3,FALSE)*C:C,\"\")","v":""},{"$f":"IFERROR(VLOOKUP($A301,البيانات!$C$2:$M$207,4,FALSE)*C:C,\"\")","v":""},0,null,0]
[null,null,null,{"$f":"IFERROR(VLOOKUP($A302,البيانات!$C$2:$M$207,2,FALSE)*C:C,\"\")","v":""},{"$f":"IFERROR(VLOOKUP($A302,البيانات!$C$2:$M$207,3,FALSE)*C:C,\"\")","v":""},{"$f":"IFERROR(VLOOKUP($A302,البيانات!$C$2:$M$207,4,FALSE)*C:C,\"\")","v":""},0,null,0]
[null,null,null,{"$f":"IFERROR(VLOOKUP($A303,البيانات!$C$2:$M$207,2,FALSE)*C:C,\"\")","v":""},{"$f":"IFERROR(VLOOKUP($A303,البيانات!$C$2:$M$207,3,FALSE)*C:C,\"\")","v":""},{"$f":"IFERROR(VLOOKUP($A303,البيانات!$C$2:$M$207,4,FALSE)*C:C,\"\")","v":""},0,null,0]
[null,null,null,{"$f":"IFERROR(VLOOKUP($A304,البيانات!$C$2:$M$207,2,FALSE)*C:C,\"\")","v":""},{"$f":"IFERROR(VLOOKUP($A304,البيانات!$C$2:$M$207,3,FALSE)*C:C,\"\")","v":""},{"$f":"IFERROR(VLOOKUP($A304,البيانات!$C$2:$M$207,4,FALSE)*C:C,\"\")","v":""},0,null,0]
[null,null,null,{"$f":"IFERROR(VLOOKUP($A305,البيانات!$C$2:$M$207,2,FALSE)*C:C,\"\")","v":""},{"$f":"IFERROR(VLOOKUP($A305,البيانات!$C$2:$M$207,3,FALSE)*C:C,\"\")","v":""},{"$f":"IFERROR(VLOOKUP($A305,البيانات!$C$2:$M$207,4,FALSE)*C:C,\"\")","v":""},0,null,0]
[null,null,null,{"$f":"IFERROR(VLOOKUP($A306,البيانات!$C$2:$M$207,2,FALSE)*C:C,\"\")","v":""},{"$f":"IFERROR(VLOOKUP($A306,البيانات!$C$2:$M$207,3,FALSE)*C:C,\"\")","v":""},{"$f":"IFERROR(VLOOKUP($A306,البيانات!$C$2:$M$207,4,FALSE)*C:C,\"\")","v":""},0,null,0]
[null,null,null,{"$f":"IFERROR(VLOOKUP($A307,البيانات!$C$2:$M$207,2,FALSE)*C:C,\"\")","v":""},{"$f":"IFERROR(VLOOKUP($A307,البيانات!$C$2:$M$207,3,FALSE)*C:C,\"\")","v":""},{"$f":"IFERROR(VLOOKUP($A307,البيانات!$C$2:$M$207,4,FALSE)*C:C,\"\")","v":""},0,null,0]
[null,null,null,{"$f":"IFERROR(VLOOKUP($A308,البيانات!$C$2:$M$207,2,FALSE)*C:C,\"\")","v":""},{"$f":"IFERROR(VLOOKUP($A308,البيانات!$C$2:$M$207,3,FALSE)*C:C,\"\")","v":""},{"$f":"IFERROR(VLOOKUP($A308,البيانات!$C$2:$M$207,4,FALSE)*C:C,\"\")","v":""},0,null,0]
[null,null,null,{"$f":"IFERROR(VLOOKUP($A309,البيانات!$C$2:$M$207,2,FALSE)*C:C,\"\")","v":""},{"$f":"IFERROR(VLOOKUP($A309,البيانات!$C$2:$M$207,3,FALSE)*C:C,\"\")","v":""},{"$f":"IFERROR(VLOOKUP($A309,البيانات!$C$2:$M$207,4,FALSE)*C:C,\"\")","v":""},0,null,0]
[null,null,null,{"$f":"IFERROR(VLOOKUP($A310,البيانات!$C$2:$M$207,2,FALSE)*C:C,\"\")","v":""},{"$f":"IFERROR(VLOOKUP($A310,البيانات!$C$2:$M$207,3,FALSE)*C:C,\"\")","v":""},{"$f":"IFERROR(VLOOKUP($A310,البيانات!$C$2:$M$207,4,FALSE)*C:C,\"\")","v":""},0,null,0]
[null,null,null,{"$f":"IFERROR(VLOOKUP($A311,البيانات!$C$2:$M$207,2,FALSE)*C:C,\"\")","v":""},{"$f":"IFERROR(VLOOKUP($A311,البيانات!$C$2:$M$207,3,FALSE)*C:C,\"\")","v":""},{"$f":"IFERROR(VLOOKUP($A311,البيانات!$C$2:$M$207,4,FALSE)*C:C,\"\")","v":""},0,null,0]
[null,null,null,{"$f":"IFERROR(VLOOKUP($A312,البيانات!$C$2:$M$207,2,FALSE)*C:C,\"\")","v":""},{"$f":"IFERROR(VLOOKUP($A312,البيانات!$C$2:$M$207,3,FALSE)*C:C,\"\")","v":""},{"$f":"IFERROR(VLOOKUP($A312,البيانات!$C$2:$M$207,4,FALSE)*C:C,\"\")","v":""},0,null,0]
[null,null,null,{"$f":"IFERROR(VLOOKUP($A313,البيانات!$C$2:$M$207,2,FALSE)*C:C,\"\")","v":""},{"$f":"IFERROR(VLOOKUP($A313,البيانات!$C$2:$M$207,3,FALSE)*C:C,\"\")","v":""},{"$f":"IFERROR(VLOOKUP($A313,البيانات!$C$2:$M$207,4,FALSE)*C:C,\"\")","v":""},0,null,0]
[null,null,null,{"$f":"IFERROR(VLOOKUP($A314,البيانات!$C$2:$M$207,2,FALSE)*C:C,\"\")","v":""},{"$f":"IFERROR(VLOOKUP($A314,البيانات!$C$2:$M$207,3,FALSE)*C:C,\"\")","v":""},{"$f":"IFERROR(VLOOKUP($A314,البيانات!$C$2:$M$207,4,FALSE)*C:C,\"\")","v":""},0,null,0]
[null,null,null,{"$f":"IFERROR(VLOOKUP($A315,البيانات!$C$2:$M$207,2,FALSE)*C:C,\"\")","v":""},{"$f":"IFERROR(VLOOKUP($A315,البيانات!$C$2:$M$207,3,FALSE)*C:C,\"\")","v":""},{"$f":"IFERROR(VLOOKUP($A315,البيانات!$C$2:$M$207,4,FALSE)*C:C,\"\")","v":""},0,null,0]
[null,null,null,{"$f":"IFERROR(VLOOKUP($A316,البيانات!$C$2:$M$207,2,FALSE)*C:C,\"\")","v":""},{"$f":"IFERROR(VLOOKUP($A316,البيانات!$C$2:$M$207,3,FALSE)*C:C,\"\")","v":""},{"$f":"IFERROR(VLOOKUP($A316,البيانات!$C$2:$M$207,4,FALSE)*C:C,\"\")","v":""},0,null,0]
[null,null,null,{"$f":"IFERROR(VLOOKUP($A317,البيانات!$C$2:$M$207,2,FALSE)*C:C,\"\")","v":""},{"$f":"IFERROR(VLOOKUP($A317,البيانات!$C$2:$M$207,3,FALSE)*C:C,\"\")","v":""},{"$f":"IFERROR(VLOOKUP($A317,البيانات!$C$2:$M$207,4,FALSE)*C:C,\"\")","v":""},0,null,0]
[null,null,null,{"$f":"IFERROR(VLOOKUP($A318,البيانات!$C$2:$M$207,2,FALSE)*C:C,\"\")","v":""},{"$f":"IFERROR(VLOOKUP($A318,البيانات!$C$2:$M$207,3,FALSE)*C:C,\"\")","v":""},{"$f":"IFERROR(VLOOKUP($A318,البيانات!$C$2:$M$207,4,FALSE)*C:C,\"\")","v":""},0,null,0]
[null,null,null,{"$f":"IFERROR(VLOOKUP($A319,البيانات!$C$2:$M$207,2,FALSE)*C:C,\"\")","v":""},{"$f":"IFERROR(VLOOKUP($A319,البيانات!$C$2:$M$207,3,FALSE)*C:C,\"\")","v":""},{"$f":"IFERROR(VLOOKUP($A319,البيانات!$C$2:$M$207,4,FALSE)*C:C,\"\")","v":""},0,null,0]
[null,null,null,{"$f":"IFERROR(VLOOKUP($A320,البيانات!$C$2:$M$207,2,FALSE)*C:C,\"\")","v":""},{"$f":"IFERROR(VLOOKUP($A320,البيانات!$C$2:$M$207,3,FALSE)*C:C,\"\")","v":""},{"$f":"IFERROR(VLOOKUP($A320,البيانات!$C$2:$M$207,4,FALSE)*C:C,\"\")","v":""},0,null,0]
[null,null,null,{"$f":"IFERROR(VLOOKUP($A321,البيانات!$C$2:$M$207,2,FALSE)*C:C,\"\")","v":""},{"$f":"IFERROR(VLOOKUP($A321,البيانات!$C$2:$M$207,3,FALSE)*C:C,\"\")","v":""},{"$f":"IFERROR(VLOOKUP($A321,البيانات!$C$2:$M$207,4,FALSE)*C:C,\"\")","v":""},0,null,0]
[null,null,null,{"$f":"IFERROR(VLOOKUP($A322,البيانات!$C$2:$M$207,2,FALSE)*C:C,\"\")","v":""},{"$f":"IFERROR(VLOOKUP($A322,البيانات!$C$2:$M$207,3,FALSE)*C:C,\"\")","v":""},{"$f":"IFERROR(VLOOKUP($A322,البيانات!$C$2:$M$207,4,FALSE)*C:C,\"\")","v":""},0,null,0]
[null,null,null,{"$f":"IFERROR(VLOOKUP($A323,البيانات!$C$2:$M$207,2,FALSE)*C:C,\"\")","v":""},{"$f":"IFERROR(VLOOKUP($A323,البيانات!$C$2:$M$207,3,FALSE)*C:C,\"\")","v":""},{"$f":"IFERROR(VLOOKUP($A323,البيانات!$C$2:$M$207,4,FALSE)*C:C,\"\")","v":""},0,null,0]
[null,null,null,{"$f":"IFERROR(VLOOKUP($A324,البيانات!$C$2:$M$207,2,FALSE)*C:C,\"\")","v":""},{"$f":"IFERROR(VLOOKUP($A324,البيانات!$C$2:$M$207,3,FALSE)*C:C,\"\")","v":""},{"$f":"IFERROR(VLOOKUP($A324,البيانات!$C$2:$M$207,4,FALSE)*C:C,\"\")","v":""},0,null,0]
[null,null,null,{"$f":"IFERROR(VLOOKUP($A325,البيانات!$C$2:$M$207,2,FALSE)*C:C,\"\")","v":""},{"$f":"IFERROR(VLOOKUP($A325,البيانات!$C$2:$M$207,3,FALSE)*C:C,\"\")","v":""},{"$f":"IFERROR(VLOOKUP($A325,البيانات!$C$2:$M$207,4,FALSE)*C:C,\"\")","v":""},0,null,0]
[null,null,null,{"$f":"IFERROR(VLOOKUP($A326,البيانات!$C$2:$M$207,2,FALSE)*C:C,\"\")","v":""},{"$f":"IFERROR(VLOOKUP($A326,البيانات!$C$2:$M$207,3,FALSE)*C:C,\"\")","v":""},{"$f":"IFERROR(VLOOKUP($A326,البيانات!$C$2:$M$207,4,FALSE)*C:C,\"\")","v":""},0,null,{"$f":"IFERROR(H326-G326,\"\")","v":0}]
[null,null,null,{"$f":"IFERROR(VLOOKUP($A327,البيانات!$C$2:$M$207,2,FALSE)*C:C,\"\")","v":""},{"$f":"IFERROR(VLOOKUP($A327,البيانات!$C$2:$M$207,3,FALSE)*C:C,\"\")","v":""},{"$f":"IFERROR(VLOOKUP($A327,البيانات!$C$2:$M$207,4,FALSE)*C:C,\"\")","v":""},0,null,0]
[null,null,null,{"$f":"IFERROR(VLOOKUP($A328,البيانات!$C$2:$M$207,2,FALSE)*C:C,\"\")","v":""},{"$f":"IFERROR(VLOOKUP($A328,البيانات!$C$2:$M$207,3,FALSE)*C:C,\"\")","v":""},{"$f":"IFERROR(VLOOKUP($A328,البيانات!$C$2:$M$207,4,FALSE)*C:C,\"\")","v":""},0,null,0]
[null,null,null,{"$f":"IFERROR(VLOOKUP($A329,البيانات!$C$2:$M$207,2,FALSE)*C:C,\"\")","v":""},{"$f":"IFERROR(VLOOKUP($A329,البيانات!$C$2:$M$207,3,FALSE)*C:C,\"\")","v":""},{"$f":"IFERROR(VLOOKUP($A329,البيانات!$C$2:$M$207,4,FALSE)*C:C,\"\")","v":""},0,null,0]
[null,null,null,{"$f":"IFERROR(VLOOKUP($A330,البيانات!$C$2:$M$207,2,FALSE)*C:C,\"\")","v":""},{"$f":"IFERROR(VLOOKUP($A330,البيانات!$C$2:$M$207,3,FALSE)*C:C,\"\")","v":""},{"$f":"IFERROR(VLOOKUP($A330,البيانات!$C$2:$M$207,4,FALSE)*C:C,\"\")","v":""},0,null,0]
[null,null,null,{"$f":"IFERROR(VLOOKUP($A331,البيانات!$C$2:$M$207,2,FALSE)*C:C,\"\")","v":""},{"$f":"IFERROR(VLOOKUP($A331,البيانات!$C$2:$M$207,3,FALSE)*C:C,\"\")","v":""},{"$f":"IFERROR(VLOOKUP($A331,البيانات!$C$2:$M$207,4,FALSE)*C:C,\"\")","v":""},0,null,0]
[null,null,null,{"$f":"IFERROR(VLOOKUP($A332,البيانات!$C$2:$M$207,2,FALSE)*C:C,\"\")","v":""},{"$f":"IFERROR(VLOOKUP($A332,البيانات!$C$2:$M$207,3,FALSE)*C:C,\"\")","v":""},{"$f":"IFERROR(VLOOKUP($A332,البيانات!$C$2:$M$207,4,FALSE)*C:C,\"\")","v":""},0,null,0]
[null,null,null,{"$f":"IFERROR(VLOOKUP($A333,البيانات!$C$2:$M$207,2,FALSE)*C:C,\"\")","v":""},{"$f":"IFERROR(VLOOKUP($A333,البيانات!$C$2:$M$207,3,FALSE)*C:C,\"\")","v":""},{"$f":"IFERROR(VLOOKUP($A333,البيانات!$C$2:$M$207,4,FALSE)*C:C,\"\")","v":""},0,null,0]
[null,null,null,{"$f":"IFERROR(VLOOKUP($A334,البيانات!$C$2:$M$207,2,FALSE)*C:C,\"\")","v":""},{"$f":"IFERROR(VLOOKUP($A334,البيانات!$C$2:$M$207,3,FALSE)*C:C,\"\")","v":""},{"$f":"IFERROR(VLOOKUP($A334,البيانات!$C$2:$M$207,4,FALSE)*C:C,\"\")","v":""},0,null,0]
[null,null,null,{"$f":"IFERROR(VLOOKUP($A335,البيانات!$C$2:$M$207,2,FALSE)*C:C,\"\")","v":""},{"$f":"IFERROR(VLOOKUP($A335,البيانات!$C$2:$M$207,3,FALSE)*C:C,\"\")","v":""},{"$f":"IFERROR(VLOOKUP($A335,البيانات!$C$2:$M$207,4,FALSE)*C:C,\"\")","v":""},0,null,0]
[null,null,null,{"$f":"IFERROR(VLOOKUP($A336,البيانات!$C$2:$M$207,2,FALSE)*C:C,\"\")","v":""},{"$f":"IFERROR(VLOOKUP($A336,البيانات!$C$2:$M$207,3,FALSE)*C:C,\"\")","v":""},{"$f":"IFERROR(VLOOKUP($A336,البيانات!$C$2:$M$207,4,FALSE)*C:C,\"\")","v":""},0,null,0]
[null,null,null,{"$f":"IFERROR(VLOOKUP($A337,البيانات!$C$2:$M$207,2,FALSE)*C:C,\"\")","v":""},{"$f":"IFERROR(VLOOKUP($A337,البيانات!$C$2:$M$207,3,FALSE)*C:C,\"\")","v":""},{"$f":"IFERROR(VLOOKUP($A337,البيانات!$C$2:$M$207,4,FALSE)*C:C,\"\")","v":""},0,null,0]
[null,null,null,{"$f":"IFERROR(VLOOKUP($A338,البيانات!$C$2:$M$207,2,FALSE)*C:C,\"\")","v":""},{"$f":"IFERROR(VLOOKUP($A338,البيانات!$C$2:$M$207,3,FALSE)*C:C,\"\")","v":""},{"$f":"IFERROR(VLOOKUP($A338,البيانات!$C$2:$M$207,4,FALSE)*C:C,\"\")","v":""},0,null,0]
[null,null,null,{"$f":"IFERROR(VLOOKUP($A339,البيانات!$C$2:$M$207,2,FALSE)*C:C,\"\")","v":""},{"$f":"IFERROR(VLOOKUP($A339,البيانات!$C$2:$M$207,3,FALSE)*C:C,\"\")","v":""},{"$f":"IFERROR(VLOOKUP($A339,البيانات!$C$2:$M$207,4,FALSE)*C:C,\"\")","v":""},0,null,0]
[null,null,null,{"$f":"IFERROR(VLOOKUP($A340,البيانات!$C$2:$M$207,2,FALSE)*C:C,\"\")","v":""},{"$f":"IFERROR(VLOOKUP($A340,البيانات!$C$2:$M$207,3,FALSE)*C:C,\"\")","v":""},{"$f":"IFERROR(VLOOKUP($A340,البيانات!$C$2:$M$207,4,FALSE)*C:C,\"\")","v":""},0,null,0]
[null,null,null,{"$f":"IFERROR(VLOOKUP($A341,البيانات!$C$2:$M$207,2,FALSE)*C:C,\"\")","v":""},{"$f":"IFERROR(VLOOKUP($A341,البيانات!$C$2:$M$207,3,FALSE)*C:C,\"\")","v":""},{"$f":"IFERROR(VLOOKUP($A341,البيانات!$C$2:$M$207,4,FALSE)*C:C,\"\")","v":""},0,null,0]
[null,null,null,{"$f":"IFERROR(VLOOKUP($A342,البيانات!$C$2:$M$207,2,FALSE)*C:C,\"\")","v":""},{"$f":"IFERROR(VLOOKUP($A342,البيانات!$C$2:$M$207,3,FALSE)*C:C,\"\")","v":""},{"$f":"IFERROR(VLOOKUP($A342,البيانات!$C$2:$M$207,4,FALSE)*C:C,\"\")","v":""},0,null,0]
[null,null,null,{"$f":"IFERROR(VLOOKUP($A343,البيانات!$C$2:$M$207,2,FALSE)*C:C,\"\")","v":""},{"$f":"IFERROR(VLOOKUP($A343,البيانات!$C$2:$M$207,3,FALSE)*C:C,\"\")","v":""},{"$f":"IFERROR(VLOOKUP($A343,البيانات!$C$2:$M$207,4,FALSE)*C:C,\"\")","v":""},{"$f":"IFERROR(C343*B343,\"\")","v":0},null,0]
[null,null,null,{"$f":"IFERROR(VLOOKUP($A344,البيانات!$C$2:$M$207,2,FALSE)*C:C,\"\")","v":""},{"$f":"IFERROR(VLOOKUP($A344,البيانات!$C$2:$M$207,3,FALSE)*C:C,\"\")","v":""},{"$f":"IFERROR(VLOOKUP($A344,البيانات!$C$2:$M$207,4,FALSE)*C:C,\"\")","v":""},0,null,0]
[null,null,null,{"$f":"IFERROR(VLOOKUP($A345,البيانات!$C$2:$M$207,2,FALSE)*C:C,\"\")","v":""},{"$f":"IFERROR(VLOOKUP($A345,البيانات!$C$2:$M$207,3,FALSE)*C:C,\"\")","v":""},{"$f":"IFERROR(VLOOKUP($A345,البيانات!$C$2:$M$207,4,FALSE)*C:C,\"\")","v":""},0,null,0]
[null,null,null,{"$f":"IFERROR(VLOOKUP($A346,البيانات!$C$2:$M$207,2,FALSE)*C:C,\"\")","v":""},{"$f":"IFERROR(VLOOKUP($A346,البيانات!$C$2:$M$207,3,FALSE)*C:C,\"\")","v":""},{"$f":"IFERROR(VLOOKUP($A346,البيانات!$C$2:$M$207,4,FALSE)*C:C,\"\")","v":""},0,null,0]
[null,null,null,{"$f":"IFERROR(VLOOKUP($A347,البيانات!$C$2:$M$207,2,FALSE)*C:C,\"\")","v":""},{"$f":"IFERROR(VLOOKUP($A347,البيانات!$C$2:$M$207,3,FALSE)*C:C,\"\")","v":""},{"$f":"IFERROR(VLOOKUP($A347,البيانات!$C$2:$M$207,4,FALSE)*C:C,\"\")","v":""},0,null,0]
[null,null,null,{"$f":"IFERROR(VLOOKUP($A348,البيانات!$C$2:$M$207,2,FALSE)*C:C,\"\")","v":""},{"$f":"IFERROR(VLOOKUP($A348,البيانات!$C$2:$M$207,3,FALSE)*C:C,\"\")","v":""},{"$f":"IFERROR(VLOOKUP($A348,البيانات!$C$2:$M$207,4,FALSE)*C:C,\"\")","v":""},0,null,0]
[null,null,null,{"$f":"IFERROR(VLOOKUP($A349,البيانات!$C$2:$M$207,2,FALSE)*C:C,\"\")","v":""},{"$f":"IFERROR(VLOOKUP($A349,البيانات!$C$2:$M$207,3,FALSE)*C:C,\"\")","v":""},{"$f":"IFERROR(VLOOKUP($A349,البيانات!$C$2:$M$207,4,FALSE)*C:C,\"\")","v":""},0,null,0]
[null,null,null,{"$f":"IFERROR(VLOOKUP($A350,البيانات!$C$2:$M$207,2,FALSE)*C:C,\"\")","v":""},{"$f":"IFERROR(VLOOKUP($A350,البيانات!$C$2:$M$207,3,FALSE)*C:C,\"\")","v":""},{"$f":"IFERROR(VLOOKUP($A350,البيانات!$C$2:$M$207,4,FALSE)*C:C,\"\")","v":""},0,null,0]
[null,null,null,{"$f":"IFERROR(VLOOKUP($A351,البيانات!$C$2:$M$207,2,FALSE)*C:C,\"\")","v":""},{"$f":"IFERROR(VLOOKUP($A351,البيانات!$C$2:$M$207,3,FALSE)*C:C,\"\")","v":""},{"$f":"IFERROR(VLOOKUP($A351,البيانات!$C$2:$M$207,4,FALSE)*C:C,\"\")","v":""},0,null,0]
[null,null,null,{"$f":"IFERROR(VLOOKUP($A352,البيانات!$C$2:$M$207,2,FALSE)*C:C,\"\")","v":""},{"$f":"IFERROR(VLOOKUP($A352,البيانات!$C$2:$M$207,3,FALSE)*C:C,\"\")","v":""},{"$f":"IFERROR(VLOOKUP($A352,البيانات!$C$2:$M$207,4,FALSE)*C:C,\"\")","v":""},0,null,0]
[null,null,null,{"$f":"IFERROR(VLOOKUP($A353,البيانات!$C$2:$M$207,2,FALSE)*C:C,\"\")","v":""},{"$f":"IFERROR(VLOOKUP($A353,البيانات!$C$2:$M$207,3,FALSE)*C:C,\"\")","v":""},{"$f":"IFERROR(VLOOKUP($A353,البيانات!$C$2:$M$207,4,FALSE)*C:C,\"\")","v":""},0,null,0]
[null,null,null,{"$f":"IFERROR(VLOOKUP($A354,البيانات!$C$2:$M$207,2,FALSE)*C:C,\"\")","v":""},{"$f":"IFERROR(VLOOKUP($A354,البيانات!$C$2:$M$207,3,FALSE)*C:C,\"\")","v":""},{"$f":"IFERROR(VLOOKUP($A354,البيانات!$C$2:$M$207,4,FALSE)*C:C,\"\")","v":""},0,null,0]
[null,null,null,{"$f":"IFERROR(VLOOKUP($A355,البيانات!$C$2:$M$207,2,FALSE)*C:C,\"\")","v":""},{"$f":"IFERROR(VLOOKUP($A355,البيانات!$C$2:$M$207,3,FALSE)*C:C,\"\")","v":""},{"$f":"IFERROR(VLOOKUP($A355,البيانات!$C$2:$M$207,4,FALSE)*C:C,\"\")","v":""},0,null,0]
[null,null,null,{"$f":"IFERROR(VLOOKUP($A356,البيانات!$C$2:$M$207,2,FALSE)*C:C,\"\")","v":""},{"$f":"IFERROR(VLOOKUP($A356,البيانات!$C$2:$M$207,3,FALSE)*C:C,\"\")","v":""},{"$f":"IFERROR(VLOOKUP($A356,البيانات!$C$2:$M$207,4,FALSE)*C:C,\"\")","v":""},0,null,0]
[null,null,null,{"$f":"IFERROR(VLOOKUP($A357,البيانات!$C$2:$M$207,2,FALSE)*C:C,\"\")","v":""},{"$f":"IFERROR(VLOOKUP($A357,البيانات!$C$2:$M$207,3,FALSE)*C:C,\"\")","v":""},{"$f":"IFERROR(VLOOKUP($A357,البيانات!$C$2:$M$207,4,FALSE)*C:C,\"\")","v":""},0,null,0]
[null,null,null,{"$f":"IFERROR(VLOOKUP($A358,البيانات!$C$2:$M$207,2,FALSE)*C:C,\"\")","v":""},{"$f":"IFERROR(VLOOKUP($A358,البيانات!$C$2:$M$207,3,FALSE)*C:C,\"\")","v":""},{"$f":"IFERROR(VLOOKUP($A358,البيانات!$C$2:$M$207,4,FALSE)*C:C,\"\")","v":""},0,null,0]
[null,null,null,{"$f":"IFERROR(VLOOKUP($A359,البيانات!$C$2:$M$207,2,FALSE)*C:C,\"\")","v":""},{"$f":"IFERROR(VLOOKUP($A359,البيانات!$C$2:$M$207,3,FALSE)*C:C,\"\")","v":""},{"$f":"IFERROR(VLOOKUP($A359,البيانات!$C$2:$M$207,4,FALSE)*C:C,\"\")","v":""},0,null,0]
[null,null,null,{"$f":"IFERROR(VLOOKUP($A360,البيانات!$C$2:$M$207,2,FALSE)*C:C,\"\")","v":""},{"$f":"IFERROR(VLOOKUP($A360,البيانات!$C$2:$M$207,3,FALSE)*C:C,\"\")","v":""},{"$f":"IFERROR(VLOOKUP($A360,البيانات!$C$2:$M$207,4,FALSE)*C:C,\"\")","v":""},0,null,0]
[null,null,null,{"$f":"IFERROR(VLOOKUP($A361,البيانات!$C$2:$M$207,2,FALSE)*C:C,\"\")","v":""},{"$f":"IFERROR(VLOOKUP($A361,البيانات!$C$2:$M$207,3,FALSE)*C:C,\"\")","v":""},{"$f":"IFERROR(VLOOKUP($A361,البيانات!$C$2:$M$207,4,FALSE)*C:C,\"\")","v":""},0,null,0]
[null,null,null,{"$f":"IFERROR(VLOOKUP($A362,البيانات!$C$2:$M$207,2,FALSE)*C:C,\"\")","v":""},{"$f":"IFERROR(VLOOKUP($A362,البيانات!$C$2:$M$207,3,FALSE)*C:C,\"\")","v":""},{"$f":"IFERROR(VLOOKUP($A362,البيانات!$C$2:$M$207,4,FALSE)*C:C,\"\")","v":""},0,null,0]
[null,null,null,{"$f":"IFERROR(VLOOKUP($A363,البيانات!$C$2:$M$207,2,FALSE)*C:C,\"\")","v":""},{"$f":"IFERROR(VLOOKUP($A363,البيانات!$C$2:$M$207,3,FALSE)*C:C,\"\")","v":""},{"$f":"IFERROR(VLOOKUP($A363,البيانات!$C$2:$M$207,4,FALSE)*C:C,\"\")","v":""},0,null,0]
[null,null,null,{"$f":"IFERROR(VLOOKUP($A364,البيانات!$C$2:$M$207,2,FALSE)*C:C,\"\")","v":""},{"$f":"IFERROR(VLOOKUP($A364,البيانات!$C$2:$M$207,3,FALSE)*C:C,\"\")","v":""},{"$f":"IFERROR(VLOOKUP($A364,البيانات!$C$2:$M$207,4,FALSE)*C:C,\"\")","v":""},0,null,0]
[null,null,null,{"$f":"IFERROR(VLOOKUP($A365,البيانات!$C$2:$M$207,2,FALSE)*C:C,\"\")","v":""},{"$f":"IFERROR(VLOOKUP($A365,البيانات!$C$2:$M$207,3,FALSE)*C:C,\"\")","v":""},{"$f":"IFERROR(VLOOKUP($A365,البيانات!$C$2:$M$207,4,FALSE)*C:C,\"\")","v":""},0,null,0]
[null,null,null,{"$f":"IFERROR(VLOOKUP($A366,البيانات!$C$2:$M$207,2,FALSE)*C:C,\"\")","v":""},{"$f":"IFERROR(VLOOKUP($A366,البيانات!$C$2:$M$207,3,FALSE)*C:C,\"\")","v":""},{"$f":"IFERROR(VLOOKUP($A366,البيانات!$C$2:$M$207,4,FALSE)*C:C,\"\")","v":""},0,null,0]
[null,null,null,{"$f":"IFERROR(VLOOKUP($A367,البيانات!$C$2:$M$207,2,FALSE)*C:C,\"\")","v":""},{"$f":"IFERROR(VLOOKUP($A367,البيانات!$C$2:$M$207,3,FALSE)*C:C,\"\")","v":""},{"$f":"IFERROR(VLOOKUP($A367,البيانات!$C$2:$M$207,4,FALSE)*C:C,\"\")","v":""},0,null,0]
[null,null,null,{"$f":"IFERROR(VLOOKUP($A368,البيانات!$C$2:$M$207,2,FALSE)*C:C,\"\")","v":""},{"$f":"IFERROR(VLOOKUP($A368,البيانات!$C$2:$M$207,3,FALSE)*C:C,\"\")","v":""},{"$f":"IFERROR(VLOOKUP($A368,البيانات!$C$2:$M$207,4,FALSE)*C:C,\"\")","v":""},0,null,0]
[null,null,null,{"$f":"IFERROR(VLOOKUP($A369,البيانات!$C$2:$M$207,2,FALSE)*C:C,\"\")","v":""},{"$f":"IFERROR(VLOOKUP($A369,البيانات!$C$2:$M$207,3,FALSE)*C:C,\"\")","v":""},{"$f":"IFERROR(VLOOKUP($A369,البيانات!$C$2:$M$207,4,FALSE)*C:C,\"\")","v":""},0,null,0]
[null,null,null,{"$f":"IFERROR(VLOOKUP($A370,البيانات!$C$2:$M$207,2,FALSE)*C:C,\"\")","v":""},{"$f":"IFERROR(VLOOKUP($A370,البيانات!$C$2:$M$207,3,FALSE)*C:C,\"\")","v":""},{"$f":"IFERROR(VLOOKUP($A370,البيانات!$C$2:$M$207,4,FALSE)*C:C,\"\")","v":""},0,null,0]
[null,null,null,{"$f":"IFERROR(VLOOKUP($A371,البيانات!$C$2:$M$207,2,FALSE)*C:C,\"\")","v":""},{"$f":"IFERROR(VLOOKUP($A371,البيانات!$C$2:$M$207,3,FALSE)*C:C,\"\")","v":""},{"$f":"IFERROR(VLOOKUP($A371,البيانات!$C$2:$M$207,4,FALSE)*C:C,\"\")","v":""},0,null,0]
[null,null,null,{"$f":"IFERROR(VLOOKUP($A372,البيانات!$C$2:$M$207,2,FALSE)*C:C,\"\")","v":""},{"$f":"IFERROR(VLOOKUP($A372,البيانات!$C$2:$M$207,3,FALSE)*C:C,\"\")","v":""},{"$f":"IFERROR(VLOOKUP($A372,البيانات!$C$2:$M$207,4,FALSE)*C:C,\"\")","v":""},0,null,0]
[null,null,null,{"$f":"IFERROR(VLOOKUP($A373,البيانات!$C$2:$M$207,2,FALSE)*C:C,\"\")","v":""},{"$f":"IFERROR(VLOOKUP($A373,البيانات!$C$2:$M$207,3,FALSE)*C:C,\"\")","v":""},{"$f":"IFERROR(VLOOKUP($A373,البيانات!$C$2:$M$207,4,FALSE)*C:C,\"\")","v":""},0,null,0]
[null,null,null,{"$f":"IFERROR(VLOOKUP($A374,البيانات!$C$2:$M$207,2,FALSE)*C:C,\"\")","v":""},{"$f":"IFERROR(VLOOKUP($A374,البيانات!$C$2:$M$207,3,FALSE)*C:C,\"\")","v":""},{"$f":"IFERROR(VLOOKUP($A374,البيانات!$C$2:$M$207,4,FALSE)*C:C,\"\")","v":""},0,null,0]
[null,null,null,{"$f":"IFERROR(VLOOKUP($A375,البيانات!$C$2:$M$207,2,FALSE)*C:C,\"\")","v":""},{"$f":"IFERROR(VLOOKUP($A375,البيانات!$C$2:$M$207,3,FALSE)*C:C,\"\")","v":""},{"$f":"IFERROR(VLOOKUP($A375,البيانات!$C$2:$M$207,4,FALSE)*C:C,\"\")","v":""},0,null,0]
[null,null,null,{"$f":"IFERROR(VLOOKUP($A376,البيانات!$C$2:$M$207,2,FALSE)*C:C,\"\")","v":""},{"$f":"IFERROR(VLOOKUP($A376,البيانات!$C$2:$M$207,3,FALSE)*C:C,\"\")","v":""},{"$f":"IFERROR(VLOOKUP($A376,البيانات!$C$2:$M$207,4,FALSE)*C:C,\"\")","v":""},0,null,0]
[null,null,null,{"$f":"IFERROR(VLOOKUP($A377,البيانات!$C$2:$M$207,2,FALSE)*C:C,\"\")","v":""},{"$f":"IFERROR(VLOOKUP($A377,البيانات!$C$2:$M$207,3,FALSE)*C:C,\"\")","v":""},{"$f":"IFERROR(VLOOKUP($A377,البيانات!$C$2:$M$207,4,FALSE)*C:C,\"\")","v":""},0,null,0]
[null,null,null,{"$f":"IFERROR(VLOOKUP($A378,البيانات!$C$2:$M$207,2,FALSE)*C:C,\"\")","v":""},{"$f":"IFERROR(VLOOKUP($A378,البيانات!$C$2:$M$207,3,FALSE)*C:C,\"\")","v":""},{"$f":"IFERROR(VLOOKUP($A378,البيانات!$C$2:$M$207,4,FALSE)*C:C,\"\")","v":""},0,null,0]
[null,null,null,{"$f":"IFERROR(VLOOKUP($A379,البيانات!$C$2:$M$207,2,FALSE)*C:C,\"\")","v":""},{"$f":"IFERROR(VLOOKUP($A379,البيانات!$C$2:$M$207,3,FALSE)*C:C,\"\")","v":""},{"$f":"IFERROR(VLOOKUP($A379,البيانات!$C$2:$M$207,4,FALSE)*C:C,\"\")","v":""},0,null,0]
[null,null,null,{"$f":"IFERROR(VLOOKUP($A380,البيانات!$C$2:$M$207,2,FALSE)*C:C,\"\")","v":""},{"$f":"IFERROR(VLOOKUP($A380,البيانات!$C$2:$M$207,3,FALSE)*C:C,\"\")","v":""},{"$f":"IFERROR(VLOOKUP($A380,البيانات!$C$2:$M$207,4,FALSE)*C:C,\"\")","v":""},0,null,0]
[null,null,null,{"$f":"IFERROR(VLOOKUP($A381,البيانات!$C$2:$M$207,2,FALSE)*C:C,\"\")","v":""},{"$f":"IFERROR(VLOOKUP($A381,البيانات!$C$2:$M$207,3,FALSE)*C:C,\"\")","v":""},{"$f":"IFERROR(VLOOKUP($A381,البيانات!$C$2:$M$207,4,FALSE)*C:C,\"\")","v":""},0,null,0]
[null,null,null,{"$f":"IFERROR(VLOOKUP($A382,البيانات!$C$2:$M$207,2,FALSE)*C:C,\"\")","v":""},{"$f":"IFERROR(VLOOKUP($A382,البيانات!$C$2:$M$207,3,FALSE)*C:C,\"\")","v":""},{"$f":"IFERROR(VLOOKUP($A382,البيانات!$C$2:$M$207,4,FALSE)*C:C,\"\")","v":""},0,null,0]
[null,null,null,{"$f":"IFERROR(VLOOKUP($A383,البيانات!$C$2:$M$207,2,FALSE)*C:C,\"\")","v":""},{"$f":"IFERROR(VLOOKUP($A383,البيانات!$C$2:$M$207,3,FALSE)*C:C,\"\")","v":""},{"$f":"IFERROR(VLOOKUP($A383,البيانات!$C$2:$M$207,4,FALSE)*C:C,\"\")","v":""},0,null,0]
[null,null,null,{"$f":"IFERROR(VLOOKUP($A384,البيانات!$C$2:$M$207,2,FALSE)*C:C,\"\")","v":""},{"$f":"IFERROR(VLOOKUP($A384,البيانات!$C$2:$M$207,3,FALSE)*C:C,\"\")","v":""},{"$f":"IFERROR(VLOOKUP($A384,البيانات!$C$2:$M$207,4,FALSE)*C:C,\"\")","v":""},0,null,0]
[null,null,null,{"$f":"IFERROR(VLOOKUP($A385,البيانات!$C$2:$M$207,2,FALSE)*C:C,\"\")","v":""},{"$f":"IFERROR(VLOOKUP($A385,البيانات!$C$2:$M$207,3,FALSE)*C:C,\"\")","v":""},{"$f":"IFERROR(VLOOKUP($A385,البيانات!$C$2:$M$207,4,FALSE)*C:C,\"\")","v":""},0,null,0]
[null,null,null,{"$f":"IFERROR(VLOOKUP($A386,البيانات!$C$2:$M$207,2,FALSE)*C:C,\"\")","v":""},{"$f":"IFERROR(VLOOKUP($A386,البيانات!$C$2:$M$207,3,FALSE)*C:C,\"\")","v":""},{"$f":"IFERROR(VLOOKUP($A386,البيانات!$C$2:$M$207,4,FALSE)*C:C,\"\")","v":""},0,null,0]
[null,null,null,{"$f":"IFERROR(VLOOKUP($A387,البيانات!$C$2:$M$207,2,FALSE)*C:C,\"\")","v":""},{"$f":"IFERROR(VLOOKUP($A387,البيانات!$C$2:$M$207,3,FALSE)*C:C,\"\")","v":""},{"$f":"IFERROR(VLOOKUP($A387,البيانات!$C$2:$M$207,4,FALSE)*C:C,\"\")","v":""},0,null,0]
[null,null,null,{"$f":"IFERROR(VLOOKUP($A388,البيانات!$C$2:$M$207,2,FALSE)*C:C,\"\")","v":""},{"$f":"IFERROR(VLOOKUP($A388,البيانات!$C$2:$M$207,3,FALSE)*C:C,\"\")","v":""},{"$f":"IFERROR(VLOOKUP($A388,البيانات!$C$2:$M$207,4,FALSE)*C:C,\"\")","v":""},0,null,0]
[null,null,null,{"$f":"IFERROR(VLOOKUP($A389,البيانات!$C$2:$M$207,2,FALSE)*C:C,\"\")","v":""},{"$f":"IFERROR(VLOOKUP($A389,البيانات!$C$2:$M$207,3,FALSE)*C:C,\"\")","v":""},{"$f":"IFERROR(VLOOKUP($A389,البيانات!$C$2:$M$207,4,FALSE)*C:C,\"\")","v":""},0,null,0]
[null,null,null,{"$f":"IFERROR(VLOOKUP($A390,البيانات!$C$2:$M$207,2,FALSE)*C:C,\"\")","v":""},{"$f":"IFERROR(VLOOKUP($A390,البيانات!$C$2:$M$207,3,FALSE)*C:C,\"\")","v":""},{"$f":"IFERROR(VLOOKUP($A390,البيانات!$C$2:$M$207,4,FALSE)*C:C,\"\")","v":""},0,null,{"$f":"IFERROR(H390-G390,\"\")","v":0}]
[null,null,null,{"$f":"IFERROR(VLOOKUP($A391,البيانات!$C$2:$M$207,2,FALSE)*C:C,\"\")","v":""},{"$f":"IFERROR(VLOOKUP($A391,البيانات!$C$2:$M$207,3,FALSE)*C:C,\"\")","v":""},{"$f":"IFERROR(VLOOKUP($A391,البيانات!$C$2:$M$207,4,FALSE)*C:C,\"\")","v":""},0,null,0]
[null,null,null,{"$f":"IFERROR(VLOOKUP($A392,البيانات!$C$2:$M$207,2,FALSE)*C:C,\"\")","v":""},{"$f":"IFERROR(VLOOKUP($A392,البيانات!$C$2:$M$207,3,FALSE)*C:C,\"\")","v":""},{"$f":"IFERROR(VLOOKUP($A392,البيانات!$C$2:$M$207,4,FALSE)*C:C,\"\")","v":""},0,null,0]
[null,null,null,{"$f":"IFERROR(VLOOKUP($A393,البيانات!$C$2:$M$207,2,FALSE)*C:C,\"\")","v":""},{"$f":"IFERROR(VLOOKUP($A393,البيانات!$C$2:$M$207,3,FALSE)*C:C,\"\")","v":""},{"$f":"IFERROR(VLOOKUP($A393,البيانات!$C$2:$M$207,4,FALSE)*C:C,\"\")","v":""},0,null,0]
[null,null,null,{"$f":"IFERROR(VLOOKUP($A394,البيانات!$C$2:$M$207,2,FALSE)*C:C,\"\")","v":""},{"$f":"IFERROR(VLOOKUP($A394,البيانات!$C$2:$M$207,3,FALSE)*C:C,\"\")","v":""},{"$f":"IFERROR(VLOOKUP($A394,البيانات!$C$2:$M$207,4,FALSE)*C:C,\"\")","v":""},0,null,0]
[null,null,null,{"$f":"IFERROR(VLOOKUP($A395,البيانات!$C$2:$M$207,2,FALSE)*C:C,\"\")","v":""},{"$f":"IFERROR(VLOOKUP($A395,البيانات!$C$2:$M$207,3,FALSE)*C:C,\"\")","v":""},{"$f":"IFERROR(VLOOKUP($A395,البيانات!$C$2:$M$207,4,FALSE)*C:C,\"\")","v":""},0,null,0]
[null,null,null,{"$f":"IFERROR(VLOOKUP($A396,البيانات!$C$2:$M$207,2,FALSE)*C:C,\"\")","v":""},{"$f":"IFERROR(VLOOKUP($A396,البيانات!$C$2:$M$207,3,FALSE)*C:C,\"\")","v":""},{"$f":"IFERROR(VLOOKUP($A396,البيانات!$C$2:$M$207,4,FALSE)*C:C,\"\")","v":""},0,null,0]
[null,null,null,{"$f":"IFERROR(VLOOKUP($A397,البيانات!$C$2:$M$207,2,FALSE)*C:C,\"\")","v":""},{"$f":"IFERROR(VLOOKUP($A397,البيانات!$C$2:$M$207,3,FALSE)*C:C,\"\")","v":""},{"$f":"IFERROR(VLOOKUP($A397,البيانات!$C$2:$M$207,4,FALSE)*C:C,\"\")","v":""},0,null,0]
[null,null,null,{"$f":"IFERROR(VLOOKUP($A398,البيانات!$C$2:$M$207,2,FALSE)*C:C,\"\")","v":""},{"$f":"IFERROR(VLOOKUP($A398,البيانات!$C$2:$M$207,3,FALSE)*C:C,\"\")","v":""},{"$f":"IFERROR(VLOOKUP($A398,البيانات!$C$2:$M$207,4,FALSE)*C:C,\"\")","v":""},0,null,0]
[null,null,null,{"$f":"IFERROR(VLOOKUP($A399,البيانات!$C$2:$M$207,2,FALSE)*C:C,\"\")","v":""},{"$f":"IFERROR(VLOOKUP($A399,البيانات!$C$2:$M$207,3,FALSE)*C:C,\"\")","v":""},{"$f":"IFERROR(VLOOKUP($A399,البيانات!$C$2:$M$207,4,FALSE)*C:C,\"\")","v":""},0,null,0]
[null,null,null,{"$f":"IFERROR(VLOOKUP($A400,البيانات!$C$2:$M$207,2,FALSE)*C:C,\"\")","v":""},{"$f":"IFERROR(VLOOKUP($A400,البيانات!$C$2:$M$207,3,FALSE)*C:C,\"\")","v":""},{"$f":"IFERROR(VLOOKUP($A400,البيانات!$C$2:$M$207,4,FALSE)*C:C,\"\")","v":""},0,null,0]
[null,null,null,{"$f":"IFERROR(VLOOKUP($A401,البيانات!$C$2:$M$207,2,FALSE)*C:C,\"\")","v":""},{"$f":"IFERROR(VLOOKUP($A401,البيانات!$C$2:$M$207,3,FALSE)*C:C,\"\")","v":""},{"$f":"IFERROR(VLOOKUP($A401,البيانات!$C$2:$M$207,4,FALSE)*C:C,\"\")","v":""},0,null,0]
[null,null,null,{"$f":"IFERROR(VLOOKUP($A402,البيانات!$C$2:$M$207,2,FALSE)*C:C,\"\")","v":""},{"$f":"IFERROR(VLOOKUP($A402,البيانات!$C$2:$M$207,3,FALSE)*C:C,\"\")","v":""},{"$f":"IFERROR(VLOOKUP($A402,البيانات!$C$2:$M$207,4,FALSE)*C:C,\"\")","v":""},0,null,0]
[null,null,null,{"$f":"IFERROR(VLOOKUP($A403,البيانات!$C$2:$M$207,2,FALSE)*C:C,\"\")","v":""},{"$f":"IFERROR(VLOOKUP($A403,البيانات!$C$2:$M$207,3,FALSE)*C:C,\"\")","v":""},{"$f":"IFERROR(VLOOKUP($A403,البيانات!$C$2:$M$207,4,FALSE)*C:C,\"\")","v":""},0,null,0]
[null,null,null,{"$f":"IFERROR(VLOOKUP($A404,البيانات!$C$2:$M$207,2,FALSE)*C:C,\"\")","v":""},{"$f":"IFERROR(VLOOKUP($A404,البيانات!$C$2:$M$207,3,FALSE)*C:C,\"\")","v":""},{"$f":"IFERROR(VLOOKUP($A404,البيانات!$C$2:$M$207,4,FALSE)*C:C,\"\")","v":""},0,null,0]
[null,null,null,{"$f":"IFERROR(VLOOKUP($A405,البيانات!$C$2:$M$207,2,FALSE)*C:C,\"\")","v":""},{"$f":"IFERROR(VLOOKUP($A405,البيانات!$C$2:$M$207,3,FALSE)*C:C,\"\")","v":""},{"$f":"IFERROR(VLOOKUP($A405,البيانات!$C$2:$M$207,4,FALSE)*C:C,\"\")","v":""},0,null,0]
[null,null,null,{"$f":"IFERROR(VLOOKUP($A406,البيانات!$C$2:$M$207,2,FALSE)*C:C,\"\")","v":""},{"$f":"IFERROR(VLOOKUP($A406,البيانات!$C$2:$M$207,3,FALSE)*C:C,\"\")","v":""},{"$f":"IFERROR(VLOOKUP($A406,البيانات!$C$2:$M$207,4,FALSE)*C:C,\"\")","v":""},0,null,0]
[null,null,null,{"$f":"IFERROR(VLOOKUP($A407,البيانات!$C$2:$M$207,2,FALSE)*C:C,\"\")","v":""},{"$f":"IFERROR(VLOOKUP($A407,البيانات!$C$2:$M$207,3,FALSE)*C:C,\"\")","v":""},{"$f":"IFERROR(VLOOKUP($A407,البيانات!$C$2:$M$207,4,FALSE)*C:C,\"\")","v":""},{"$f":"IFERROR(C407*B407,\"\")","v":0},null,0]
[null,null,null,{"$f":"IFERROR(VLOOKUP($A408,البيانات!$C$2:$M$207,2,FALSE)*C:C,\"\")","v":""},{"$f":"IFERROR(VLOOKUP($A408,البيانات!$C$2:$M$207,3,FALSE)*C:C,\"\")","v":""},{"$f":"IFERROR(VLOOKUP($A408,البيانات!$C$2:$M$207,4,FALSE)*C:C,\"\")","v":""},0,null,0]
[null,null,null,{"$f":"IFERROR(VLOOKUP($A409,البيانات!$C$2:$M$207,2,FALSE)*C:C,\"\")","v":""},{"$f":"IFERROR(VLOOKUP($A409,البيانات!$C$2:$M$207,3,FALSE)*C:C,\"\")","v":""},{"$f":"IFERROR(VLOOKUP($A409,البيانات!$C$2:$M$207,4,FALSE)*C:C,\"\")","v":""},0,null,0]
[null,null,null,{"$f":"IFERROR(VLOOKUP($A410,البيانات!$C$2:$M$207,2,FALSE)*C:C,\"\")","v":""},{"$f":"IFERROR(VLOOKUP($A410,البيانات!$C$2:$M$207,3,FALSE)*C:C,\"\")","v":""},{"$f":"IFERROR(VLOOKUP($A410,البيانات!$C$2:$M$207,4,FALSE)*C:C,\"\")","v":""},0,null,0]
[null,null,null,{"$f":"IFERROR(VLOOKUP($A411,البيانات!$C$2:$M$207,2,FALSE)*C:C,\"\")","v":""},{"$f":"IFERROR(VLOOKUP($A411,البيانات!$C$2:$M$207,3,FALSE)*C:C,\"\")","v":""},{"$f":"IFERROR(VLOOKUP($A411,البيانات!$C$2:$M$207,4,FALSE)*C:C,\"\")","v":""},0,null,0]
[null,null,null,{"$f":"IFERROR(VLOOKUP($A412,البيانات!$C$2:$M$207,2,FALSE)*C:C,\"\")","v":""},{"$f":"IFERROR(VLOOKUP($A412,البيانات!$C$2:$M$207,3,FALSE)*C:C,\"\")","v":""},{"$f":"IFERROR(VLOOKUP($A412,البيانات!$C$2:$M$207,4,FALSE)*C:C,\"\")","v":""},0,null,0]
[null,null,null,{"$f":"IFERROR(VLOOKUP($A413,البيانات!$C$2:$M$207,2,FALSE)*C:C,\"\")","v":""},{"$f":"IFERROR(VLOOKUP($A413,البيانات!$C$2:$M$207,3,FALSE)*C:C,\"\")","v":""},{"$f":"IFERROR(VLOOKUP($A413,البيانات!$C$2:$M$207,4,FALSE)*C:C,\"\")","v":""},0,null,0]
[null,null,null,{"$f":"IFERROR(VLOOKUP($A414,البيانات!$C$2:$M$207,2,FALSE)*C:C,\"\")","v":""},{"$f":"IFERROR(VLOOKUP($A414,البيانات!$C$2:$M$207,3,FALSE)*C:C,\"\")","v":""},{"$f":"IFERROR(VLOOKUP($A414,البيانات!$C$2:$M$207,4,FALSE)*C:C,\"\")","v":""},0,null,0]
[null,null,null,{"$f":"IFERROR(VLOOKUP($A415,البيانات!$C$2:$M$207,2,FALSE)*C:C,\"\")","v":""},{"$f":"IFERROR(VLOOKUP($A415,البيانات!$C$2:$M$207,3,FALSE)*C:C,\"\")","v":""},{"$f":"IFERROR(VLOOKUP($A415,البيانات!$C$2:$M$207,4,FALSE)*C:C,\"\")","v":""},0,null,0]
[null,null,null,{"$f":"IFERROR(VLOOKUP($A416,البيانات!$C$2:$M$207,2,FALSE)*C:C,\"\")","v":""},{"$f":"IFERROR(VLOOKUP($A416,البيانات!$C$2:$M$207,3,FALSE)*C:C,\"\")","v":""},{"$f":"IFERROR(VLOOKUP($A416,البيانات!$C$2:$M$207,4,FALSE)*C:C,\"\")","v":""},0,null,0]
[null,null,null,{"$f":"IFERROR(VLOOKUP($A417,البيانات!$C$2:$M$207,2,FALSE)*C:C,\"\")","v":""},{"$f":"IFERROR(VLOOKUP($A417,البيانات!$C$2:$M$207,3,FALSE)*C:C,\"\")","v":""},{"$f":"IFERROR(VLOOKUP($A417,البيانات!$C$2:$M$207,4,FALSE)*C:C,\"\")","v":""},0,null,0]
[null,null,null,{"$f":"IFERROR(VLOOKUP($A418,البيانات!$C$2:$M$207,2,FALSE)*C:C,\"\")","v":""},{"$f":"IFERROR(VLOOKUP($A418,البيانات!$C$2:$M$207,3,FALSE)*C:C,\"\")","v":""},{"$f":"IFERROR(VLOOKUP($A418,البيانات!$C$2:$M$207,4,FALSE)*C:C,\"\")","v":""},0,null,0]
[null,null,null,{"$f":"IFERROR(VLOOKUP($A419,البيانات!$C$2:$M$207,2,FALSE)*C:C,\"\")","v":""},{"$f":"IFERROR(VLOOKUP($A419,البيانات!$C$2:$M$207,3,FALSE)*C:C,\"\")","v":""},{"$f":"IFERROR(VLOOKUP($A419,البيانات!$C$2:$M$207,4,FALSE)*C:C,\"\")","v":""},0,null,0]
[null,null,null,{"$f":"IFERROR(VLOOKUP($A420,البيانات!$C$2:$M$207,2,FALSE)*C:C,\"\")","v":""},{"$f":"IFERROR(VLOOKUP($A420,البيانات!$C$2:$M$207,3,FALSE)*C:C,\"\")","v":""},{"$f":"IFERROR(VLOOKUP($A420,البيانات!$C$2:$M$207,4,FALSE)*C:C,\"\")","v":""},0,null,0]
[null,null,null,{"$f":"IFERROR(VLOOKUP($A421,البيانات!$C$2:$M$207,2,FALSE)*C:C,\"\")","v":""},{"$f":"IFERROR(VLOOKUP($A421,البيانات!$C$2:$M$207,3,FALSE)*C:C,\"\")","v":""},{"$f":"IFERROR(VLOOKUP($A421,البيانات!$C$2:$M$207,4,FALSE)*C:C,\"\")","v":""},0,null,0]
[null,null,null,{"$f":"IFERROR(VLOOKUP($A422,البيانات!$C$2:$M$207,2,FALSE)*C:C,\"\")","v":""},{"$f":"IFERROR(VLOOKUP($A422,البيانات!$C$2:$M$207,3,FALSE)*C:C,\"\")","v":""},{"$f":"IFERROR(VLOOKUP($A422,البيانات!$C$2:$M$207,4,FALSE)*C:C,\"\")","v":""},0,null,0]
[null,null,null,{"$f":"IFERROR(VLOOKUP($A423,البيانات!$C$2:$M$207,2,FALSE)*C:C,\"\")","v":""},{"$f":"IFERROR(VLOOKUP($A423,البيانات!$C$2:$M$207,3,FALSE)*C:C,\"\")","v":""},{"$f":"IFERROR(VLOOKUP($A423,البيانات!$C$2:$M$207,4,FALSE)*C:C,\"\")","v":""},0,null,0]
[null,null,null,{"$f":"IFERROR(VLOOKUP($A424,البيانات!$C$2:$M$207,2,FALSE)*C:C,\"\")","v":""},{"$f":"IFERROR(VLOOKUP($A424,البيانات!$C$2:$M$207,3,FALSE)*C:C,\"\")","v":""},{"$f":"IFERROR(VLOOKUP($A424,البيانات!$C$2:$M$207,4,FALSE)*C:C,\"\")","v":""},0,null,0]
[null,null,null,{"$f":"IFERROR(VLOOKUP($A425,البيانات!$C$2:$M$207,2,FALSE)*C:C,\"\")","v":""},{"$f":"IFERROR(VLOOKUP($A425,البيانات!$C$2:$M$207,3,FALSE)*C:C,\"\")","v":""},{"$f":"IFERROR(VLOOKUP($A425,البيانات!$C$2:$M$207,4,FALSE)*C:C,\"\")","v":""},0,null,0]
[null,null,null,{"$f":"IFERROR(VLOOKUP($A426,البيانات!$C$2:$M$207,2,FALSE)*C:C,\"\")","v":""},{"$f":"IFERROR(VLOOKUP($A426,البيانات!$C$2:$M$207,3,FALSE)*C:C,\"\")","v":""},{"$f":"IFERROR(VLOOKUP($A426,البيانات!$C$2:$M$207,4,FALSE)*C:C,\"\")","v":""},0,null,0]
[null,null,null,{"$f":"IFERROR(VLOOKUP($A427,البيانات!$C$2:$M$207,2,FALSE)*C:C,\"\")","v":""},{"$f":"IFERROR(VLOOKUP($A427,البيانات!$C$2:$M$207,3,FALSE)*C:C,\"\")","v":""},{"$f":"IFERROR(VLOOKUP($A427,البيانات!$C$2:$M$207,4,FALSE)*C:C,\"\")","v":""},0,null,0]
[null,null,null,{"$f":"IFERROR(VLOOKUP($A428,البيانات!$C$2:$M$207,2,FALSE)*C:C,\"\")","v":""},{"$f":"IFERROR(VLOOKUP($A428,البيانات!$C$2:$M$207,3,FALSE)*C:C,\"\")","v":""},{"$f":"IFERROR(VLOOKUP($A428,البيانات!$C$2:$M$207,4,FALSE)*C:C,\"\")","v":""},0,null,0]
[null,null,null,{"$f":"IFERROR(VLOOKUP($A429,البيانات!$C$2:$M$207,2,FALSE)*C:C,\"\")","v":""},{"$f":"IFERROR(VLOOKUP($A429,البيانات!$C$2:$M$207,3,FALSE)*C:C,\"\")","v":""},{"$f":"IFERROR(VLOOKUP($A429,البيانات!$C$2:$M$207,4,FALSE)*C:C,\"\")","v":""},0,null,0]
[null,null,null,{"$f":"IFERROR(VLOOKUP($A430,البيانات!$C$2:$M$207,2,FALSE)*C:C,\"\")","v":""},{"$f":"IFERROR(VLOOKUP($A430,البيانات!$C$2:$M$207,3,FALSE)*C:C,\"\")","v":""},{"$f":"IFERROR(VLOOKUP($A430,البيانات!$C$2:$M$207,4,FALSE)*C:C,\"\")","v":""},0,null,0]
[null,null,null,{"$f":"IFERROR(VLOOKUP($A431,البيانات!$C$2:$M$207,2,FALSE)*C:C,\"\")","v":""},{"$f":"IFERROR(VLOOKUP($A431,البيانات!$C$2:$M$207,3,FALSE)*C:C,\"\")","v":""},{"$f":"IFERROR(VLOOKUP($A431,البيانات!$C$2:$M$207,4,FALSE)*C:C,\"\")","v":""},0,null,0]
[null,null,null,{"$f":"IFERROR(VLOOKUP($A432,البيانات!$C$2:$M$207,2,FALSE)*C:C,\"\")","v":""},{"$f":"IFERROR(VLOOKUP($A432,البيانات!$C$2:$M$207,3,FALSE)*C:C,\"\")","v":""},{"$f":"IFERROR(VLOOKUP($A432,البيانات!$C$2:$M$207,4,FALSE)*C:C,\"\")","v":""},0,null,0]
[null,null,null,{"$f":"IFERROR(VLOOKUP($A433,البيانات!$C$2:$M$207,2,FALSE)*C:C,\"\")","v":""},{"$f":"IFERROR(VLOOKUP($A433,البيانات!$C$2:$M$207,3,FALSE)*C:C,\"\")","v":""},{"$f":"IFERROR(VLOOKUP($A433,البيانات!$C$2:$M$207,4,FALSE)*C:C,\"\")","v":""},0,null,0]
[null,null,null,{"$f":"IFERROR(VLOOKUP($A434,البيانات!$C$2:$M$207,2,FALSE)*C:C,\"\")","v":""},{"$f":"IFERROR(VLOOKUP($A434,البيانات!$C$2:$M$207,3,FALSE)*C:C,\"\")","v":""},{"$f":"IFERROR(VLOOKUP($A434,البيانات!$C$2:$M$207,4,FALSE)*C:C,\"\")","v":""},0,null,0]
[null,null,null,{"$f":"IFERROR(VLOOKUP($A435,البيانات!$C$2:$M$207,2,FALSE)*C:C,\"\")","v":""},{"$f":"IFERROR(VLOOKUP($A435,البيانات!$C$2:$M$207,3,FALSE)*C:C,\"\")","v":""},{"$f":"IFERROR(VLOOKUP($A435,البيانات!$C$2:$M$207,4,FALSE)*C:C,\"\")","v":""},0,null,0]
[null,null,null,{"$f":"IFERROR(VLOOKUP($A436,البيانات!$C$2:$M$207,2,FALSE)*C:C,\"\")","v":""},{"$f":"IFERROR(VLOOKUP($A436,البيانات!$C$2:$M$207,3,FALSE)*C:C,\"\")","v":""},{"$f":"IFERROR(VLOOKUP($A436,البيانات!$C$2:$M$207,4,FALSE)*C:C,\"\")","v":""},0,null,0]
[null,null,null,{"$f":"IFERROR(VLOOKUP($A437,البيانات!$C$2:$M$207,2,FALSE)*C:C,\"\")","v":""},{"$f":"IFERROR(VLOOKUP($A437,البيانات!$C$2:$M$207,3,FALSE)*C:C,\"\")","v":""},{"$f":"IFERROR(VLOOKUP($A437,البيانات!$C$2:$M$207,4,FALSE)*C:C,\"\")","v":""},0,null,0]
[null,null,null,{"$f":"IFERROR(VLOOKUP($A438,البيانات!$C$2:$M$207,2,FALSE)*C:C,\"\")","v":""},{"$f":"IFERROR(VLOOKUP($A438,البيانات!$C$2:$M$207,3,FALSE)*C:C,\"\")","v":""},{"$f":"IFERROR(VLOOKUP($A438,البيانات!$C$2:$M$207,4,FALSE)*C:C,\"\")","v":""},0,null,0]
[null,null,null,{"$f":"IFERROR(VLOOKUP($A439,البيانات!$C$2:$M$207,2,FALSE)*C:C,\"\")","v":""},{"$f":"IFERROR(VLOOKUP($A439,البيانات!$C$2:$M$207,3,FALSE)*C:C,\"\")","v":""},{"$f":"IFERROR(VLOOKUP($A439,البيانات!$C$2:$M$207,4,FALSE)*C:C,\"\")","v":""},0,null,0]
[null,null,null,{"$f":"IFERROR(VLOOKUP($A440,البيانات!$C$2:$M$207,2,FALSE)*C:C,\"\")","v":""},{"$f":"IFERROR(VLOOKUP($A440,البيانات!$C$2:$M$207,3,FALSE)*C:C,\"\")","v":""},{"$f":"IFERROR(VLOOKUP($A440,البيانات!$C$2:$M$207,4,FALSE)*C:C,\"\")","v":""},0,null,0]
[null,null,null,{"$f":"IFERROR(VLOOKUP($A441,البيانات!$C$2:$M$207,2,FALSE)*C:C,\"\")","v":""},{"$f":"IFERROR(VLOOKUP($A441,البيانات!$C$2:$M$207,3,FALSE)*C:C,\"\")","v":""},{"$f":"IFERROR(VLOOKUP($A441,البيانات!$C$2:$M$207,4,FALSE)*C:C,\"\")","v":""},0,null,0]
[null,null,null,{"$f":"IFERROR(VLOOKUP($A442,البيانات!$C$2:$M$207,2,FALSE)*C:C,\"\")","v":""},{"$f":"IFERROR(VLOOKUP($A442,البيانات!$C$2:$M$207,3,FALSE)*C:C,\"\")","v":""},{"$f":"IFERROR(VLOOKUP($A442,البيانات!$C$2:$M$207,4,FALSE)*C:C,\"\")","v":""},0,null,0]
[null,null,null,{"$f":"IFERROR(VLOOKUP($A443,البيانات!$C$2:$M$207,2,FALSE)*C:C,\"\")","v":""},{"$f":"IFERROR(VLOOKUP($A443,البيانات!$C$2:$M$207,3,FALSE)*C:C,\"\")","v":""},{"$f":"IFERROR(VLOOKUP($A443,البيانات!$C$2:$M$207,4,FALSE)*C:C,\"\")","v":""},0,null,0]
[null,null,null,{"$f":"IFERROR(VLOOKUP($A444,البيانات!$C$2:$M$207,2,FALSE)*C:C,\"\")","v":""},{"$f":"IFERROR(VLOOKUP($A444,البيانات!$C$2:$M$207,3,FALSE)*C:C,\"\")","v":""},{"$f":"IFERROR(VLOOKUP($A444,البيانات!$C$2:$M$207,4,FALSE)*C:C,\"\")","v":""},0,null,0]
[null,null,null,{"$f":"IFERROR(VLOOKUP($A445,البيانات!$C$2:$M$207,2,FALSE)*C:C,\"\")","v":""},{"$f":"IFERROR(VLOOKUP($A445,البيانات!$C$2:$M$207,3,FALSE)*C:C,\"\")","v":""},{"$f":"IFERROR(VLOOKUP($A445,البيانات!$C$2:$M$207,4,FALSE)*C:C,\"\")","v":""},0,null,0]
[null,null,null,{"$f":"IFERROR(VLOOKUP($A446,البيانات!$C$2:$M$207,2,FALSE)*C:C,\"\")","v":""},{"$f":"IFERROR(VLOOKUP($A446,البيانات!$C$2:$M$207,3,FALSE)*C:C,\"\")","v":""},{"$f":"IFERROR(VLOOKUP($A446,البيانات!$C$2:$M$207,4,FALSE)*C:C,\"\")","v":""},0,null,0]
[null,null,null,{"$f":"IFERROR(VLOOKUP($A447,البيانات!$C$2:$M$207,2,FALSE)*C:C,\"\")","v":""},{"$f":"IFERROR(VLOOKUP($A447,البيانات!$C$2:$M$207,3,FALSE)*C:C,\"\")","v":""},{"$f":"IFERROR(VLOOKUP($A447,البيانات!$C$2:$M$207,4,FALSE)*C:C,\"\")","v":""},0,null,0]
[null,null,null,{"$f":"IFERROR(VLOOKUP($A448,البيانات!$C$2:$M$207,2,FALSE)*C:C,\"\")","v":""},{"$f":"IFERROR(VLOOKUP($A448,البيانات!$C$2:$M$207,3,FALSE)*C:C,\"\")","v":""},{"$f":"IFERROR(VLOOKUP($A448,البيانات!$C$2:$M$207,4,FALSE)*C:C,\"\")","v":""},0,null,0]
[null,null,null,{"$f":"IFERROR(VLOOKUP($A449,البيانات!$C$2:$M$207,2,FALSE)*C:C,\"\")","v":""},{"$f":"IFERROR(VLOOKUP($A449,البيانات!$C$2:$M$207,3,FALSE)*C:C,\"\")","v":""},{"$f":"IFERROR(VLOOKUP($A449,البيانات!$C$2:$M$207,4,FALSE)*C:C,\"\")","v":""},0,null,0]
[null,null,null,{"$f":"IFERROR(VLOOKUP($A450,البيانات!$C$2:$M$207,2,FALSE)*C:C,\"\")","v":""},{"$f":"IFERROR(VLOOKUP($A450,البيانات!$C$2:$M$207,3,FALSE)*C:C,\"\")","v":""},{"$f":"IFERROR(VLOOKUP($A450,البيانات!$C$2:$M$207,4,FALSE)*C:C,\"\")","v":""},0,null,0]
[null,null,null,{"$f":"IFERROR(VLOOKUP($A451,البيانات!$C$2:$M$207,2,FALSE)*C:C,\"\")","v":""},{"$f":"IFERROR(VLOOKUP($A451,البيانات!$C$2:$M$207,3,FALSE)*C:C,\"\")","v":""},{"$f":"IFERROR(VLOOKUP($A451,البيانات!$C$2:$M$207,4,FALSE)*C:C,\"\")","v":""},0,null,0]
[null,null,null,{"$f":"IFERROR(VLOOKUP($A452,البيانات!$C$2:$M$207,2,FALSE)*C:C,\"\")","v":""},{"$f":"IFERROR(VLOOKUP($A452,البيانات!$C$2:$M$207,3,FALSE)*C:C,\"\")","v":""},{"$f":"IFERROR(VLOOKUP($A452,البيانات!$C$2:$M$207,4,FALSE)*C:C,\"\")","v":""},0,null,0]
[null,null,null,{"$f":"IFERROR(VLOOKUP($A453,البيانات!$C$2:$M$207,2,FALSE)*C:C,\"\")","v":""},{"$f":"IFERROR(VLOOKUP($A453,البيانات!$C$2:$M$207,3,FALSE)*C:C,\"\")","v":""},{"$f":"IFERROR(VLOOKUP($A453,البيانات!$C$2:$M$207,4,FALSE)*C:C,\"\")","v":""},0,null,0]
[null,null,null,{"$f":"IFERROR(VLOOKUP($A454,البيانات!$C$2:$M$207,2,FALSE)*C:C,\"\")","v":""},{"$f":"IFERROR(VLOOKUP($A454,البيانات!$C$2:$M$207,3,FALSE)*C:C,\"\")","v":""},{"$f":"IFERROR(VLOOKUP($A454,البيانات!$C$2:$M$207,4,FALSE)*C:C,\"\")","v":""},0,null,{"$f":"IFERROR(H454-G454,\"\")","v":0}]
[null,null,null,{"$f":"IFERROR(VLOOKUP($A455,البيانات!$C$2:$M$207,2,FALSE)*C:C,\"\")","v":""},{"$f":"IFERROR(VLOOKUP($A455,البيانات!$C$2:$M$207,3,FALSE)*C:C,\"\")","v":""},{"$f":"IFERROR(VLOOKUP($A455,البيانات!$C$2:$M$207,4,FALSE)*C:C,\"\")","v":""},0,null,0]
[null,null,null,{"$f":"IFERROR(VLOOKUP($A456,البيانات!$C$2:$M$207,2,FALSE)*C:C,\"\")","v":""},{"$f":"IFERROR(VLOOKUP($A456,البيانات!$C$2:$M$207,3,FALSE)*C:C,\"\")","v":""},{"$f":"IFERROR(VLOOKUP($A456,البيانات!$C$2:$M$207,4,FALSE)*C:C,\"\")","v":""},0,null,0]
[null,null,null,{"$f":"IFERROR(VLOOKUP($A457,البيانات!$C$2:$M$207,2,FALSE)*C:C,\"\")","v":""},{"$f":"IFERROR(VLOOKUP($A457,البيانات!$C$2:$M$207,3,FALSE)*C:C,\"\")","v":""},{"$f":"IFERROR(VLOOKUP($A457,البيانات!$C$2:$M$207,4,FALSE)*C:C,\"\")","v":""},0,null,0]
[null,null,null,{"$f":"IFERROR(VLOOKUP($A458,البيانات!$C$2:$M$207,2,FALSE)*C:C,\"\")","v":""},{"$f":"IFERROR(VLOOKUP($A458,البيانات!$C$2:$M$207,3,FALSE)*C:C,\"\")","v":""},{"$f":"IFERROR(VLOOKUP($A458,البيانات!$C$2:$M$207,4,FALSE)*C:C,\"\")","v":""},0,null,0]
[null,null,null,{"$f":"IFERROR(VLOOKUP($A459,البيانات!$C$2:$M$207,2,FALSE)*C:C,\"\")","v":""},{"$f":"IFERROR(VLOOKUP($A459,البيانات!$C$2:$M$207,3,FALSE)*C:C,\"\")","v":""},{"$f":"IFERROR(VLOOKUP($A459,البيانات!$C$2:$M$207,4,FALSE)*C:C,\"\")","v":""},0,null,0]
[null,null,null,{"$f":"IFERROR(VLOOKUP($A460,البيانات!$C$2:$M$207,2,FALSE)*C:C,\"\")","v":""},{"$f":"IFERROR(VLOOKUP($A460,البيانات!$C$2:$M$207,3,FALSE)*C:C,\"\")","v":""},{"$f":"IFERROR(VLOOKUP($A460,البيانات!$C$2:$M$207,4,FALSE)*C:C,\"\")","v":""},0,null,0]
[null,null,null,{"$f":"IFERROR(VLOOKUP($A461,البيانات!$C$2:$M$207,2,FALSE)*C:C,\"\")","v":""},{"$f":"IFERROR(VLOOKUP($A461,البيانات!$C$2:$M$207,3,FALSE)*C:C,\"\")","v":""},{"$f":"IFERROR(VLOOKUP($A461,البيانات!$C$2:$M$207,4,FALSE)*C:C,\"\")","v":""},0,null,0]
[null,null,null,{"$f":"IFERROR(VLOOKUP($A462,البيانات!$C$2:$M$207,2,FALSE)*C:C,\"\")","v":""},{"$f":"IFERROR(VLOOKUP($A462,البيانات!$C$2:$M$207,3,FALSE)*C:C,\"\")","v":""},{"$f":"IFERROR(VLOOKUP($A462,البيانات!$C$2:$M$207,4,FALSE)*C:C,\"\")","v":""},0,null,0]
[null,null,null,{"$f":"IFERROR(VLOOKUP($A463,البيانات!$C$2:$M$207,2,FALSE)*C:C,\"\")","v":""},{"$f":"IFERROR(VLOOKUP($A463,البيانات!$C$2:$M$207,3,FALSE)*C:C,\"\")","v":""},{"$f":"IFERROR(VLOOKUP($A463,البيانات!$C$2:$M$207,4,FALSE)*C:C,\"\")","v":""},0,null,0]
[null,null,null,{"$f":"IFERROR(VLOOKUP($A464,البيانات!$C$2:$M$207,2,FALSE)*C:C,\"\")","v":""},{"$f":"IFERROR(VLOOKUP($A464,البيانات!$C$2:$M$207,3,FALSE)*C:C,\"\")","v":""},{"$f":"IFERROR(VLOOKUP($A464,البيانات!$C$2:$M$207,4,FALSE)*C:C,\"\")","v":""},0,null,0]
[null,null,null,{"$f":"IFERROR(VLOOKUP($A465,البيانات!$C$2:$M$207,2,FALSE)*C:C,\"\")","v":""},{"$f":"IFERROR(VLOOKUP($A465,البيانات!$C$2:$M$207,3,FALSE)*C:C,\"\")","v":""},{"$f":"IFERROR(VLOOKUP($A465,البيانات!$C$2:$M$207,4,FALSE)*C:C,\"\")","v":""},0,null,0]
[null,null,null,{"$f":"IFERROR(VLOOKUP($A466,البيانات!$C$2:$M$207,2,FALSE)*C:C,\"\")","v":""},{"$f":"IFERROR(VLOOKUP($A466,البيانات!$C$2:$M$207,3,FALSE)*C:C,\"\")","v":""},{"$f":"IFERROR(VLOOKUP($A466,البيانات!$C$2:$M$207,4,FALSE)*C:C,\"\")","v":""},0,null,0]
[null,null,null,{"$f":"IFERROR(VLOOKUP($A467,البيانات!$C$2:$M$207,2,FALSE)*C:C,\"\")","v":""},{"$f":"IFERROR(VLOOKUP($A467,البيانات!$C$2:$M$207,3,FALSE)*C:C,\"\")","v":""},{"$f":"IFERROR(VLOOKUP($A467,البيانات!$C$2:$M$207,4,FALSE)*C:C,\"\")","v":""},0,null,0]
[null,null,null,{"$f":"IFERROR(VLOOKUP($A468,البيانات!$C$2:$M$207,2,FALSE)*C:C,\"\")","v":""},{"$f":"IFERROR(VLOOKUP($A468,البيانات!$C$2:$M$207,3,FALSE)*C:C,\"\")","v":""},{"$f":"IFERROR(VLOOKUP($A468,البيانات!$C$2:$M$207,4,FALSE)*C:C,\"\")","v":""},0,null,0]
[null,null,null,{"$f":"IFERROR(VLOOKUP($A469,البيانات!$C$2:$M$207,2,FALSE)*C:C,\"\")","v":""},{"$f":"IFERROR(VLOOKUP($A469,البيانات!$C$2:$M$207,3,FALSE)*C:C,\"\")","v":""},{"$f":"IFERROR(VLOOKUP($A469,البيانات!$C$2:$M$207,4,FALSE)*C:C,\"\")","v":""},0,null,0]
[null,null,null,{"$f":"IFERROR(VLOOKUP($A470,البيانات!$C$2:$M$207,2,FALSE)*C:C,\"\")","v":""},{"$f":"IFERROR(VLOOKUP($A470,البيانات!$C$2:$M$207,3,FALSE)*C:C,\"\")","v":""},{"$f":"IFERROR(VLOOKUP($A470,البيانات!$C$2:$M$207,4,FALSE)*C:C,\"\")","v":""},0,null,0]
[null,null,null,{"$f":"IFERROR(VLOOKUP($A471,البيانات!$C$2:$M$207,2,FALSE)*C:C,\"\")","v":""},{"$f":"IFERROR(VLOOKUP($A471,البيانات!$C$2:$M$207,3,FALSE)*C:C,\"\")","v":""},{"$f":"IFERROR(VLOOKUP($A471,البيانات!$C$2:$M$207,4,FALSE)*C:C,\"\")","v":""},{"$f":"IFERROR(C471*B471,\"\")","v":0},null,0]
[null,null,null,{"$f":"IFERROR(VLOOKUP($A472,البيانات!$C$2:$M$207,2,FALSE)*C:C,\"\")","v":""},{"$f":"IFERROR(VLOOKUP($A472,البيانات!$C$2:$M$207,3,FALSE)*C:C,\"\")","v":""},{"$f":"IFERROR(VLOOKUP($A472,البيانات!$C$2:$M$207,4,FALSE)*C:C,\"\")","v":""},0,null,0]
[null,null,null,{"$f":"IFERROR(VLOOKUP($A473,البيانات!$C$2:$M$207,2,FALSE)*C:C,\"\")","v":""},{"$f":"IFERROR(VLOOKUP($A473,البيانات!$C$2:$M$207,3,FALSE)*C:C,\"\")","v":""},{"$f":"IFERROR(VLOOKUP($A473,البيانات!$C$2:$M$207,4,FALSE)*C:C,\"\")","v":""},0,null,0]
[null,null,null,{"$f":"IFERROR(VLOOKUP($A474,البيانات!$C$2:$M$207,2,FALSE)*C:C,\"\")","v":""},{"$f":"IFERROR(VLOOKUP($A474,البيانات!$C$2:$M$207,3,FALSE)*C:C,\"\")","v":""},{"$f":"IFERROR(VLOOKUP($A474,البيانات!$C$2:$M$207,4,FALSE)*C:C,\"\")","v":""},0,null,0]
[null,null,null,{"$f":"IFERROR(VLOOKUP($A475,البيانات!$C$2:$M$207,2,FALSE)*C:C,\"\")","v":""},{"$f":"IFERROR(VLOOKUP($A475,البيانات!$C$2:$M$207,3,FALSE)*C:C,\"\")","v":""},{"$f":"IFERROR(VLOOKUP($A475,البيانات!$C$2:$M$207,4,FALSE)*C:C,\"\")","v":""},0,null,0]
[null,null,null,{"$f":"IFERROR(VLOOKUP($A476,البيانات!$C$2:$M$207,2,FALSE)*C:C,\"\")","v":""},{"$f":"IFERROR(VLOOKUP($A476,البيانات!$C$2:$M$207,3,FALSE)*C:C,\"\")","v":""},{"$f":"IFERROR(VLOOKUP($A476,البيانات!$C$2:$M$207,4,FALSE)*C:C,\"\")","v":""},0,null,0]
[null,null,null,{"$f":"IFERROR(VLOOKUP($A477,البيانات!$C$2:$M$207,2,FALSE)*C:C,\"\")","v":""},{"$f":"IFERROR(VLOOKUP($A477,البيانات!$C$2:$M$207,3,FALSE)*C:C,\"\")","v":""},{"$f":"IFERROR(VLOOKUP($A477,البيانات!$C$2:$M$207,4,FALSE)*C:C,\"\")","v":""},0,null,0]
[null,null,null,{"$f":"IFERROR(VLOOKUP($A478,البيانات!$C$2:$M$207,2,FALSE)*C:C,\"\")","v":""},{"$f":"IFERROR(VLOOKUP($A478,البيانات!$C$2:$M$207,3,FALSE)*C:C,\"\")","v":""},{"$f":"IFERROR(VLOOKUP($A478,البيانات!$C$2:$M$207,4,FALSE)*C:C,\"\")","v":""},0,null,0]
[null,null,null,{"$f":"IFERROR(VLOOKUP($A479,البيانات!$C$2:$M$207,2,FALSE)*C:C,\"\")","v":""},{"$f":"IFERROR(VLOOKUP($A479,البيانات!$C$2:$M$207,3,FALSE)*C:C,\"\")","v":""},{"$f":"IFERROR(VLOOKUP($A479,البيانات!$C$2:$M$207,4,FALSE)*C:C,\"\")","v":""},0,null,0]
[null,null,null,{"$f":"IFERROR(VLOOKUP($A480,البيانات!$C$2:$M$207,2,FALSE)*C:C,\"\")","v":""},{"$f":"IFERROR(VLOOKUP($A480,البيانات!$C$2:$M$207,3,FALSE)*C:C,\"\")","v":""},{"$f":"IFERROR(VLOOKUP($A480,البيانات!$C$2:$M$207,4,FALSE)*C:C,\"\")","v":""},0,null,0]
[null,null,null,{"$f":"IFERROR(VLOOKUP($A481,البيانات!$C$2:$M$207,2,FALSE)*C:C,\"\")","v":""},{"$f":"IFERROR(VLOOKUP($A481,البيانات!$C$2:$M$207,3,FALSE)*C:C,\"\")","v":""},{"$f":"IFERROR(VLOOKUP($A481,البيانات!$C$2:$M$207,4,FALSE)*C:C,\"\")","v":""},0,null,0]
[null,null,null,{"$f":"IFERROR(VLOOKUP($A482,البيانات!$C$2:$M$207,2,FALSE)*C:C,\"\")","v":""},{"$f":"IFERROR(VLOOKUP($A482,البيانات!$C$2:$M$207,3,FALSE)*C:C,\"\")","v":""},{"$f":"IFERROR(VLOOKUP($A482,البيانات!$C$2:$M$207,4,FALSE)*C:C,\"\")","v":""},0,null,0]
[null,null,null,{"$f":"IFERROR(VLOOKUP($A483,البيانات!$C$2:$M$207,2,FALSE)*C:C,\"\")","v":""},{"$f":"IFERROR(VLOOKUP($A483,البيانات!$C$2:$M$207,3,FALSE)*C:C,\"\")","v":""},{"$f":"IFERROR(VLOOKUP($A483,البيانات!$C$2:$M$207,4,FALSE)*C:C,\"\")","v":""},0,null,0]
[null,null,null,{"$f":"IFERROR(VLOOKUP($A484,البيانات!$C$2:$M$207,2,FALSE)*C:C,\"\")","v":""},{"$f":"IFERROR(VLOOKUP($A484,البيانات!$C$2:$M$207,3,FALSE)*C:C,\"\")","v":""},{"$f":"IFERROR(VLOOKUP($A484,البيانات!$C$2:$M$207,4,FALSE)*C:C,\"\")","v":""},0,null,0]
[null,null,null,{"$f":"IFERROR(VLOOKUP($A485,البيانات!$C$2:$M$207,2,FALSE)*C:C,\"\")","v":""},{"$f":"IFERROR(VLOOKUP($A485,البيانات!$C$2:$M$207,3,FALSE)*C:C,\"\")","v":""},{"$f":"IFERROR(VLOOKUP($A485,البيانات!$C$2:$M$207,4,FALSE)*C:C,\"\")","v":""},0,null,0]
[null,null,null,{"$f":"IFERROR(VLOOKUP($A486,البيانات!$C$2:$M$207,2,FALSE)*C:C,\"\")","v":""},{"$f":"IFERROR(VLOOKUP($A486,البيانات!$C$2:$M$207,3,FALSE)*C:C,\"\")","v":""},{"$f":"IFERROR(VLOOKUP($A486,البيانات!$C$2:$M$207,4,FALSE)*C:C,\"\")","v":""},0,null,0]
[null,null,null,{"$f":"IFERROR(VLOOKUP($A487,البيانات!$C$2:$M$207,2,FALSE)*C:C,\"\")","v":""},{"$f":"IFERROR(VLOOKUP($A487,البيانات!$C$2:$M$207,3,FALSE)*C:C,\"\")","v":""},{"$f":"IFERROR(VLOOKUP($A487,البيانات!$C$2:$M$207,4,FALSE)*C:C,\"\")","v":""},0,null,0]
[null,null,null,{"$f":"IFERROR(VLOOKUP($A488,البيانات!$C$2:$M$207,2,FALSE)*C:C,\"\")","v":""},{"$f":"IFERROR(VLOOKUP($A488,البيانات!$C$2:$M$207,3,FALSE)*C:C,\"\")","v":""},{"$f":"IFERROR(VLOOKUP($A488,البيانات!$C$2:$M$207,4,FALSE)*C:C,\"\")","v":""},0,null,0]
[null,null,null,{"$f":"IFERROR(VLOOKUP($A489,البيانات!$C$2:$M$207,2,FALSE)*C:C,\"\")","v":""},{"$f":"IFERROR(VLOOKUP($A489,البيانات!$C$2:$M$207,3,FALSE)*C:C,\"\")","v":""},{"$f":"IFERROR(VLOOKUP($A489,البيانات!$C$2:$M$207,4,FALSE)*C:C,\"\")","v":""},0,null,0]
[null,null,null,{"$f":"IFERROR(VLOOKUP($A490,البيانات!$C$2:$M$207,2,FALSE)*C:C,\"\")","v":""},{"$f":"IFERROR(VLOOKUP($A490,البيانات!$C$2:$M$207,3,FALSE)*C:C,\"\")","v":""},{"$f":"IFERROR(VLOOKUP($A490,البيانات!$C$2:$M$207,4,FALSE)*C:C,\"\")","v":""},0,null,0]
[null,null,null,{"$f":"IFERROR(VLOOKUP($A491,البيانات!$C$2:$M$207,2,FALSE)*C:C,\"\")","v":""},{"$f":"IFERROR(VLOOKUP($A491,البيانات!$C$2:$M$207,3,FALSE)*C:C,\"\")","v":""},{"$f":"IFERROR(VLOOKUP($A491,البيانات!$C$2:$M$207,4,FALSE)*C:C,\"\")","v":""},0,null,0]
[null,null,null,{"$f":"IFERROR(VLOOKUP($A492,البيانات!$C$2:$M$207,2,FALSE)*C:C,\"\")","v":""},{"$f":"IFERROR(VLOOKUP($A492,البيانات!$C$2:$M$207,3,FALSE)*C:C,\"\")","v":""},{"$f":"IFERROR(VLOOKUP($A492,البيانات!$C$2:$M$207,4,FALSE)*C:C,\"\")","v":""},0,null,0]
[null,null,null,{"$f":"IFERROR(VLOOKUP($A493,البيانات!$C$2:$M$207,2,FALSE)*C:C,\"\")","v":""},{"$f":"IFERROR(VLOOKUP($A493,البيانات!$C$2:$M$207,3,FALSE)*C:C,\"\")","v":""},{"$f":"IFERROR(VLOOKUP($A493,البيانات!$C$2:$M$207,4,FALSE)*C:C,\"\")","v":""},0,null,0]
[null,null,null,{"$f":"IFERROR(VLOOKUP($A494,البيانات!$C$2:$M$207,2,FALSE)*C:C,\"\")","v":""},{"$f":"IFERROR(VLOOKUP($A494,البيانات!$C$2:$M$207,3,FALSE)*C:C,\"\")","v":""},{"$f":"IFERROR(VLOOKUP($A494,البيانات!$C$2:$M$207,4,FALSE)*C:C,\"\")","v":""},0,null,0]
[null,null,null,{"$f":"IFERROR(VLOOKUP($A495,البيانات!$C$2:$M$207,2,FALSE)*C:C,\"\")","v":""},{"$f":"IFERROR(VLOOKUP($A495,البيانات!$C$2:$M$207,3,FALSE)*C:C,\"\")","v":""},{"$f":"IFERROR(VLOOKUP($A495,البيانات!$C$2:$M$207,4,FALSE)*C:C,\"\")","v":""},0,null,0]
[null,null,null,{"$f":"IFERROR(VLOOKUP($A496,البيانات!$C$2:$M$207,2,FALSE)*C:C,\"\")","v":""},{"$f":"IFERROR(VLOOKUP($A496,البيانات!$C$2:$M$207,3,FALSE)*C:C,\"\")","v":""},{"$f":"IFERROR(VLOOKUP($A496,البيانات!$C$2:$M$207,4,FALSE)*C:C,\"\")","v":""},0,null,0]
[null,null,null,{"$f":"IFERROR(VLOOKUP($A497,البيانات!$C$2:$M$207,2,FALSE)*C:C,\"\")","v":""},{"$f":"IFERROR(VLOOKUP($A497,البيانات!$C$2:$M$207,3,FALSE)*C:C,\"\")","v":""},{"$f":"IFERROR(VLOOKUP($A497,البيانات!$C$2:$M$207,4,FALSE)*C:C,\"\")","v":""},0,null,0]
[null,null,null,{"$f":"IFERROR(VLOOKUP($A498,البيانات!$C$2:$M$207,2,FALSE)*C:C,\"\")","v":""},{"$f":"IFERROR(VLOOKUP($A498,البيانات!$C$2:$M$207,3,FALSE)*C:C,\"\")","v":""},{"$f":"IFERROR(VLOOKUP($A498,البيانات!$C$2:$M$207,4,FALSE)*C:C,\"\")","v":""},0,null,0]
[null,null,null,{"$f":"IFERROR(VLOOKUP($A499,البيانات!$C$2:$M$207,2,FALSE)*C:C,\"\")","v":""},{"$f":"IFERROR(VLOOKUP($A499,البيانات!$C$2:$M$207,3,FALSE)*C:C,\"\")","v":""},{"$f":"IFERROR(VLOOKUP($A499,البيانات!$C$2:$M$207,4,FALSE)*C:C,\"\")","v":""},0,null,0]
[null,null,null,{"$f":"IFERROR(VLOOKUP($A500,البيانات!$C$2:$M$207,2,FALSE)*C:C,\"\")","v":""},{"$f":"IFERROR(VLOOKUP($A500,البيانات!$C$2:$M$207,3,FALSE)*C:C,\"\")","v":""},{"$f":"IFERROR(VLOOKUP($A500,البيانات!$C$2:$M$207,4,FALSE)*C:C,\"\")","v":""},0,null,0]
[null,null,null,{"$f":"IFERROR(VLOOKUP($A501,البيانات!$C$2:$M$207,2,FALSE)*C:C,\"\")","v":""},{"$f":"IFERROR(VLOOKUP($A501,البيانات!$C$2:$M$207,3,FALSE)*C:C,\"\")","v":""},{"$f":"IFERROR(VLOOKUP($A501,البيانات!$C$2:$M$207,4,FALSE)*C:C,\"\")","v":""},0,null,0]
[null,null,null,{"$f":"IFERROR(VLOOKUP($A502,البيانات!$C$2:$M$207,2,FALSE)*C:C,\"\")","v":""},{"$f":"IFERROR(VLOOKUP($A502,البيانات!$C$2:$M$207,3,FALSE)*C:C,\"\")","v":""},{"$f":"IFERROR(VLOOKUP($A502,البيانات!$C$2:$M$207,4,FALSE)*C:C,\"\")","v":""},0,null,0]
[null,null,null,{"$f":"IFERROR(VLOOKUP($A503,البيانات!$C$2:$M$207,2,FALSE)*C:C,\"\")","v":""},{"$f":"IFERROR(VLOOKUP($A503,البيانات!$C$2:$M$207,3,FALSE)*C:C,\"\")","v":""},{"$f":"IFERROR(VLOOKUP($A503,البيانات!$C$2:$M$207,4,FALSE)*C:C,\"\")","v":""},0,null,0]
[null,null,null,{"$f":"IFERROR(VLOOKUP($A504,البيانات!$C$2:$M$207,2,FALSE)*C:C,\"\")","v":""},{"$f":"IFERROR(VLOOKUP($A504,البيانات!$C$2:$M$207,3,FALSE)*C:C,\"\")","v":""},{"$f":"IFERROR(VLOOKUP($A504,البيانات!$C$2:$M$207,4,FALSE)*C:C,\"\")","v":""},0,null,0]
[null,null,null,{"$f":"IFERROR(VLOOKUP($A505,البيانات!$C$2:$M$207,2,FALSE)*C:C,\"\")","v":""},{"$f":"IFERROR(VLOOKUP($A505,البيانات!$C$2:$M$207,3,FALSE)*C:C,\"\")","v":""},{"$f":"IFERROR(VLOOKUP($A505,البيانات!$C$2:$M$207,4,FALSE)*C:C,\"\")","v":""},0,null,0]
[null,null,null,{"$f":"IFERROR(VLOOKUP($A506,البيانات!$C$2:$M$207,2,FALSE)*C:C,\"\")","v":""},{"$f":"IFERROR(VLOOKUP($A506,البيانات!$C$2:$M$207,3,FALSE)*C:C,\"\")","v":""},{"$f":"IFERROR(VLOOKUP($A506,البيانات!$C$2:$M$207,4,FALSE)*C:C,\"\")","v":""},0,null,0]
[null,null,null,{"$f":"IFERROR(VLOOKUP($A507,البيانات!$C$2:$M$207,2,FALSE)*C:C,\"\")","v":""},{"$f":"IFERROR(VLOOKUP($A507,البيانات!$C$2:$M$207,3,FALSE)*C:C,\"\")","v":""},{"$f":"IFERROR(VLOOKUP($A507,البيانات!$C$2:$M$207,4,FALSE)*C:C,\"\")","v":""},0,null,0]
[null,null,null,{"$f":"IFERROR(VLOOKUP($A508,البيانات!$C$2:$M$207,2,FALSE)*C:C,\"\")","v":""},{"$f":"IFERROR(VLOOKUP($A508,البيانات!$C$2:$M$207,3,FALSE)*C:C,\"\")","v":""},{"$f":"IFERROR(VLOOKUP($A508,البيانات!$C$2:$M$207,4,FALSE)*C:C,\"\")","v":""},0,null,0]
[null,null,null,{"$f":"IFERROR(VLOOKUP($A509,البيانات!$C$2:$M$207,2,FALSE)*C:C,\"\")","v":""},{"$f":"IFERROR(VLOOKUP($A509,البيانات!$C$2:$M$207,3,FALSE)*C:C,\"\")","v":""},{"$f":"IFERROR(VLOOKUP($A509,البيانات!$C$2:$M$207,4,FALSE)*C:C,\"\")","v":""},0,null,0]
[null,null,null,{"$f":"IFERROR(VLOOKUP($A510,البيانات!$C$2:$M$207,2,FALSE)*C:C,\"\")","v":""},{"$f":"IFERROR(VLOOKUP($A510,البيانات!$C$2:$M$207,3,FALSE)*C:C,\"\")","v":""},{"$f":"IFERROR(VLOOKUP($A510,البيانات!$C$2:$M$207,4,FALSE)*C:C,\"\")","v":""},0,null,0]
[null,null,null,{"$f":"IFERROR(VLOOKUP($A511,البيانات!$C$2:$M$207,2,FALSE)*C:C,\"\")","v":""},{"$f":"IFERROR(VLOOKUP($A511,البيانات!$C$2:$M$207,3,FALSE)*C:C,\"\")","v":""},{"$f":"IFERROR(VLOOKUP($A511,البيانات!$C$2:$M$207,4,FALSE)*C:C,\"\")","v":""},0,null,0]
[null,null,null,{"$f":"IFERROR(VLOOKUP($A512,البيانات!$C$2:$M$207,2,FALSE)*C:C,\"\")","v":""},{"$f":"IFERROR(VLOOKUP($A512,البيانات!$C$2:$M$207,3,FALSE)*C:C,\"\")","v":""},{"$f":"IFERROR(VLOOKUP($A512,البيانات!$C$2:$M$207,4,FALSE)*C:C,\"\")","v":""},0,null,0]
[null,null,null,{"$f":"IFERROR(VLOOKUP($A513,البيانات!$C$2:$M$207,2,FALSE)*C:C,\"\")","v":""},{"$f":"IFERROR(VLOOKUP($A513,البيانات!$C$2:$M$207,3,FALSE)*C:C,\"\")","v":""},{"$f":"IFERROR(VLOOKUP($A513,البيانات!$C$2:$M$207,4,FALSE)*C:C,\"\")","v":""},0,null,0]
[null,null,null,{"$f":"IFERROR(VLOOKUP($A514,البيانات!$C$2:$M$207,2,FALSE)*C:C,\"\")","v":""},{"$f":"IFERROR(VLOOKUP($A514,البيانات!$C$2:$M$207,3,FALSE)*C:C,\"\")","v":""},{"$f":"IFERROR(VLOOKUP($A514,البيانات!$C$2:$M$207,4,FALSE)*C:C,\"\")","v":""},0,null,0]
[null,null,null,{"$f":"IFERROR(VLOOKUP($A515,البيانات!$C$2:$M$207,2,FALSE)*C:C,\"\")","v":""},{"$f":"IFERROR(VLOOKUP($A515,البيانات!$C$2:$M$207,3,FALSE)*C:C,\"\")","v":""},{"$f":"IFERROR(VLOOKUP($A515,البيانات!$C$2:$M$207,4,FALSE)*C:C,\"\")","v":""},0,null,0]
[null,null,null,{"$f":"IFERROR(VLOOKUP($A516,البيانات!$C$2:$M$207,2,FALSE)*C:C,\"\")","v":""},{"$f":"IFERROR(VLOOKUP($A516,البيانات!$C$2:$M$207,3,FALSE)*C:C,\"\")","v":""},{"$f":"IFERROR(VLOOKUP($A516,البيانات!$C$2:$M$207,4,FALSE)*C:C,\"\")","v":""},0,null,0]
[null,null,null,{"$f":"IFERROR(VLOOKUP($A517,البيانات!$C$2:$M$207,2,FALSE)*C:C,\"\")","v":""},{"$f":"IFERROR(VLOOKUP($A517,البيانات!$C$2:$M$207,3,FALSE)*C:C,\"\")","v":""},{"$f":"IFERROR(VLOOKUP($A517,البيانات!$C$2:$M$207,4,FALSE)*C:C,\"\")","v":""},0,null,0]
[null,null,null,{"$f":"IFERROR(VLOOKUP($A518,البيانات!$C$2:$M$207,2,FALSE)*C:C,\"\")","v":""},{"$f":"IFERROR(VLOOKUP($A518,البيانات!$C$2:$M$207,3,FALSE)*C:C,\"\")","v":""},{"$f":"IFERROR(VLOOKUP($A518,البيانات!$C$2:$M$207,4,FALSE)*C:C,\"\")","v":""},0,null,{"$f":"IFERROR(H518-G518,\"\")","v":0}]
[null,null,null,{"$f":"IFERROR(VLOOKUP($A519,البيانات!$C$2:$M$207,2,FALSE)*C:C,\"\")","v":""},{"$f":"IFERROR(VLOOKUP($A519,البيانات!$C$2:$M$207,3,FALSE)*C:C,\"\")","v":""},{"$f":"IFERROR(VLOOKUP($A519,البيانات!$C$2:$M$207,4,FALSE)*C:C,\"\")","v":""},0,null,0]
[null,null,null,{"$f":"IFERROR(VLOOKUP($A520,البيانات!$C$2:$M$207,2,FALSE)*C:C,\"\")","v":""},{"$f":"IFERROR(VLOOKUP($A520,البيانات!$C$2:$M$207,3,FALSE)*C:C,\"\")","v":""},{"$f":"IFERROR(VLOOKUP($A520,البيانات!$C$2:$M$207,4,FALSE)*C:C,\"\")","v":""},0,null,0]
[null,null,null,{"$f":"IFERROR(VLOOKUP($A521,البيانات!$C$2:$M$207,2,FALSE)*C:C,\"\")","v":""},{"$f":"IFERROR(VLOOKUP($A521,البيانات!$C$2:$M$207,3,FALSE)*C:C,\"\")","v":""},{"$f":"IFERROR(VLOOKUP($A521,البيانات!$C$2:$M$207,4,FALSE)*C:C,\"\")","v":""},0,null,0]
[null,null,null,{"$f":"IFERROR(VLOOKUP($A522,البيانات!$C$2:$M$207,2,FALSE)*C:C,\"\")","v":""},{"$f":"IFERROR(VLOOKUP($A522,البيانات!$C$2:$M$207,3,FALSE)*C:C,\"\")","v":""},{"$f":"IFERROR(VLOOKUP($A522,البيانات!$C$2:$M$207,4,FALSE)*C:C,\"\")","v":""},0,null,0]
[null,null,null,{"$f":"IFERROR(VLOOKUP($A523,البيانات!$C$2:$M$207,2,FALSE)*C:C,\"\")","v":""},{"$f":"IFERROR(VLOOKUP($A523,البيانات!$C$2:$M$207,3,FALSE)*C:C,\"\")","v":""},{"$f":"IFERROR(VLOOKUP($A523,البيانات!$C$2:$M$207,4,FALSE)*C:C,\"\")","v":""},0,null,0]
[null,null,null,{"$f":"IFERROR(VLOOKUP($A524,البيانات!$C$2:$M$207,2,FALSE)*C:C,\"\")","v":""},{"$f":"IFERROR(VLOOKUP($A524,البيانات!$C$2:$M$207,3,FALSE)*C:C,\"\")","v":""},{"$f":"IFERROR(VLOOKUP($A524,البيانات!$C$2:$M$207,4,FALSE)*C:C,\"\")","v":""},0,null,0]
[null,null,null,{"$f":"IFERROR(VLOOKUP($A525,البيانات!$C$2:$M$207,2,FALSE)*C:C,\"\")","v":""},{"$f":"IFERROR(VLOOKUP($A525,البيانات!$C$2:$M$207,3,FALSE)*C:C,\"\")","v":""},{"$f":"IFERROR(VLOOKUP($A525,البيانات!$C$2:$M$207,4,FALSE)*C:C,\"\")","v":""},0,null,0]
[null,null,null,{"$f":"IFERROR(VLOOKUP($A526,البيانات!$C$2:$M$207,2,FALSE)*C:C,\"\")","v":""},{"$f":"IFERROR(VLOOKUP($A526,البيانات!$C$2:$M$207,3,FALSE)*C:C,\"\")","v":""},{"$f":"IFERROR(VLOOKUP($A526,البيانات!$C$2:$M$207,4,FALSE)*C:C,\"\")","v":""},0,null,0]
[null,null,null,{"$f":"IFERROR(VLOOKUP($A527,البيانات!$C$2:$M$207,2,FALSE)*C:C,\"\")","v":""},{"$f":"IFERROR(VLOOKUP($A527,البيانات!$C$2:$M$207,3,FALSE)*C:C,\"\")","v":""},{"$f":"IFERROR(VLOOKUP($A527,البيانات!$C$2:$M$207,4,FALSE)*C:C,\"\")","v":""},0,null,0]
[null,null,null,{"$f":"IFERROR(VLOOKUP($A528,البيانات!$C$2:$M$207,2,FALSE)*C:C,\"\")","v":""},{"$f":"IFERROR(VLOOKUP($A528,البيانات!$C$2:$M$207,3,FALSE)*C:C,\"\")","v":""},{"$f":"IFERROR(VLOOKUP($A528,البيانات!$C$2:$M$207,4,FALSE)*C:C,\"\")","v":""},0,null,0]
[null,null,null,{"$f":"IFERROR(VLOOKUP($A529,البيانات!$C$2:$M$207,2,FALSE)*C:C,\"\")","v":""},{"$f":"IFERROR(VLOOKUP($A529,البيانات!$C$2:$M$207,3,FALSE)*C:C,\"\")","v":""},{"$f":"IFERROR(VLOOKUP($A529,البيانات!$C$2:$M$207,4,FALSE)*C:C,\"\")","v":""},0,null,0]
[null,null,null,{"$f":"IFERROR(VLOOKUP($A530,البيانات!$C$2:$M$207,2,FALSE)*C:C,\"\")","v":""},{"$f":"IFERROR(VLOOKUP($A530,البيانات!$C$2:$M$207,3,FALSE)*C:C,\"\")","v":""},{"$f":"IFERROR(VLOOKUP($A530,البيانات!$C$2:$M$207,4,FALSE)*C:C,\"\")","v":""},0,null,0]
[null,null,null,{"$f":"IFERROR(VLOOKUP($A531,البيانات!$C$2:$M$207,2,FALSE)*C:C,\"\")","v":""},{"$f":"IFERROR(VLOOKUP($A531,البيانات!$C$2:$M$207,3,FALSE)*C:C,\"\")","v":""},{"$f":"IFERROR(VLOOKUP($A531,البيانات!$C$2:$M$207,4,FALSE)*C:C,\"\")","v":""},0,null,0]
[null,null,null,{"$f":"IFERROR(VLOOKUP($A532,البيانات!$C$2:$M$207,2,FALSE)*C:C,\"\")","v":""},{"$f":"IFERROR(VLOOKUP($A532,البيانات!$C$2:$M$207,3,FALSE)*C:C,\"\")","v":""},{"$f":"IFERROR(VLOOKUP($A532,البيانات!$C$2:$M$207,4,FALSE)*C:C,\"\")","v":""},0,null,0]
[null,null,null,{"$f":"IFERROR(VLOOKUP($A533,البيانات!$C$2:$M$207,2,FALSE)*C:C,\"\")","v":""},{"$f":"IFERROR(VLOOKUP($A533,البيانات!$C$2:$M$207,3,FALSE)*C:C,\"\")","v":""},{"$f":"IFERROR(VLOOKUP($A533,البيانات!$C$2:$M$207,4,FALSE)*C:C,\"\")","v":""},0,null,0]
[null,null,null,{"$f":"IFERROR(VLOOKUP($A534,البيانات!$C$2:$M$207,2,FALSE)*C:C,\"\")","v":""},{"$f":"IFERROR(VLOOKUP($A534,البيانات!$C$2:$M$207,3,FALSE)*C:C,\"\")","v":""},{"$f":"IFERROR(VLOOKUP($A534,البيانات!$C$2:$M$207,4,FALSE)*C:C,\"\")","v":""},0,null,0]
[null,null,null,{"$f":"IFERROR(VLOOKUP($A535,البيانات!$C$2:$M$207,2,FALSE)*C:C,\"\")","v":""},{"$f":"IFERROR(VLOOKUP($A535,البيانات!$C$2:$M$207,3,FALSE)*C:C,\"\")","v":""},{"$f":"IFERROR(VLOOKUP($A535,البيانات!$C$2:$M$207,4,FALSE)*C:C,\"\")","v":""},{"$f":"IFERROR(C535*B535,\"\")","v":0},null,0]
[null,null,null,{"$f":"IFERROR(VLOOKUP($A536,البيانات!$C$2:$M$207,2,FALSE)*C:C,\"\")","v":""},{"$f":"IFERROR(VLOOKUP($A536,البيانات!$C$2:$M$207,3,FALSE)*C:C,\"\")","v":""},{"$f":"IFERROR(VLOOKUP($A536,البيانات!$C$2:$M$207,4,FALSE)*C:C,\"\")","v":""},0,null,0]
[null,null,null,{"$f":"IFERROR(VLOOKUP($A537,البيانات!$C$2:$M$207,2,FALSE)*C:C,\"\")","v":""},{"$f":"IFERROR(VLOOKUP($A537,البيانات!$C$2:$M$207,3,FALSE)*C:C,\"\")","v":""},{"$f":"IFERROR(VLOOKUP($A537,البيانات!$C$2:$M$207,4,FALSE)*C:C,\"\")","v":""},0,null,0]
[null,null,null,{"$f":"IFERROR(VLOOKUP($A538,البيانات!$C$2:$M$207,2,FALSE)*C:C,\"\")","v":""},{"$f":"IFERROR(VLOOKUP($A538,البيانات!$C$2:$M$207,3,FALSE)*C:C,\"\")","v":""},{"$f":"IFERROR(VLOOKUP($A538,البيانات!$C$2:$M$207,4,FALSE)*C:C,\"\")","v":""},0,null,0]
[null,null,null,{"$f":"IFERROR(VLOOKUP($A539,البيانات!$C$2:$M$207,2,FALSE)*C:C,\"\")","v":""},{"$f":"IFERROR(VLOOKUP($A539,البيانات!$C$2:$M$207,3,FALSE)*C:C,\"\")","v":""},{"$f":"IFERROR(VLOOKUP($A539,البيانات!$C$2:$M$207,4,FALSE)*C:C,\"\")","v":""},0,null,0]
[null,null,null,{"$f":"IFERROR(VLOOKUP($A540,البيانات!$C$2:$M$207,2,FALSE)*C:C,\"\")","v":""},{"$f":"IFERROR(VLOOKUP($A540,البيانات!$C$2:$M$207,3,FALSE)*C:C,\"\")","v":""},{"$f":"IFERROR(VLOOKUP($A540,البيانات!$C$2:$M$207,4,FALSE)*C:C,\"\")","v":""},0,null,0]
[null,null,null,{"$f":"IFERROR(VLOOKUP($A541,البيانات!$C$2:$M$207,2,FALSE)*C:C,\"\")","v":""},{"$f":"IFERROR(VLOOKUP($A541,البيانات!$C$2:$M$207,3,FALSE)*C:C,\"\")","v":""},{"$f":"IFERROR(VLOOKUP($A541,البيانات!$C$2:$M$207,4,FALSE)*C:C,\"\")","v":""},0,null,0]
[null,null,null,{"$f":"IFERROR(VLOOKUP($A542,البيانات!$C$2:$M$207,2,FALSE)*C:C,\"\")","v":""},{"$f":"IFERROR(VLOOKUP($A542,البيانات!$C$2:$M$207,3,FALSE)*C:C,\"\")","v":""},{"$f":"IFERROR(VLOOKUP($A542,البيانات!$C$2:$M$207,4,FALSE)*C:C,\"\")","v":""},0,null,0]
[null,null,null,{"$f":"IFERROR(VLOOKUP($A543,البيانات!$C$2:$M$207,2,FALSE)*C:C,\"\")","v":""},{"$f":"IFERROR(VLOOKUP($A543,البيانات!$C$2:$M$207,3,FALSE)*C:C,\"\")","v":""},{"$f":"IFERROR(VLOOKUP($A543,البيانات!$C$2:$M$207,4,FALSE)*C:C,\"\")","v":""},0,null,0]
[null,null,null,{"$f":"IFERROR(VLOOKUP($A544,البيانات!$C$2:$M$207,2,FALSE)*C:C,\"\")","v":""},{"$f":"IFERROR(VLOOKUP($A544,البيانات!$C$2:$M$207,3,FALSE)*C:C,\"\")","v":""},{"$f":"IFERROR(VLOOKUP($A544,البيانات!$C$2:$M$207,4,FALSE)*C:C,\"\")","v":""},0,null,0]
[null,null,null,{"$f":"IFERROR(VLOOKUP($A545,البيانات!$C$2:$M$207,2,FALSE)*C:C,\"\")","v":""},{"$f":"IFERROR(VLOOKUP($A545,البيانات!$C$2:$M$207,3,FALSE)*C:C,\"\")","v":""},{"$f":"IFERROR(VLOOKUP($A545,البيانات!$C$2:$M$207,4,FALSE)*C:C,\"\")","v":""},0,null,0]
[null,null,null,{"$f":"IFERROR(VLOOKUP($A546,البيانات!$C$2:$M$207,2,FALSE)*C:C,\"\")","v":""},{"$f":"IFERROR(VLOOKUP($A546,البيانات!$C$2:$M$207,3,FALSE)*C:C,\"\")","v":""},{"$f":"IFERROR(VLOOKUP($A546,البيانات!$C$2:$M$207,4,FALSE)*C:C,\"\")","v":""},0,null,0]
[null,null,null,{"$f":"IFERROR(VLOOKUP($A547,البيانات!$C$2:$M$207,2,FALSE)*C:C,\"\")","v":""},{"$f":"IFERROR(VLOOKUP($A547,البيانات!$C$2:$M$207,3,FALSE)*C:C,\"\")","v":""},{"$f":"IFERROR(VLOOKUP($A547,البيانات!$C$2:$M$207,4,FALSE)*C:C,\"\")","v":""},0,null,0]
[null,null,null,{"$f":"IFERROR(VLOOKUP($A548,البيانات!$C$2:$M$207,2,FALSE)*C:C,\"\")","v":""},{"$f":"IFERROR(VLOOKUP($A548,البيانات!$C$2:$M$207,3,FALSE)*C:C,\"\")","v":""},{"$f":"IFERROR(VLOOKUP($A548,البيانات!$C$2:$M$207,4,FALSE)*C:C,\"\")","v":""},0,null,0]
[null,null,null,{"$f":"IFERROR(VLOOKUP($A549,البيانات!$C$2:$M$207,2,FALSE)*C:C,\"\")","v":""},{"$f":"IFERROR(VLOOKUP($A549,البيانات!$C$2:$M$207,3,FALSE)*C:C,\"\")","v":""},{"$f":"IFERROR(VLOOKUP($A549,البيانات!$C$2:$M$207,4,FALSE)*C:C,\"\")","v":""},0,null,0]
[null,null,null,{"$f":"IFERROR(VLOOKUP($A550,البيانات!$C$2:$M$207,2,FALSE)*C:C,\"\")","v":""},{"$f":"IFERROR(VLOOKUP($A550,البيانات!$C$2:$M$207,3,FALSE)*C:C,\"\")","v":""},{"$f":"IFERROR(VLOOKUP($A550,البيانات!$C$2:$M$207,4,FALSE)*C:C,\"\")","v":""},0,null,0]
[null,null,null,{"$f":"IFERROR(VLOOKUP($A551,البيانات!$C$2:$M$207,2,FALSE)*C:C,\"\")","v":""},{"$f":"IFERROR(VLOOKUP($A551,البيانات!$C$2:$M$207,3,FALSE)*C:C,\"\")","v":""},{"$f":"IFERROR(VLOOKUP($A551,البيانات!$C$2:$M$207,4,FALSE)*C:C,\"\")","v":""},0,null,0]
[null,null,null,{"$f":"IFERROR(VLOOKUP($A552,البيانات!$C$2:$M$207,2,FALSE)*C:C,\"\")","v":""},{"$f":"IFERROR(VLOOKUP($A552,البيانات!$C$2:$M$207,3,FALSE)*C:C,\"\")","v":""},{"$f":"IFERROR(VLOOKUP($A552,البيانات!$C$2:$M$207,4,FALSE)*C:C,\"\")","v":""},0,null,0]
[null,null,null,{"$f":"IFERROR(VLOOKUP($A553,البيانات!$C$2:$M$207,2,FALSE)*C:C,\"\")","v":""},{"$f":"IFERROR(VLOOKUP($A553,البيانات!$C$2:$M$207,3,FALSE)*C:C,\"\")","v":""},{"$f":"IFERROR(VLOOKUP($A553,البيانات!$C$2:$M$207,4,FALSE)*C:C,\"\")","v":""},0,null,0]
[null,null,null,{"$f":"IFERROR(VLOOKUP($A554,البيانات!$C$2:$M$207,2,FALSE)*C:C,\"\")","v":""},{"$f":"IFERROR(VLOOKUP($A554,البيانات!$C$2:$M$207,3,FALSE)*C:C,\"\")","v":""},{"$f":"IFERROR(VLOOKUP($A554,البيانات!$C$2:$M$207,4,FALSE)*C:C,\"\")","v":""},0,null,0]
[null,null,null,{"$f":"IFERROR(VLOOKUP($A555,البيانات!$C$2:$M$207,2,FALSE)*C:C,\"\")","v":""},{"$f":"IFERROR(VLOOKUP($A555,البيانات!$C$2:$M$207,3,FALSE)*C:C,\"\")","v":""},{"$f":"IFERROR(VLOOKUP($A555,البيانات!$C$2:$M$207,4,FALSE)*C:C,\"\")","v":""},0,null,0]
[null,null,null,{"$f":"IFERROR(VLOOKUP($A556,البيانات!$C$2:$M$207,2,FALSE)*C:C,\"\")","v":""},{"$f":"IFERROR(VLOOKUP($A556,البيانات!$C$2:$M$207,3,FALSE)*C:C,\"\")","v":""},{"$f":"IFERROR(VLOOKUP($A556,البيانات!$C$2:$M$207,4,FALSE)*C:C,\"\")","v":""},0,null,0]
[null,null,null,{"$f":"IFERROR(VLOOKUP($A557,البيانات!$C$2:$M$207,2,FALSE)*C:C,\"\")","v":""},{"$f":"IFERROR(VLOOKUP($A557,البيانات!$C$2:$M$207,3,FALSE)*C:C,\"\")","v":""},{"$f":"IFERROR(VLOOKUP($A557,البيانات!$C$2:$M$207,4,FALSE)*C:C,\"\")","v":""},0,null,0]
[null,null,null,{"$f":"IFERROR(VLOOKUP($A558,البيانات!$C$2:$M$207,2,FALSE)*C:C,\"\")","v":""},{"$f":"IFERROR(VLOOKUP($A558,البيانات!$C$2:$M$207,3,FALSE)*C:C,\"\")","v":""},{"$f":"IFERROR(VLOOKUP($A558,البيانات!$C$2:$M$207,4,FALSE)*C:C,\"\")","v":""},0,null,0]
[null,null,null,{"$f":"IFERROR(VLOOKUP($A559,البيانات!$C$2:$M$207,2,FALSE)*C:C,\"\")","v":""},{"$f":"IFERROR(VLOOKUP($A559,البيانات!$C$2:$M$207,3,FALSE)*C:C,\"\")","v":""},{"$f":"IFERROR(VLOOKUP($A559,البيانات!$C$2:$M$207,4,FALSE)*C:C,\"\")","v":""},0,null,0]
[null,null,null,{"$f":"IFERROR(VLOOKUP($A560,البيانات!$C$2:$M$207,2,FALSE)*C:C,\"\")","v":""},{"$f":"IFERROR(VLOOKUP($A560,البيانات!$C$2:$M$207,3,FALSE)*C:C,\"\")","v":""},{"$f":"IFERROR(VLOOKUP($A560,البيانات!$C$2:$M$207,4,FALSE)*C:C,\"\")","v":""},0,null,0]
[null,null,null,{"$f":"IFERROR(VLOOKUP($A561,البيانات!$C$2:$M$207,2,FALSE)*C:C,\"\")","v":""},{"$f":"IFERROR(VLOOKUP($A561,البيانات!$C$2:$M$207,3,FALSE)*C:C,\"\")","v":""},{"$f":"IFERROR(VLOOKUP($A561,البيانات!$C$2:$M$207,4,FALSE)*C:C,\"\")","v":""},0,null,0]
[null,null,null,{"$f":"IFERROR(VLOOKUP($A562,البيانات!$C$2:$M$207,2,FALSE)*C:C,\"\")","v":""},{"$f":"IFERROR(VLOOKUP($A562,البيانات!$C$2:$M$207,3,FALSE)*C:C,\"\")","v":""},{"$f":"IFERROR(VLOOKUP($A562,البيانات!$C$2:$M$207,4,FALSE)*C:C,\"\")","v":""},0,null,0]
[null,null,null,{"$f":"IFERROR(VLOOKUP($A563,البيانات!$C$2:$M$207,2,FALSE)*C:C,\"\")","v":""},{"$f":"IFERROR(VLOOKUP($A563,البيانات!$C$2:$M$207,3,FALSE)*C:C,\"\")","v":""},{"$f":"IFERROR(VLOOKUP($A563,البيانات!$C$2:$M$207,4,FALSE)*C:C,\"\")","v":""},0,null,0]
[null,null,null,{"$f":"IFERROR(VLOOKUP($A564,البيانات!$C$2:$M$207,2,FALSE)*C:C,\"\")","v":""},{"$f":"IFERROR(VLOOKUP($A564,البيانات!$C$2:$M$207,3,FALSE)*C:C,\"\")","v":""},{"$f":"IFERROR(VLOOKUP($A564,البيانات!$C$2:$M$207,4,FALSE)*C:C,\"\")","v":""},0,null,0]
[null,null,null,{"$f":"IFERROR(VLOOKUP($A565,البيانات!$C$2:$M$207,2,FALSE)*C:C,\"\")","v":""},{"$f":"IFERROR(VLOOKUP($A565,البيانات!$C$2:$M$207,3,FALSE)*C:C,\"\")","v":""},{"$f":"IFERROR(VLOOKUP($A565,البيانات!$C$2:$M$207,4,FALSE)*C:C,\"\")","v":""},0,null,0]
[null,null,null,{"$f":"IFERROR(VLOOKUP($A566,البيانات!$C$2:$M$207,2,FALSE)*C:C,\"\")","v":""},{"$f":"IFERROR(VLOOKUP($A566,البيانات!$C$2:$M$207,3,FALSE)*C:C,\"\")","v":""},{"$f":"IFERROR(VLOOKUP($A566,البيانات!$C$2:$M$207,4,FALSE)*C:C,\"\")","v":""},0,null,0]
[null,null,null,{"$f":"IFERROR(VLOOKUP($A567,البيانات!$C$2:$M$207,2,FALSE)*C:C,\"\")","v":""},{"$f":"IFERROR(VLOOKUP($A567,البيانات!$C$2:$M$207,3,FALSE)*C:C,\"\")","v":""},{"$f":"IFERROR(VLOOKUP($A567,البيانات!$C$2:$M$207,4,FALSE)*C:C,\"\")","v":""},0,null,0]
[null,null,null,{"$f":"IFERROR(VLOOKUP($A568,البيانات!$C$2:$M$207,2,FALSE)*C:C,\"\")","v":""},{"$f":"IFERROR(VLOOKUP($A568,البيانات!$C$2:$M$207,3,FALSE)*C:C,\"\")","v":""},{"$f":"IFERROR(VLOOKUP($A568,البيانات!$C$2:$M$207,4,FALSE)*C:C,\"\")","v":""},0,null,0]
[null,null,null,{"$f":"IFERROR(VLOOKUP($A569,البيانات!$C$2:$M$207,2,FALSE)*C:C,\"\")","v":""},{"$f":"IFERROR(VLOOKUP($A569,البيانات!$C$2:$M$207,3,FALSE)*C:C,\"\")","v":""},{"$f":"IFERROR(VLOOKUP($A569,البيانات!$C$2:$M$207,4,FALSE)*C:C,\"\")","v":""},0,null,0]
[null,null,null,{"$f":"IFERROR(VLOOKUP($A570,البيانات!$C$2:$M$207,2,FALSE)*C:C,\"\")","v":""},{"$f":"IFERROR(VLOOKUP($A570,البيانات!$C$2:$M$207,3,FALSE)*C:C,\"\")","v":""},{"$f":"IFERROR(VLOOKUP($A570,البيانات!$C$2:$M$207,4,FALSE)*C:C,\"\")","v":""},0,null,0]
[null,null,null,{"$f":"IFERROR(VLOOKUP($A571,البيانات!$C$2:$M$207,2,FALSE)*C:C,\"\")","v":""},{"$f":"IFERROR(VLOOKUP($A571,البيانات!$C$2:$M$207,3,FALSE)*C:C,\"\")","v":""},{"$f":"IFERROR(VLOOKUP($A571,البيانات!$C$2:$M$207,4,FALSE)*C:C,\"\")","v":""},0,null,0]
[null,null,null,{"$f":"IFERROR(VLOOKUP($A572,البيانات!$C$2:$M$207,2,FALSE)*C:C,\"\")","v":""},{"$f":"IFERROR(VLOOKUP($A572,البيانات!$C$2:$M$207,3,FALSE)*C:C,\"\")","v":""},{"$f":"IFERROR(VLOOKUP($A572,البيانات!$C$2:$M$207,4,FALSE)*C:C,\"\")","v":""},0,null,0]
[null,null,null,{"$f":"IFERROR(VLOOKUP($A573,البيانات!$C$2:$M$207,2,FALSE)*C:C,\"\")","v":""},{"$f":"IFERROR(VLOOKUP($A573,البيانات!$C$2:$M$207,3,FALSE)*C:C,\"\")","v":""},{"$f":"IFERROR(VLOOKUP($A573,البيانات!$C$2:$M$207,4,FALSE)*C:C,\"\")","v":""},0,null,0]
[null,null,null,{"$f":"IFERROR(VLOOKUP($A574,البيانات!$C$2:$M$207,2,FALSE)*C:C,\"\")","v":""},{"$f":"IFERROR(VLOOKUP($A574,البيانات!$C$2:$M$207,3,FALSE)*C:C,\"\")","v":""},{"$f":"IFERROR(VLOOKUP($A574,البيانات!$C$2:$M$207,4,FALSE)*C:C,\"\")","v":""},0,null,0]
[null,null,null,{"$f":"IFERROR(VLOOKUP($A575,البيانات!$C$2:$M$207,2,FALSE)*C:C,\"\")","v":""},{"$f":"IFERROR(VLOOKUP($A575,البيانات!$C$2:$M$207,3,FALSE)*C:C,\"\")","v":""},{"$f":"IFERROR(VLOOKUP($A575,البيانات!$C$2:$M$207,4,FALSE)*C:C,\"\")","v":""},0,null,0]
[null,null,null,{"$f":"IFERROR(VLOOKUP($A576,البيانات!$C$2:$M$207,2,FALSE)*C:C,\"\")","v":""},{"$f":"IFERROR(VLOOKUP($A576,البيانات!$C$2:$M$207,3,FALSE)*C:C,\"\")","v":""},{"$f":"IFERROR(VLOOKUP($A576,البيانات!$C$2:$M$207,4,FALSE)*C:C,\"\")","v":""},0,null,0]
[null,null,null,{"$f":"IFERROR(VLOOKUP($A577,البيانات!$C$2:$M$207,2,FALSE)*C:C,\"\")","v":""},{"$f":"IFERROR(VLOOKUP($A577,البيانات!$C$2:$M$207,3,FALSE)*C:C,\"\")","v":""},{"$f":"IFERROR(VLOOKUP($A577,البيانات!$C$2:$M$207,4,FALSE)*C:C,\"\")","v":""},0,null,0]
[null,null,null,{"$f":"IFERROR(VLOOKUP($A578,البيانات!$C$2:$M$207,2,FALSE)*C:C,\"\")","v":""},{"$f":"IFERROR(VLOOKUP($A578,البيانات!$C$2:$M$207,3,FALSE)*C:C,\"\")","v":""},{"$f":"IFERROR(VLOOKUP($A578,البيانات!$C$2:$M$207,4,FALSE)*C:C,\"\")","v":""},0,null,0]
[null,null,null,{"$f":"IFERROR(VLOOKUP($A579,البيانات!$C$2:$M$207,2,FALSE)*C:C,\"\")","v":""},{"$f":"IFERROR(VLOOKUP($A579,البيانات!$C$2:$M$207,3,FALSE)*C:C,\"\")","v":""},{"$f":"IFERROR(VLOOKUP($A579,البيانات!$C$2:$M$207,4,FALSE)*C:C,\"\")","v":""},0,null,0]
[null,null,null,{"$f":"IFERROR(VLOOKUP($A580,البيانات!$C$2:$M$207,2,FALSE)*C:C,\"\")","v":""},{"$f":"IFERROR(VLOOKUP($A580,البيانات!$C$2:$M$207,3,FALSE)*C:C,\"\")","v":""},{"$f":"IFERROR(VLOOKUP($A580,البيانات!$C$2:$M$207,4,FALSE)*C:C,\"\")","v":""},0,null,0]
[null,null,null,{"$f":"IFERROR(VLOOKUP($A581,البيانات!$C$2:$M$207,2,FALSE)*C:C,\"\")","v":""},{"$f":"IFERROR(VLOOKUP($A581,البيانات!$C$2:$M$207,3,FALSE)*C:C,\"\")","v":""},{"$f":"IFERROR(VLOOKUP($A581,البيانات!$C$2:$M$207,4,FALSE)*C:C,\"\")","v":""},0,null,0]
[null,null,null,{"$f":"IFERROR(VLOOKUP($A582,البيانات!$C$2:$M$207,2,FALSE)*C:C,\"\")","v":""},{"$f":"IFERROR(VLOOKUP($A582,البيانات!$C$2:$M$207,3,FALSE)*C:C,\"\")","v":""},{"$f":"IFERROR(VLOOKUP($A582,البيانات!$C$2:$M$207,4,FALSE)*C:C,\"\")","v":""},0,null,{"$f":"IFERROR(H582-G582,\"\")","v":0}]
[null,null,null,{"$f":"IFERROR(VLOOKUP($A583,البيانات!$C$2:$M$207,2,FALSE)*C:C,\"\")","v":""},{"$f":"IFERROR(VLOOKUP($A583,البيانات!$C$2:$M$207,3,FALSE)*C:C,\"\")","v":""},{"$f":"IFERROR(VLOOKUP($A583,البيانات!$C$2:$M$207,4,FALSE)*C:C,\"\")","v":""},0,null,0]
[null,null,null,{"$f":"IFERROR(VLOOKUP($A584,البيانات!$C$2:$M$207,2,FALSE)*C:C,\"\")","v":""},{"$f":"IFERROR(VLOOKUP($A584,البيانات!$C$2:$M$207,3,FALSE)*C:C,\"\")","v":""},{"$f":"IFERROR(VLOOKUP($A584,البيانات!$C$2:$M$207,4,FALSE)*C:C,\"\")","v":""},0,null,0]
[null,null,null,{"$f":"IFERROR(VLOOKUP($A585,البيانات!$C$2:$M$207,2,FALSE)*C:C,\"\")","v":""},{"$f":"IFERROR(VLOOKUP($A585,البيانات!$C$2:$M$207,3,FALSE)*C:C,\"\")","v":""},{"$f":"IFERROR(VLOOKUP($A585,البيانات!$C$2:$M$207,4,FALSE)*C:C,\"\")","v":""},0,null,0]
[null,null,null,{"$f":"IFERROR(VLOOKUP($A586,البيانات!$C$2:$M$207,2,FALSE)*C:C,\"\")","v":""},{"$f":"IFERROR(VLOOKUP($A586,البيانات!$C$2:$M$207,3,FALSE)*C:C,\"\")","v":""},{"$f":"IFERROR(VLOOKUP($A586,البيانات!$C$2:$M$207,4,FALSE)*C:C,\"\")","v":""},0,null,0]
[null,null,null,{"$f":"IFERROR(VLOOKUP($A587,البيانات!$C$2:$M$207,2,FALSE)*C:C,\"\")","v":""},{"$f":"IFERROR(VLOOKUP($A587,البيانات!$C$2:$M$207,3,FALSE)*C:C,\"\")","v":""},{"$f":"IFERROR(VLOOKUP($A587,البيانات!$C$2:$M$207,4,FALSE)*C:C,\"\")","v":""},0,null,0]
[null,null,null,{"$f":"IFERROR(VLOOKUP($A588,البيانات!$C$2:$M$207,2,FALSE)*C:C,\"\")","v":""},{"$f":"IFERROR(VLOOKUP($A588,البيانات!$C$2:$M$207,3,FALSE)*C:C,\"\")","v":""},{"$f":"IFERROR(VLOOKUP($A588,البيانات!$C$2:$M$207,4,FALSE)*C:C,\"\")","v":""},0,null,0]
[null,null,null,{"$f":"IFERROR(VLOOKUP($A589,البيانات!$C$2:$M$207,2,FALSE)*C:C,\"\")","v":""},{"$f":"IFERROR(VLOOKUP($A589,البيانات!$C$2:$M$207,3,FALSE)*C:C,\"\")","v":""},{"$f":"IFERROR(VLOOKUP($A589,البيانات!$C$2:$M$207,4,FALSE)*C:C,\"\")","v":""},0,null,0]
[null,null,null,{"$f":"IFERROR(VLOOKUP($A590,البيانات!$C$2:$M$207,2,FALSE)*C:C,\"\")","v":""},{"$f":"IFERROR(VLOOKUP($A590,البيانات!$C$2:$M$207,3,FALSE)*C:C,\"\")","v":""},{"$f":"IFERROR(VLOOKUP($A590,البيانات!$C$2:$M$207,4,FALSE)*C:C,\"\")","v":""},0,null,0]
[null,null,null,{"$f":"IFERROR(VLOOKUP($A591,البيانات!$C$2:$M$207,2,FALSE)*C:C,\"\")","v":""},{"$f":"IFERROR(VLOOKUP($A591,البيانات!$C$2:$M$207,3,FALSE)*C:C,\"\")","v":""},{"$f":"IFERROR(VLOOKUP($A591,البيانات!$C$2:$M$207,4,FALSE)*C:C,\"\")","v":""},0,null,0]
[null,null,null,{"$f":"IFERROR(VLOOKUP($A592,البيانات!$C$2:$M$207,2,FALSE)*C:C,\"\")","v":""},{"$f":"IFERROR(VLOOKUP($A592,البيانات!$C$2:$M$207,3,FALSE)*C:C,\"\")","v":""},{"$f":"IFERROR(VLOOKUP($A592,البيانات!$C$2:$M$207,4,FALSE)*C:C,\"\")","v":""},0,null,0]
[null,null,null,{"$f":"IFERROR(VLOOKUP($A593,البيانات!$C$2:$M$207,2,FALSE)*C:C,\"\")","v":""},{"$f":"IFERROR(VLOOKUP($A593,البيانات!$C$2:$M$207,3,FALSE)*C:C,\"\")","v":""},{"$f":"IFERROR(VLOOKUP($A593,البيانات!$C$2:$M$207,4,FALSE)*C:C,\"\")","v":""},0,null,0]
[null,null,null,{"$f":"IFERROR(VLOOKUP($A594,البيانات!$C$2:$M$207,2,FALSE)*C:C,\"\")","v":""},{"$f":"IFERROR(VLOOKUP($A594,البيانات!$C$2:$M$207,3,FALSE)*C:C,\"\")","v":""},{"$f":"IFERROR(VLOOKUP($A594,البيانات!$C$2:$M$207,4,FALSE)*C:C,\"\")","v":""},0,null,0]
[null,null,null,{"$f":"IFERROR(VLOOKUP($A595,البيانات!$C$2:$M$207,2,FALSE)*C:C,\"\")","v":""},{"$f":"IFERROR(VLOOKUP($A595,البيانات!$C$2:$M$207,3,FALSE)*C:C,\"\")","v":""},{"$f":"IFERROR(VLOOKUP($A595,البيانات!$C$2:$M$207,4,FALSE)*C:C,\"\")","v":""},0,null,0]
[null,null,null,{"$f":"IFERROR(VLOOKUP($A596,البيانات!$C$2:$M$207,2,FALSE)*C:C,\"\")","v":""},{"$f":"IFERROR(VLOOKUP($A596,البيانات!$C$2:$M$207,3,FALSE)*C:C,\"\")","v":""},{"$f":"IFERROR(VLOOKUP($A596,البيانات!$C$2:$M$207,4,FALSE)*C:C,\"\")","v":""},0,null,0]
[null,null,null,{"$f":"IFERROR(VLOOKUP($A597,البيانات!$C$2:$M$207,2,FALSE)*C:C,\"\")","v":""},{"$f":"IFERROR(VLOOKUP($A597,البيانات!$C$2:$M$207,3,FALSE)*C:C,\"\")","v":""},{"$f":"IFERROR(VLOOKUP($A597,البيانات!$C$2:$M$207,4,FALSE)*C:C,\"\")","v":""},0,null,0]
[null,null,null,{"$f":"IFERROR(VLOOKUP($A598,البيانات!$C$2:$M$207,2,FALSE)*C:C,\"\")","v":""},{"$f":"IFERROR(VLOOKUP($A598,البيانات!$C$2:$M$207,3,FALSE)*C:C,\"\")","v":""},{"$f":"IFERROR(VLOOKUP($A598,البيانات!$C$2:$M$207,4,FALSE)*C:C,\"\")","v":""},0,null,0]
[null,null,null,{"$f":"IFERROR(VLOOKUP($A599,البيانات!$C$2:$M$207,2,FALSE)*C:C,\"\")","v":""},{"$f":"IFERROR(VLOOKUP($A599,البيانات!$C$2:$M$207,3,FALSE)*C:C,\"\")","v":""},{"$f":"IFERROR(VLOOKUP($A599,البيانات!$C$2:$M$207,4,FALSE)*C:C,\"\")","v":""},{"$f":"IFERROR(C599*B599,\"\")","v":0},null,0]
[null,null,null,{"$f":"IFERROR(VLOOKUP($A600,البيانات!$C$2:$M$207,2,FALSE)*C:C,\"\")","v":""},{"$f":"IFERROR(VLOOKUP($A600,البيانات!$C$2:$M$207,3,FALSE)*C:C,\"\")","v":""},{"$f":"IFERROR(VLOOKUP($A600,البيانات!$C$2:$M$207,4,FALSE)*C:C,\"\")","v":""},0,null,0]
[null,null,null,{"$f":"IFERROR(VLOOKUP($A601,البيانات!$C$2:$M$207,2,FALSE)*C:C,\"\")","v":""},{"$f":"IFERROR(VLOOKUP($A601,البيانات!$C$2:$M$207,3,FALSE)*C:C,\"\")","v":""},{"$f":"IFERROR(VLOOKUP($A601,البيانات!$C$2:$M$207,4,FALSE)*C:C,\"\")","v":""},0,null,0]
[null,null,null,{"$f":"IFERROR(VLOOKUP($A602,البيانات!$C$2:$M$207,2,FALSE)*C:C,\"\")","v":""},{"$f":"IFERROR(VLOOKUP($A602,البيانات!$C$2:$M$207,3,FALSE)*C:C,\"\")","v":""},{"$f":"IFERROR(VLOOKUP($A602,البيانات!$C$2:$M$207,4,FALSE)*C:C,\"\")","v":""},0,null,0]
[null,null,null,{"$f":"IFERROR(VLOOKUP($A603,البيانات!$C$2:$M$207,2,FALSE)*C:C,\"\")","v":""},{"$f":"IFERROR(VLOOKUP($A603,البيانات!$C$2:$M$207,3,FALSE)*C:C,\"\")","v":""},{"$f":"IFERROR(VLOOKUP($A603,البيانات!$C$2:$M$207,4,FALSE)*C:C,\"\")","v":""},0,null,0]
[null,null,null,{"$f":"IFERROR(VLOOKUP($A604,البيانات!$C$2:$M$207,2,FALSE)*C:C,\"\")","v":""},{"$f":"IFERROR(VLOOKUP($A604,البيانات!$C$2:$M$207,3,FALSE)*C:C,\"\")","v":""},{"$f":"IFERROR(VLOOKUP($A604,البيانات!$C$2:$M$207,4,FALSE)*C:C,\"\")","v":""},0,null,0]
[null,null,null,{"$f":"IFERROR(VLOOKUP($A605,البيانات!$C$2:$M$207,2,FALSE)*C:C,\"\")","v":""},{"$f":"IFERROR(VLOOKUP($A605,البيانات!$C$2:$M$207,3,FALSE)*C:C,\"\")","v":""},{"$f":"IFERROR(VLOOKUP($A605,البيانات!$C$2:$M$207,4,FALSE)*C:C,\"\")","v":""},0,null,0]
[null,null,null,{"$f":"IFERROR(VLOOKUP($A606,البيانات!$C$2:$M$207,2,FALSE)*C:C,\"\")","v":""},{"$f":"IFERROR(VLOOKUP($A606,البيانات!$C$2:$M$207,3,FALSE)*C:C,\"\")","v":""},{"$f":"IFERROR(VLOOKUP($A606,البيانات!$C$2:$M$207,4,FALSE)*C:C,\"\")","v":""},0,null,0]
[null,null,null,{"$f":"IFERROR(VLOOKUP($A607,البيانات!$C$2:$M$207,2,FALSE)*C:C,\"\")","v":""},{"$f":"IFERROR(VLOOKUP($A607,البيانات!$C$2:$M$207,3,FALSE)*C:C,\"\")","v":""},{"$f":"IFERROR(VLOOKUP($A607,البيانات!$C$2:$M$207,4,FALSE)*C:C,\"\")","v":""},0,null,0]
[null,null,null,{"$f":"IFERROR(VLOOKUP($A608,البيانات!$C$2:$M$207,2,FALSE)*C:C,\"\")","v":""},{"$f":"IFERROR(VLOOKUP($A608,البيانات!$C$2:$M$207,3,FALSE)*C:C,\"\")","v":""},{"$f":"IFERROR(VLOOKUP($A608,البيانات!$C$2:$M$207,4,FALSE)*C:C,\"\")","v":""},0,null,0]
[null,null,null,{"$f":"IFERROR(VLOOKUP($A609,البيانات!$C$2:$M$207,2,FALSE)*C:C,\"\")","v":""},{"$f":"IFERROR(VLOOKUP($A609,البيانات!$C$2:$M$207,3,FALSE)*C:C,\"\")","v":""},{"$f":"IFERROR(VLOOKUP($A609,البيانات!$C$2:$M$207,4,FALSE)*C:C,\"\")","v":""},0,null,0]
[null,null,null,{"$f":"IFERROR(VLOOKUP($A610,البيانات!$C$2:$M$207,2,FALSE)*C:C,\"\")","v":""},{"$f":"IFERROR(VLOOKUP($A610,البيانات!$C$2:$M$207,3,FALSE)*C:C,\"\")","v":""},{"$f":"IFERROR(VLOOKUP($A610,البيانات!$C$2:$M$207,4,FALSE)*C:C,\"\")","v":""},0,null,0]
[null,null,null,{"$f":"IFERROR(VLOOKUP($A611,البيانات!$C$2:$M$207,2,FALSE)*C:C,\"\")","v":""},{"$f":"IFERROR(VLOOKUP($A611,البيانات!$C$2:$M$207,3,FALSE)*C:C,\"\")","v":""},{"$f":"IFERROR(VLOOKUP($A611,البيانات!$C$2:$M$207,4,FALSE)*C:C,\"\")","v":""},0,null,0]
[null,null,null,{"$f":"IFERROR(VLOOKUP($A612,البيانات!$C$2:$M$207,2,FALSE)*C:C,\"\")","v":""},{"$f":"IFERROR(VLOOKUP($A612,البيانات!$C$2:$M$207,3,FALSE)*C:C,\"\")","v":""},{"$f":"IFERROR(VLOOKUP($A612,البيانات!$C$2:$M$207,4,FALSE)*C:C,\"\")","v":""},0,null,0]
[null,null,null,{"$f":"IFERROR(VLOOKUP($A613,البيانات!$C$2:$M$207,2,FALSE)*C:C,\"\")","v":""},{"$f":"IFERROR(VLOOKUP($A613,البيانات!$C$2:$M$207,3,FALSE)*C:C,\"\")","v":""},{"$f":"IFERROR(VLOOKUP($A613,البيانات!$C$2:$M$207,4,FALSE)*C:C,\"\")","v":""},0,null,0]
[null,null,null,{"$f":"IFERROR(VLOOKUP($A614,البيانات!$C$2:$M$207,2,FALSE)*C:C,\"\")","v":""},{"$f":"IFERROR(VLOOKUP($A614,البيانات!$C$2:$M$207,3,FALSE)*C:C,\"\")","v":""},{"$f":"IFERROR(VLOOKUP($A614,البيانات!$C$2:$M$207,4,FALSE)*C:C,\"\")","v":""},0,null,0]
[null,null,null,{"$f":"IFERROR(VLOOKUP($A615,البيانات!$C$2:$M$207,2,FALSE)*C:C,\"\")","v":""},{"$f":"IFERROR(VLOOKUP($A615,البيانات!$C$2:$M$207,3,FALSE)*C:C,\"\")","v":""},{"$f":"IFERROR(VLOOKUP($A615,البيانات!$C$2:$M$207,4,FALSE)*C:C,\"\")","v":""},0,null,0]
[null,null,null,{"$f":"IFERROR(VLOOKUP($A616,البيانات!$C$2:$M$207,2,FALSE)*C:C,\"\")","v":""},{"$f":"IFERROR(VLOOKUP($A616,البيانات!$C$2:$M$207,3,FALSE)*C:C,\"\")","v":""},{"$f":"IFERROR(VLOOKUP($A616,البيانات!$C$2:$M$207,4,FALSE)*C:C,\"\")","v":""},0,null,0]
[null,null,null,{"$f":"IFERROR(VLOOKUP($A617,البيانات!$C$2:$M$207,2,FALSE)*C:C,\"\")","v":""},{"$f":"IFERROR(VLOOKUP($A617,البيانات!$C$2:$M$207,3,FALSE)*C:C,\"\")","v":""},{"$f":"IFERROR(VLOOKUP($A617,البيانات!$C$2:$M$207,4,FALSE)*C:C,\"\")","v":""},0,null,0]
[null,null,null,{"$f":"IFERROR(VLOOKUP($A618,البيانات!$C$2:$M$207,2,FALSE)*C:C,\"\")","v":""},{"$f":"IFERROR(VLOOKUP($A618,البيانات!$C$2:$M$207,3,FALSE)*C:C,\"\")","v":""},{"$f":"IFERROR(VLOOKUP($A618,البيانات!$C$2:$M$207,4,FALSE)*C:C,\"\")","v":""},0,null,0]
[null,null,null,{"$f":"IFERROR(VLOOKUP($A619,البيانات!$C$2:$M$207,2,FALSE)*C:C,\"\")","v":""},{"$f":"IFERROR(VLOOKUP($A619,البيانات!$C$2:$M$207,3,FALSE)*C:C,\"\")","v":""},{"$f":"IFERROR(VLOOKUP($A619,البيانات!$C$2:$M$207,4,FALSE)*C:C,\"\")","v":""},0,null,0]
[null,null,null,{"$f":"IFERROR(VLOOKUP($A620,البيانات!$C$2:$M$207,2,FALSE)*C:C,\"\")","v":""},{"$f":"IFERROR(VLOOKUP($A620,البيانات!$C$2:$M$207,3,FALSE)*C:C,\"\")","v":""},{"$f":"IFERROR(VLOOKUP($A620,البيانات!$C$2:$M$207,4,FALSE)*C:C,\"\")","v":""},0,null,0]
[null,null,null,{"$f":"IFERROR(VLOOKUP($A621,البيانات!$C$2:$M$207,2,FALSE)*C:C,\"\")","v":""},{"$f":"IFERROR(VLOOKUP($A621,البيانات!$C$2:$M$207,3,FALSE)*C:C,\"\")","v":""},{"$f":"IFERROR(VLOOKUP($A621,البيانات!$C$2:$M$207,4,FALSE)*C:C,\"\")","v":""},0,null,0]
[null,null,null,{"$f":"IFERROR(VLOOKUP($A622,البيانات!$C$2:$M$207,2,FALSE)*C:C,\"\")","v":""},{"$f":"IFERROR(VLOOKUP($A622,البيانات!$C$2:$M$207,3,FALSE)*C:C,\"\")","v":""},{"$f":"IFERROR(VLOOKUP($A622,البيانات!$C$2:$M$207,4,FALSE)*C:C,\"\")","v":""},0,null,0]
[null,null,null,{"$f":"IFERROR(VLOOKUP($A623,البيانات!$C$2:$M$207,2,FALSE)*C:C,\"\")","v":""},{"$f":"IFERROR(VLOOKUP($A623,البيانات!$C$2:$M$207,3,FALSE)*C:C,\"\")","v":""},{"$f":"IFERROR(VLOOKUP($A623,البيانات!$C$2:$M$207,4,FALSE)*C:C,\"\")","v":""},0,null,0]
[null,null,null,{"$f":"IFERROR(VLOOKUP($A624,البيانات!$C$2:$M$207,2,FALSE)*C:C,\"\")","v":""},{"$f":"IFERROR(VLOOKUP($A624,البيانات!$C$2:$M$207,3,FALSE)*C:C,\"\")","v":""},{"$f":"IFERROR(VLOOKUP($A624,البيانات!$C$2:$M$207,4,FALSE)*C:C,\"\")","v":""},0,null,0]
[null,null,null,{"$f":"IFERROR(VLOOKUP($A625,البيانات!$C$2:$M$207,2,FALSE)*C:C,\"\")","v":""},{"$f":"IFERROR(VLOOKUP($A625,البيانات!$C$2:$M$207,3,FALSE)*C:C,\"\")","v":""},{"$f":"IFERROR(VLOOKUP($A625,البيانات!$C$2:$M$207,4,FALSE)*C:C,\"\")","v":""},0,null,0]
[null,null,null,{"$f":"IFERROR(VLOOKUP($A626,البيانات!$C$2:$M$207,2,FALSE)*C:C,\"\")","v":""},{"$f":"IFERROR(VLOOKUP($A626,البيانات!$C$2:$M$207,3,FALSE)*C:C,\"\")","v":""},{"$f":"IFERROR(VLOOKUP($A626,البيانات!$C$2:$M$207,4,FALSE)*C:C,\"\")","v":""},0,null,0]
[null,null,null,{"$f":"IFERROR(VLOOKUP($A627,البيانات!$C$2:$M$207,2,FALSE)*C:C,\"\")","v":""},{"$f":"IFERROR(VLOOKUP($A627,البيانات!$C$2:$M$207,3,FALSE)*C:C,\"\")","v":""},{"$f":"IFERROR(VLOOKUP($A627,البيانات!$C$2:$M$207,4,FALSE)*C:C,\"\")","v":""},0,null,0]
[null,null,null,{"$f":"IFERROR(VLOOKUP($A628,البيانات!$C$2:$M$207,2,FALSE)*C:C,\"\")","v":""},{"$f":"IFERROR(VLOOKUP($A628,البيانات!$C$2:$M$207,3,FALSE)*C:C,\"\")","v":""},{"$f":"IFERROR(VLOOKUP($A628,البيانات!$C$2:$M$207,4,FALSE)*C:C,\"\")","v":""},0,null,0]
[null,null,null,{"$f":"IFERROR(VLOOKUP($A629,البيانات!$C$2:$M$207,2,FALSE)*C:C,\"\")","v":""},{"$f":"IFERROR(VLOOKUP($A629,البيانات!$C$2:$M$207,3,FALSE)*C:C,\"\")","v":""},{"$f":"IFERROR(VLOOKUP($A629,البيانات!$C$2:$M$207,4,FALSE)*C:C,\"\")","v":""},0,null,0]
[null,null,null,{"$f":"IFERROR(VLOOKUP($A630,البيانات!$C$2:$M$207,2,FALSE)*C:C,\"\")","v":""},{"$f":"IFERROR(VLOOKUP($A630,البيانات!$C$2:$M$207,3,FALSE)*C:C,\"\")","v":""},{"$f":"IFERROR(VLOOKUP($A630,البيانات!$C$2:$M$207,4,FALSE)*C:C,\"\")","v":""},0,null,0]
[null,null,null,{"$f":"IFERROR(VLOOKUP($A631,البيانات!$C$2:$M$207,2,FALSE)*C:C,\"\")","v":""},{"$f":"IFERROR(VLOOKUP($A631,البيانات!$C$2:$M$207,3,FALSE)*C:C,\"\")","v":""},{"$f":"IFERROR(VLOOKUP($A631,البيانات!$C$2:$M$207,4,FALSE)*C:C,\"\")","v":""},0,null,0]
[null,null,null,{"$f":"IFERROR(VLOOKUP($A632,البيانات!$C$2:$M$207,2,FALSE)*C:C,\"\")","v":""},{"$f":"IFERROR(VLOOKUP($A632,البيانات!$C$2:$M$207,3,FALSE)*C:C,\"\")","v":""},{"$f":"IFERROR(VLOOKUP($A632,البيانات!$C$2:$M$207,4,FALSE)*C:C,\"\")","v":""},0,null,0]
[null,null,null,{"$f":"IFERROR(VLOOKUP($A633,البيانات!$C$2:$M$207,2,FALSE)*C:C,\"\")","v":""},{"$f":"IFERROR(VLOOKUP($A633,البيانات!$C$2:$M$207,3,FALSE)*C:C,\"\")","v":""},{"$f":"IFERROR(VLOOKUP($A633,البيانات!$C$2:$M$207,4,FALSE)*C:C,\"\")","v":""},0,null,0]
[null,null,null,{"$f":"IFERROR(VLOOKUP($A634,البيانات!$C$2:$M$207,2,FALSE)*C:C,\"\")","v":""},{"$f":"IFERROR(VLOOKUP($A634,البيانات!$C$2:$M$207,3,FALSE)*C:C,\"\")","v":""},{"$f":"IFERROR(VLOOKUP($A634,البيانات!$C$2:$M$207,4,FALSE)*C:C,\"\")","v":""},0,null,0]
[null,null,null,{"$f":"IFERROR(VLOOKUP($A635,البيانات!$C$2:$M$207,2,FALSE)*C:C,\"\")","v":""},{"$f":"IFERROR(VLOOKUP($A635,البيانات!$C$2:$M$207,3,FALSE)*C:C,\"\")","v":""},{"$f":"IFERROR(VLOOKUP($A635,البيانات!$C$2:$M$207,4,FALSE)*C:C,\"\")","v":""},0,null,0]
[null,null,null,{"$f":"IFERROR(VLOOKUP($A636,البيانات!$C$2:$M$207,2,FALSE)*C:C,\"\")","v":""},{"$f":"IFERROR(VLOOKUP($A636,البيانات!$C$2:$M$207,3,FALSE)*C:C,\"\")","v":""},{"$f":"IFERROR(VLOOKUP($A636,البيانات!$C$2:$M$207,4,FALSE)*C:C,\"\")","v":""},0,null,0]
[null,null,null,{"$f":"IFERROR(VLOOKUP($A637,البيانات!$C$2:$M$207,2,FALSE)*C:C,\"\")","v":""},{"$f":"IFERROR(VLOOKUP($A637,البيانات!$C$2:$M$207,3,FALSE)*C:C,\"\")","v":""},{"$f":"IFERROR(VLOOKUP($A637,البيانات!$C$2:$M$207,4,FALSE)*C:C,\"\")","v":""},0,null,0]
[null,null,null,{"$f":"IFERROR(VLOOKUP($A638,البيانات!$C$2:$M$207,2,FALSE)*C:C,\"\")","v":""},{"$f":"IFERROR(VLOOKUP($A638,البيانات!$C$2:$M$207,3,FALSE)*C:C,\"\")","v":""},{"$f":"IFERROR(VLOOKUP($A638,البيانات!$C$2:$M$207,4,FALSE)*C:C,\"\")","v":""},0,null,0]
[null,null,null,{"$f":"IFERROR(VLOOKUP($A639,البيانات!$C$2:$M$207,2,FALSE)*C:C,\"\")","v":""},{"$f":"IFERROR(VLOOKUP($A639,البيانات!$C$2:$M$207,3,FALSE)*C:C,\"\")","v":""},{"$f":"IFERROR(VLOOKUP($A639,البيانات!$C$2:$M$207,4,FALSE)*C:C,\"\")","v":""},0,null,0]
[null,null,null,{"$f":"IFERROR(VLOOKUP($A640,البيانات!$C$2:$M$207,2,FALSE)*C:C,\"\")","v":""},{"$f":"IFERROR(VLOOKUP($A640,البيانات!$C$2:$M$207,3,FALSE)*C:C,\"\")","v":""},{"$f":"IFERROR(VLOOKUP($A640,البيانات!$C$2:$M$207,4,FALSE)*C:C,\"\")","v":""},0,null,0]
[null,null,null,{"$f":"IFERROR(VLOOKUP($A641,البيانات!$C$2:$M$207,2,FALSE)*C:C,\"\")","v":""},{"$f":"IFERROR(VLOOKUP($A641,البيانات!$C$2:$M$207,3,FALSE)*C:C,\"\")","v":""},{"$f":"IFERROR(VLOOKUP($A641,البيانات!$C$2:$M$207,4,FALSE)*C:C,\"\")","v":""},0,null,0]
[null,null,null,{"$f":"IFERROR(VLOOKUP($A642,البيانات!$C$2:$M$207,2,FALSE)*C:C,\"\")","v":""},{"$f":"IFERROR(VLOOKUP($A642,البيانات!$C$2:$M$207,3,FALSE)*C:C,\"\")","v":""},{"$f":"IFERROR(VLOOKUP($A642,البيانات!$C$2:$M$207,4,FALSE)*C:C,\"\")","v":""},0,null,0]
[null,null,null,{"$f":"IFERROR(VLOOKUP($A643,البيانات!$C$2:$M$207,2,FALSE)*C:C,\"\")","v":""},{"$f":"IFERROR(VLOOKUP($A643,البيانات!$C$2:$M$207,3,FALSE)*C:C,\"\")","v":""},{"$f":"IFERROR(VLOOKUP($A643,البيانات!$C$2:$M$207,4,FALSE)*C:C,\"\")","v":""},0,null,0]
[null,null,null,{"$f":"IFERROR(VLOOKUP($A644,البيانات!$C$2:$M$207,2,FALSE)*C:C,\"\")","v":""},{"$f":"IFERROR(VLOOKUP($A644,البيانات!$C$2:$M$207,3,FALSE)*C:C,\"\")","v":""},{"$f":"IFERROR(VLOOKUP($A644,البيانات!$C$2:$M$207,4,FALSE)*C:C,\"\")","v":""},0,null,0]
[null,null,null,{"$f":"IFERROR(VLOOKUP($A645,البيانات!$C$2:$M$207,2,FALSE)*C:C,\"\")","v":""},{"$f":"IFERROR(VLOOKUP($A645,البيانات!$C$2:$M$207,3,FALSE)*C:C,\"\")","v":""},{"$f":"IFERROR(VLOOKUP($A645,البيانات!$C$2:$M$207,4,FALSE)*C:C,\"\")","v":""},0,null,0]
[null,null,null,{"$f":"IFERROR(VLOOKUP($A646,البيانات!$C$2:$M$207,2,FALSE)*C:C,\"\")","v":""},{"$f":"IFERROR(VLOOKUP($A646,البيانات!$C$2:$M$207,3,FALSE)*C:C,\"\")","v":""},{"$f":"IFERROR(VLOOKUP($A646,البيانات!$C$2:$M$207,4,FALSE)*C:C,\"\")","v":""},0,null,{"$f":"IFERROR(H646-G646,\"\")","v":0}]
[null,null,null,{"$f":"IFERROR(VLOOKUP($A647,البيانات!$C$2:$M$207,2,FALSE)*C:C,\"\")","v":""},{"$f":"IFERROR(VLOOKUP($A647,البيانات!$C$2:$M$207,3,FALSE)*C:C,\"\")","v":""},{"$f":"IFERROR(VLOOKUP($A647,البيانات!$C$2:$M$207,4,FALSE)*C:C,\"\")","v":""},0,null,0]
[null,null,null,{"$f":"IFERROR(VLOOKUP($A648,البيانات!$C$2:$M$207,2,FALSE)*C:C,\"\")","v":""},{"$f":"IFERROR(VLOOKUP($A648,البيانات!$C$2:$M$207,3,FALSE)*C:C,\"\")","v":""},{"$f":"IFERROR(VLOOKUP($A648,البيانات!$C$2:$M$207,4,FALSE)*C:C,\"\")","v":""},0,null,0]
[null,null,null,{"$f":"IFERROR(VLOOKUP($A649,البيانات!$C$2:$M$207,2,FALSE)*C:C,\"\")","v":""},{"$f":"IFERROR(VLOOKUP($A649,البيانات!$C$2:$M$207,3,FALSE)*C:C,\"\")","v":""},{"$f":"IFERROR(VLOOKUP($A649,البيانات!$C$2:$M$207,4,FALSE)*C:C,\"\")","v":""},0,null,0]
[null,null,null,{"$f":"IFERROR(VLOOKUP($A650,البيانات!$C$2:$M$207,2,FALSE)*C:C,\"\")","v":""},{"$f":"IFERROR(VLOOKUP($A650,البيانات!$C$2:$M$207,3,FALSE)*C:C,\"\")","v":""},{"$f":"IFERROR(VLOOKUP($A650,البيانات!$C$2:$M$207,4,FALSE)*C:C,\"\")","v":""},0,null,0]
[null,null,null,{"$f":"IFERROR(VLOOKUP($A651,البيانات!$C$2:$M$207,2,FALSE)*C:C,\"\")","v":""},{"$f":"IFERROR(VLOOKUP($A651,البيانات!$C$2:$M$207,3,FALSE)*C:C,\"\")","v":""},{"$f":"IFERROR(VLOOKUP($A651,البيانات!$C$2:$M$207,4,FALSE)*C:C,\"\")","v":""},0,null,0]
[null,null,null,{"$f":"IFERROR(VLOOKUP($A652,البيانات!$C$2:$M$207,2,FALSE)*C:C,\"\")","v":""},{"$f":"IFERROR(VLOOKUP($A652,البيانات!$C$2:$M$207,3,FALSE)*C:C,\"\")","v":""},{"$f":"IFERROR(VLOOKUP($A652,البيانات!$C$2:$M$207,4,FALSE)*C:C,\"\")","v":""},0,null,0]
[null,null,null,{"$f":"IFERROR(VLOOKUP($A653,البيانات!$C$2:$M$207,2,FALSE)*C:C,\"\")","v":""},{"$f":"IFERROR(VLOOKUP($A653,البيانات!$C$2:$M$207,3,FALSE)*C:C,\"\")","v":""},{"$f":"IFERROR(VLOOKUP($A653,البيانات!$C$2:$M$207,4,FALSE)*C:C,\"\")","v":""},0,null,0]
[null,null,null,{"$f":"IFERROR(VLOOKUP($A654,البيانات!$C$2:$M$207,2,FALSE)*C:C,\"\")","v":""},{"$f":"IFERROR(VLOOKUP($A654,البيانات!$C$2:$M$207,3,FALSE)*C:C,\"\")","v":""},{"$f":"IFERROR(VLOOKUP($A654,البيانات!$C$2:$M$207,4,FALSE)*C:C,\"\")","v":""},0,null,0]
[null,null,null,{"$f":"IFERROR(VLOOKUP($A655,البيانات!$C$2:$M$207,2,FALSE)*C:C,\"\")","v":""},{"$f":"IFERROR(VLOOKUP($A655,البيانات!$C$2:$M$207,3,FALSE)*C:C,\"\")","v":""},{"$f":"IFERROR(VLOOKUP($A655,البيانات!$C$2:$M$207,4,FALSE)*C:C,\"\")","v":""},0,null,0]
[null,null,null,{"$f":"IFERROR(VLOOKUP($A656,البيانات!$C$2:$M$207,2,FALSE)*C:C,\"\")","v":""},{"$f":"IFERROR(VLOOKUP($A656,البيانات!$C$2:$M$207,3,FALSE)*C:C,\"\")","v":""},{"$f":"IFERROR(VLOOKUP($A656,البيانات!$C$2:$M$207,4,FALSE)*C:C,\"\")","v":""},0,null,0]
[null,null,null,{"$f":"IFERROR(VLOOKUP($A657,البيانات!$C$2:$M$207,2,FALSE)*C:C,\"\")","v":""},{"$f":"IFERROR(VLOOKUP($A657,البيانات!$C$2:$M$207,3,FALSE)*C:C,\"\")","v":""},{"$f":"IFERROR(VLOOKUP($A657,البيانات!$C$2:$M$207,4,FALSE)*C:C,\"\")","v":""},0,null,0]
[null,null,null,{"$f":"IFERROR(VLOOKUP($A658,البيانات!$C$2:$M$207,2,FALSE)*C:C,\"\")","v":""},{"$f":"IFERROR(VLOOKUP($A658,البيانات!$C$2:$M$207,3,FALSE)*C:C,\"\")","v":""},{"$f":"IFERROR(VLOOKUP($A658,البيانات!$C$2:$M$207,4,FALSE)*C:C,\"\")","v":""},0,null,0]
[null,null,null,{"$f":"IFERROR(VLOOKUP($A659,البيانات!$C$2:$M$207,2,FALSE)*C:C,\"\")","v":""},{"$f":"IFERROR(VLOOKUP($A659,البيانات!$C$2:$M$207,3,FALSE)*C:C,\"\")","v":""},{"$f":"IFERROR(VLOOKUP($A659,البيانات!$C$2:$M$207,4,FALSE)*C:C,\"\")","v":""},0,null,0]
[null,null,null,{"$f":"IFERROR(VLOOKUP($A660,البيانات!$C$2:$M$207,2,FALSE)*C:C,\"\")","v":""},{"$f":"IFERROR(VLOOKUP($A660,البيانات!$C$2:$M$207,3,FALSE)*C:C,\"\")","v":""},{"$f":"IFERROR(VLOOKUP($A660,البيانات!$C$2:$M$207,4,FALSE)*C:C,\"\")","v":""},0,null,0]
[null,null,null,{"$f":"IFERROR(VLOOKUP($A661,البيانات!$C$2:$M$207,2,FALSE)*C:C,\"\")","v":""},{"$f":"IFERROR(VLOOKUP($A661,البيانات!$C$2:$M$207,3,FALSE)*C:C,\"\")","v":""},{"$f":"IFERROR(VLOOKUP($A661,البيانات!$C$2:$M$207,4,FALSE)*C:C,\"\")","v":""},0,null,0]
[null,null,null,{"$f":"IFERROR(VLOOKUP($A662,البيانات!$C$2:$M$207,2,FALSE)*C:C,\"\")","v":""},{"$f":"IFERROR(VLOOKUP($A662,البيانات!$C$2:$M$207,3,FALSE)*C:C,\"\")","v":""},{"$f":"IFERROR(VLOOKUP($A662,البيانات!$C$2:$M$207,4,FALSE)*C:C,\"\")","v":""},0,null,0]
[null,null,null,{"$f":"IFERROR(VLOOKUP($A663,البيانات!$C$2:$M$207,2,FALSE)*C:C,\"\")","v":""},{"$f":"IFERROR(VLOOKUP($A663,البيانات!$C$2:$M$207,3,FALSE)*C:C,\"\")","v":""},{"$f":"IFERROR(VLOOKUP($A663,البيانات!$C$2:$M$207,4,FALSE)*C:C,\"\")","v":""},{"$f":"IFERROR(C663*B663,\"\")","v":0},null,0]
[null,null,null,{"$f":"IFERROR(VLOOKUP($A664,البيانات!$C$2:$M$207,2,FALSE)*C:C,\"\")","v":""},{"$f":"IFERROR(VLOOKUP($A664,البيانات!$C$2:$M$207,3,FALSE)*C:C,\"\")","v":""},{"$f":"IFERROR(VLOOKUP($A664,البيانات!$C$2:$M$207,4,FALSE)*C:C,\"\")","v":""},0,null,0]
[null,null,null,{"$f":"IFERROR(VLOOKUP($A665,البيانات!$C$2:$M$207,2,FALSE)*C:C,\"\")","v":""},{"$f":"IFERROR(VLOOKUP($A665,البيانات!$C$2:$M$207,3,FALSE)*C:C,\"\")","v":""},{"$f":"IFERROR(VLOOKUP($A665,البيانات!$C$2:$M$207,4,FALSE)*C:C,\"\")","v":""},0,null,0]
[null,null,null,{"$f":"IFERROR(VLOOKUP($A666,البيانات!$C$2:$M$207,2,FALSE)*C:C,\"\")","v":""},{"$f":"IFERROR(VLOOKUP($A666,البيانات!$C$2:$M$207,3,FALSE)*C:C,\"\")","v":""},{"$f":"IFERROR(VLOOKUP($A666,البيانات!$C$2:$M$207,4,FALSE)*C:C,\"\")","v":""},0,null,0]
[null,null,null,{"$f":"IFERROR(VLOOKUP($A667,البيانات!$C$2:$M$207,2,FALSE)*C:C,\"\")","v":""},{"$f":"IFERROR(VLOOKUP($A667,البيانات!$C$2:$M$207,3,FALSE)*C:C,\"\")","v":""},{"$f":"IFERROR(VLOOKUP($A667,البيانات!$C$2:$M$207,4,FALSE)*C:C,\"\")","v":""},0,null,0]
[null,null,null,{"$f":"IFERROR(VLOOKUP($A668,البيانات!$C$2:$M$207,2,FALSE)*C:C,\"\")","v":""},{"$f":"IFERROR(VLOOKUP($A668,البيانات!$C$2:$M$207,3,FALSE)*C:C,\"\")","v":""},{"$f":"IFERROR(VLOOKUP($A668,البيانات!$C$2:$M$207,4,FALSE)*C:C,\"\")","v":""},0,null,0]
[null,null,null,{"$f":"IFERROR(VLOOKUP($A669,البيانات!$C$2:$M$207,2,FALSE)*C:C,\"\")","v":""},{"$f":"IFERROR(VLOOKUP($A669,البيانات!$C$2:$M$207,3,FALSE)*C:C,\"\")","v":""},{"$f":"IFERROR(VLOOKUP($A669,البيانات!$C$2:$M$207,4,FALSE)*C:C,\"\")","v":""},0,null,0]
[null,null,null,{"$f":"IFERROR(VLOOKUP($A670,البيانات!$C$2:$M$207,2,FALSE)*C:C,\"\")","v":""},{"$f":"IFERROR(VLOOKUP($A670,البيانات!$C$2:$M$207,3,FALSE)*C:C,\"\")","v":""},{"$f":"IFERROR(VLOOKUP($A670,البيانات!$C$2:$M$207,4,FALSE)*C:C,\"\")","v":""},0,null,0]
[null,null,null,{"$f":"IFERROR(VLOOKUP($A671,البيانات!$C$2:$M$207,2,FALSE)*C:C,\"\")","v":""},{"$f":"IFERROR(VLOOKUP($A671,البيانات!$C$2:$M$207,3,FALSE)*C:C,\"\")","v":""},{"$f":"IFERROR(VLOOKUP($A671,البيانات!$C$2:$M$207,4,FALSE)*C:C,\"\")","v":""},0,null,0]
[null,null,null,{"$f":"IFERROR(VLOOKUP($A672,البيانات!$C$2:$M$207,2,FALSE)*C:C,\"\")","v":""},{"$f":"IFERROR(VLOOKUP($A672,البيانات!$C$2:$M$207,3,FALSE)*C:C,\"\")","v":""},{"$f":"IFERROR(VLOOKUP($A672,البيانات!$C$2:$M$207,4,FALSE)*C:C,\"\")","v":""},0,null,0]
[null,null,null,{"$f":"IFERROR(VLOOKUP($A673,البيانات!$C$2:$M$207,2,FALSE)*C:C,\"\")","v":""},{"$f":"IFERROR(VLOOKUP($A673,البيانات!$C$2:$M$207,3,FALSE)*C:C,\"\")","v":""},{"$f":"IFERROR(VLOOKUP($A673,البيانات!$C$2:$M$207,4,FALSE)*C:C,\"\")","v":""},0,null,0]
[null,null,null,{"$f":"IFERROR(VLOOKUP($A674,البيانات!$C$2:$M$207,2,FALSE)*C:C,\"\")","v":""},{"$f":"IFERROR(VLOOKUP($A674,البيانات!$C$2:$M$207,3,FALSE)*C:C,\"\")","v":""},{"$f":"IFERROR(VLOOKUP($A674,البيانات!$C$2:$M$207,4,FALSE)*C:C,\"\")","v":""},0,null,0]
[null,null,null,{"$f":"IFERROR(VLOOKUP($A675,البيانات!$C$2:$M$207,2,FALSE)*C:C,\"\")","v":""},{"$f":"IFERROR(VLOOKUP($A675,البيانات!$C$2:$M$207,3,FALSE)*C:C,\"\")","v":""},{"$f":"IFERROR(VLOOKUP($A675,البيانات!$C$2:$M$207,4,FALSE)*C:C,\"\")","v":""},0,null,0]
[null,null,null,{"$f":"IFERROR(VLOOKUP($A676,البيانات!$C$2:$M$207,2,FALSE)*C:C,\"\")","v":""},{"$f":"IFERROR(VLOOKUP($A676,البيانات!$C$2:$M$207,3,FALSE)*C:C,\"\")","v":""},{"$f":"IFERROR(VLOOKUP($A676,البيانات!$C$2:$M$207,4,FALSE)*C:C,\"\")","v":""},0,null,0]
[null,null,null,{"$f":"IFERROR(VLOOKUP($A677,البيانات!$C$2:$M$207,2,FALSE)*C:C,\"\")","v":""},{"$f":"IFERROR(VLOOKUP($A677,البيانات!$C$2:$M$207,3,FALSE)*C:C,\"\")","v":""},{"$f":"IFERROR(VLOOKUP($A677,البيانات!$C$2:$M$207,4,FALSE)*C:C,\"\")","v":""},0,null,0]
[null,null,null,{"$f":"IFERROR(VLOOKUP($A678,البيانات!$C$2:$M$207,2,FALSE)*C:C,\"\")","v":""},{"$f":"IFERROR(VLOOKUP($A678,البيانات!$C$2:$M$207,3,FALSE)*C:C,\"\")","v":""},{"$f":"IFERROR(VLOOKUP($A678,البيانات!$C$2:$M$207,4,FALSE)*C:C,\"\")","v":""},0,null,0]
[null,null,null,{"$f":"IFERROR(VLOOKUP($A679,البيانات!$C$2:$M$207,2,FALSE)*C:C,\"\")","v":""},{"$f":"IFERROR(VLOOKUP($A679,البيانات!$C$2:$M$207,3,FALSE)*C:C,\"\")","v":""},{"$f":"IFERROR(VLOOKUP($A679,البيانات!$C$2:$M$207,4,FALSE)*C:C,\"\")","v":""},0,null,0]
[null,null,null,{"$f":"IFERROR(VLOOKUP($A680,البيانات!$C$2:$M$207,2,FALSE)*C:C,\"\")","v":""},{"$f":"IFERROR(VLOOKUP($A680,البيانات!$C$2:$M$207,3,FALSE)*C:C,\"\")","v":""},{"$f":"IFERROR(VLOOKUP($A680,البيانات!$C$2:$M$207,4,FALSE)*C:C,\"\")","v":""},0,null,0]
[null,null,null,{"$f":"IFERROR(VLOOKUP($A681,البيانات!$C$2:$M$207,2,FALSE)*C:C,\"\")","v":""},{"$f":"IFERROR(VLOOKUP($A681,البيانات!$C$2:$M$207,3,FALSE)*C:C,\"\")","v":""},{"$f":"IFERROR(VLOOKUP($A681,البيانات!$C$2:$M$207,4,FALSE)*C:C,\"\")","v":""},0,null,0]
[null,null,null,{"$f":"IFERROR(VLOOKUP($A682,البيانات!$C$2:$M$207,2,FALSE)*C:C,\"\")","v":""},{"$f":"IFERROR(VLOOKUP($A682,البيانات!$C$2:$M$207,3,FALSE)*C:C,\"\")","v":""},{"$f":"IFERROR(VLOOKUP($A682,البيانات!$C$2:$M$207,4,FALSE)*C:C,\"\")","v":""},0,null,0]
[null,null,null,{"$f":"IFERROR(VLOOKUP($A683,البيانات!$C$2:$M$207,2,FALSE)*C:C,\"\")","v":""},{"$f":"IFERROR(VLOOKUP($A683,البيانات!$C$2:$M$207,3,FALSE)*C:C,\"\")","v":""},{"$f":"IFERROR(VLOOKUP($A683,البيانات!$C$2:$M$207,4,FALSE)*C:C,\"\")","v":""},0,null,0]
[null,null,null,{"$f":"IFERROR(VLOOKUP($A684,البيانات!$C$2:$M$207,2,FALSE)*C:C,\"\")","v":""},{"$f":"IFERROR(VLOOKUP($A684,البيانات!$C$2:$M$207,3,FALSE)*C:C,\"\")","v":""},{"$f":"IFERROR(VLOOKUP($A684,البيانات!$C$2:$M$207,4,FALSE)*C:C,\"\")","v":""},0,null,0]
[null,null,null,{"$f":"IFERROR(VLOOKUP($A685,البيانات!$C$2:$M$207,2,FALSE)*C:C,\"\")","v":""},{"$f":"IFERROR(VLOOKUP($A685,البيانات!$C$2:$M$207,3,FALSE)*C:C,\"\")","v":""},{"$f":"IFERROR(VLOOKUP($A685,البيانات!$C$2:$M$207,4,FALSE)*C:C,\"\")","v":""},0,null,0]
[null,null,null,{"$f":"IFERROR(VLOOKUP($A686,البيانات!$C$2:$M$207,2,FALSE)*C:C,\"\")","v":""},{"$f":"IFERROR(VLOOKUP($A686,البيانات!$C$2:$M$207,3,FALSE)*C:C,\"\")","v":""},{"$f":"IFERROR(VLOOKUP($A686,البيانات!$C$2:$M$207,4,FALSE)*C:C,\"\")","v":""},0,null,0]
[null,null,null,{"$f":"IFERROR(VLOOKUP($A687,البيانات!$C$2:$M$207,2,FALSE)*C:C,\"\")","v":""},{"$f":"IFERROR(VLOOKUP($A687,البيانات!$C$2:$M$207,3,FALSE)*C:C,\"\")","v":""},{"$f":"IFERROR(VLOOKUP($A687,البيانات!$C$2:$M$207,4,FALSE)*C:C,\"\")","v":""},0,null,0]
[null,null,null,{"$f":"IFERROR(VLOOKUP($A688,البيانات!$C$2:$M$207,2,FALSE)*C:C,\"\")","v":""},{"$f":"IFERROR(VLOOKUP($A688,البيانات!$C$2:$M$207,3,FALSE)*C:C,\"\")","v":""},{"$f":"IFERROR(VLOOKUP($A688,البيانات!$C$2:$M$207,4,FALSE)*C:C,\"\")","v":""},0,null,0]
[null,null,null,{"$f":"IFERROR(VLOOKUP($A689,البيانات!$C$2:$M$207,2,FALSE)*C:C,\"\")","v":""},{"$f":"IFERROR(VLOOKUP($A689,البيانات!$C$2:$M$207,3,FALSE)*C:C,\"\")","v":""},{"$f":"IFERROR(VLOOKUP($A689,البيانات!$C$2:$M$207,4,FALSE)*C:C,\"\")","v":""},0,null,0]
[null,null,null,{"$f":"IFERROR(VLOOKUP($A690,البيانات!$C$2:$M$207,2,FALSE)*C:C,\"\")","v":""},{"$f":"IFERROR(VLOOKUP($A690,البيانات!$C$2:$M$207,3,FALSE)*C:C,\"\")","v":""},{"$f":"IFERROR(VLOOKUP($A690,البيانات!$C$2:$M$207,4,FALSE)*C:C,\"\")","v":""},0,null,0]
[null,null,null,{"$f":"IFERROR(VLOOKUP($A691,البيانات!$C$2:$M$207,2,FALSE)*C:C,\"\")","v":""},{"$f":"IFERROR(VLOOKUP($A691,البيانات!$C$2:$M$207,3,FALSE)*C:C,\"\")","v":""},{"$f":"IFERROR(VLOOKUP($A691,البيانات!$C$2:$M$207,4,FALSE)*C:C,\"\")","v":""},0,null,0]
[null,null,null,{"$f":"IFERROR(VLOOKUP($A692,البيانات!$C$2:$M$207,2,FALSE)*C:C,\"\")","v":""},{"$f":"IFERROR(VLOOKUP($A692,البيانات!$C$2:$M$207,3,FALSE)*C:C,\"\")","v":""},{"$f":"IFERROR(VLOOKUP($A692,البيانات!$C$2:$M$207,4,FALSE)*C:C,\"\")","v":""},0,null,0]
[null,null,null,{"$f":"IFERROR(VLOOKUP($A693,البيانات!$C$2:$M$207,2,FALSE)*C:C,\"\")","v":""},{"$f":"IFERROR(VLOOKUP($A693,البيانات!$C$2:$M$207,3,FALSE)*C:C,\"\")","v":""},{"$f":"IFERROR(VLOOKUP($A693,البيانات!$C$2:$M$207,4,FALSE)*C:C,\"\")","v":""},0,null,0]
[null,null,null,{"$f":"IFERROR(VLOOKUP($A694,البيانات!$C$2:$M$207,2,FALSE)*C:C,\"\")","v":""},{"$f":"IFERROR(VLOOKUP($A694,البيانات!$C$2:$M$207,3,FALSE)*C:C,\"\")","v":""},{"$f":"IFERROR(VLOOKUP($A694,البيانات!$C$2:$M$207,4,FALSE)*C:C,\"\")","v":""},0,null,0]
[null,null,null,{"$f":"IFERROR(VLOOKUP($A695,البيانات!$C$2:$M$207,2,FALSE)*C:C,\"\")","v":""},{"$f":"IFERROR(VLOOKUP($A695,البيانات!$C$2:$M$207,3,FALSE)*C:C,\"\")","v":""},{"$f":"IFERROR(VLOOKUP($A695,البيانات!$C$2:$M$207,4,FALSE)*C:C,\"\")","v":""},0,null,0]
[null,null,null,{"$f":"IFERROR(VLOOKUP($A696,البيانات!$C$2:$M$207,2,FALSE)*C:C,\"\")","v":""},{"$f":"IFERROR(VLOOKUP($A696,البيانات!$C$2:$M$207,3,FALSE)*C:C,\"\")","v":""},{"$f":"IFERROR(VLOOKUP($A696,البيانات!$C$2:$M$207,4,FALSE)*C:C,\"\")","v":""},0,null,0]
[null,null,null,{"$f":"IFERROR(VLOOKUP($A697,البيانات!$C$2:$M$207,2,FALSE)*C:C,\"\")","v":""},{"$f":"IFERROR(VLOOKUP($A697,البيانات!$C$2:$M$207,3,FALSE)*C:C,\"\")","v":""},{"$f":"IFERROR(VLOOKUP($A697,البيانات!$C$2:$M$207,4,FALSE)*C:C,\"\")","v":""},0,null,0]
[null,null,null,{"$f":"IFERROR(VLOOKUP($A698,البيانات!$C$2:$M$207,2,FALSE)*C:C,\"\")","v":""},{"$f":"IFERROR(VLOOKUP($A698,البيانات!$C$2:$M$207,3,FALSE)*C:C,\"\")","v":""},{"$f":"IFERROR(VLOOKUP($A698,البيانات!$C$2:$M$207,4,FALSE)*C:C,\"\")","v":""},0,null,0]
[null,null,null,{"$f":"IFERROR(VLOOKUP($A699,البيانات!$C$2:$M$207,2,FALSE)*C:C,\"\")","v":""},{"$f":"IFERROR(VLOOKUP($A699,البيانات!$C$2:$M$207,3,FALSE)*C:C,\"\")","v":""},{"$f":"IFERROR(VLOOKUP($A699,البيانات!$C$2:$M$207,4,FALSE)*C:C,\"\")","v":""},0,null,0]
[null,null,null,{"$f":"IFERROR(VLOOKUP($A700,البيانات!$C$2:$M$207,2,FALSE)*C:C,\"\")","v":""},{"$f":"IFERROR(VLOOKUP($A700,البيانات!$C$2:$M$207,3,FALSE)*C:C,\"\")","v":""},{"$f":"IFERROR(VLOOKUP($A700,البيانات!$C$2:$M$207,4,FALSE)*C:C,\"\")","v":""},0,null,0]
[null,null,null,{"$f":"IFERROR(VLOOKUP($A701,البيانات!$C$2:$M$207,2,FALSE)*C:C,\"\")","v":""},{"$f":"IFERROR(VLOOKUP($A701,البيانات!$C$2:$M$207,3,FALSE)*C:C,\"\")","v":""},{"$f":"IFERROR(VLOOKUP($A701,البيانات!$C$2:$M$207,4,FALSE)*C:C,\"\")","v":""},0,null,0]
[null,null,null,{"$f":"IFERROR(VLOOKUP($A702,البيانات!$C$2:$M$207,2,FALSE)*C:C,\"\")","v":""},{"$f":"IFERROR(VLOOKUP($A702,البيانات!$C$2:$M$207,3,FALSE)*C:C,\"\")","v":""},{"$f":"IFERROR(VLOOKUP($A702,البيانات!$C$2:$M$207,4,FALSE)*C:C,\"\")","v":""},0,null,0]
[null,null,null,{"$f":"IFERROR(VLOOKUP($A703,البيانات!$C$2:$M$207,2,FALSE)*C:C,\"\")","v":""},{"$f":"IFERROR(VLOOKUP($A703,البيانات!$C$2:$M$207,3,FALSE)*C:C,\"\")","v":""},{"$f":"IFERROR(VLOOKUP($A703,البيانات!$C$2:$M$207,4,FALSE)*C:C,\"\")","v":""},0,null,0]
[null,null,null,{"$f":"IFERROR(VLOOKUP($A704,البيانات!$C$2:$M$207,2,FALSE)*C:C,\"\")","v":""},{"$f":"IFERROR(VLOOKUP($A704,البيانات!$C$2:$M$207,3,FALSE)*C:C,\"\")","v":""},{"$f":"IFERROR(VLOOKUP($A704,البيانات!$C$2:$M$207,4,FALSE)*C:C,\"\")","v":""},0,null,0]
[null,null,null,{"$f":"IFERROR(VLOOKUP($A705,البيانات!$C$2:$M$207,2,FALSE)*C:C,\"\")","v":""},{"$f":"IFERROR(VLOOKUP($A705,البيانات!$C$2:$M$207,3,FALSE)*C:C,\"\")","v":""},{"$f":"IFERROR(VLOOKUP($A705,البيانات!$C$2:$M$207,4,FALSE)*C:C,\"\")","v":""},0,null,0]
[null,null,null,{"$f":"IFERROR(VLOOKUP($A706,البيانات!$C$2:$M$207,2,FALSE)*C:C,\"\")","v":""},{"$f":"IFERROR(VLOOKUP($A706,البيانات!$C$2:$M$207,3,FALSE)*C:C,\"\")","v":""},{"$f":"IFERROR(VLOOKUP($A706,البيانات!$C$2:$M$207,4,FALSE)*C:C,\"\")","v":""},0,null,0]
[null,null,null,{"$f":"IFERROR(VLOOKUP($A707,البيانات!$C$2:$M$207,2,FALSE)*C:C,\"\")","v":""},{"$f":"IFERROR(VLOOKUP($A707,البيانات!$C$2:$M$207,3,FALSE)*C:C,\"\")","v":""},{"$f":"IFERROR(VLOOKUP($A707,البيانات!$C$2:$M$207,4,FALSE)*C:C,\"\")","v":""},0,null,0]
[null,null,null,{"$f":"IFERROR(VLOOKUP($A708,البيانات!$C$2:$M$207,2,FALSE)*C:C,\"\")","v":""},{"$f":"IFERROR(VLOOKUP($A708,البيانات!$C$2:$M$207,3,FALSE)*C:C,\"\")","v":""},{"$f":"IFERROR(VLOOKUP($A708,البيانات!$C$2:$M$207,4,FALSE)*C:C,\"\")","v":""},0,null,0]
[null,null,null,{"$f":"IFERROR(VLOOKUP($A709,البيانات!$C$2:$M$207,2,FALSE)*C:C,\"\")","v":""},{"$f":"IFERROR(VLOOKUP($A709,البيانات!$C$2:$M$207,3,FALSE)*C:C,\"\")","v":""},{"$f":"IFERROR(VLOOKUP($A709,البيانات!$C$2:$M$207,4,FALSE)*C:C,\"\")","v":""},0,null,0]
[null,null,null,{"$f":"IFERROR(VLOOKUP($A710,البيانات!$C$2:$M$207,2,FALSE)*C:C,\"\")","v":""},{"$f":"IFERROR(VLOOKUP($A710,البيانات!$C$2:$M$207,3,FALSE)*C:C,\"\")","v":""},{"$f":"IFERROR(VLOOKUP($A710,البيانات!$C$2:$M$207,4,FALSE)*C:C,\"\")","v":""},0,null,{"$f":"IFERROR(H710-G710,\"\")","v":0}]
[null,null,null,{"$f":"IFERROR(VLOOKUP($A711,البيانات!$C$2:$M$207,2,FALSE)*C:C,\"\")","v":""},{"$f":"IFERROR(VLOOKUP($A711,البيانات!$C$2:$M$207,3,FALSE)*C:C,\"\")","v":""},{"$f":"IFERROR(VLOOKUP($A711,البيانات!$C$2:$M$207,4,FALSE)*C:C,\"\")","v":""},0,null,0]
[null,null,null,{"$f":"IFERROR(VLOOKUP($A712,البيانات!$C$2:$M$207,2,FALSE)*C:C,\"\")","v":""},{"$f":"IFERROR(VLOOKUP($A712,البيانات!$C$2:$M$207,3,FALSE)*C:C,\"\")","v":""},{"$f":"IFERROR(VLOOKUP($A712,البيانات!$C$2:$M$207,4,FALSE)*C:C,\"\")","v":""},0,null,0]
[null,null,null,{"$f":"IFERROR(VLOOKUP($A713,البيانات!$C$2:$M$207,2,FALSE)*C:C,\"\")","v":""},{"$f":"IFERROR(VLOOKUP($A713,البيانات!$C$2:$M$207,3,FALSE)*C:C,\"\")","v":""},{"$f":"IFERROR(VLOOKUP($A713,البيانات!$C$2:$M$207,4,FALSE)*C:C,\"\")","v":""},0,null,0]
[null,null,null,{"$f":"IFERROR(VLOOKUP($A714,البيانات!$C$2:$M$207,2,FALSE)*C:C,\"\")","v":""},{"$f":"IFERROR(VLOOKUP($A714,البيانات!$C$2:$M$207,3,FALSE)*C:C,\"\")","v":""},{"$f":"IFERROR(VLOOKUP($A714,البيانات!$C$2:$M$207,4,FALSE)*C:C,\"\")","v":""},0,null,0]
[null,null,null,{"$f":"IFERROR(VLOOKUP($A715,البيانات!$C$2:$M$207,2,FALSE)*C:C,\"\")","v":""},{"$f":"IFERROR(VLOOKUP($A715,البيانات!$C$2:$M$207,3,FALSE)*C:C,\"\")","v":""},{"$f":"IFERROR(VLOOKUP($A715,البيانات!$C$2:$M$207,4,FALSE)*C:C,\"\")","v":""},0,null,0]
[null,null,null,{"$f":"IFERROR(VLOOKUP($A716,البيانات!$C$2:$M$207,2,FALSE)*C:C,\"\")","v":""},{"$f":"IFERROR(VLOOKUP($A716,البيانات!$C$2:$M$207,3,FALSE)*C:C,\"\")","v":""},{"$f":"IFERROR(VLOOKUP($A716,البيانات!$C$2:$M$207,4,FALSE)*C:C,\"\")","v":""},0,null,0]
[null,null,null,{"$f":"IFERROR(VLOOKUP($A717,البيانات!$C$2:$M$207,2,FALSE)*C:C,\"\")","v":""},{"$f":"IFERROR(VLOOKUP($A717,البيانات!$C$2:$M$207,3,FALSE)*C:C,\"\")","v":""},{"$f":"IFERROR(VLOOKUP($A717,البيانات!$C$2:$M$207,4,FALSE)*C:C,\"\")","v":""},0,null,0]
[null,null,null,{"$f":"IFERROR(VLOOKUP($A718,البيانات!$C$2:$M$207,2,FALSE)*C:C,\"\")","v":""},{"$f":"IFERROR(VLOOKUP($A718,البيانات!$C$2:$M$207,3,FALSE)*C:C,\"\")","v":""},{"$f":"IFERROR(VLOOKUP($A718,البيانات!$C$2:$M$207,4,FALSE)*C:C,\"\")","v":""},0,null,0]
[null,null,null,{"$f":"IFERROR(VLOOKUP($A719,البيانات!$C$2:$M$207,2,FALSE)*C:C,\"\")","v":""},{"$f":"IFERROR(VLOOKUP($A719,البيانات!$C$2:$M$207,3,FALSE)*C:C,\"\")","v":""},{"$f":"IFERROR(VLOOKUP($A719,البيانات!$C$2:$M$207,4,FALSE)*C:C,\"\")","v":""},0,null,0]
[null,null,null,{"$f":"IFERROR(VLOOKUP($A720,البيانات!$C$2:$M$207,2,FALSE)*C:C,\"\")","v":""},{"$f":"IFERROR(VLOOKUP($A720,البيانات!$C$2:$M$207,3,FALSE)*C:C,\"\")","v":""},{"$f":"IFERROR(VLOOKUP($A720,البيانات!$C$2:$M$207,4,FALSE)*C:C,\"\")","v":""},0,null,0]
[null,null,null,{"$f":"IFERROR(VLOOKUP($A721,البيانات!$C$2:$M$207,2,FALSE)*C:C,\"\")","v":""},{"$f":"IFERROR(VLOOKUP($A721,البيانات!$C$2:$M$207,3,FALSE)*C:C,\"\")","v":""},{"$f":"IFERROR(VLOOKUP($A721,البيانات!$C$2:$M$207,4,FALSE)*C:C,\"\")","v":""},0,null,0]
[null,null,null,{"$f":"IFERROR(VLOOKUP($A722,البيانات!$C$2:$M$207,2,FALSE)*C:C,\"\")","v":""},{"$f":"IFERROR(VLOOKUP($A722,البيانات!$C$2:$M$207,3,FALSE)*C:C,\"\")","v":""},{"$f":"IFERROR(VLOOKUP($A722,البيانات!$C$2:$M$207,4,FALSE)*C:C,\"\")","v":""},0,null,0]
[null,null,null,{"$f":"IFERROR(VLOOKUP($A723,البيانات!$C$2:$M$207,2,FALSE)*C:C,\"\")","v":""},{"$f":"IFERROR(VLOOKUP($A723,البيانات!$C$2:$M$207,3,FALSE)*C:C,\"\")","v":""},{"$f":"IFERROR(VLOOKUP($A723,البيانات!$C$2:$M$207,4,FALSE)*C:C,\"\")","v":""},0,null,0]
[null,null,null,{"$f":"IFERROR(VLOOKUP($A724,البيانات!$C$2:$M$207,2,FALSE)*C:C,\"\")","v":""},{"$f":"IFERROR(VLOOKUP($A724,البيانات!$C$2:$M$207,3,FALSE)*C:C,\"\")","v":""},{"$f":"IFERROR(VLOOKUP($A724,البيانات!$C$2:$M$207,4,FALSE)*C:C,\"\")","v":""},0,null,0]
[null,null,null,{"$f":"IFERROR(VLOOKUP($A725,البيانات!$C$2:$M$207,2,FALSE)*C:C,\"\")","v":""},{"$f":"IFERROR(VLOOKUP($A725,البيانات!$C$2:$M$207,3,FALSE)*C:C,\"\")","v":""},{"$f":"IFERROR(VLOOKUP($A725,البيانات!$C$2:$M$207,4,FALSE)*C:C,\"\")","v":""},0,null,0]
[null,null,null,{"$f":"IFERROR(VLOOKUP($A726,البيانات!$C$2:$M$207,2,FALSE)*C:C,\"\")","v":""},{"$f":"IFERROR(VLOOKUP($A726,البيانات!$C$2:$M$207,3,FALSE)*C:C,\"\")","v":""},{"$f":"IFERROR(VLOOKUP($A726,البيانات!$C$2:$M$207,4,FALSE)*C:C,\"\")","v":""},0,null,0]
[null,null,null,{"$f":"IFERROR(VLOOKUP($A727,البيانات!$C$2:$M$207,2,FALSE)*C:C,\"\")","v":""},{"$f":"IFERROR(VLOOKUP($A727,البيانات!$C$2:$M$207,3,FALSE)*C:C,\"\")","v":""},{"$f":"IFERROR(VLOOKUP($A727,البيانات!$C$2:$M$207,4,FALSE)*C:C,\"\")","v":""},{"$f":"IFERROR(C727*B727,\"\")","v":0},null,0]
[null,null,null,{"$f":"IFERROR(VLOOKUP($A728,البيانات!$C$2:$M$207,2,FALSE)*C:C,\"\")","v":""},{"$f":"IFERROR(VLOOKUP($A728,البيانات!$C$2:$M$207,3,FALSE)*C:C,\"\")","v":""},{"$f":"IFERROR(VLOOKUP($A728,البيانات!$C$2:$M$207,4,FALSE)*C:C,\"\")","v":""},0,null,0]
[null,null,null,{"$f":"IFERROR(VLOOKUP($A729,البيانات!$C$2:$M$207,2,FALSE)*C:C,\"\")","v":""},{"$f":"IFERROR(VLOOKUP($A729,البيانات!$C$2:$M$207,3,FALSE)*C:C,\"\")","v":""},{"$f":"IFERROR(VLOOKUP($A729,البيانات!$C$2:$M$207,4,FALSE)*C:C,\"\")","v":""},0,null,0]
[null,null,null,{"$f":"IFERROR(VLOOKUP($A730,البيانات!$C$2:$M$207,2,FALSE)*C:C,\"\")","v":""},{"$f":"IFERROR(VLOOKUP($A730,البيانات!$C$2:$M$207,3,FALSE)*C:C,\"\")","v":""},{"$f":"IFERROR(VLOOKUP($A730,البيانات!$C$2:$M$207,4,FALSE)*C:C,\"\")","v":""},0,null,0]
[null,null,null,{"$f":"IFERROR(VLOOKUP($A731,البيانات!$C$2:$M$207,2,FALSE)*C:C,\"\")","v":""},{"$f":"IFERROR(VLOOKUP($A731,البيانات!$C$2:$M$207,3,FALSE)*C:C,\"\")","v":""},{"$f":"IFERROR(VLOOKUP($A731,البيانات!$C$2:$M$207,4,FALSE)*C:C,\"\")","v":""},0,null,0]
[null,null,null,{"$f":"IFERROR(VLOOKUP($A732,البيانات!$C$2:$M$207,2,FALSE)*C:C,\"\")","v":""},{"$f":"IFERROR(VLOOKUP($A732,البيانات!$C$2:$M$207,3,FALSE)*C:C,\"\")","v":""},{"$f":"IFERROR(VLOOKUP($A732,البيانات!$C$2:$M$207,4,FALSE)*C:C,\"\")","v":""},0,null,0]
[null,null,null,{"$f":"IFERROR(VLOOKUP($A733,البيانات!$C$2:$M$207,2,FALSE)*C:C,\"\")","v":""},{"$f":"IFERROR(VLOOKUP($A733,البيانات!$C$2:$M$207,3,FALSE)*C:C,\"\")","v":""},{"$f":"IFERROR(VLOOKUP($A733,البيانات!$C$2:$M$207,4,FALSE)*C:C,\"\")","v":""},0,null,0]
[null,null,null,{"$f":"IFERROR(VLOOKUP($A734,البيانات!$C$2:$M$207,2,FALSE)*C:C,\"\")","v":""},{"$f":"IFERROR(VLOOKUP($A734,البيانات!$C$2:$M$207,3,FALSE)*C:C,\"\")","v":""},{"$f":"IFERROR(VLOOKUP($A734,البيانات!$C$2:$M$207,4,FALSE)*C:C,\"\")","v":""},0,null,0]
[null,null,null,{"$f":"IFERROR(VLOOKUP($A735,البيانات!$C$2:$M$207,2,FALSE)*C:C,\"\")","v":""},{"$f":"IFERROR(VLOOKUP($A735,البيانات!$C$2:$M$207,3,FALSE)*C:C,\"\")","v":""},{"$f":"IFERROR(VLOOKUP($A735,البيانات!$C$2:$M$207,4,FALSE)*C:C,\"\")","v":""},0,null,0]
[null,null,null,{"$f":"IFERROR(VLOOKUP($A736,البيانات!$C$2:$M$207,2,FALSE)*C:C,\"\")","v":""},{"$f":"IFERROR(VLOOKUP($A736,البيانات!$C$2:$M$207,3,FALSE)*C:C,\"\")","v":""},{"$f":"IFERROR(VLOOKUP($A736,البيانات!$C$2:$M$207,4,FALSE)*C:C,\"\")","v":""},0,null,0]
[null,null,null,{"$f":"IFERROR(VLOOKUP($A737,البيانات!$C$2:$M$207,2,FALSE)*C:C,\"\")","v":""},{"$f":"IFERROR(VLOOKUP($A737,البيانات!$C$2:$M$207,3,FALSE)*C:C,\"\")","v":""},{"$f":"IFERROR(VLOOKUP($A737,البيانات!$C$2:$M$207,4,FALSE)*C:C,\"\")","v":""},0,null,0]
[null,null,null,{"$f":"IFERROR(VLOOKUP($A738,البيانات!$C$2:$M$207,2,FALSE)*C:C,\"\")","v":""},{"$f":"IFERROR(VLOOKUP($A738,البيانات!$C$2:$M$207,3,FALSE)*C:C,\"\")","v":""},{"$f":"IFERROR(VLOOKUP($A738,البيانات!$C$2:$M$207,4,FALSE)*C:C,\"\")","v":""},0,null,0]
[null,null,null,{"$f":"IFERROR(VLOOKUP($A739,البيانات!$C$2:$M$207,2,FALSE)*C:C,\"\")","v":""},{"$f":"IFERROR(VLOOKUP($A739,البيانات!$C$2:$M$207,3,FALSE)*C:C,\"\")","v":""},{"$f":"IFERROR(VLOOKUP($A739,البيانات!$C$2:$M$207,4,FALSE)*C:C,\"\")","v":""},0,null,0]
[null,null,null,{"$f":"IFERROR(VLOOKUP($A740,البيانات!$C$2:$M$207,2,FALSE)*C:C,\"\")","v":""},{"$f":"IFERROR(VLOOKUP($A740,البيانات!$C$2:$M$207,3,FALSE)*C:C,\"\")","v":""},{"$f":"IFERROR(VLOOKUP($A740,البيانات!$C$2:$M$207,4,FALSE)*C:C,\"\")","v":""},0,null,0]
[null,null,null,{"$f":"IFERROR(VLOOKUP($A741,البيانات!$C$2:$M$207,2,FALSE)*C:C,\"\")","v":""},{"$f":"IFERROR(VLOOKUP($A741,البيانات!$C$2:$M$207,3,FALSE)*C:C,\"\")","v":""},{"$f":"IFERROR(VLOOKUP($A741,البيانات!$C$2:$M$207,4,FALSE)*C:C,\"\")","v":""},0,null,0]
[null,null,null,{"$f":"IFERROR(VLOOKUP($A742,البيانات!$C$2:$M$207,2,FALSE)*C:C,\"\")","v":""},{"$f":"IFERROR(VLOOKUP($A742,البيانات!$C$2:$M$207,3,FALSE)*C:C,\"\")","v":""},{"$f":"IFERROR(VLOOKUP($A742,البيانات!$C$2:$M$207,4,FALSE)*C:C,\"\")","v":""},0,null,0]
[null,null,null,{"$f":"IFERROR(VLOOKUP($A743,البيانات!$C$2:$M$207,2,FALSE)*C:C,\"\")","v":""},{"$f":"IFERROR(VLOOKUP($A743,البيانات!$C$2:$M$207,3,FALSE)*C:C,\"\")","v":""},{"$f":"IFERROR(VLOOKUP($A743,البيانات!$C$2:$M$207,4,FALSE)*C:C,\"\")","v":""},0,null,0]
[null,null,null,{"$f":"IFERROR(VLOOKUP($A744,البيانات!$C$2:$M$207,2,FALSE)*C:C,\"\")","v":""},{"$f":"IFERROR(VLOOKUP($A744,البيانات!$C$2:$M$207,3,FALSE)*C:C,\"\")","v":""},{"$f":"IFERROR(VLOOKUP($A744,البيانات!$C$2:$M$207,4,FALSE)*C:C,\"\")","v":""},0,null,0]
[null,null,null,{"$f":"IFERROR(VLOOKUP($A745,البيانات!$C$2:$M$207,2,FALSE)*C:C,\"\")","v":""},{"$f":"IFERROR(VLOOKUP($A745,البيانات!$C$2:$M$207,3,FALSE)*C:C,\"\")","v":""},{"$f":"IFERROR(VLOOKUP($A745,البيانات!$C$2:$M$207,4,FALSE)*C:C,\"\")","v":""},0,null,0]
[null,null,null,{"$f":"IFERROR(VLOOKUP($A746,البيانات!$C$2:$M$207,2,FALSE)*C:C,\"\")","v":""},{"$f":"IFERROR(VLOOKUP($A746,البيانات!$C$2:$M$207,3,FALSE)*C:C,\"\")","v":""},{"$f":"IFERROR(VLOOKUP($A746,البيانات!$C$2:$M$207,4,FALSE)*C:C,\"\")","v":""},0,null,0]
[null,null,null,{"$f":"IFERROR(VLOOKUP($A747,البيانات!$C$2:$M$207,2,FALSE)*C:C,\"\")","v":""},{"$f":"IFERROR(VLOOKUP($A747,البيانات!$C$2:$M$207,3,FALSE)*C:C,\"\")","v":""},{"$f":"IFERROR(VLOOKUP($A747,البيانات!$C$2:$M$207,4,FALSE)*C:C,\"\")","v":""},0,null,0]
[null,null,null,{"$f":"IFERROR(VLOOKUP($A748,البيانات!$C$2:$M$207,2,FALSE)*C:C,\"\")","v":""},{"$f":"IFERROR(VLOOKUP($A748,البيانات!$C$2:$M$207,3,FALSE)*C:C,\"\")","v":""},{"$f":"IFERROR(VLOOKUP($A748,البيانات!$C$2:$M$207,4,FALSE)*C:C,\"\")","v":""},0,null,0]
[null,null,null,{"$f":"IFERROR(VLOOKUP($A749,البيانات!$C$2:$M$207,2,FALSE)*C:C,\"\")","v":""},{"$f":"IFERROR(VLOOKUP($A749,البيانات!$C$2:$M$207,3,FALSE)*C:C,\"\")","v":""},{"$f":"IFERROR(VLOOKUP($A749,البيانات!$C$2:$M$207,4,FALSE)*C:C,\"\")","v":""},0,null,0]
[null,null,null,{"$f":"IFERROR(VLOOKUP($A750,البيانات!$C$2:$M$207,2,FALSE)*C:C,\"\")","v":""},{"$f":"IFERROR(VLOOKUP($A750,البيانات!$C$2:$M$207,3,FALSE)*C:C,\"\")","v":""},{"$f":"IFERROR(VLOOKUP($A750,البيانات!$C$2:$M$207,4,FALSE)*C:C,\"\")","v":""},0,null,0]
[null,null,null,{"$f":"IFERROR(VLOOKUP($A751,البيانات!$C$2:$M$207,2,FALSE)*C:C,\"\")","v":""},{"$f":"IFERROR(VLOOKUP($A751,البيانات!$C$2:$M$207,3,FALSE)*C:C,\"\")","v":""},{"$f":"IFERROR(VLOOKUP($A751,البيانات!$C$2:$M$207,4,FALSE)*C:C,\"\")","v":""},0,null,0]
[null,null,null,{"$f":"IFERROR(VLOOKUP($A752,البيانات!$C$2:$M$207,2,FALSE)*C:C,\"\")","v":""},{"$f":"IFERROR(VLOOKUP($A752,البيانات!$C$2:$M$207,3,FALSE)*C:C,\"\")","v":""},{"$f":"IFERROR(VLOOKUP($A752,البيانات!$C$2:$M$207,4,FALSE)*C:C,\"\")","v":""},0,null,0]
[null,null,null,{"$f":"IFERROR(VLOOKUP($A753,البيانات!$C$2:$M$207,2,FALSE)*C:C,\"\")","v":""},{"$f":"IFERROR(VLOOKUP($A753,البيانات!$C$2:$M$207,3,FALSE)*C:C,\"\")","v":""},{"$f":"IFERROR(VLOOKUP($A753,البيانات!$C$2:$M$207,4,FALSE)*C:C,\"\")","v":""},0,null,0]
[null,null,null,{"$f":"IFERROR(VLOOKUP($A754,البيانات!$C$2:$M$207,2,FALSE)*C:C,\"\")","v":""},{"$f":"IFERROR(VLOOKUP($A754,البيانات!$C$2:$M$207,3,FALSE)*C:C,\"\")","v":""},{"$f":"IFERROR(VLOOKUP($A754,البيانات!$C$2:$M$207,4,FALSE)*C:C,\"\")","v":""},0,null,0]
[null,null,null,{"$f":"IFERROR(VLOOKUP($A755,البيانات!$C$2:$M$207,2,FALSE)*C:C,\"\")","v":""},{"$f":"IFERROR(VLOOKUP($A755,البيانات!$C$2:$M$207,3,FALSE)*C:C,\"\")","v":""},{"$f":"IFERROR(VLOOKUP($A755,البيانات!$C$2:$M$207,4,FALSE)*C:C,\"\")","v":""},0,null,0]
[null,null,null,{"$f":"IFERROR(VLOOKUP($A756,البيانات!$C$2:$M$207,2,FALSE)*C:C,\"\")","v":""},{"$f":"IFERROR(VLOOKUP($A756,البيانات!$C$2:$M$207,3,FALSE)*C:C,\"\")","v":""},{"$f":"IFERROR(VLOOKUP($A756,البيانات!$C$2:$M$207,4,FALSE)*C:C,\"\")","v":""},0,null,0]
[null,null,null,{"$f":"IFERROR(VLOOKUP($A757,البيانات!$C$2:$M$207,2,FALSE)*C:C,\"\")","v":""},{"$f":"IFERROR(VLOOKUP($A757,البيانات!$C$2:$M$207,3,FALSE)*C:C,\"\")","v":""},{"$f":"IFERROR(VLOOKUP($A757,البيانات!$C$2:$M$207,4,FALSE)*C:C,\"\")","v":""},0,null,0]
[null,null,null,{"$f":"IFERROR(VLOOKUP($A758,البيانات!$C$2:$M$207,2,FALSE)*C:C,\"\")","v":""},{"$f":"IFERROR(VLOOKUP($A758,البيانات!$C$2:$M$207,3,FALSE)*C:C,\"\")","v":""},{"$f":"IFERROR(VLOOKUP($A758,البيانات!$C$2:$M$207,4,FALSE)*C:C,\"\")","v":""},0,null,0]
[null,null,null,{"$f":"IFERROR(VLOOKUP($A759,البيانات!$C$2:$M$207,2,FALSE)*C:C,\"\")","v":""},{"$f":"IFERROR(VLOOKUP($A759,البيانات!$C$2:$M$207,3,FALSE)*C:C,\"\")","v":""},{"$f":"IFERROR(VLOOKUP($A759,البيانات!$C$2:$M$207,4,FALSE)*C:C,\"\")","v":""},0,null,0]
[null,null,null,{"$f":"IFERROR(VLOOKUP($A760,البيانات!$C$2:$M$207,2,FALSE)*C:C,\"\")","v":""},{"$f":"IFERROR(VLOOKUP($A760,البيانات!$C$2:$M$207,3,FALSE)*C:C,\"\")","v":""},{"$f":"IFERROR(VLOOKUP($A760,البيانات!$C$2:$M$207,4,FALSE)*C:C,\"\")","v":""},0,null,0]
[null,null,null,{"$f":"IFERROR(VLOOKUP($A761,البيانات!$C$2:$M$207,2,FALSE)*C:C,\"\")","v":""},{"$f":"IFERROR(VLOOKUP($A761,البيانات!$C$2:$M$207,3,FALSE)*C:C,\"\")","v":""},{"$f":"IFERROR(VLOOKUP($A761,البيانات!$C$2:$M$207,4,FALSE)*C:C,\"\")","v":""},0,null,0]
[null,null,null,{"$f":"IFERROR(VLOOKUP($A762,البيانات!$C$2:$M$207,2,FALSE)*C:C,\"\")","v":""},{"$f":"IFERROR(VLOOKUP($A762,البيانات!$C$2:$M$207,3,FALSE)*C:C,\"\")","v":""},{"$f":"IFERROR(VLOOKUP($A762,البيانات!$C$2:$M$207,4,FALSE)*C:C,\"\")","v":""},0,null,0]
[null,null,null,{"$f":"IFERROR(VLOOKUP($A763,البيانات!$C$2:$M$207,2,FALSE)*C:C,\"\")","v":""},{"$f":"IFERROR(VLOOKUP($A763,البيانات!$C$2:$M$207,3,FALSE)*C:C,\"\")","v":""},{"$f":"IFERROR(VLOOKUP($A763,البيانات!$C$2:$M$207,4,FALSE)*C:C,\"\")","v":""},0,null,0]
[null,null,null,{"$f":"IFERROR(VLOOKUP($A764,البيانات!$C$2:$M$207,2,FALSE)*C:C,\"\")","v":""},{"$f":"IFERROR(VLOOKUP($A764,البيانات!$C$2:$M$207,3,FALSE)*C:C,\"\")","v":""},{"$f":"IFERROR(VLOOKUP($A764,البيانات!$C$2:$M$207,4,FALSE)*C:C,\"\")","v":""},0,null,0]
[null,null,null,{"$f":"IFERROR(VLOOKUP($A765,البيانات!$C$2:$M$207,2,FALSE)*C:C,\"\")","v":""},{"$f":"IFERROR(VLOOKUP($A765,البيانات!$C$2:$M$207,3,FALSE)*C:C,\"\")","v":""},{"$f":"IFERROR(VLOOKUP($A765,البيانات!$C$2:$M$207,4,FALSE)*C:C,\"\")","v":""},0,null,0]
[null,null,null,{"$f":"IFERROR(VLOOKUP($A766,البيانات!$C$2:$M$207,2,FALSE)*C:C,\"\")","v":""},{"$f":"IFERROR(VLOOKUP($A766,البيانات!$C$2:$M$207,3,FALSE)*C:C,\"\")","v":""},{"$f":"IFERROR(VLOOKUP($A766,البيانات!$C$2:$M$207,4,FALSE)*C:C,\"\")","v":""},0,null,0]
[null,null,null,{"$f":"IFERROR(VLOOKUP($A767,البيانات!$C$2:$M$207,2,FALSE)*C:C,\"\")","v":""},{"$f":"IFERROR(VLOOKUP($A767,البيانات!$C$2:$M$207,3,FALSE)*C:C,\"\")","v":""},{"$f":"IFERROR(VLOOKUP($A767,البيانات!$C$2:$M$207,4,FALSE)*C:C,\"\")","v":""},0,null,0]
[null,null,null,{"$f":"IFERROR(VLOOKUP($A768,البيانات!$C$2:$M$207,2,FALSE)*C:C,\"\")","v":""},{"$f":"IFERROR(VLOOKUP($A768,البيانات!$C$2:$M$207,3,FALSE)*C:C,\"\")","v":""},{"$f":"IFERROR(VLOOKUP($A768,البيانات!$C$2:$M$207,4,FALSE)*C:C,\"\")","v":""},0,null,0]
[null,null,null,{"$f":"IFERROR(VLOOKUP($A769,البيانات!$C$2:$M$207,2,FALSE)*C:C,\"\")","v":""},{"$f":"IFERROR(VLOOKUP($A769,البيانات!$C$2:$M$207,3,FALSE)*C:C,\"\")","v":""},{"$f":"IFERROR(VLOOKUP($A769,البيانات!$C$2:$M$207,4,FALSE)*C:C,\"\")","v":""},0,null,0]
[null,null,null,{"$f":"IFERROR(VLOOKUP($A770,البيانات!$C$2:$M$207,2,FALSE)*C:C,\"\")","v":""},{"$f":"IFERROR(VLOOKUP($A770,البيانات!$C$2:$M$207,3,FALSE)*C:C,\"\")","v":""},{"$f":"IFERROR(VLOOKUP($A770,البيانات!$C$2:$M$207,4,FALSE)*C:C,\"\")","v":""},0,null,0]
[null,null,null,{"$f":"IFERROR(VLOOKUP($A771,البيانات!$C$2:$M$207,2,FALSE)*C:C,\"\")","v":""},{"$f":"IFERROR(VLOOKUP($A771,البيانات!$C$2:$M$207,3,FALSE)*C:C,\"\")","v":""},{"$f":"IFERROR(VLOOKUP($A771,البيانات!$C$2:$M$207,4,FALSE)*C:C,\"\")","v":""},0,null,0]
[null,null,null,{"$f":"IFERROR(VLOOKUP($A772,البيانات!$C$2:$M$207,2,FALSE)*C:C,\"\")","v":""},{"$f":"IFERROR(VLOOKUP($A772,البيانات!$C$2:$M$207,3,FALSE)*C:C,\"\")","v":""},{"$f":"IFERROR(VLOOKUP($A772,البيانات!$C$2:$M$207,4,FALSE)*C:C,\"\")","v":""},0,null,0]
[null,null,null,{"$f":"IFERROR(VLOOKUP($A773,البيانات!$C$2:$M$207,2,FALSE)*C:C,\"\")","v":""},{"$f":"IFERROR(VLOOKUP($A773,البيانات!$C$2:$M$207,3,FALSE)*C:C,\"\")","v":""},{"$f":"IFERROR(VLOOKUP($A773,البيانات!$C$2:$M$207,4,FALSE)*C:C,\"\")","v":""},0,null,0]
[null,null,null,{"$f":"IFERROR(VLOOKUP($A774,البيانات!$C$2:$M$207,2,FALSE)*C:C,\"\")","v":""},{"$f":"IFERROR(VLOOKUP($A774,البيانات!$C$2:$M$207,3,FALSE)*C:C,\"\")","v":""},{"$f":"IFERROR(VLOOKUP($A774,البيانات!$C$2:$M$207,4,FALSE)*C:C,\"\")","v":""},0,null,{"$f":"IFERROR(H774-G774,\"\")","v":0}]
[null,null,null,{"$f":"IFERROR(VLOOKUP($A775,البيانات!$C$2:$M$207,2,FALSE)*C:C,\"\")","v":""},{"$f":"IFERROR(VLOOKUP($A775,البيانات!$C$2:$M$207,3,FALSE)*C:C,\"\")","v":""},{"$f":"IFERROR(VLOOKUP($A775,البيانات!$C$2:$M$207,4,FALSE)*C:C,\"\")","v":""},0,null,0]
[null,null,null,{"$f":"IFERROR(VLOOKUP($A776,البيانات!$C$2:$M$207,2,FALSE)*C:C,\"\")","v":""},{"$f":"IFERROR(VLOOKUP($A776,البيانات!$C$2:$M$207,3,FALSE)*C:C,\"\")","v":""},{"$f":"IFERROR(VLOOKUP($A776,البيانات!$C$2:$M$207,4,FALSE)*C:C,\"\")","v":""},0,null,0]
[null,null,null,{"$f":"IFERROR(VLOOKUP($A777,البيانات!$C$2:$M$207,2,FALSE)*C:C,\"\")","v":""},{"$f":"IFERROR(VLOOKUP($A777,البيانات!$C$2:$M$207,3,FALSE)*C:C,\"\")","v":""},{"$f":"IFERROR(VLOOKUP($A777,البيانات!$C$2:$M$207,4,FALSE)*C:C,\"\")","v":""},0,null,0]
[null,null,null,{"$f":"IFERROR(VLOOKUP($A778,البيانات!$C$2:$M$207,2,FALSE)*C:C,\"\")","v":""},{"$f":"IFERROR(VLOOKUP($A778,البيانات!$C$2:$M$207,3,FALSE)*C:C,\"\")","v":""},{"$f":"IFERROR(VLOOKUP($A778,البيانات!$C$2:$M$207,4,FALSE)*C:C,\"\")","v":""},0,null,0]
[null,null,null,{"$f":"IFERROR(VLOOKUP($A779,البيانات!$C$2:$M$207,2,FALSE)*C:C,\"\")","v":""},{"$f":"IFERROR(VLOOKUP($A779,البيانات!$C$2:$M$207,3,FALSE)*C:C,\"\")","v":""},{"$f":"IFERROR(VLOOKUP($A779,البيانات!$C$2:$M$207,4,FALSE)*C:C,\"\")","v":""},0,null,0]
[null,null,null,{"$f":"IFERROR(VLOOKUP($A780,البيانات!$C$2:$M$207,2,FALSE)*C:C,\"\")","v":""},{"$f":"IFERROR(VLOOKUP($A780,البيانات!$C$2:$M$207,3,FALSE)*C:C,\"\")","v":""},{"$f":"IFERROR(VLOOKUP($A780,البيانات!$C$2:$M$207,4,FALSE)*C:C,\"\")","v":""},0,null,0]
[null,null,null,{"$f":"IFERROR(VLOOKUP($A781,البيانات!$C$2:$M$207,2,FALSE)*C:C,\"\")","v":""},{"$f":"IFERROR(VLOOKUP($A781,البيانات!$C$2:$M$207,3,FALSE)*C:C,\"\")","v":""},{"$f":"IFERROR(VLOOKUP($A781,البيانات!$C$2:$M$207,4,FALSE)*C:C,\"\")","v":""},0,null,0]
[null,null,null,{"$f":"IFERROR(VLOOKUP($A782,البيانات!$C$2:$M$207,2,FALSE)*C:C,\"\")","v":""},{"$f":"IFERROR(VLOOKUP($A782,البيانات!$C$2:$M$207,3,FALSE)*C:C,\"\")","v":""},{"$f":"IFERROR(VLOOKUP($A782,البيانات!$C$2:$M$207,4,FALSE)*C:C,\"\")","v":""},0,null,0]
[null,null,null,{"$f":"IFERROR(VLOOKUP($A783,البيانات!$C$2:$M$207,2,FALSE)*C:C,\"\")","v":""},{"$f":"IFERROR(VLOOKUP($A783,البيانات!$C$2:$M$207,3,FALSE)*C:C,\"\")","v":""},{"$f":"IFERROR(VLOOKUP($A783,البيانات!$C$2:$M$207,4,FALSE)*C:C,\"\")","v":""},0,null,0]
[null,null,null,{"$f":"IFERROR(VLOOKUP($A784,البيانات!$C$2:$M$207,2,FALSE)*C:C,\"\")","v":""},{"$f":"IFERROR(VLOOKUP($A784,البيانات!$C$2:$M$207,3,FALSE)*C:C,\"\")","v":""},{"$f":"IFERROR(VLOOKUP($A784,البيانات!$C$2:$M$207,4,FALSE)*C:C,\"\")","v":""},0,null,0]
[null,null,null,{"$f":"IFERROR(VLOOKUP($A785,البيانات!$C$2:$M$207,2,FALSE)*C:C,\"\")","v":""},{"$f":"IFERROR(VLOOKUP($A785,البيانات!$C$2:$M$207,3,FALSE)*C:C,\"\")","v":""},{"$f":"IFERROR(VLOOKUP($A785,البيانات!$C$2:$M$207,4,FALSE)*C:C,\"\")","v":""},0,null,0]
[null,null,null,{"$f":"IFERROR(VLOOKUP($A786,البيانات!$C$2:$M$207,2,FALSE)*C:C,\"\")","v":""},{"$f":"IFERROR(VLOOKUP($A786,البيانات!$C$2:$M$207,3,FALSE)*C:C,\"\")","v":""},{"$f":"IFERROR(VLOOKUP($A786,البيانات!$C$2:$M$207,4,FALSE)*C:C,\"\")","v":""},0,null,0]
[null,null,null,{"$f":"IFERROR(VLOOKUP($A787,البيانات!$C$2:$M$207,2,FALSE)*C:C,\"\")","v":""},{"$f":"IFERROR(VLOOKUP($A787,البيانات!$C$2:$M$207,3,FALSE)*C:C,\"\")","v":""},{"$f":"IFERROR(VLOOKUP($A787,البيانات!$C$2:$M$207,4,FALSE)*C:C,\"\")","v":""},0,null,0]
[null,null,null,{"$f":"IFERROR(VLOOKUP($A788,البيانات!$C$2:$M$207,2,FALSE)*C:C,\"\")","v":""},{"$f":"IFERROR(VLOOKUP($A788,البيانات!$C$2:$M$207,3,FALSE)*C:C,\"\")","v":""},{"$f":"IFERROR(VLOOKUP($A788,البيانات!$C$2:$M$207,4,FALSE)*C:C,\"\")","v":""},0,null,0]
[null,null,null,{"$f":"IFERROR(VLOOKUP($A789,البيانات!$C$2:$M$207,2,FALSE)*C:C,\"\")","v":""},{"$f":"IFERROR(VLOOKUP($A789,البيانات!$C$2:$M$207,3,FALSE)*C:C,\"\")","v":""},{"$f":"IFERROR(VLOOKUP($A789,البيانات!$C$2:$M$207,4,FALSE)*C:C,\"\")","v":""},0,null,0]
[null,null,null,{"$f":"IFERROR(VLOOKUP($A790,البيانات!$C$2:$M$207,2,FALSE)*C:C,\"\")","v":""},{"$f":"IFERROR(VLOOKUP($A790,البيانات!$C$2:$M$207,3,FALSE)*C:C,\"\")","v":""},{"$f":"IFERROR(VLOOKUP($A790,البيانات!$C$2:$M$207,4,FALSE)*C:C,\"\")","v":""},0,null,0]
[null,null,null,{"$f":"IFERROR(VLOOKUP($A791,البيانات!$C$2:$M$207,2,FALSE)*C:C,\"\")","v":""},{"$f":"IFERROR(VLOOKUP($A791,البيانات!$C$2:$M$207,3,FALSE)*C:C,\"\")","v":""},{"$f":"IFERROR(VLOOKUP($A791,البيانات!$C$2:$M$207,4,FALSE)*C:C,\"\")","v":""},{"$f":"IFERROR(C791*B791,\"\")","v":0},null,0]
[null,null,null,{"$f":"IFERROR(VLOOKUP($A792,البيانات!$C$2:$M$207,2,FALSE)*C:C,\"\")","v":""},{"$f":"IFERROR(VLOOKUP($A792,البيانات!$C$2:$M$207,3,FALSE)*C:C,\"\")","v":""},{"$f":"IFERROR(VLOOKUP($A792,البيانات!$C$2:$M$207,4,FALSE)*C:C,\"\")","v":""},0,null,0]
[null,null,null,{"$f":"IFERROR(VLOOKUP($A793,البيانات!$C$2:$M$207,2,FALSE)*C:C,\"\")","v":""},{"$f":"IFERROR(VLOOKUP($A793,البيانات!$C$2:$M$207,3,FALSE)*C:C,\"\")","v":""},{"$f":"IFERROR(VLOOKUP($A793,البيانات!$C$2:$M$207,4,FALSE)*C:C,\"\")","v":""},0,null,0]
[null,null,null,{"$f":"IFERROR(VLOOKUP($A794,البيانات!$C$2:$M$207,2,FALSE)*C:C,\"\")","v":""},{"$f":"IFERROR(VLOOKUP($A794,البيانات!$C$2:$M$207,3,FALSE)*C:C,\"\")","v":""},{"$f":"IFERROR(VLOOKUP($A794,البيانات!$C$2:$M$207,4,FALSE)*C:C,\"\")","v":""},0,null,0]
[null,null,null,{"$f":"IFERROR(VLOOKUP($A795,البيانات!$C$2:$M$207,2,FALSE)*C:C,\"\")","v":""},{"$f":"IFERROR(VLOOKUP($A795,البيانات!$C$2:$M$207,3,FALSE)*C:C,\"\")","v":""},{"$f":"IFERROR(VLOOKUP($A795,البيانات!$C$2:$M$207,4,FALSE)*C:C,\"\")","v":""},0,null,0]
[null,null,null,{"$f":"IFERROR(VLOOKUP($A796,البيانات!$C$2:$M$207,2,FALSE)*C:C,\"\")","v":""},{"$f":"IFERROR(VLOOKUP($A796,البيانات!$C$2:$M$207,3,FALSE)*C:C,\"\")","v":""},{"$f":"IFERROR(VLOOKUP($A796,البيانات!$C$2:$M$207,4,FALSE)*C:C,\"\")","v":""},0,null,0]
[null,null,null,{"$f":"IFERROR(VLOOKUP($A797,البيانات!$C$2:$M$207,2,FALSE)*C:C,\"\")","v":""},{"$f":"IFERROR(VLOOKUP($A797,البيانات!$C$2:$M$207,3,FALSE)*C:C,\"\")","v":""},{"$f":"IFERROR(VLOOKUP($A797,البيانات!$C$2:$M$207,4,FALSE)*C:C,\"\")","v":""},0,null,0]
[null,null,null,{"$f":"IFERROR(VLOOKUP($A798,البيانات!$C$2:$M$207,2,FALSE)*C:C,\"\")","v":""},{"$f":"IFERROR(VLOOKUP($A798,البيانات!$C$2:$M$207,3,FALSE)*C:C,\"\")","v":""},{"$f":"IFERROR(VLOOKUP($A798,البيانات!$C$2:$M$207,4,FALSE)*C:C,\"\")","v":""},0,null,0]
[null,null,null,{"$f":"IFERROR(VLOOKUP($A799,البيانات!$C$2:$M$207,2,FALSE)*C:C,\"\")","v":""},{"$f":"IFERROR(VLOOKUP($A799,البيانات!$C$2:$M$207,3,FALSE)*C:C,\"\")","v":""},{"$f":"IFERROR(VLOOKUP($A799,البيانات!$C$2:$M$207,4,FALSE)*C:C,\"\")","v":""},0,null,0]
[null,null,null,{"$f":"IFERROR(VLOOKUP($A800,البيانات!$C$2:$M$207,2,FALSE)*C:C,\"\")","v":""},{"$f":"IFERROR(VLOOKUP($A800,البيانات!$C$2:$M$207,3,FALSE)*C:C,\"\")","v":""},{"$f":"IFERROR(VLOOKUP($A800,البيانات!$C$2:$M$207,4,FALSE)*C:C,\"\")","v":""},0,null,0]
[null,null,null,{"$f":"IFERROR(VLOOKUP($A801,البيانات!$C$2:$M$207,2,FALSE)*C:C,\"\")","v":""},{"$f":"IFERROR(VLOOKUP($A801,البيانات!$C$2:$M$207,3,FALSE)*C:C,\"\")","v":""},{"$f":"IFERROR(VLOOKUP($A801,البيانات!$C$2:$M$207,4,FALSE)*C:C,\"\")","v":""},0,null,0]
[null,null,null,{"$f":"IFERROR(VLOOKUP($A802,البيانات!$C$2:$M$207,2,FALSE)*C:C,\"\")","v":""},{"$f":"IFERROR(VLOOKUP($A802,البيانات!$C$2:$M$207,3,FALSE)*C:C,\"\")","v":""},{"$f":"IFERROR(VLOOKUP($A802,البيانات!$C$2:$M$207,4,FALSE)*C:C,\"\")","v":""},0,null,0]
[null,null,null,{"$f":"IFERROR(VLOOKUP($A803,البيانات!$C$2:$M$207,2,FALSE)*C:C,\"\")","v":""},{"$f":"IFERROR(VLOOKUP($A803,البيانات!$C$2:$M$207,3,FALSE)*C:C,\"\")","v":""},{"$f":"IFERROR(VLOOKUP($A803,البيانات!$C$2:$M$207,4,FALSE)*C:C,\"\")","v":""},0,null,0]
[null,null,null,{"$f":"IFERROR(VLOOKUP($A804,البيانات!$C$2:$M$207,2,FALSE)*C:C,\"\")","v":""},{"$f":"IFERROR(VLOOKUP($A804,البيانات!$C$2:$M$207,3,FALSE)*C:C,\"\")","v":""},{"$f":"IFERROR(VLOOKUP($A804,البيانات!$C$2:$M$207,4,FALSE)*C:C,\"\")","v":""},0,null,0]
[null,null,null,{"$f":"IFERROR(VLOOKUP($A805,البيانات!$C$2:$M$207,2,FALSE)*C:C,\"\")","v":""},{"$f":"IFERROR(VLOOKUP($A805,البيانات!$C$2:$M$207,3,FALSE)*C:C,\"\")","v":""},{"$f":"IFERROR(VLOOKUP($A805,البيانات!$C$2:$M$207,4,FALSE)*C:C,\"\")","v":""},0,null,0]
[null,null,null,{"$f":"IFERROR(VLOOKUP($A806,البيانات!$C$2:$M$207,2,FALSE)*C:C,\"\")","v":""},{"$f":"IFERROR(VLOOKUP($A806,البيانات!$C$2:$M$207,3,FALSE)*C:C,\"\")","v":""},{"$f":"IFERROR(VLOOKUP($A806,البيانات!$C$2:$M$207,4,FALSE)*C:C,\"\")","v":""},0,null,0]
[null,null,null,{"$f":"IFERROR(VLOOKUP($A807,البيانات!$C$2:$M$207,2,FALSE)*C:C,\"\")","v":""},{"$f":"IFERROR(VLOOKUP($A807,البيانات!$C$2:$M$207,3,FALSE)*C:C,\"\")","v":""},{"$f":"IFERROR(VLOOKUP($A807,البيانات!$C$2:$M$207,4,FALSE)*C:C,\"\")","v":""},0,null,0]
[null,null,null,{"$f":"IFERROR(VLOOKUP($A808,البيانات!$C$2:$M$207,2,FALSE)*C:C,\"\")","v":""},{"$f":"IFERROR(VLOOKUP($A808,البيانات!$C$2:$M$207,3,FALSE)*C:C,\"\")","v":""},{"$f":"IFERROR(VLOOKUP($A808,البيانات!$C$2:$M$207,4,FALSE)*C:C,\"\")","v":""},0,null,0]
[null,null,null,{"$f":"IFERROR(VLOOKUP($A809,البيانات!$C$2:$M$207,2,FALSE)*C:C,\"\")","v":""},{"$f":"IFERROR(VLOOKUP($A809,البيانات!$C$2:$M$207,3,FALSE)*C:C,\"\")","v":""},{"$f":"IFERROR(VLOOKUP($A809,البيانات!$C$2:$M$207,4,FALSE)*C:C,\"\")","v":""},0,null,0]
[null,null,null,{"$f":"IFERROR(VLOOKUP($A810,البيانات!$C$2:$M$207,2,FALSE)*C:C,\"\")","v":""},{"$f":"IFERROR(VLOOKUP($A810,البيانات!$C$2:$M$207,3,FALSE)*C:C,\"\")","v":""},{"$f":"IFERROR(VLOOKUP($A810,البيانات!$C$2:$M$207,4,FALSE)*C:C,\"\")","v":""},0,null,0]
[null,null,null,{"$f":"IFERROR(VLOOKUP($A811,البيانات!$C$2:$M$207,2,FALSE)*C:C,\"\")","v":""},{"$f":"IFERROR(VLOOKUP($A811,البيانات!$C$2:$M$207,3,FALSE)*C:C,\"\")","v":""},{"$f":"IFERROR(VLOOKUP($A811,البيانات!$C$2:$M$207,4,FALSE)*C:C,\"\")","v":""},0,null,0]
[null,null,null,{"$f":"IFERROR(VLOOKUP($A812,البيانات!$C$2:$M$207,2,FALSE)*C:C,\"\")","v":""},{"$f":"IFERROR(VLOOKUP($A812,البيانات!$C$2:$M$207,3,FALSE)*C:C,\"\")","v":""},{"$f":"IFERROR(VLOOKUP($A812,البيانات!$C$2:$M$207,4,FALSE)*C:C,\"\")","v":""},0,null,0]
[null,null,null,{"$f":"IFERROR(VLOOKUP($A813,البيانات!$C$2:$M$207,2,FALSE)*C:C,\"\")","v":""},{"$f":"IFERROR(VLOOKUP($A813,البيانات!$C$2:$M$207,3,FALSE)*C:C,\"\")","v":""},{"$f":"IFERROR(VLOOKUP($A813,البيانات!$C$2:$M$207,4,FALSE)*C:C,\"\")","v":""},0,null,0]
[null,null,null,{"$f":"IFERROR(VLOOKUP($A814,البيانات!$C$2:$M$207,2,FALSE)*C:C,\"\")","v":""},{"$f":"IFERROR(VLOOKUP($A814,البيانات!$C$2:$M$207,3,FALSE)*C:C,\"\")","v":""},{"$f":"IFERROR(VLOOKUP($A814,البيانات!$C$2:$M$207,4,FALSE)*C:C,\"\")","v":""},0,null,0]
[null,null,null,{"$f":"IFERROR(VLOOKUP($A815,البيانات!$C$2:$M$207,2,FALSE)*C:C,\"\")","v":""},{"$f":"IFERROR(VLOOKUP($A815,البيانات!$C$2:$M$207,3,FALSE)*C:C,\"\")","v":""},{"$f":"IFERROR(VLOOKUP($A815,البيانات!$C$2:$M$207,4,FALSE)*C:C,\"\")","v":""},0,null,0]
[null,null,null,{"$f":"IFERROR(VLOOKUP($A816,البيانات!$C$2:$M$207,2,FALSE)*C:C,\"\")","v":""},{"$f":"IFERROR(VLOOKUP($A816,البيانات!$C$2:$M$207,3,FALSE)*C:C,\"\")","v":""},{"$f":"IFERROR(VLOOKUP($A816,البيانات!$C$2:$M$207,4,FALSE)*C:C,\"\")","v":""},0,null,0]
[null,null,null,{"$f":"IFERROR(VLOOKUP($A817,البيانات!$C$2:$M$207,2,FALSE)*C:C,\"\")","v":""},{"$f":"IFERROR(VLOOKUP($A817,البيانات!$C$2:$M$207,3,FALSE)*C:C,\"\")","v":""},{"$f":"IFERROR(VLOOKUP($A817,البيانات!$C$2:$M$207,4,FALSE)*C:C,\"\")","v":""},0,null,0]
[null,null,null,{"$f":"IFERROR(VLOOKUP($A818,البيانات!$C$2:$M$207,2,FALSE)*C:C,\"\")","v":""},{"$f":"IFERROR(VLOOKUP($A818,البيانات!$C$2:$M$207,3,FALSE)*C:C,\"\")","v":""},{"$f":"IFERROR(VLOOKUP($A818,البيانات!$C$2:$M$207,4,FALSE)*C:C,\"\")","v":""},0,null,0]
[null,null,null,{"$f":"IFERROR(VLOOKUP($A819,البيانات!$C$2:$M$207,2,FALSE)*C:C,\"\")","v":""},{"$f":"IFERROR(VLOOKUP($A819,البيانات!$C$2:$M$207,3,FALSE)*C:C,\"\")","v":""},{"$f":"IFERROR(VLOOKUP($A819,البيانات!$C$2:$M$207,4,FALSE)*C:C,\"\")","v":""},0,null,0]
[null,null,null,{"$f":"IFERROR(VLOOKUP($A820,البيانات!$C$2:$M$207,2,FALSE)*C:C,\"\")","v":""},{"$f":"IFERROR(VLOOKUP($A820,البيانات!$C$2:$M$207,3,FALSE)*C:C,\"\")","v":""},{"$f":"IFERROR(VLOOKUP($A820,البيانات!$C$2:$M$207,4,FALSE)*C:C,\"\")","v":""},0,null,0]
[null,null,null,{"$f":"IFERROR(VLOOKUP($A821,البيانات!$C$2:$M$207,2,FALSE)*C:C,\"\")","v":""},{"$f":"IFERROR(VLOOKUP($A821,البيانات!$C$2:$M$207,3,FALSE)*C:C,\"\")","v":""},{"$f":"IFERROR(VLOOKUP($A821,البيانات!$C$2:$M$207,4,FALSE)*C:C,\"\")","v":""},0,null,0]
[null,null,null,{"$f":"IFERROR(VLOOKUP($A822,البيانات!$C$2:$M$207,2,FALSE)*C:C,\"\")","v":""},{"$f":"IFERROR(VLOOKUP($A822,البيانات!$C$2:$M$207,3,FALSE)*C:C,\"\")","v":""},{"$f":"IFERROR(VLOOKUP($A822,البيانات!$C$2:$M$207,4,FALSE)*C:C,\"\")","v":""},0,null,0]
[null,null,null,{"$f":"IFERROR(VLOOKUP($A823,البيانات!$C$2:$M$207,2,FALSE)*C:C,\"\")","v":""},{"$f":"IFERROR(VLOOKUP($A823,البيانات!$C$2:$M$207,3,FALSE)*C:C,\"\")","v":""},{"$f":"IFERROR(VLOOKUP($A823,البيانات!$C$2:$M$207,4,FALSE)*C:C,\"\")","v":""},0,null,0]
[null,null,null,{"$f":"IFERROR(VLOOKUP($A824,البيانات!$C$2:$M$207,2,FALSE)*C:C,\"\")","v":""},{"$f":"IFERROR(VLOOKUP($A824,البيانات!$C$2:$M$207,3,FALSE)*C:C,\"\")","v":""},{"$f":"IFERROR(VLOOKUP($A824,البيانات!$C$2:$M$207,4,FALSE)*C:C,\"\")","v":""},0,null,0]
[null,null,null,{"$f":"IFERROR(VLOOKUP($A825,البيانات!$C$2:$M$207,2,FALSE)*C:C,\"\")","v":""},{"$f":"IFERROR(VLOOKUP($A825,البيانات!$C$2:$M$207,3,FALSE)*C:C,\"\")","v":""},{"$f":"IFERROR(VLOOKUP($A825,البيانات!$C$2:$M$207,4,FALSE)*C:C,\"\")","v":""},0,null,0]
[null,null,null,{"$f":"IFERROR(VLOOKUP($A826,البيانات!$C$2:$M$207,2,FALSE)*C:C,\"\")","v":""},{"$f":"IFERROR(VLOOKUP($A826,البيانات!$C$2:$M$207,3,FALSE)*C:C,\"\")","v":""},{"$f":"IFERROR(VLOOKUP($A826,البيانات!$C$2:$M$207,4,FALSE)*C:C,\"\")","v":""},0,null,0]
[null,null,null,{"$f":"IFERROR(VLOOKUP($A827,البيانات!$C$2:$M$207,2,FALSE)*C:C,\"\")","v":""},{"$f":"IFERROR(VLOOKUP($A827,البيانات!$C$2:$M$207,3,FALSE)*C:C,\"\")","v":""},{"$f":"IFERROR(VLOOKUP($A827,البيانات!$C$2:$M$207,4,FALSE)*C:C,\"\")","v":""},0,null,0]
[null,null,null,{"$f":"IFERROR(VLOOKUP($A828,البيانات!$C$2:$M$207,2,FALSE)*C:C,\"\")","v":""},{"$f":"IFERROR(VLOOKUP($A828,البيانات!$C$2:$M$207,3,FALSE)*C:C,\"\")","v":""},{"$f":"IFERROR(VLOOKUP($A828,البيانات!$C$2:$M$207,4,FALSE)*C:C,\"\")","v":""},0,null,0]
[null,null,null,{"$f":"IFERROR(VLOOKUP($A829,البيانات!$C$2:$M$207,2,FALSE)*C:C,\"\")","v":""},{"$f":"IFERROR(VLOOKUP($A829,البيانات!$C$2:$M$207,3,FALSE)*C:C,\"\")","v":""},{"$f":"IFERROR(VLOOKUP($A829,البيانات!$C$2:$M$207,4,FALSE)*C:C,\"\")","v":""},0,null,0]
[null,null,null,{"$f":"IFERROR(VLOOKUP($A830,البيانات!$C$2:$M$207,2,FALSE)*C:C,\"\")","v":""},{"$f":"IFERROR(VLOOKUP($A830,البيانات!$C$2:$M$207,3,FALSE)*C:C,\"\")","v":""},{"$f":"IFERROR(VLOOKUP($A830,البيانات!$C$2:$M$207,4,FALSE)*C:C,\"\")","v":""},0,null,0]
[null,null,null,{"$f":"IFERROR(VLOOKUP($A831,البيانات!$C$2:$M$207,2,FALSE)*C:C,\"\")","v":""},{"$f":"IFERROR(VLOOKUP($A831,البيانات!$C$2:$M$207,3,FALSE)*C:C,\"\")","v":""},{"$f":"IFERROR(VLOOKUP($A831,البيانات!$C$2:$M$207,4,FALSE)*C:C,\"\")","v":""},0,null,0]
[null,null,null,{"$f":"IFERROR(VLOOKUP($A832,البيانات!$C$2:$M$207,2,FALSE)*C:C,\"\")","v":""},{"$f":"IFERROR(VLOOKUP($A832,البيانات!$C$2:$M$207,3,FALSE)*C:C,\"\")","v":""},{"$f":"IFERROR(VLOOKUP($A832,البيانات!$C$2:$M$207,4,FALSE)*C:C,\"\")","v":""},0,null,0]
[null,null,null,{"$f":"IFERROR(VLOOKUP($A833,البيانات!$C$2:$M$207,2,FALSE)*C:C,\"\")","v":""},{"$f":"IFERROR(VLOOKUP($A833,البيانات!$C$2:$M$207,3,FALSE)*C:C,\"\")","v":""},{"$f":"IFERROR(VLOOKUP($A833,البيانات!$C$2:$M$207,4,FALSE)*C:C,\"\")","v":""},0,null,0]
[null,null,null,{"$f":"IFERROR(VLOOKUP($A834,البيانات!$C$2:$M$207,2,FALSE)*C:C,\"\")","v":""},{"$f":"IFERROR(VLOOKUP($A834,البيانات!$C$2:$M$207,3,FALSE)*C:C,\"\")","v":""},{"$f":"IFERROR(VLOOKUP($A834,البيانات!$C$2:$M$207,4,FALSE)*C:C,\"\")","v":""},0,null,0]
[null,null,null,{"$f":"IFERROR(VLOOKUP($A835,البيانات!$C$2:$M$207,2,FALSE)*C:C,\"\")","v":""},{"$f":"IFERROR(VLOOKUP($A835,البيانات!$C$2:$M$207,3,FALSE)*C:C,\"\")","v":""},{"$f":"IFERROR(VLOOKUP($A835,البيانات!$C$2:$M$207,4,FALSE)*C:C,\"\")","v":""},0,null,0]
[null,null,null,{"$f":"IFERROR(VLOOKUP($A836,البيانات!$C$2:$M$207,2,FALSE)*C:C,\"\")","v":""},{"$f":"IFERROR(VLOOKUP($A836,البيانات!$C$2:$M$207,3,FALSE)*C:C,\"\")","v":""},{"$f":"IFERROR(VLOOKUP($A836,البيانات!$C$2:$M$207,4,FALSE)*C:C,\"\")","v":""},0,null,0]
[null,null,null,{"$f":"IFERROR(VLOOKUP($A837,البيانات!$C$2:$M$207,2,FALSE)*C:C,\"\")","v":""},{"$f":"IFERROR(VLOOKUP($A837,البيانات!$C$2:$M$207,3,FALSE)*C:C,\"\")","v":""},{"$f":"IFERROR(VLOOKUP($A837,البيانات!$C$2:$M$207,4,FALSE)*C:C,\"\")","v":""},0,null,0]
[null,null,null,{"$f":"IFERROR(VLOOKUP($A838,البيانات!$C$2:$M$207,2,FALSE)*C:C,\"\")","v":""},{"$f":"IFERROR(VLOOKUP($A838,البيانات!$C$2:$M$207,3,FALSE)*C:C,\"\")","v":""},{"$f":"IFERROR(VLOOKUP($A838,البيانات!$C$2:$M$207,4,FALSE)*C:C,\"\")","v":""},0,null,{"$f":"IFERROR(H838-G838,\"\")","v":0}]
[null,null,null,{"$f":"IFERROR(VLOOKUP($A839,البيانات!$C$2:$M$207,2,FALSE)*C:C,\"\")","v":""},{"$f":"IFERROR(VLOOKUP($A839,البيانات!$C$2:$M$207,3,FALSE)*C:C,\"\")","v":""},{"$f":"IFERROR(VLOOKUP($A839,البيانات!$C$2:$M$207,4,FALSE)*C:C,\"\")","v":""},0,null,0]
[null,null,null,{"$f":"IFERROR(VLOOKUP($A840,البيانات!$C$2:$M$207,2,FALSE)*C:C,\"\")","v":""},{"$f":"IFERROR(VLOOKUP($A840,البيانات!$C$2:$M$207,3,FALSE)*C:C,\"\")","v":""},{"$f":"IFERROR(VLOOKUP($A840,البيانات!$C$2:$M$207,4,FALSE)*C:C,\"\")","v":""},0,null,0]
[null,null,null,{"$f":"IFERROR(VLOOKUP($A841,البيانات!$C$2:$M$207,2,FALSE)*C:C,\"\")","v":""},{"$f":"IFERROR(VLOOKUP($A841,البيانات!$C$2:$M$207,3,FALSE)*C:C,\"\")","v":""},{"$f":"IFERROR(VLOOKUP($A841,البيانات!$C$2:$M$207,4,FALSE)*C:C,\"\")","v":""},0,null,0]
[null,null,null,{"$f":"IFERROR(VLOOKUP($A842,البيانات!$C$2:$M$207,2,FALSE)*C:C,\"\")","v":""},{"$f":"IFERROR(VLOOKUP($A842,البيانات!$C$2:$M$207,3,FALSE)*C:C,\"\")","v":""},{"$f":"IFERROR(VLOOKUP($A842,البيانات!$C$2:$M$207,4,FALSE)*C:C,\"\")","v":""},0,null,0]
[null,null,null,{"$f":"IFERROR(VLOOKUP($A843,البيانات!$C$2:$M$207,2,FALSE)*C:C,\"\")","v":""},{"$f":"IFERROR(VLOOKUP($A843,البيانات!$C$2:$M$207,3,FALSE)*C:C,\"\")","v":""},{"$f":"IFERROR(VLOOKUP($A843,البيانات!$C$2:$M$207,4,FALSE)*C:C,\"\")","v":""},0,null,0]
[null,null,null,{"$f":"IFERROR(VLOOKUP($A844,البيانات!$C$2:$M$207,2,FALSE)*C:C,\"\")","v":""},{"$f":"IFERROR(VLOOKUP($A844,البيانات!$C$2:$M$207,3,FALSE)*C:C,\"\")","v":""},{"$f":"IFERROR(VLOOKUP($A844,البيانات!$C$2:$M$207,4,FALSE)*C:C,\"\")","v":""},0,null,0]
[null,null,null,{"$f":"IFERROR(VLOOKUP($A845,البيانات!$C$2:$M$207,2,FALSE)*C:C,\"\")","v":""},{"$f":"IFERROR(VLOOKUP($A845,البيانات!$C$2:$M$207,3,FALSE)*C:C,\"\")","v":""},{"$f":"IFERROR(VLOOKUP($A845,البيانات!$C$2:$M$207,4,FALSE)*C:C,\"\")","v":""},0,null,0]
[null,null,null,{"$f":"IFERROR(VLOOKUP($A846,البيانات!$C$2:$M$207,2,FALSE)*C:C,\"\")","v":""},{"$f":"IFERROR(VLOOKUP($A846,البيانات!$C$2:$M$207,3,FALSE)*C:C,\"\")","v":""},{"$f":"IFERROR(VLOOKUP($A846,البيانات!$C$2:$M$207,4,FALSE)*C:C,\"\")","v":""},0,null,0]
[null,null,null,{"$f":"IFERROR(VLOOKUP($A847,البيانات!$C$2:$M$207,2,FALSE)*C:C,\"\")","v":""},{"$f":"IFERROR(VLOOKUP($A847,البيانات!$C$2:$M$207,3,FALSE)*C:C,\"\")","v":""},{"$f":"IFERROR(VLOOKUP($A847,البيانات!$C$2:$M$207,4,FALSE)*C:C,\"\")","v":""},0,null,0]
[null,null,null,{"$f":"IFERROR(VLOOKUP($A848,البيانات!$C$2:$M$207,2,FALSE)*C:C,\"\")","v":""},{"$f":"IFERROR(VLOOKUP($A848,البيانات!$C$2:$M$207,3,FALSE)*C:C,\"\")","v":""},{"$f":"IFERROR(VLOOKUP($A848,البيانات!$C$2:$M$207,4,FALSE)*C:C,\"\")","v":""},0,null,0]
[null,null,null,{"$f":"IFERROR(VLOOKUP($A849,البيانات!$C$2:$M$207,2,FALSE)*C:C,\"\")","v":""},{"$f":"IFERROR(VLOOKUP($A849,البيانات!$C$2:$M$207,3,FALSE)*C:C,\"\")","v":""},{"$f":"IFERROR(VLOOKUP($A849,البيانات!$C$2:$M$207,4,FALSE)*C:C,\"\")","v":""},0,null,0]
[null,null,null,{"$f":"IFERROR(VLOOKUP($A850,البيانات!$C$2:$M$207,2,FALSE)*C:C,\"\")","v":""},{"$f":"IFERROR(VLOOKUP($A850,البيانات!$C$2:$M$207,3,FALSE)*C:C,\"\")","v":""},{"$f":"IFERROR(VLOOKUP($A850,البيانات!$C$2:$M$207,4,FALSE)*C:C,\"\")","v":""},0,null,0]
[null,null,null,{"$f":"IFERROR(VLOOKUP($A851,البيانات!$C$2:$M$207,2,FALSE)*C:C,\"\")","v":""},{"$f":"IFERROR(VLOOKUP($A851,البيانات!$C$2:$M$207,3,FALSE)*C:C,\"\")","v":""},{"$f":"IFERROR(VLOOKUP($A851,البيانات!$C$2:$M$207,4,FALSE)*C:C,\"\")","v":""},0,null,0]
[null,null,null,{"$f":"IFERROR(VLOOKUP($A852,البيانات!$C$2:$M$207,2,FALSE)*C:C,\"\")","v":""},{"$f":"IFERROR(VLOOKUP($A852,البيانات!$C$2:$M$207,3,FALSE)*C:C,\"\")","v":""},{"$f":"IFERROR(VLOOKUP($A852,البيانات!$C$2:$M$207,4,FALSE)*C:C,\"\")","v":""},0,null,0]
[null,null,null,{"$f":"IFERROR(VLOOKUP($A853,البيانات!$C$2:$M$207,2,FALSE)*C:C,\"\")","v":""},{"$f":"IFERROR(VLOOKUP($A853,البيانات!$C$2:$M$207,3,FALSE)*C:C,\"\")","v":""},{"$f":"IFERROR(VLOOKUP($A853,البيانات!$C$2:$M$207,4,FALSE)*C:C,\"\")","v":""},0,null,0]
[null,null,null,{"$f":"IFERROR(VLOOKUP($A854,البيانات!$C$2:$M$207,2,FALSE)*C:C,\"\")","v":""},{"$f":"IFERROR(VLOOKUP($A854,البيانات!$C$2:$M$207,3,FALSE)*C:C,\"\")","v":""},{"$f":"IFERROR(VLOOKUP($A854,البيانات!$C$2:$M$207,4,FALSE)*C:C,\"\")","v":""},0,null,0]
[null,null,null,{"$f":"IFERROR(VLOOKUP($A855,البيانات!$C$2:$M$207,2,FALSE)*C:C,\"\")","v":""},{"$f":"IFERROR(VLOOKUP($A855,البيانات!$C$2:$M$207,3,FALSE)*C:C,\"\")","v":""},{"$f":"IFERROR(VLOOKUP($A855,البيانات!$C$2:$M$207,4,FALSE)*C:C,\"\")","v":""},{"$f":"IFERROR(C855*B855,\"\")","v":0},null,0]
[null,null,null,{"$f":"IFERROR(VLOOKUP($A856,البيانات!$C$2:$M$207,2,FALSE)*C:C,\"\")","v":""},{"$f":"IFERROR(VLOOKUP($A856,البيانات!$C$2:$M$207,3,FALSE)*C:C,\"\")","v":""},{"$f":"IFERROR(VLOOKUP($A856,البيانات!$C$2:$M$207,4,FALSE)*C:C,\"\")","v":""},0,null,0]
[null,null,null,{"$f":"IFERROR(VLOOKUP($A857,البيانات!$C$2:$M$207,2,FALSE)*C:C,\"\")","v":""},{"$f":"IFERROR(VLOOKUP($A857,البيانات!$C$2:$M$207,3,FALSE)*C:C,\"\")","v":""},{"$f":"IFERROR(VLOOKUP($A857,البيانات!$C$2:$M$207,4,FALSE)*C:C,\"\")","v":""},0,null,0]
[null,null,null,{"$f":"IFERROR(VLOOKUP($A858,البيانات!$C$2:$M$207,2,FALSE)*C:C,\"\")","v":""},{"$f":"IFERROR(VLOOKUP($A858,البيانات!$C$2:$M$207,3,FALSE)*C:C,\"\")","v":""},{"$f":"IFERROR(VLOOKUP($A858,البيانات!$C$2:$M$207,4,FALSE)*C:C,\"\")","v":""},0,null,0]
[null,null,null,{"$f":"IFERROR(VLOOKUP($A859,البيانات!$C$2:$M$207,2,FALSE)*C:C,\"\")","v":""},{"$f":"IFERROR(VLOOKUP($A859,البيانات!$C$2:$M$207,3,FALSE)*C:C,\"\")","v":""},{"$f":"IFERROR(VLOOKUP($A859,البيانات!$C$2:$M$207,4,FALSE)*C:C,\"\")","v":""},0,null,0]
[null,null,null,{"$f":"IFERROR(VLOOKUP($A860,البيانات!$C$2:$M$207,2,FALSE)*C:C,\"\")","v":""},{"$f":"IFERROR(VLOOKUP($A860,البيانات!$C$2:$M$207,3,FALSE)*C:C,\"\")","v":""},{"$f":"IFERROR(VLOOKUP($A860,البيانات!$C$2:$M$207,4,FALSE)*C:C,\"\")","v":""},0,null,0]
[null,null,null,{"$f":"IFERROR(VLOOKUP($A861,البيانات!$C$2:$M$207,2,FALSE)*C:C,\"\")","v":""},{"$f":"IFERROR(VLOOKUP($A861,البيانات!$C$2:$M$207,3,FALSE)*C:C,\"\")","v":""},{"$f":"IFERROR(VLOOKUP($A861,البيانات!$C$2:$M$207,4,FALSE)*C:C,\"\")","v":""},0,null,0]
[null,null,null,{"$f":"IFERROR(VLOOKUP($A862,البيانات!$C$2:$M$207,2,FALSE)*C:C,\"\")","v":""},{"$f":"IFERROR(VLOOKUP($A862,البيانات!$C$2:$M$207,3,FALSE)*C:C,\"\")","v":""},{"$f":"IFERROR(VLOOKUP($A862,البيانات!$C$2:$M$207,4,FALSE)*C:C,\"\")","v":""},0,null,0]
[null,null,null,{"$f":"IFERROR(VLOOKUP($A863,البيانات!$C$2:$M$207,2,FALSE)*C:C,\"\")","v":""},{"$f":"IFERROR(VLOOKUP($A863,البيانات!$C$2:$M$207,3,FALSE)*C:C,\"\")","v":""},{"$f":"IFERROR(VLOOKUP($A863,البيانات!$C$2:$M$207,4,FALSE)*C:C,\"\")","v":""},0,null,0]
[null,null,null,{"$f":"IFERROR(VLOOKUP($A864,البيانات!$C$2:$M$207,2,FALSE)*C:C,\"\")","v":""},{"$f":"IFERROR(VLOOKUP($A864,البيانات!$C$2:$M$207,3,FALSE)*C:C,\"\")","v":""},{"$f":"IFERROR(VLOOKUP($A864,البيانات!$C$2:$M$207,4,FALSE)*C:C,\"\")","v":""},0,null,0]
[null,null,null,{"$f":"IFERROR(VLOOKUP($A865,البيانات!$C$2:$M$207,2,FALSE)*C:C,\"\")","v":""},{"$f":"IFERROR(VLOOKUP($A865,البيانات!$C$2:$M$207,3,FALSE)*C:C,\"\")","v":""},{"$f":"IFERROR(VLOOKUP($A865,البيانات!$C$2:$M$207,4,FALSE)*C:C,\"\")","v":""},0,null,0]
[null,null,null,{"$f":"IFERROR(VLOOKUP($A866,البيانات!$C$2:$M$207,2,FALSE)*C:C,\"\")","v":""},{"$f":"IFERROR(VLOOKUP($A866,البيانات!$C$2:$M$207,3,FALSE)*C:C,\"\")","v":""},{"$f":"IFERROR(VLOOKUP($A866,البيانات!$C$2:$M$207,4,FALSE)*C:C,\"\")","v":""},0,null,0]
[null,null,null,{"$f":"IFERROR(VLOOKUP($A867,البيانات!$C$2:$M$207,2,FALSE)*C:C,\"\")","v":""},{"$f":"IFERROR(VLOOKUP($A867,البيانات!$C$2:$M$207,3,FALSE)*C:C,\"\")","v":""},{"$f":"IFERROR(VLOOKUP($A867,البيانات!$C$2:$M$207,4,FALSE)*C:C,\"\")","v":""},0,null,0]
[null,null,null,{"$f":"IFERROR(VLOOKUP($A868,البيانات!$C$2:$M$207,2,FALSE)*C:C,\"\")","v":""},{"$f":"IFERROR(VLOOKUP($A868,البيانات!$C$2:$M$207,3,FALSE)*C:C,\"\")","v":""},{"$f":"IFERROR(VLOOKUP($A868,البيانات!$C$2:$M$207,4,FALSE)*C:C,\"\")","v":""},0,null,0]
[null,null,null,{"$f":"IFERROR(VLOOKUP($A869,البيانات!$C$2:$M$207,2,FALSE)*C:C,\"\")","v":""},{"$f":"IFERROR(VLOOKUP($A869,البيانات!$C$2:$M$207,3,FALSE)*C:C,\"\")","v":""},{"$f":"IFERROR(VLOOKUP($A869,البيانات!$C$2:$M$207,4,FALSE)*C:C,\"\")","v":""},0,null,0]
[null,null,null,{"$f":"IFERROR(VLOOKUP($A870,البيانات!$C$2:$M$207,2,FALSE)*C:C,\"\")","v":""},{"$f":"IFERROR(VLOOKUP($A870,البيانات!$C$2:$M$207,3,FALSE)*C:C,\"\")","v":""},{"$f":"IFERROR(VLOOKUP($A870,البيانات!$C$2:$M$207,4,FALSE)*C:C,\"\")","v":""},0,null,0]
[null,null,null,{"$f":"IFERROR(VLOOKUP($A871,البيانات!$C$2:$M$207,2,FALSE)*C:C,\"\")","v":""},{"$f":"IFERROR(VLOOKUP($A871,البيانات!$C$2:$M$207,3,FALSE)*C:C,\"\")","v":""},{"$f":"IFERROR(VLOOKUP($A871,البيانات!$C$2:$M$207,4,FALSE)*C:C,\"\")","v":""},0,null,0]
[null,null,null,{"$f":"IFERROR(VLOOKUP($A872,البيانات!$C$2:$M$207,2,FALSE)*C:C,\"\")","v":""},{"$f":"IFERROR(VLOOKUP($A872,البيانات!$C$2:$M$207,3,FALSE)*C:C,\"\")","v":""},{"$f":"IFERROR(VLOOKUP($A872,البيانات!$C$2:$M$207,4,FALSE)*C:C,\"\")","v":""},0,null,0]
[null,null,null,{"$f":"IFERROR(VLOOKUP($A873,البيانات!$C$2:$M$207,2,FALSE)*C:C,\"\")","v":""},{"$f":"IFERROR(VLOOKUP($A873,البيانات!$C$2:$M$207,3,FALSE)*C:C,\"\")","v":""},{"$f":"IFERROR(VLOOKUP($A873,البيانات!$C$2:$M$207,4,FALSE)*C:C,\"\")","v":""},0,null,0]
[null,null,null,{"$f":"IFERROR(VLOOKUP($A874,البيانات!$C$2:$M$207,2,FALSE)*C:C,\"\")","v":""},{"$f":"IFERROR(VLOOKUP($A874,البيانات!$C$2:$M$207,3,FALSE)*C:C,\"\")","v":""},{"$f":"IFERROR(VLOOKUP($A874,البيانات!$C$2:$M$207,4,FALSE)*C:C,\"\")","v":""},0,null,0]
[null,null,null,{"$f":"IFERROR(VLOOKUP($A875,البيانات!$C$2:$M$207,2,FALSE)*C:C,\"\")","v":""},{"$f":"IFERROR(VLOOKUP($A875,البيانات!$C$2:$M$207,3,FALSE)*C:C,\"\")","v":""},{"$f":"IFERROR(VLOOKUP($A875,البيانات!$C$2:$M$207,4,FALSE)*C:C,\"\")","v":""},0,null,0]
[null,null,null,{"$f":"IFERROR(VLOOKUP($A876,البيانات!$C$2:$M$207,2,FALSE)*C:C,\"\")","v":""},{"$f":"IFERROR(VLOOKUP($A876,البيانات!$C$2:$M$207,3,FALSE)*C:C,\"\")","v":""},{"$f":"IFERROR(VLOOKUP($A876,البيانات!$C$2:$M$207,4,FALSE)*C:C,\"\")","v":""},0,null,0]
[null,null,null,{"$f":"IFERROR(VLOOKUP($A877,البيانات!$C$2:$M$207,2,FALSE)*C:C,\"\")","v":""},{"$f":"IFERROR(VLOOKUP($A877,البيانات!$C$2:$M$207,3,FALSE)*C:C,\"\")","v":""},{"$f":"IFERROR(VLOOKUP($A877,البيانات!$C$2:$M$207,4,FALSE)*C:C,\"\")","v":""},0,null,0]
[null,null,null,{"$f":"IFERROR(VLOOKUP($A878,البيانات!$C$2:$M$207,2,FALSE)*C:C,\"\")","v":""},{"$f":"IFERROR(VLOOKUP($A878,البيانات!$C$2:$M$207,3,FALSE)*C:C,\"\")","v":""},{"$f":"IFERROR(VLOOKUP($A878,البيانات!$C$2:$M$207,4,FALSE)*C:C,\"\")","v":""},0,null,0]
[null,null,null,{"$f":"IFERROR(VLOOKUP($A879,البيانات!$C$2:$M$207,2,FALSE)*C:C,\"\")","v":""},{"$f":"IFERROR(VLOOKUP($A879,البيانات!$C$2:$M$207,3,FALSE)*C:C,\"\")","v":""},{"$f":"IFERROR(VLOOKUP($A879,البيانات!$C$2:$M$207,4,FALSE)*C:C,\"\")","v":""},0,null,0]
[null,null,null,{"$f":"IFERROR(VLOOKUP($A880,البيانات!$C$2:$M$207,2,FALSE)*C:C,\"\")","v":""},{"$f":"IFERROR(VLOOKUP($A880,البيانات!$C$2:$M$207,3,FALSE)*C:C,\"\")","v":""},{"$f":"IFERROR(VLOOKUP($A880,البيانات!$C$2:$M$207,4,FALSE)*C:C,\"\")","v":""},0,null,0]
[null,null,null,{"$f":"IFERROR(VLOOKUP($A881,البيانات!$C$2:$M$207,2,FALSE)*C:C,\"\")","v":""},{"$f":"IFERROR(VLOOKUP($A881,البيانات!$C$2:$M$207,3,FALSE)*C:C,\"\")","v":""},{"$f":"IFERROR(VLOOKUP($A881,البيانات!$C$2:$M$207,4,FALSE)*C:C,\"\")","v":""}]
[null,null,null,{"$f":"IFERROR(VLOOKUP($A882,البيانات!$C$2:$M$207,2,FALSE)*C:C,\"\")","v":""},{"$f":"IFERROR(VLOOKUP($A882,البيانات!$C$2:$M$207,3,FALSE)*C:C,\"\")","v":""},{"$f":"IFERROR(VLOOKUP($A882,البيانات!$C$2:$M$207,4,FALSE)*C:C,\"\")","v":""}]
[null,null,null,{"$f":"IFERROR(VLOOKUP($A883,البيانات!$C$2:$M$207,2,FALSE)*C:C,\"\")","v":""},{"$f":"IFERROR(VLOOKUP($A883,البيانات!$C$2:$M$207,3,FALSE)*C:C,\"\")","v":""},{"$f":"IFERROR(VLOOKUP($A883,البيانات!$C$2:$M$207,4,FALSE)*C:C,\"\")","v":""}]
[null,null,null,{"$f":"IFERROR(VLOOKUP($A884,البيانات!$C$2:$M$207,2,FALSE)*C:C,\"\")","v":""},{"$f":"IFERROR(VLOOKUP($A884,البيانات!$C$2:$M$207,3,FALSE)*C:C,\"\")","v":""},{"$f":"IFERROR(VLOOKUP($A884,البيانات!$C$2:$M$207,4,FALSE)*C:C,\"\")","v":""}]
[null,null,null,{"$f":"IFERROR(VLOOKUP($A885,البيانات!$C$2:$M$207,2,FALSE)*C:C,\"\")","v":""},{"$f":"IFERROR(VLOOKUP($A885,البيانات!$C$2:$M$207,3,FALSE)*C:C,\"\")","v":""},{"$f":"IFERROR(VLOOKUP($A885,البيانات!$C$2:$M$207,4,FALSE)*C:C,\"\")","v":""}]
[null,null,null,{"$f":"IFERROR(VLOOKUP($A886,البيانات!$C$2:$M$207,2,FALSE)*C:C,\"\")","v":""},{"$f":"IFERROR(VLOOKUP($A886,البيانات!$C$2:$M$207,3,FALSE)*C:C,\"\")","v":""},{"$f":"IFERROR(VLOOKUP($A886,البيانات!$C$2:$M$207,4,FALSE)*C:C,\"\")","v":""}]
[null,null,null,{"$f":"IFERROR(VLOOKUP($A887,البيانات!$C$2:$M$207,2,FALSE)*C:C,\"\")","v":""},{"$f":"IFERROR(VLOOKUP($A887,البيانات!$C$2:$M$207,3,FALSE)*C:C,\"\")","v":""},{"$f":"IFERROR(VLOOKUP($A887,البيانات!$C$2:$M$207,4,FALSE)*C:C,\"\")","v":""}]
[null,null,null,{"$f":"IFERROR(VLOOKUP($A888,البيانات!$C$2:$M$207,2,FALSE)*C:C,\"\")","v":""},{"$f":"IFERROR(VLOOKUP($A888,البيانات!$C$2:$M$207,3,FALSE)*C:C,\"\")","v":""},{"$f":"IFERROR(VLOOKUP($A888,البيانات!$C$2:$M$207,4,FALSE)*C:C,\"\")","v":""}]
[null,null,null,{"$f":"IFERROR(VLOOKUP($A889,البيانات!$C$2:$M$207,2,FALSE)*C:C,\"\")","v":""},{"$f":"IFERROR(VLOOKUP($A889,البيانات!$C$2:$M$207,3,FALSE)*C:C,\"\")","v":""},{"$f":"IFERROR(VLOOKUP($A889,البيانات!$C$2:$M$207,4,FALSE)*C:C,\"\")","v":""}]
[null,null,null,{"$f":"IFERROR(VLOOKUP($A890,البيانات!$C$2:$M$207,2,FALSE)*C:C,\"\")","v":""},{"$f":"IFERROR(VLOOKUP($A890,البيانات!$C$2:$M$207,3,FALSE)*C:C,\"\")","v":""},{"$f":"IFERROR(VLOOKUP($A890,البيانات!$C$2:$M$207,4,FALSE)*C:C,\"\")","v":""}]
[null,null,null,{"$f":"IFERROR(VLOOKUP($A891,البيانات!$C$2:$M$207,2,FALSE)*C:C,\"\")","v":""},{"$f":"IFERROR(VLOOKUP($A891,البيانات!$C$2:$M$207,3,FALSE)*C:C,\"\")","v":""},{"$f":"IFERROR(VLOOKUP($A891,البيانات!$C$2:$M$207,4,FALSE)*C:C,\"\")","v":""}]
[null,null,null,{"$f":"IFERROR(VLOOKUP($A892,البيانات!$C$2:$M$207,2,FALSE)*C:C,\"\")","v":""},{"$f":"IFERROR(VLOOKUP($A892,البيانات!$C$2:$M$207,3,FALSE)*C:C,\"\")","v":""},{"$f":"IFERROR(VLOOKUP($A892,البيانات!$C$2:$M$207,4,FALSE)*C:C,\"\")","v":""}]
[null,null,null,{"$f":"IFERROR(VLOOKUP($A893,البيانات!$C$2:$M$207,2,FALSE)*C:C,\"\")","v":""},{"$f":"IFERROR(VLOOKUP($A893,البيانات!$C$2:$M$207,3,FALSE)*C:C,\"\")","v":""},{"$f":"IFERROR(VLOOKUP($A893,البيانات!$C$2:$M$207,4,FALSE)*C:C,\"\")","v":""}]
[null,null,null,{"$f":"IFERROR(VLOOKUP($A894,البيانات!$C$2:$M$207,2,FALSE)*C:C,\"\")","v":""},{"$f":"IFERROR(VLOOKUP($A894,البيانات!$C$2:$M$207,3,FALSE)*C:C,\"\")","v":""},{"$f":"IFERROR(VLOOKUP($A894,البيانات!$C$2:$M$207,4,FALSE)*C:C,\"\")","v":""}]
[null,null,null,{"$f":"IFERROR(VLOOKUP($A895,البيانات!$C$2:$M$207,2,FALSE)*C:C,\"\")","v":""},{"$f":"IFERROR(VLOOKUP($A895,البيانات!$C$2:$M$207,3,FALSE)*C:C,\"\")","v":""},{"$f":"IFERROR(VLOOKUP($A895,البيانات!$C$2:$M$207,4,FALSE)*C:C,\"\")","v":""}]
[null,null,null,{"$f":"IFERROR(VLOOKUP($A896,البيانات!$C$2:$M$207,2,FALSE)*C:C,\"\")","v":""},{"$f":"IFERROR(VLOOKUP($A896,البيانات!$C$2:$M$207,3,FALSE)*C:C,\"\")","v":""},{"$f":"IFERROR(VLOOKUP($A896,البيانات!$C$2:$M$207,4,FALSE)*C:C,\"\")","v":""}]
[null,null,null,{"$f":"IFERROR(VLOOKUP($A897,البيانات!$C$2:$M$207,2,FALSE)*C:C,\"\")","v":""},{"$f":"IFERROR(VLOOKUP($A897,البيانات!$C$2:$M$207,3,FALSE)*C:C,\"\")","v":""},{"$f":"IFERROR(VLOOKUP($A897,البيانات!$C$2:$M$207,4,FALSE)*C:C,\"\")","v":""}]
[null,null,null,{"$f":"IFERROR(VLOOKUP($A898,البيانات!$C$2:$M$207,2,FALSE)*C:C,\"\")","v":""},{"$f":"IFERROR(VLOOKUP($A898,البيانات!$C$2:$M$207,3,FALSE)*C:C,\"\")","v":""},{"$f":"IFERROR(VLOOKUP($A898,البيانات!$C$2:$M$207,4,FALSE)*C:C,\"\")","v":""}]
[null,null,null,{"$f":"IFERROR(VLOOKUP($A899,البيانات!$C$2:$M$207,2,FALSE)*C:C,\"\")","v":""},{"$f":"IFERROR(VLOOKUP($A899,البيانات!$C$2:$M$207,3,FALSE)*C:C,\"\")","v":""},{"$f":"IFERROR(VLOOKUP($A899,البيانات!$C$2:$M$207,4,FALSE)*C:C,\"\")","v":""}]
[null,null,null,{"$f":"IFERROR(VLOOKUP($A900,البيانات!$C$2:$M$207,2,FALSE)*C:C,\"\")","v":""},{"$f":"IFERROR(VLOOKUP($A900,البيانات!$C$2:$M$207,3,FALSE)*C:C,\"\")","v":""},{"$f":"IFERROR(VLOOKUP($A900,البيانات!$C$2:$M$207,4,FALSE)*C:C,\"\")","v":""}]
[null,null,null,{"$f":"IFERROR(VLOOKUP($A901,البيانات!$C$2:$M$207,2,FALSE)*C:C,\"\")","v":""},{"$f":"IFERROR(VLOOKUP($A901,البيانات!$C$2:$M$207,3,FALSE)*C:C,\"\")","v":""},{"$f":"IFERROR(VLOOKUP($A901,البيانات!$C$2:$M$207,4,FALSE)*C:C,\"\")","v":""}]
[null,null,null,{"$f":"IFERROR(VLOOKUP($A902,البيانات!$C$2:$M$207,2,FALSE)*C:C,\"\")","v":""},{"$f":"IFERROR(VLOOKUP($A902,البيانات!$C$2:$M$207,3,FALSE)*C:C,\"\")","v":""},{"$f":"IFERROR(VLOOKUP($A902,البيانات!$C$2:$M$207,4,FALSE)*C:C,\"\")","v":""}]
[null,null,null,{"$f":"IFERROR(VLOOKUP($A903,البيانات!$C$2:$M$207,2,FALSE)*C:C,\"\")","v":""},{"$f":"IFERROR(VLOOKUP($A903,البيانات!$C$2:$M$207,3,FALSE)*C:C,\"\")","v":""},{"$f":"IFERROR(VLOOKUP($A903,البيانات!$C$2:$M$207,4,FALSE)*C:C,\"\")","v":""}]
[null,null,null,{"$f":"IFERROR(VLOOKUP($A904,البيانات!$C$2:$M$207,2,FALSE)*C:C,\"\")","v":""},{"$f":"IFERROR(VLOOKUP($A904,البيانات!$C$2:$M$207,3,FALSE)*C:C,\"\")","v":""},{"$f":"IFERROR(VLOOKUP($A904,البيانات!$C$2:$M$207,4,FALSE)*C:C,\"\")","v":""}]
[null,null,null,{"$f":"IFERROR(VLOOKUP($A905,البيانات!$C$2:$M$207,2,FALSE)*C:C,\"\")","v":""},{"$f":"IFERROR(VLOOKUP($A905,البيانات!$C$2:$M$207,3,FALSE)*C:C,\"\")","v":""},{"$f":"IFERROR(VLOOKUP($A905,البيانات!$C$2:$M$207,4,FALSE)*C:C,\"\")","v":""}]
[null,null,null,{"$f":"IFERROR(VLOOKUP($A906,البيانات!$C$2:$M$207,2,FALSE)*C:C,\"\")","v":""},{"$f":"IFERROR(VLOOKUP($A906,البيانات!$C$2:$M$207,3,FALSE)*C:C,\"\")","v":""},{"$f":"IFERROR(VLOOKUP($A906,البيانات!$C$2:$M$207,4,FALSE)*C:C,\"\")","v":""}]
[null,null,null,{"$f":"IFERROR(VLOOKUP($A907,البيانات!$C$2:$M$207,2,FALSE)*C:C,\"\")","v":""},{"$f":"IFERROR(VLOOKUP($A907,البيانات!$C$2:$M$207,3,FALSE)*C:C,\"\")","v":""},{"$f":"IFERROR(VLOOKUP($A907,البيانات!$C$2:$M$207,4,FALSE)*C:C,\"\")","v":""}]
[null,null,null,{"$f":"IFERROR(VLOOKUP($A908,البيانات!$C$2:$M$207,2,FALSE)*C:C,\"\")","v":""},{"$f":"IFERROR(VLOOKUP($A908,البيانات!$C$2:$M$207,3,FALSE)*C:C,\"\")","v":""},{"$f":"IFERROR(VLOOKUP($A908,البيانات!$C$2:$M$207,4,FALSE)*C:C,\"\")","v":""}]
[null,null,null,{"$f":"IFERROR(VLOOKUP($A909,البيانات!$C$2:$M$207,2,FALSE)*C:C,\"\")","v":""},{"$f":"IFERROR(VLOOKUP($A909,البيانات!$C$2:$M$207,3,FALSE)*C:C,\"\")","v":""},{"$f":"IFERROR(VLOOKUP($A909,البيانات!$C$2:$M$207,4,FALSE)*C:C,\"\")","v":""}]
[null,null,null,{"$f":"IFERROR(VLOOKUP($A910,البيانات!$C$2:$M$207,2,FALSE)*C:C,\"\")","v":""},{"$f":"IFERROR(VLOOKUP($A910,البيانات!$C$2:$M$207,3,FALSE)*C:C,\"\")","v":""},{"$f":"IFERROR(VLOOKUP($A910,البيانات!$C$2:$M$207,4,FALSE)*C:C,\"\")","v":""}]
[null,null,null,{"$f":"IFERROR(VLOOKUP($A911,البيانات!$C$2:$M$207,2,FALSE)*C:C,\"\")","v":""},{"$f":"IFERROR(VLOOKUP($A911,البيانات!$C$2:$M$207,3,FALSE)*C:C,\"\")","v":""},{"$f":"IFERROR(VLOOKUP($A911,البيانات!$C$2:$M$207,4,FALSE)*C:C,\"\")","v":""}]
[null,null,null,{"$f":"IFERROR(VLOOKUP($A912,البيانات!$C$2:$M$207,2,FALSE)*C:C,\"\")","v":""},{"$f":"IFERROR(VLOOKUP($A912,البيانات!$C$2:$M$207,3,FALSE)*C:C,\"\")","v":""},{"$f":"IFERROR(VLOOKUP($A912,البيانات!$C$2:$M$207,4,FALSE)*C:C,\"\")","v":""}]
[null,null,null,{"$f":"IFERROR(VLOOKUP($A913,البيانات!$C$2:$M$207,2,FALSE)*C:C,\"\")","v":""},{"$f":"IFERROR(VLOOKUP($A913,البيانات!$C$2:$M$207,3,FALSE)*C:C,\"\")","v":""},{"$f":"IFERROR(VLOOKUP($A913,البيانات!$C$2:$M$207,4,FALSE)*C:C,\"\")","v":""}]
[null,null,null,{"$f":"IFERROR(VLOOKUP($A914,البيانات!$C$2:$M$207,2,FALSE)*C:C,\"\")","v":""},{"$f":"IFERROR(VLOOKUP($A914,البيانات!$C$2:$M$207,3,FALSE)*C:C,\"\")","v":""},{"$f":"IFERROR(VLOOKUP($A914,البيانات!$C$2:$M$207,4,FALSE)*C:C,\"\")","v":""}]
[null,null,null,{"$f":"IFERROR(VLOOKUP($A915,البيانات!$C$2:$M$207,2,FALSE)*C:C,\"\")","v":""},{"$f":"IFERROR(VLOOKUP($A915,البيانات!$C$2:$M$207,3,FALSE)*C:C,\"\")","v":""},{"$f":"IFERROR(VLOOKUP($A915,البيانات!$C$2:$M$207,4,FALSE)*C:C,\"\")","v":""}]
[null,null,null,{"$f":"IFERROR(VLOOKUP($A916,البيانات!$C$2:$M$207,2,FALSE)*C:C,\"\")","v":""},{"$f":"IFERROR(VLOOKUP($A916,البيانات!$C$2:$M$207,3,FALSE)*C:C,\"\")","v":""},{"$f":"IFERROR(VLOOKUP($A916,البيانات!$C$2:$M$207,4,FALSE)*C:C,\"\")","v":""}]
[null,null,null,{"$f":"IFERROR(VLOOKUP($A917,البيانات!$C$2:$M$207,2,FALSE)*C:C,\"\")","v":""},{"$f":"IFERROR(VLOOKUP($A917,البيانات!$C$2:$M$207,3,FALSE)*C:C,\"\")","v":""},{"$f":"IFERROR(VLOOKUP($A917,البيانات!$C$2:$M$207,4,FALSE)*C:C,\"\")","v":""}]
[null,null,null,{"$f":"IFERROR(VLOOKUP($A918,البيانات!$C$2:$M$207,2,FALSE)*C:C,\"\")","v":""},{"$f":"IFERROR(VLOOKUP($A918,البيانات!$C$2:$M$207,3,FALSE)*C:C,\"\")","v":""},{"$f":"IFERROR(VLOOKUP($A918,البيانات!$C$2:$M$207,4,FALSE)*C:C,\"\")","v":""}]

{"sheet":"lists","index":4,"n_rows":219,"n_cols":11,"rows_kept":219,"cut":false,"hidden":false,"merged":[]}
["A2D 45*45*20",null,null,null,null,null,null,null,null,null,{"$f":"lists!$A$1:INDEX(lists!$A:$A,MATCH(\"*\",lists!$A:$A,-1),1)","v":"A2D 45*45*20"}]
["A2D 50*45*20"]
["A2D 60*45*20"]
["A2D 70*45*20"]
["A2D 80*45*20"]
["A2D 90*45*20"]
["A3D 45*45*20*15*15"]
["A3D 50*45*20*15*15"]
["A3D 60*45*20*15*15"]
["A3D 70*45*20*15*15"]
["A3D 80*45*20*15*15"]
["A3D 90*45*20*15*15"]
["A4D 45*45*15"]
["A4D 50*45*15"]
["A4D 60*45*15"]
["A4D 70*45*15"]
["A4D 80*45*15"]
["A4D 90*45*15"]
["AB 100 *70*75"]
["AB 100*56*75"]
["AB 15*56*75"]
["AB 20*56*75"]
["AB 25*56*75"]
["AB 30*56*75"]
["AB 35*56*75"]
["AB 40*56*75"]
["AB 45*56*75"]
["AB 50*56*75"]
["AB 60*56*75"]
["AB 70*56*75"]
["AB 75*56*75"]
["AB 80*56*75"]
["AB 90*56*75"]
["ABB 100*56*75"]
["ABB 105*56*75"]
["ABB 120*56*75"]
["ABB 125*56*75"]
["ABB110*56*75"]
["ABC 90*90*56*75"]
["ABM 40*56*75"]
["ABT 100*56*135"]
["ABT 120*56*212"]
["ABT 40*56*115"]
["ABT 40*56*135"]
["ABT 45*56*115"]
["ABT 45*56*135"]
["ABT 50*56*115"]
["ABT 50*56*135"]
["ABT 60*56*115"]
["ABT 60*56*135"]
["ABT 70*56*135"]
["ABT 80*56*135"]
["ABT 90*56*135"]
["ABW 75*33*110"]
["ABW 75*33*50"]
["ABW 75*33*60"]
["ABW 75*33*75"]
["ABW 75*33*90"]
["ABW 75*42*75"]
["ABW 75*42*90"]
["AOB  10*56*75"]
["AOB 60*56*75"]
["AOB 90*56*75"]
["ASB 100*56*75"]
["ASB 113*56*75"]
["ASB 120*53*75"]
["ASB 120*56*75"]
["ASB 40*56*75"]
["ASB 60*56*75"]
["ASB 90*56*75"]
["AT  40*56*212"]
["AT  40*56*228"]
["AT  45*56*212"]
["AT  45*56*228"]
["AT  50*56*200"]
["AT  50*56*212"]
["AT  60*56*212"]
["AT  60*56*228"]
["AT 100*56*175"]
["AT 25*56*214"]
["AT 40*56*175"]
["AT 45*56*175"]
["AT 45*70*240"]
["AT 50*56*175"]
["AT 50*70*240"]
["AT 56*25*214"]
["AT 60*56*175"]
["AT 60*70*240"]
["AT 70*56*175"]
["AT 80*56*175"]
["AT 90*56*175"]
["ATBC 90*90*56*75"]
["ATM 40*56*33*212"]
["ATM 80*56*12*212"]
["ATWC 60*60*33*110"]
["ATWC 60*60*33*75"]
["ATWC 60*60*33*90"]
["ATWC 65*65*33*50"]
["AW 100*33*110"]
["AW 100*33*50"]
["AW 100*33*60"]
["AW 100*33*75"]
["AW 100*33*90"]
["AW 105*42*75"]
["AW 20*33*75"]
["AW 25*33*75"]
["AW 30*33*50"]
["AW 30*33*60"]
["AW 30*33*75"]
["AW 30*33*90"]
["AW 35*33*110"]
["AW 35*33*50"]
["AW 35*33*60"]
["AW 35*33*75"]
["AW 35*33*90"]
["AW 40*33*110"]
["AW 40*33*37.5"]
["AW 40*33*50"]
["AW 40*33*75"]
["AW 40*33*90"]
["AW 45*33*110"]
["AW 45*33*50"]
["AW 45*33*60"]
["AW 45*33*75"]
["AW 45*33*90"]
["AW 50*33*110"]
["AW 50*33*50"]
["AW 50*33*60"]
["AW 50*33*75"]
["AW 50*33*90"]
["AW 60*33*110"]
["AW 60*33*50"]
["AW 60*33*75"]
["AW 60*33*90"]
["AW 70*33*110"]
["AW 70*33*50"]
["AW 70*33*60"]
["AW 70*33*75"]
["AW 70*56*60"]
["AW 75*33*110"]
["AW 75*33*50"]
["AW 75*33*75"]
["AW 75*33*90"]
["AW 80*33*110"]
["AW 80*33*50"]
["AW 80*33*60"]
["AW 80*33*75"]
["AW 80*33*90"]
["AW 90*33*110"]
["AW 90*33*50"]
["AW 90*33*60"]
["AW 90*33*75"]
["AW 90*33*90"]
["AW40*33*60"]
["AW60*33*60"]
["AW75*33*60"]
["AWAR 100*33*35"]
["AWAR 100*42*35"]
["AWAR 100*56*35"]
["AWAR 100*70*62"]
["AWAR 130*33*35"]
["AWAR 60*33*35"]
["AWAR 60*42*35"]
["AWAR 60*56*35"]
["AWAR 70*33*35"]
["AWAR 70*42*35"]
["AWAR 70*56*35"]
["AWAR 75*60*70"]
["AWAR 80*33*35"]
["AWAR 80*56*35"]
["AWAR 90*33*35"]
["AWAR 90*42*35"]
["AWAR 90*42*45"]
["AWAR 90*56*35"]
["AWAR 90*70*35"]
["AWAR80*42*35"]
["AWC 60*60*33*110"]
["AWC 60*60*33*75"]
["AWC 60*60*33*90"]
["AWL42 100*42*110"]
["AWL42 100*42*90"]
["AWL42 30*42*110"]
["AWL42 30*42*90"]
["AWL42 35*42*110"]
["AWL42 35*42*90"]
["AWL42 40*42*75"]
["AWL42 40*42*90"]
["AWL42 45*42*75"]
["AWL42 45*42*90"]
["AWL42 50*42*110"]
["AWL42 50*42*75"]
["AWL42 50*42*90"]
["AWL42 60*42*110"]
["AWL42 60*42*75"]
["AWL42 60*42*90"]
["AWL42 70*42*110"]
["AWL42 70*42*90"]
["AWL42 75*42*110"]
["AWL42 75*42*75"]
["AWL42 75*42*90"]
["AWL42 80*42*110"]
["AWL42 80*42*75"]
["AWL42 80*42*90"]
["AWL42 90*42*110"]
["AWL42 90*42*75"]
["AWL42 90*42*90"]
["AWT 45*33*135"]
["AWT 45*33*150"]
["AWT 45*42*135"]
["AWT 45*42*150"]
["AWT 50*33*135"]
["AWT 50*33*150"]
["AWT 50*42*135"]
["AWT 50*42*150"]
["AWT 60*33*135"]
["AWT 60*33*150"]
["AWT 60*42*135"]
["AWT 60*42*150"]
["(blank)"]