{"text_format":"1","workbook":"xlsx","n_sheets":7,"sheets":["ورقة1","sales","sales(1)","Return","Return)1(","Search","Setting"],"not_rendered":{"charts":0,"images":0,"macros":1,"external_links":0,"defined_names":6,"comments":0,"pivot_tables":0},"unopened":[],"bounds":{"document_bytes":16777216,"sheet_cells":100000,"rows_first":2000,"rows_last":500,"rows_between":2000,"halvings":0,"cell_chars":16384,"cell_head_chars":4096},"cells_cut":0,"cells_raw":0,"read":"whole","date_system":"1900"}

{"sheet":"ورقة1","index":0,"n_rows":23,"n_cols":17,"rows_kept":23,"cut":false,"hidden":false,"merged":[]}
[]
[null,"الكود","اسم الحساب","المندوب","المشرف","الفئة الاساسية","الفئة الفرعية",null,"كود الصنف","اسم الصنف","السعر",null,"المندوب","المشرف","نوع الفاتورة","نوع السند"]
[null,100,"محل 1",1,1,"محلات","محلات",null,1000,"الصنف رقم 1",14.75,null,3,"2","بالحساب","بالحساب","محلات"]
[null,101,"محل 2",2,2,"محلات","محلات",null,1001,"الصنف رقم 2",7.5,null,1,1,"تحويلات مخزنية","تحويلات مخزنية","عميل خاص"]
[null,102,"محل 3",3,1,"محلات","محلات",null,1002,"الصنف رقم 3",8.1,null,2,null,"مجانى","مرتجع داخلى","عملاء خارج بنك"]
[null,103,"محل 4",4,1,"محلات","محلات",null,1003,"الصنف رقم 4",999,null,5,null,"ملغاة",null,"عملاء  بنك"]
[null,104,"محل 5",2,2,"محلات","محلات",null,1004,"الصنف رقم 5",39,null,4,null,"مرتجع داخلى"]
[null,105,"محل 6",3,2,"محلات","محلات",null,1005,"الصنف رقم 6",17.725000000000001]
[null,106,"محل 7",4,2,"محلات","محلات",null,1006,"الصنف رقم 7",10]
[null,107,"معارض خاصة",null,null,"عميل خاص","عميل خاص",null,1007,"الصنف رقم 8",6]
[null,108,"عميل نقدى",null,null,"عميل خاص","عميل خاص",null,1008,"الصنف رقم 9",16.75]
[null,109,"العميل 1",1,2,"عملاء خارج بنك","العميل1",null,1009,"الصنف رقم 10",12.75]
[null,110,"العميل 2",2,2,"عملاء خارج بنك","العميل1",null,1010,"الصنف رقم 11",2]
[null,111,"العميل 3",3,1,"عملاء خارج بنك","العميل1",null,1011,"الصنف رقم 12",1]
[null,112,"العميل 4",4,2,"عملاء خارج بنك","العميل1",null,1012,"الصنف رقم 13",1]
[null,113,"العميل 5",3,1,"عملاء خارج بنك","العميل1",null,1013,"الصنف رقم 14",10.5]
[null,114,"العميل 6",1,1,"عملاء خارج بنك","العميل1",null,1014,"الصنف رقم 15",5.2450000000000001]
[null,115,"العميل 7",3,1,"عملاء خارج بنك","العميل1",null,1015,"الصنف رقم 16",2.75]
[null,116,"العميل 8",2,2,"عملاء  بنك","العميل1",null,1016,"الصنف رقم 17",9]
[null,117,"العميل 9",1,2,"عملاء  بنك","العميل 9",null,1017,"الصنف رقم 18",200]
[null,118,"العميل 10",4,2,"عملاء  بنك","العميل 9",null,1018,"الصنف رقم 19",3.85]
[null,119,"العميل 11",1,1,"عملاء  بنك","العميل 9",null,1019,"الصنف رقم 20",1.925]
[null,120,"العميل 12",2,2,"عملاء  بنك","العميل 9",null,1020,"الصنف رقم 21",3.5]

{"sheet":"sales","index":1,"n_rows":1785,"n_cols":6,"rows_kept":1785,"cut":false,"hidden":false,"merged":[[138,1,138,2],[138,3,138,5],[31,1,31,2],[31,3,31,5],[36,4,36,5],[37,4,37,5],[38,4,38,5],[104,3,104,5],[72,4,72,5],[73,4,73,5],[74,4,74,5],[75,2,75,5],[101,1,101,2],[101,3,101,5],[68,1,68,2],[68,3,68,5],[69,1,69,2],[69,3,69,5],[71,4,71,5],[39,4,39,5],[40,2,40,5],[66,1,66,2],[66,3,66,5],[67,1,67,2],[1,4,1,5],[2,4,2,5],[3,4,3,5],[4,4,4,5],[5,2,5,5],[32,1,32,2],[32,3,32,5],[33,1,33,2],[33,3,33,5],[67,3,67,5],[34,1,34,2],[173,3,173,5],[174,1,174,2],[174,3,174,5],[176,4,176,5],[34,3,34,5],[106,4,106,5],[107,4,107,5],[108,4,108,5],[109,4,109,5],[110,2,110,5],[102,1,102,2],[102,3,102,5],[103,1,103,2],[103,3,103,5],[104,1,104,2],[139,1,139,2],[139,3,139,5],[141,4,141,5],[142,4,142,5],[143,4,143,5],[136,1,136,2],[136,3,136,5],[137,1,137,2],[137,3,137,5],[211,4,211,5],[212,4,212,5],[213,4,213,5],[214,4,214,5],[215,2,215,5],[144,4,144,5],[145,2,145,5],[171,1,171,2],[171,3,171,5],[172,1,172,2],[172,3,172,5],[207,1,207,2],[207,3,207,5],[208,1,208,2],[208,3,208,5],[209,1,209,2],[209,3,209,5],[177,4,177,5],[178,4,178,5],[179,4,179,5],[180,2,180,5],[206,1,206,2],[206,3,206,5],[173,1,173,2],[278,3,278,5],[279,1,279,2],[279,3,279,5],[281,4,281,5],[247,4,247,5],[248,4,248,5],[241,1,241,2],[241,3,241,5],[242,1,242,2],[242,3,242,5],[243,1,243,2],[243,3,243,5],[244,1,244,2],[244,3,244,5],[246,4,246,5],[316,4,316,5],[317,4,317,5],[318,4,318,5],[319,4,319,5],[320,2,320,5],[249,4,249,5],[250,2,250,5],[276,1,276,2],[276,3,276,5],[277,1,277,2],[277,3,277,5],[312,1,312,2],[312,3,312,5],[313,1,313,2],[313,3,313,5],[314,1,314,2],[314,3,314,5],[282,4,282,5],[283,4,283,5],[284,4,284,5],[285,2,285,5],[311,1,311,2],[311,3,311,5],[278,1,278,2],[383,3,383,5],[384,1,384,2],[384,3,384,5],[386,4,386,5],[352,4,352,5],[353,4,353,5],[346,1,346,2],[346,3,346,5],[347,1,347,2],[347,3,347,5],[348,1,348,2],[348,3,348,5],[349,1,349,2],[349,3,349,5],[351,4,351,5],[421,4,421,5],[422,4,422,5],[423,4,423,5],[424,4,424,5],[425,2,425,5],[354,4,354,5],[355,2,355,5],[381,1,381,2],[381,3,381,5],[382,1,382,2],[382,3,382,5],[417,1,417,2],[417,3,417,5],[418,1,418,2],[418,3,418,5],[419,1,419,2],[419,3,419,5],[387,4,387,5],[388,4,388,5],[389,4,389,5],[390,2,390,5],[416,1,416,2],[416,3,416,5],[383,1,383,2],[488,3,488,5],[489,1,489,2],[489,3,489,5],[491,4,491,5],[457,4,457,5],[458,4,458,5],[451,1,451,2],[451,3,451,5],[452,1,452,2],[452,3,452,5],[453,1,453,2],[453,3,453,5],[454,1,454,2],[454,3,454,5],[456,4,456,5],[526,4,526,5],[527,4,527,5],[528,4,528,5],[529,4,529,5],[530,2,530,5],[459,4,459,5],[460,2,460,5],[486,1,486,2],[486,3,486,5],[487,1,487,2],[487,3,487,5],[522,1,522,2],[522,3,522,5],[523,1,523,2],[523,3,523,5],[524,1,524,2],[524,3,524,5],[492,4,492,5],[493,4,493,5],[494,4,494,5],[495,2,495,5],[521,1,521,2],[521,3,521,5],[488,1,488,2],[593,3,593,5],[594,1,594,2],[594,3,594,5],[596,4,596,5],[562,4,562,5],[563,4,563,5],[556,1,556,2],[556,3,556,5],[557,1,557,2],[557,3,557,5],[558,1,558,2],[558,3,558,5],[559,1,559,2],[559,3,559,5],[561,4,561,5],[631,4,631,5],[632,4,632,5],[633,4,633,5],[634,4,634,5],[635,2,635,5],[564,4,564,5],[565,2,565,5],[591,1,591,2],[591,3,591,5],[592,1,592,2],[592,3,592,5],[627,1,627,2],[627,3,627,5],[628,1,628,2],[628,3,628,5],[629,1,629,2],[629,3,629,5],[597,4,597,5],[598,4,598,5],[599,4,599,5],[600,2,600,5],[626,1,626,2],[626,3,626,5],[593,1,593,2],[698,3,698,5],[699,1,699,2],[699,3,699,5],[701,4,701,5],[667,4,667,5],[668,4,668,5],[661,1,661,2],[661,3,661,5],[662,1,662,2],[662,3,662,5],[663,1,663,2],[663,3,663,5],[664,1,664,2],[664,3,664,5],[666,4,666,5],[736,4,736,5],[737,4,737,5],[738,4,738,5],[739,4,739,5],[740,2,740,5],[669,4,669,5],[670,2,670,5],[696,1,696,2],[696,3,696,5],[697,1,697,2],[697,3,697,5],[732,1,732,2],[732,3,732,5],[733,1,733,2],[733,3,733,5],[734,1,734,2],[734,3,734,5],[702,4,702,5],[703,4,703,5],[704,4,704,5],[705,2,705,5],[731,1,731,2],[731,3,731,5],[698,1,698,2],[803,3,803,5],[804,1,804,2],[804,3,804,5],[806,4,806,5],[772,4,772,5],[773,4,773,5],[766,1,766,2],[766,3,766,5],[767,1,767,2],[767,3,767,5],[768,1,768,2],[768,3,768,5],[769,1,769,2],[769,3,769,5],[771,4,771,5],[841,4,841,5],[842,4,842,5],[843,4,843,5],[844,4,844,5],[845,2,845,5],[774,4,774,5],[775,2,775,5],[801,1,801,2],[801,3,801,5],[802,1,802,2],[802,3,802,5],[837,1,837,2],[837,3,837,5],[838,1,838,2],[838,3,838,5],[839,1,839,2],[839,3,839,5],[807,4,807,5],[808,4,808,5],[809,4,809,5],[810,2,810,5],[836,1,836,2],[836,3,836,5],[803,1,803,2],[908,3,908,5],[909,1,909,2],[909,3,909,5],[911,4,911,5],[877,4,877,5],[878,4,878,5],[871,1,871,2],[871,3,871,5],[872,1,872,2],[872,3,872,5],[873,1,873,2],[873,3,873,5],[874,1,874,2],[874,3,874,5],[876,4,876,5],[946,4,946,5],[947,4,947,5],[948,4,948,5],[949,4,949,5],[950,2,950,5],[879,4,879,5],[880,2,880,5],[906,1,906,2],[906,3,906,5],[907,1,907,2],[907,3,907,5],[942,1,942,2],[942,3,942,5],[943,1,943,2],[943,3,943,5],[944,1,944,2],[944,3,944,5],[912,4,912,5],[913,4,913,5],[914,4,914,5],[915,2,915,5],[941,1,941,2],[941,3,941,5],[908,1,908,2],[1013,3,1013,5],[1014,1,1014,2],[1014,3,1014,5],[1016,4,1016,5],[982,4,982,5],[983,4,983,5],[976,1,976,2],[976,3,976,5],[977,1,977,2],[977,3,977,5],[978,1,978,2],[978,3,978,5],[979,1,979,2],[979,3,979,5],[981,4,981,5],[1051,4,1051,5],[1052,4,1052,5],[1053,4,1053,5],[1054,4,1054,5],[1055,2,1055,5],[984,4,984,5],[985,2,985,5],[1011,1,1011,2],[1011,3,1011,5],[1012,1,1012,2],[1012,3,1012,5],[1047,1,1047,2],[1047,3,1047,5],[1048,1,1048,2],[1048,3,1048,5],[1049,1,1049,2],[1049,3,1049,5],[1017,4,1017,5],[1018,4,1018,5],[1019,4,1019,5],[1020,2,1020,5],[1046,1,1046,2],[1046,3,1046,5],[1013,1,1013,2],[1118,3,1118,5],[1119,1,1119,2],[1119,3,1119,5],[1121,4,1121,5],[1087,4,1087,5],[1088,4,1088,5],[1081,1,1081,2],[1081,3,1081,5],[1082,1,1082,2],[1082,3,1082,5],[1083,1,1083,2],[1083,3,1083,5],[1084,1,1084,2],[1084,3,1084,5],[1086,4,1086,5],[1156,4,1156,5],[1157,4,1157,5],[1158,4,1158,5],[1159,4,1159,5],[1160,2,1160,5],[1089,4,1089,5],[1090,2,1090,5],[1116,1,1116,2],[1116,3,1116,5],[1117,1,1117,2],[1117,3,1117,5],[1152,1,1152,2],[1152,3,1152,5],[1153,1,1153,2],[1153,3,1153,5],[1154,1,1154,2],[1154,3,1154,5],[1122,4,1122,5],[1123,4,1123,5],[1124,4,1124,5],[1125,2,1125,5],[1151,1,1151,2],[1151,3,1151,5],[1118,1,1118,2],[1223,3,1223,5],[1224,1,1224,2],[1224,3,1224,5],[1226,4,1226,5],[1192,4,1192,5],[1193,4,1193,5],[1186,1,1186,2],[1186,3,1186,5],[1187,1,1187,2],[1187,3,1187,5],[1188,1,1188,2],[1188,3,1188,5],[1189,1,1189,2],[1189,3,1189,5],[1191,4,1191,5],[1261,4,1261,5],[1262,4,1262,5],[1263,4,1263,5],[1264,4,1264,5],[1265,2,1265,5],[1194,4,1194,5],[1195,2,1195,5],[1221,1,1221,2],[1221,3,1221,5],[1222,1,1222,2],[1222,3,1222,5],[1257,1,1257,2],[1257,3,1257,5],[1258,1,1258,2],[1258,3,1258,5],[1259,1,1259,2],[1259,3,1259,5],[1227,4,1227,5],[1228,4,1228,5],[1229,4,1229,5],[1230,2,1230,5],[1256,1,1256,2],[1256,3,1256,5],[1223,1,1223,2],[1328,3,1328,5],[1329,1,1329,2],[1329,3,1329,5],[1331,4,1331,5],[1297,4,1297,5],[1298,4,1298,5],[1291,1,1291,2],[1291,3,1291,5],[1292,1,1292,2],[1292,3,1292,5],[1293,1,1293,2],[1293,3,1293,5],[1294,1,1294,2],[1294,3,1294,5],[1296,4,1296,5],[1366,4,1366,5],[1367,4,1367,5],[1368,4,1368,5],[1369,4,1369,5],[1370,2,1370,5],[1299,4,1299,5],[1300,2,1300,5],[1326,1,1326,2],[1326,3,1326,5],[1327,1,1327,2],[1327,3,1327,5],[1362,1,1362,2],[1362,3,1362,5],[1363,1,1363,2],[1363,3,1363,5],[1364,1,1364,2],[1364,3,1364,5],[1332,4,1332,5],[1333,4,1333,5],[1334,4,1334,5],[1335,2,1335,5],[1361,1,1361,2],[1361,3,1361,5],[1328,1,1328,2],[1433,3,1433,5],[1434,1,1434,2],[1434,3,1434,5],[1436,4,1436,5],[1402,4,1402,5],[1403,4,1403,5],[1396,1,1396,2],[1396,3,1396,5],[1397,1,1397,2],[1397,3,1397,5],[1398,1,1398,2],[1398,3,1398,5],[1399,1,1399,2],[1399,3,1399,5],[1401,4,1401,5],[1471,4,1471,5],[1472,4,1472,5],[1473,4,1473,5],[1474,4,1474,5],[1475,2,1475,5],[1404,4,1404,5],[1405,2,1405,5],[1431,1,1431,2],[1431,3,1431,5],[1432,1,1432,2],[1432,3,1432,5],[1467,1,1467,2],[1467,3,1467,5],[1468,1,1468,2],[1468,3,1468,5],[1469,1,1469,2],[1469,3,1469,5],[1437,4,1437,5],[1438,4,1438,5],[1439,4,1439,5],[1440,2,1440,5],[1466,1,1466,2],[1466,3,1466,5],[1433,1,1433,2],[1507,4,1507,5],[1508,4,1508,5],[1501,1,1501,2],[1501,3,1501,5],[1502,1,1502,2],[1502,3,1502,5],[1503,1,1503,2],[1503,3,1503,5],[1504,1,1504,2],[1504,3,1504,5],[1506,4,1506,5],[1574,1,1574,2],[1574,3,1574,5],[1542,4,1542,5],[1543,4,1543,5],[1544,4,1544,5],[1545,2,1545,5],[1571,1,1571,2],[1571,3,1571,5],[1538,1,1538,2],[1538,3,1538,5],[1539,1,1539,2],[1539,3,1539,5],[1541,4,1541,5],[1509,4,1509,5],[1510,2,1510,5],[1536,1,1536,2],[1536,3,1536,5],[1537,1,1537,2],[1537,3,1537,5],[1572,1,1572,2],[1572,3,1572,5],[1573,1,1573,2],[1573,3,1573,5],[1612,4,1612,5],[1613,4,1613,5],[1614,4,1614,5],[1615,2,1615,5],[1641,1,1641,2],[1641,3,1641,5],[1576,4,1576,5],[1577,4,1577,5],[1578,4,1578,5],[1579,4,1579,5],[1580,2,1580,5],[1606,1,1606,2],[1606,3,1606,5],[1607,1,1607,2],[1607,3,1607,5],[1608,1,1608,2],[1608,3,1608,5],[1609,1,1609,2],[1609,3,1609,5],[1611,4,1611,5],[1679,1,1679,2],[1647,4,1647,5],[1648,4,1648,5],[1649,4,1649,5],[1650,2,1650,5],[1676,1,1676,2],[1676,3,1676,5],[1643,1,1643,2],[1643,3,1643,5],[1646,4,1646,5],[1749,3,1749,5],[1642,1,1642,2],[1642,3,1642,5],[1644,1,1644,2],[1717,4,1717,5],[1718,4,1718,5],[1711,1,1711,2],[1711,3,1711,5],[1712,1,1712,2],[1712,3,1712,5],[1713,1,1713,2],[1713,3,1713,5],[1681,4,1681,5],[1682,4,1682,5],[1683,4,1683,5],[1684,4,1684,5],[1685,2,1685,5],[1714,1,1714,2],[1714,3,1714,5],[1716,4,1716,5],[1677,1,1677,2],[1677,3,1677,5],[1678,1,1678,2],[1678,3,1678,5],[1751,4,1751,5],[1679,3,1679,5],[1644,3,1644,5],[1784,1,1784,2],[1784,3,1784,5],[1719,4,1719,5],[1720,2,1720,5],[1746,1,1746,2],[1746,3,1746,5],[1747,1,1747,2],[1747,3,1747,5],[1782,1,1782,2],[1782,3,1782,5],[1783,1,1783,2],[1783,3,1783,5],[1752,4,1752,5],[1753,4,1753,5],[1754,4,1754,5],[1755,2,1755,5],[1781,1,1781,2],[1781,3,1781,5],[1748,1,1748,2],[1748,3,1748,5],[1749,1,1749,2]]}
[]
[null,"رقم الفاتورة",100,"المندوب",{"$f":"IFERROR(VLOOKUP(C5,ورقة1!$B$3:$G$1048576,3,0),)","v":2}]
[null,"التاريخ","2018-08-01","المشرف",{"$f":"IFERROR(VLOOKUP(C5,ورقة1!$B$3:$G$1048576,4,0),)","v":2}]
[null,"نوع الفاتورة","بالحساب","الفئة الاساسية",{"$f":"IFERROR(VLOOKUP(C5,ورقة1!$B$3:$G$1048576,5,0),)","v":"محلات"}]
[null,"كود العميل",101,"الفئة الفرعية",{"$f":"IFERROR(VLOOKUP(C5,ورقة1!$B$3:$G$1048576,6,0),)","v":"محلات"}]
[null,"العميل",{"$f":"IFERROR(VLOOKUP(C5,ورقة1!$B$2:$G$1048576,2,0),)","v":"محل 2"}]
[null,"الكود","الصنف","السعر ","الكمية","الاجمالى"]
[null,1000,{"$f":"IFERROR(VLOOKUP(B8,ورقة1!$I$3:$K$1048576,2,0),)","v":"الصنف رقم 1"},{"$f":"IFERROR(VLOOKUP(B8,ورقة1!$I$3:$K$1048576,3,0),0)","v":14.75},1,{"$f":"D8*E8","v":14.75}]
[null,1050,{"$f":"IFERROR(VLOOKUP(B9,ورقة1!$I$3:$K$1048576,2,0),)","v":0},{"$f":"IFERROR(VLOOKUP(B9,ورقة1!$I$3:$K$1048576,3,0),0)","v":0},1,{"$f":"D9*E9","v":0}]
[null,1003,{"$f":"IFERROR(VLOOKUP(B10,ورقة1!$I$3:$K$1048576,2,0),)","v":"الصنف رقم 4"},{"$f":"IFERROR(VLOOKUP(B10,ورقة1!$I$3:$K$1048576,3,0),0)","v":999},2,1998]
[null,1002,{"$f":"IFERROR(VLOOKUP(B11,ورقة1!$I$3:$K$1048576,2,0),)","v":"الصنف رقم 3"},{"$f":"IFERROR(VLOOKUP(B11,ورقة1!$I$3:$K$1048576,3,0),0)","v":8.1},3,24.299999999999997]
[null,null,{"$f":"IFERROR(VLOOKUP(B12,ورقة1!$I$3:$K$1048576,2,0),)","v":0},{"$f":"IFERROR(VLOOKUP(B12,ورقة1!$I$3:$K$1048576,3,0),0)","v":0},null,0]
[null,null,{"$f":"IFERROR(VLOOKUP(B13,ورقة1!$I$3:$K$1048576,2,0),)","v":0},{"$f":"IFERROR(VLOOKUP(B13,ورقة1!$I$3:$K$1048576,3,0),0)","v":0},null,0]
[null,null,{"$f":"IFERROR(VLOOKUP(B14,ورقة1!$I$3:$K$1048576,2,0),)","v":0},{"$f":"IFERROR(VLOOKUP(B14,ورقة1!$I$3:$K$1048576,3,0),0)","v":0},null,0]
[null,null,{"$f":"IFERROR(VLOOKUP(B15,ورقة1!$I$3:$K$1048576,2,0),)","v":0},{"$f":"IFERROR(VLOOKUP(B15,ورقة1!$I$3:$K$1048576,3,0),0)","v":0},null,0]
[null,null,{"$f":"IFERROR(VLOOKUP(B16,ورقة1!$I$3:$K$1048576,2,0),)","v":0},{"$f":"IFERROR(VLOOKUP(B16,ورقة1!$I$3:$K$1048576,3,0),0)","v":0},null,0]
[null,null,{"$f":"IFERROR(VLOOKUP(B17,ورقة1!$I$3:$K$1048576,2,0),)","v":0},{"$f":"IFERROR(VLOOKUP(B17,ورقة1!$I$3:$K$1048576,3,0),0)","v":0},null,0]
[null,null,{"$f":"IFERROR(VLOOKUP(B18,ورقة1!$I$3:$K$1048576,2,0),)","v":0},{"$f":"IFERROR(VLOOKUP(B18,ورقة1!$I$3:$K$1048576,3,0),0)","v":0},null,0]
[null,null,{"$f":"IFERROR(VLOOKUP(B19,ورقة1!$I$3:$K$1048576,2,0),)","v":0},{"$f":"IFERROR(VLOOKUP(B19,ورقة1!$I$3:$K$1048576,3,0),0)","v":0},null,0]
[null,null,{"$f":"IFERROR(VLOOKUP(B20,ورقة1!$I$3:$K$1048576,2,0),)","v":0},{"$f":"IFERROR(VLOOKUP(B20,ورقة1!$I$3:$K$1048576,3,0),0)","v":0},null,0]
[null,null,{"$f":"IFERROR(VLOOKUP(B21,ورقة1!$I$3:$K$1048576,2,0),)","v":0},{"$f":"IFERROR(VLOOKUP(B21,ورقة1!$I$3:$K$1048576,3,0),0)","v":0},null,0]
[null,null,{"$f":"IFERROR(VLOOKUP(B22,ورقة1!$I$3:$K$1048576,2,0),)","v":0},{"$f":"IFERROR(VLOOKUP(B22,ورقة1!$I$3:$K$1048576,3,0),0)","v":0},null,0]
[null,null,{"$f":"IFERROR(VLOOKUP(B23,ورقة1!$I$3:$K$1048576,2,0),)","v":0},{"$f":"IFERROR(VLOOKUP(B23,ورقة1!$I$3:$K$1048576,3,0),0)","v":0},null,0]
[null,null,{"$f":"IFERROR(VLOOKUP(B24,ورقة1!$I$3:$K$1048576,2,0),)","v":0},{"$f":"IFERROR(VLOOKUP(B24,ورقة1!$I$3:$K$1048576,3,0),0)","v":0},null,0]
[null,null,{"$f":"IFERROR(VLOOKUP(B25,ورقة1!$I$3:$K$1048576,2,0),)","v":0},{"$f":"IFERROR(VLOOKUP(B25,ورقة1!$I$3:$K$1048576,3,0),0)","v":0},null,0]
[null,null,{"$f":"IFERROR(VLOOKUP(B26,ورقة1!$I$3:$K$1048576,2,0),)","v":0},{"$f":"IFERROR(VLOOKUP(B26,ورقة1!$I$3:$K$1048576,3,0),0)","v":0},null,0]
[null,null,{"$f":"IFERROR(VLOOKUP(B27,ورقة1!$I$3:$K$1048576,2,0),)","v":0},{"$f":"IFERROR(VLOOKUP(B27,ورقة1!$I$3:$K$1048576,3,0),0)","v":0},null,0]
[null,null,{"$f":"IFERROR(VLOOKUP(B28,ورقة1!$I$3:$K$1048576,2,0),)","v":0},{"$f":"IFERROR(VLOOKUP(B28,ورقة1!$I$3:$K$1048576,3,0),0)","v":0},null,0]
[null,null,{"$f":"IFERROR(VLOOKUP(B29,ورقة1!$I$3:$K$1048576,2,0),)","v":0},{"$f":"IFERROR(VLOOKUP(B29,ورقة1!$I$3:$K$1048576,3,0),0)","v":0},null,0]
[null,null,{"$f":"IFERROR(VLOOKUP(B30,ورقة1!$I$3:$K$1048576,2,0),)","v":0},{"$f":"IFERROR(VLOOKUP(B30,ورقة1!$I$3:$K$1048576,3,0),0)","v":0},null,0]
[null,null,{"$f":"IFERROR(VLOOKUP(B31,ورقة1!$I$3:$K$1048576,2,0),)","v":0},{"$f":"IFERROR(VLOOKUP(B31,ورقة1!$I$3:$K$1048576,3,0),0)","v":0},null,0]
[null,"إجمالى الفاتورة",null,{"$f":"SUM(F8:F31)","v":2037.05}]
[null,"معدل الخصم",null,{"$f":"D34/D32","v":0}]
[null,"قيمة الخصم"]
[null,"صافى قيمة الفاتورة",null,{"$f":"D32-D34","v":2037.05}]
[]
[null,"رقم الفاتورة",{"$f":"C2+1","v":101},"المندوب",{"$f":"IFERROR(VLOOKUP(C40,ورقة1!$B$3:$G$1048576,3,0),)","v":0}]
[null,"التاريخ","1900-01-05","المشرف",{"$f":"IFERROR(VLOOKUP(C40,ورقة1!$B$3:$G$1048576,4,0),)","v":0}]
[null,"نوع الفاتورة","بالحساب","الفئة الاساسية",{"$f":"IFERROR(VLOOKUP(C40,ورقة1!$B$3:$G$1048576,5,0),)","v":0}]
[null,"كود العميل",150,"الفئة الفرعية",{"$f":"IFERROR(VLOOKUP(C40,ورقة1!$B$3:$G$1048576,6,0),)","v":0}]
[null,"العميل",{"$f":"IFERROR(VLOOKUP(C40,ورقة1!$B$2:$G$1048576,2,0),)","v":0}]
[null,"الكود","الصنف","السعر ","الكمية","الاجمالى"]
[null,1010,{"$f":"IFERROR(VLOOKUP(B43,ورقة1!$I$3:$K$1048576,2,0),)","v":"الصنف رقم 11"},{"$f":"IFERROR(VLOOKUP(B43,ورقة1!$I$3:$K$1048576,3,0),0)","v":2},5,{"$f":"D43*E43","v":10}]
[null,1020,{"$f":"IFERROR(VLOOKUP(B44,ورقة1!$I$3:$K$1048576,2,0),)","v":"الصنف رقم 21"},{"$f":"IFERROR(VLOOKUP(B44,ورقة1!$I$3:$K$1048576,3,0),0)","v":3.5},3,{"$f":"D44*E44","v":10.5}]
[null,1022,{"$f":"IFERROR(VLOOKUP(B45,ورقة1!$I$3:$K$1048576,2,0),)","v":0},{"$f":"IFERROR(VLOOKUP(B45,ورقة1!$I$3:$K$1048576,3,0),0)","v":0},1,0]
[null,1030,{"$f":"IFERROR(VLOOKUP(B46,ورقة1!$I$3:$K$1048576,2,0),)","v":0},{"$f":"IFERROR(VLOOKUP(B46,ورقة1!$I$3:$K$1048576,3,0),0)","v":0},null,0]
[null,null,{"$f":"IFERROR(VLOOKUP(B47,ورقة1!$I$3:$K$1048576,2,0),)","v":0},{"$f":"IFERROR(VLOOKUP(B47,ورقة1!$I$3:$K$1048576,3,0),0)","v":0},null,0]
[null,null,{"$f":"IFERROR(VLOOKUP(B48,ورقة1!$I$3:$K$1048576,2,0),)","v":0},{"$f":"IFERROR(VLOOKUP(B48,ورقة1!$I$3:$K$1048576,3,0),0)","v":0},null,0]
[null,null,{"$f":"IFERROR(VLOOKUP(B49,ورقة1!$I$3:$K$1048576,2,0),)","v":0},{"$f":"IFERROR(VLOOKUP(B49,ورقة1!$I$3:$K$1048576,3,0),0)","v":0},null,0]
[null,null,{"$f":"IFERROR(VLOOKUP(B50,ورقة1!$I$3:$K$1048576,2,0),)","v":0},{"$f":"IFERROR(VLOOKUP(B50,ورقة1!$I$3:$K$1048576,3,0),0)","v":0},null,0]
[null,null,{"$f":"IFERROR(VLOOKUP(B51,ورقة1!$I$3:$K$1048576,2,0),)","v":0},{"$f":"IFERROR(VLOOKUP(B51,ورقة1!$I$3:$K$1048576,3,0),0)","v":0},null,0]
[null,null,{"$f":"IFERROR(VLOOKUP(B52,ورقة1!$I$3:$K$1048576,2,0),)","v":0},{"$f":"IFERROR(VLOOKUP(B52,ورقة1!$I$3:$K$1048576,3,0),0)","v":0},null,0]
[null,null,{"$f":"IFERROR(VLOOKUP(B53,ورقة1!$I$3:$K$1048576,2,0),)","v":0},{"$f":"IFERROR(VLOOKUP(B53,ورقة1!$I$3:$K$1048576,3,0),0)","v":0},null,0]
[null,null,{"$f":"IFERROR(VLOOKUP(B54,ورقة1!$I$3:$K$1048576,2,0),)","v":0},{"$f":"IFERROR(VLOOKUP(B54,ورقة1!$I$3:$K$1048576,3,0),0)","v":0},null,0]
[null,null,{"$f":"IFERROR(VLOOKUP(B55,ورقة1!$I$3:$K$1048576,2,0),)","v":0},{"$f":"IFERROR(VLOOKUP(B55,ورقة1!$I$3:$K$1048576,3,0),0)","v":0},null,0]
[null,null,{"$f":"IFERROR(VLOOKUP(B56,ورقة1!$I$3:$K$1048576,2,0),)","v":0},{"$f":"IFERROR(VLOOKUP(B56,ورقة1!$I$3:$K$1048576,3,0),0)","v":0},null,0]
[null,null,{"$f":"IFERROR(VLOOKUP(B57,ورقة1!$I$3:$K$1048576,2,0),)","v":0},{"$f":"IFERROR(VLOOKUP(B57,ورقة1!$I$3:$K$1048576,3,0),0)","v":0},null,0]
[null,null,{"$f":"IFERROR(VLOOKUP(B58,ورقة1!$I$3:$K$1048576,2,0),)","v":0},{"$f":"IFERROR(VLOOKUP(B58,ورقة1!$I$3:$K$1048576,3,0),0)","v":0},null,0]
[null,null,{"$f":"IFERROR(VLOOKUP(B59,ورقة1!$I$3:$K$1048576,2,0),)","v":0},{"$f":"IFERROR(VLOOKUP(B59,ورقة1!$I$3:$K$1048576,3,0),0)","v":0},null,0]
[null,null,{"$f":"IFERROR(VLOOKUP(B60,ورقة1!$I$3:$K$1048576,2,0),)","v":0},{"$f":"IFERROR(VLOOKUP(B60,ورقة1!$I$3:$K$1048576,3,0),0)","v":0},null,0]
[null,null,{"$f":"IFERROR(VLOOKUP(B61,ورقة1!$I$3:$K$1048576,2,0),)","v":0},{"$f":"IFERROR(VLOOKUP(B61,ورقة1!$I$3:$K$1048576,3,0),0)","v":0},null,0]
[null,null,{"$f":"IFERROR(VLOOKUP(B62,ورقة1!$I$3:$K$1048576,2,0),)","v":0},{"$f":"IFERROR(VLOOKUP(B62,ورقة1!$I$3:$K$1048576,3,0),0)","v":0},null,0]
[null,null,{"$f":"IFERROR(VLOOKUP(B63,ورقة1!$I$3:$K$1048576,2,0),)","v":0},{"$f":"IFERROR(VLOOKUP(B63,ورقة1!$I$3:$K$1048576,3,0),0)","v":0},null,0]
[null,null,{"$f":"IFERROR(VLOOKUP(B64,ورقة1!$I$3:$K$1048576,2,0),)","v":0},{"$f":"IFERROR(VLOOKUP(B64,ورقة1!$I$3:$K$1048576,3,0),0)","v":0},null,0]
[null,null,{"$f":"IFERROR(VLOOKUP(B65,ورقة1!$I$3:$K$1048576,2,0),)","v":0},{"$f":"IFERROR(VLOOKUP(B65,ورقة1!$I$3:$K$1048576,3,0),0)","v":0},null,0]
[null,null,{"$f":"IFERROR(VLOOKUP(B66,ورقة1!$I$3:$K$1048576,2,0),)","v":0},{"$f":"IFERROR(VLOOKUP(B66,ورقة1!$I$3:$K$1048576,3,0),0)","v":0},null,0]
[null,"إجمالى الفاتورة",null,{"$f":"SUM(F43:F66)","v":20.5}]
[null,"معدل الخصم",null,{"$f":"D69/100","v":0}]
[null,"قيمة الخصم"]
[null,"صافى قيمة الفاتورة",null,{"$f":"D67-D69","v":20.5}]
[]
[null,"رقم الفاتورة",{"$f":"C37+1","v":102},"المندوب",{"$f":"IFERROR(VLOOKUP(C75,ورقة1!$B$3:$G$1048576,3,0),)","v":0}]
[null,"التاريخ",null,"المشرف",{"$f":"IFERROR(VLOOKUP(C75,ورقة1!$B$3:$G$1048576,4,0),)","v":0}]
[null,"نوع الفاتورة",null,"الفئة الاساسية",{"$f":"IFERROR(VLOOKUP(C75,ورقة1!$B$3:$G$1048576,5,0),)","v":0}]
[null,"كود العميل",null,"الفئة الفرعية",{"$f":"IFERROR(VLOOKUP(C75,ورقة1!$B$3:$G$1048576,6,0),)","v":0}]
[null,"العميل",{"$f":"IFERROR(VLOOKUP(C75,ورقة1!$B$2:$G$1048576,2,0),)","v":0}]
[null,"الكود","الصنف","السعر ","الكمية","الاجمالى"]
[null,null,{"$f":"IFERROR(VLOOKUP(B78,ورقة1!$I$3:$K$1048576,2,0),)","v":0},{"$f":"IFERROR(VLOOKUP(B78,ورقة1!$I$3:$K$1048576,3,0),0)","v":0},null,{"$f":"D78*E78","v":0}]
[null,null,{"$f":"IFERROR(VLOOKUP(B79,ورقة1!$I$3:$K$1048576,2,0),)","v":0},{"$f":"IFERROR(VLOOKUP(B79,ورقة1!$I$3:$K$1048576,3,0),0)","v":0},null,{"$f":"D79*E79","v":0}]
[null,null,{"$f":"IFERROR(VLOOKUP(B80,ورقة1!$I$3:$K$1048576,2,0),)","v":0},{"$f":"IFERROR(VLOOKUP(B80,ورقة1!$I$3:$K$1048576,3,0),0)","v":0},null,0]
[null,null,{"$f":"IFERROR(VLOOKUP(B81,ورقة1!$I$3:$K$1048576,2,0),)","v":0},{"$f":"IFERROR(VLOOKUP(B81,ورقة1!$I$3:$K$1048576,3,0),0)","v":0},null,0]
[null,null,{"$f":"IFERROR(VLOOKUP(B82,ورقة1!$I$3:$K$1048576,2,0),)","v":0},{"$f":"IFERROR(VLOOKUP(B82,ورقة1!$I$3:$K$1048576,3,0),0)","v":0},null,0]
[null,null,{"$f":"IFERROR(VLOOKUP(B83,ورقة1!$I$3:$K$1048576,2,0),)","v":0},{"$f":"IFERROR(VLOOKUP(B83,ورقة1!$I$3:$K$1048576,3,0),0)","v":0},null,0]
[null,null,{"$f":"IFERROR(VLOOKUP(B84,ورقة1!$I$3:$K$1048576,2,0),)","v":0},{"$f":"IFERROR(VLOOKUP(B84,ورقة1!$I$3:$K$1048576,3,0),0)","v":0},null,0]
[null,null,{"$f":"IFERROR(VLOOKUP(B85,ورقة1!$I$3:$K$1048576,2,0),)","v":0},{"$f":"IFERROR(VLOOKUP(B85,ورقة1!$I$3:$K$1048576,3,0),0)","v":0},null,0]
[null,null,{"$f":"IFERROR(VLOOKUP(B86,ورقة1!$I$3:$K$1048576,2,0),)","v":0},{"$f":"IFERROR(VLOOKUP(B86,ورقة1!$I$3:$K$1048576,3,0),0)","v":0},null,0]
[null,null,{"$f":"IFERROR(VLOOKUP(B87,ورقة1!$I$3:$K$1048576,2,0),)","v":0},{"$f":"IFERROR(VLOOKUP(B87,ورقة1!$I$3:$K$1048576,3,0),0)","v":0},null,0]
[null,null,{"$f":"IFERROR(VLOOKUP(B88,ورقة1!$I$3:$K$1048576,2,0),)","v":0},{"$f":"IFERROR(VLOOKUP(B88,ورقة1!$I$3:$K$1048576,3,0),0)","v":0},null,0]
[null,null,{"$f":"IFERROR(VLOOKUP(B89,ورقة1!$I$3:$K$1048576,2,0),)","v":0},{"$f":"IFERROR(VLOOKUP(B89,ورقة1!$I$3:$K$1048576,3,0),0)","v":0},null,0]
[null,null,{"$f":"IFERROR(VLOOKUP(B90,ورقة1!$I$3:$K$1048576,2,0),)","v":0},{"$f":"IFERROR(VLOOKUP(B90,ورقة1!$I$3:$K$1048576,3,0),0)","v":0},null,0]
[null,null,{"$f":"IFERROR(VLOOKUP(B91,ورقة1!$I$3:$K$1048576,2,0),)","v":0},{"$f":"IFERROR(VLOOKUP(B91,ورقة1!$I$3:$K$1048576,3,0),0)","v":0},null,0]
[null,null,{"$f":"IFERROR(VLOOKUP(B92,ورقة1!$I$3:$K$1048576,2,0),)","v":0},{"$f":"IFERROR(VLOOKUP(B92,ورقة1!$I$3:$K$1048576,3,0),0)","v":0},null,0]
[null,null,{"$f":"IFERROR(VLOOKUP(B93,ورقة1!$I$3:$K$1048576,2,0),)","v":0},{"$f":"IFERROR(VLOOKUP(B93,ورقة1!$I$3:$K$1048576,3,0),0)","v":0},null,0]
[null,null,{"$f":"IFERROR(VLOOKUP(B94,ورقة1!$I$3:$K$1048576,2,0),)","v":0},{"$f":"IFERROR(VLOOKUP(B94,ورقة1!$I$3:$K$1048576,3,0),0)","v":0},null,0]
[null,null,{"$f":"IFERROR(VLOOKUP(B95,ورقة1!$I$3:$K$1048576,2,0),)","v":0},{"$f":"IFERROR(VLOOKUP(B95,ورقة1!$I$3:$K$1048576,3,0),0)","v":0},null,0]
[null,null,{"$f":"IFERROR(VLOOKUP(B96,ورقة1!$I$3:$K$1048576,2,0),)","v":0},{"$f":"IFERROR(VLOOKUP(B96,ورقة1!$I$3:$K$1048576,3,0),0)","v":0},null,0]
[null,null,{"$f":"IFERROR(VLOOKUP(B97,ورقة1!$I$3:$K$1048576,2,0),)","v":0},{"$f":"IFERROR(VLOOKUP(B97,ورقة1!$I$3:$K$1048576,3,0),0)","v":0},null,0]
[null,null,{"$f":"IFERROR(VLOOKUP(B98,ورقة1!$I$3:$K$1048576,2,0),)","v":0},{"$f":"IFERROR(VLOOKUP(B98,ورقة1!$I$3:$K$1048576,3,0),0)","v":0},null,0]
[null,null,{"$f":"IFERROR(VLOOKUP(B99,ورقة1!$I$3:$K$1048576,2,0),)","v":0},{"$f":"IFERROR(VLOOKUP(B99,ورقة1!$I$3:$K$1048576,3,0),0)","v":0},null,0]
[null,null,{"$f":"IFERROR(VLOOKUP(B100,ورقة1!$I$3:$K$1048576,2,0),)","v":0},{"$f":"IFERROR(VLOOKUP(B100,ورقة1!$I$3:$K$1048576,3,0),0)","v":0},null,0]
[null,null,{"$f":"IFERROR(VLOOKUP(B101,ورقة1!$I$3:$K$1048576,2,0),)","v":0},{"$f":"IFERROR(VLOOKUP(B101,ورقة1!$I$3:$K$1048576,3,0),0)","v":0},null,0]
[null,"إجمالى الفاتورة",null,{"$f":"SUM(F78:F101)","v":0}]
[null,"معدل الخصم",null,{"$f":"D104/100","v":0}]
[null,"قيمة الخصم"]
[null,"صافى قيمة الفاتورة",null,{"$f":"D102-D104","v":0}]
[]
[null,"رقم الفاتورة",{"$f":"C72+1","v":103},"المندوب",{"$f":"IFERROR(VLOOKUP(C110,ورقة1!$B$3:$G$1048576,3,0),)","v":0}]
[null,"التاريخ",null,"المشرف",{"$f":"IFERROR(VLOOKUP(C110,ورقة1!$B$3:$G$1048576,4,0),)","v":0}]
[null,"نوع الفاتورة",null,"الفئة الاساسية",{"$f":"IFERROR(VLOOKUP(C110,ورقة1!$B$3:$G$1048576,5,0),)","v":0}]
[null,"كود العميل",null,"الفئة الفرعية",{"$f":"IFERROR(VLOOKUP(C110,ورقة1!$B$3:$G$1048576,6,0),)","v":0}]
[null,"العميل",{"$f":"IFERROR(VLOOKUP(C110,ورقة1!$B$2:$G$1048576,2,0),)","v":0}]
[null,"الكود","الصنف","السعر ","الكمية","الاجمالى"]
[null,null,{"$f":"IFERROR(VLOOKUP(B113,ورقة1!$I$3:$K$1048576,2,0),)","v":0},{"$f":"IFERROR(VLOOKUP(B113,ورقة1!$I$3:$K$1048576,3,0),0)","v":0},null,{"$f":"D113*E113","v":0}]
[null,null,{"$f":"IFERROR(VLOOKUP(B114,ورقة1!$I$3:$K$1048576,2,0),)","v":0},{"$f":"IFERROR(VLOOKUP(B114,ورقة1!$I$3:$K$1048576,3,0),0)","v":0},null,{"$f":"D114*E114","v":0}]
[null,null,{"$f":"IFERROR(VLOOKUP(B115,ورقة1!$I$3:$K$1048576,2,0),)","v":0},{"$f":"IFERROR(VLOOKUP(B115,ورقة1!$I$3:$K$1048576,3,0),0)","v":0},null,0]
[null,null,{"$f":"IFERROR(VLOOKUP(B116,ورقة1!$I$3:$K$1048576,2,0),)","v":0},{"$f":"IFERROR(VLOOKUP(B116,ورقة1!$I$3:$K$1048576,3,0),0)","v":0},null,0]
[null,null,{"$f":"IFERROR(VLOOKUP(B117,ورقة1!$I$3:$K$1048576,2,0),)","v":0},{"$f":"IFERROR(VLOOKUP(B117,ورقة1!$I$3:$K$1048576,3,0),0)","v":0},null,0]
[null,null,{"$f":"IFERROR(VLOOKUP(B118,ورقة1!$I$3:$K$1048576,2,0),)","v":0},{"$f":"IFERROR(VLOOKUP(B118,ورقة1!$I$3:$K$1048576,3,0),0)","v":0},null,0]
[null,null,{"$f":"IFERROR(VLOOKUP(B119,ورقة1!$I$3:$K$1048576,2,0),)","v":0},{"$f":"IFERROR(VLOOKUP(B119,ورقة1!$I$3:$K$1048576,3,0),0)","v":0},null,0]
[null,null,{"$f":"IFERROR(VLOOKUP(B120,ورقة1!$I$3:$K$1048576,2,0),)","v":0},{"$f":"IFERROR(VLOOKUP(B120,ورقة1!$I$3:$K$1048576,3,0),0)","v":0},null,0]
[null,null,{"$f":"IFERROR(VLOOKUP(B121,ورقة1!$I$3:$K$1048576,2,0),)","v":0},{"$f":"IFERROR(VLOOKUP(B121,ورقة1!$I$3:$K$1048576,3,0),0)","v":0},null,0]
[null,null,{"$f":"IFERROR(VLOOKUP(B122,ورقة1!$I$3:$K$1048576,2,0),)","v":0},{"$f":"IFERROR(VLOOKUP(B122,ورقة1!$I$3:$K$1048576,3,0),0)","v":0},null,0]
[null,null,{"$f":"IFERROR(VLOOKUP(B123,ورقة1!$I$3:$K$1048576,2,0),)","v":0},{"$f":"IFERROR(VLOOKUP(B123,ورقة1!$I$3:$K$1048576,3,0),0)","v":0},null,0]
[null,null,{"$f":"IFERROR(VLOOKUP(B124,ورقة1!$I$3:$K$1048576,2,0),)","v":0},{"$f":"IFERROR(VLOOKUP(B124,ورقة1!$I$3:$K$1048576,3,0),0)","v":0},null,0]
[null,null,{"$f":"IFERROR(VLOOKUP(B125,ورقة1!$I$3:$K$1048576,2,0),)","v":0},{"$f":"IFERROR(VLOOKUP(B125,ورقة1!$I$3:$K$1048576,3,0),0)","v":0},null,0]
[null,null,{"$f":"IFERROR(VLOOKUP(B126,ورقة1!$I$3:$K$1048576,2,0),)","v":0},{"$f":"IFERROR(VLOOKUP(B126,ورقة1!$I$3:$K$1048576,3,0),0)","v":0},null,0]
[null,null,{"$f":"IFERROR(VLOOKUP(B127,ورقة1!$I$3:$K$1048576,2,0),)","v":0},{"$f":"IFERROR(VLOOKUP(B127,ورقة1!$I$3:$K$1048576,3,0),0)","v":0},null,0]
[null,null,{"$f":"IFERROR(VLOOKUP(B128,ورقة1!$I$3:$K$1048576,2,0),)","v":0},{"$f":"IFERROR(VLOOKUP(B128,ورقة1!$I$3:$K$1048576,3,0),0)","v":0},null,0]
[null,null,{"$f":"IFERROR(VLOOKUP(B129,ورقة1!$I$3:$K$1048576,2,0),)","v":0},{"$f":"IFERROR(VLOOKUP(B129,ورقة1!$I$3:$K$1048576,3,0),0)","v":0},null,0]
[null,null,{"$f":"IFERROR(VLOOKUP(B130,ورقة1!$I$3:$K$1048576,2,0),)","v":0},{"$f":"IFERROR(VLOOKUP(B130,ورقة1!$I$3:$K$1048576,3,0),0)","v":0},null,0]
[null,null,{"$f":"IFERROR(VLOOKUP(B131,ورقة1!$I$3:$K$1048576,2,0),)","v":0},{"$f":"IFERROR(VLOOKUP(B131,ورقة1!$I$3:$K$1048576,3,0),0)","v":0},null,0]
[null,null,{"$f":"IFERROR(VLOOKUP(B132,ورقة1!$I$3:$K$1048576,2,0),)","v":0},{"$f":"IFERROR(VLOOKUP(B132,ورقة1!$I$3:$K$1048576,3,0),0)","v":0},null,0]
[null,null,{"$f":"IFERROR(VLOOKUP(B133,ورقة1!$I$3:$K$1048576,2,0),)","v":0},{"$f":"IFERROR(VLOOKUP(B133,ورقة1!$I$3:$K$1048576,3,0),0)","v":0},null,0]
[null,null,{"$f":"IFERROR(VLOOKUP(B134,ورقة1!$I$3:$K$1048576,2,0),)","v":0},{"$f":"IFERROR(VLOOKUP(B134,ورقة1!$I$3:$K$1048576,3,0),0)","v":0},null,0]
[null,null,{"$f":"IFERROR(VLOOKUP(B135,ورقة1!$I$3:$K$1048576,2,0),)","v":0},{"$f":"IFERROR(VLOOKUP(B135,ورقة1!$I$3:$K$1048576,3,0),0)","v":0},null,0]
[null,null,{"$f":"IFERROR(VLOOKUP(B136,ورقة1!$I$3:$K$1048576,2,0),)","v":0},{"$f":"IFERROR(VLOOKUP(B136,ورقة1!$I$3:$K$1048576,3,0),0)","v":0},null,0]
[null,"إجمالى الفاتورة",null,{"$f":"SUM(F113:F136)","v":0}]
[null,"معدل الخصم",null,{"$f":"D139/100","v":0}]
[null,"قيمة الخصم"]
[null,"صافى قيمة الفاتورة",null,{"$f":"D137-D139","v":0}]
[]
[null,"رقم الفاتورة",{"$f":"C107+1","v":104},"المندوب",{"$f":"IFERROR(VLOOKUP(C145,ورقة1!$B$3:$G$1048576,3,0),)","v":0}]
[null,"التاريخ",null,"المشرف",{"$f":"IFERROR(VLOOKUP(C145,ورقة1!$B$3:$G$1048576,4,0),)","v":0}]
[null,"نوع الفاتورة",null,"الفئة الاساسية",{"$f":"IFERROR(VLOOKUP(C145,ورقة1!$B$3:$G$1048576,5,0),)","v":0}]
[null,"كود العميل",null,"الفئة الفرعية",{"$f":"IFERROR(VLOOKUP(C145,ورقة1!$B$3:$G$1048576,6,0),)","v":0}]
[null,"العميل",{"$f":"IFERROR(VLOOKUP(C145,ورقة1!$B$2:$G$1048576,2,0),)","v":0}]
[null,"الكود","الصنف","السعر ","الكمية","الاجمالى"]
[null,null,{"$f":"IFERROR(VLOOKUP(B148,ورقة1!$I$3:$K$1048576,2,0),)","v":0},{"$f":"IFERROR(VLOOKUP(B148,ورقة1!$I$3:$K$1048576,3,0),0)","v":0},null,{"$f":"D148*E148","v":0}]
[null,null,{"$f":"IFERROR(VLOOKUP(B149,ورقة1!$I$3:$K$1048576,2,0),)","v":0},{"$f":"IFERROR(VLOOKUP(B149,ورقة1!$I$3:$K$1048576,3,0),0)","v":0},null,{"$f":"D149*E149","v":0}]
[null,null,{"$f":"IFERROR(VLOOKUP(B150,ورقة1!$I$3:$K$1048576,2,0),)","v":0},{"$f":"IFERROR(VLOOKUP(B150,ورقة1!$I$3:$K$1048576,3,0),0)","v":0},null,0]
[null,null,{"$f":"IFERROR(VLOOKUP(B151,ورقة1!$I$3:$K$1048576,2,0),)","v":0},{"$f":"IFERROR(VLOOKUP(B151,ورقة1!$I$3:$K$1048576,3,0),0)","v":0},null,0]
[null,null,{"$f":"IFERROR(VLOOKUP(B152,ورقة1!$I$3:$K$1048576,2,0),)","v":0},{"$f":"IFERROR(VLOOKUP(B152,ورقة1!$I$3:$K$1048576,3,0),0)","v":0},null,0]
[null,null,{"$f":"IFERROR(VLOOKUP(B153,ورقة1!$I$3:$K$1048576,2,0),)","v":0},{"$f":"IFERROR(VLOOKUP(B153,ورقة1!$I$3:$K$1048576,3,0),0)","v":0},null,0]
[null,null,{"$f":"IFERROR(VLOOKUP(B154,ورقة1!$I$3:$K$1048576,2,0),)","v":0},{"$f":"IFERROR(VLOOKUP(B154,ورقة1!$I$3:$K$1048576,3,0),0)","v":0},null,0]
[null,null,{"$f":"IFERROR(VLOOKUP(B155,ورقة1!$I$3:$K$1048576,2,0),)","v":0},{"$f":"IFERROR(VLOOKUP(B155,ورقة1!$I$3:$K$1048576,3,0),0)","v":0},null,0]
[null,null,{"$f":"IFERROR(VLOOKUP(B156,ورقة1!$I$3:$K$1048576,2,0),)","v":0},{"$f":"IFERROR(VLOOKUP(B156,ورقة1!$I$3:$K$1048576,3,0),0)","v":0},null,0]
[null,null,{"$f":"IFERROR(VLOOKUP(B157,ورقة1!$I$3:$K$1048576,2,0),)","v":0},{"$f":"IFERROR(VLOOKUP(B157,ورقة1!$I$3:$K$1048576,3,0),0)","v":0},null,0]
[null,null,{"$f":"IFERROR(VLOOKUP(B158,ورقة1!$I$3:$K$1048576,2,0),)","v":0},{"$f":"IFERROR(VLOOKUP(B158,ورقة1!$I$3:$K$1048576,3,0),0)","v":0},null,0]
[null,null,{"$f":"IFERROR(VLOOKUP(B159,ورقة1!$I$3:$K$1048576,2,0),)","v":0},{"$f":"IFERROR(VLOOKUP(B159,ورقة1!$I$3:$K$1048576,3,0),0)","v":0},null,0]
[null,null,{"$f":"IFERROR(VLOOKUP(B160,ورقة1!$I$3:$K$1048576,2,0),)","v":0},{"$f":"IFERROR(VLOOKUP(B160,ورقة1!$I$3:$K$1048576,3,0),0)","v":0},null,0]
[null,null,{"$f":"IFERROR(VLOOKUP(B161,ورقة1!$I$3:$K$1048576,2,0),)","v":0},{"$f":"IFERROR(VLOOKUP(B161,ورقة1!$I$3:$K$1048576,3,0),0)","v":0},null,0]
[null,null,{"$f":"IFERROR(VLOOKUP(B162,ورقة1!$I$3:$K$1048576,2,0),)","v":0},{"$f":"IFERROR(VLOOKUP(B162,ورقة1!$I$3:$K$1048576,3,0),0)","v":0},null,0]
[null,null,{"$f":"IFERROR(VLOOKUP(B163,ورقة1!$I$3:$K$1048576,2,0),)","v":0},{"$f":"IFERROR(VLOOKUP(B163,ورقة1!$I$3:$K$1048576,3,0),0)","v":0},null,0]
[null,null,{"$f":"IFERROR(VLOOKUP(B164,ورقة1!$I$3:$K$1048576,2,0),)","v":0},{"$f":"IFERROR(VLOOKUP(B164,ورقة1!$I$3:$K$1048576,3,0),0)","v":0},null,0]
[null,null,{"$f":"IFERROR(VLOOKUP(B165,ورقة1!$I$3:$K$1048576,2,0),)","v":0},{"$f":"IFERROR(VLOOKUP(B165,ورقة1!$I$3:$K$1048576,3,0),0)","v":0},null,0]
[null,null,{"$f":"IFERROR(VLOOKUP(B166,ورقة1!$I$3:$K$1048576,2,0),)","v":0},{"$f":"IFERROR(VLOOKUP(B166,ورقة1!$I$3:$K$1048576,3,0),0)","v":0},null,0]
[null,null,{"$f":"IFERROR(VLOOKUP(B167,ورقة1!$I$3:$K$1048576,2,0),)","v":0},{"$f":"IFERROR(VLOOKUP(B167,ورقة1!$I$3:$K$1048576,3,0),0)","v":0},null,0]
[null,null,{"$f":"IFERROR(VLOOKUP(B168,ورقة1!$I$3:$K$1048576,2,0),)","v":0},{"$f":"IFERROR(VLOOKUP(B168,ورقة1!$I$3:$K$1048576,3,0),0)","v":0},null,0]
[null,null,{"$f":"IFERROR(VLOOKUP(B169,ورقة1!$I$3:$K$1048576,2,0),)","v":0},{"$f":"IFERROR(VLOOKUP(B169,ورقة1!$I$3:$K$1048576,3,0),0)","v":0},null,0]
[null,null,{"$f":"IFERROR(VLOOKUP(B170,ورقة1!$I$3:$K$1048576,2,0),)","v":0},{"$f":"IFERROR(VLOOKUP(B170,ورقة1!$I$3:$K$1048576,3,0),0)","v":0},null,0]
[null,null,{"$f":"IFERROR(VLOOKUP(B171,ورقة1!$I$3:$K$1048576,2,0),)","v":0},{"$f":"IFERROR(VLOOKUP(B171,ورقة1!$I$3:$K$1048576,3,0),0)","v":0},null,0]
[null,"إجمالى الفاتورة",null,{"$f":"SUM(F148:F171)","v":0}]
[null,"معدل الخصم",null,{"$f":"D174/100","v":0}]
[null,"قيمة الخصم"]
[null,"صافى قيمة الفاتورة",null,{"$f":"D172-D174","v":0}]
[]
[null,"رقم الفاتورة",{"$f":"C142+1","v":105},"المندوب",{"$f":"IFERROR(VLOOKUP(C180,ورقة1!$B$3:$G$1048576,3,0),)","v":0}]
[null,"التاريخ",null,"المشرف",{"$f":"IFERROR(VLOOKUP(C180,ورقة1!$B$3:$G$1048576,4,0),)","v":0}]
[null,"نوع الفاتورة",null,"الفئة الاساسية",{"$f":"IFERROR(VLOOKUP(C180,ورقة1!$B$3:$G$1048576,5,0),)","v":0}]
[null,"كود العميل",null,"الفئة الفرعية",{"$f":"IFERROR(VLOOKUP(C180,ورقة1!$B$3:$G$1048576,6,0),)","v":0}]
[null,"العميل",{"$f":"IFERROR(VLOOKUP(C180,ورقة1!$B$2:$G$1048576,2,0),)","v":0}]
[null,"الكود","الصنف","السعر ","الكمية","الاجمالى"]
[null,null,{"$f":"IFERROR(VLOOKUP(B183,ورقة1!$I$3:$K$1048576,2,0),)","v":0},{"$f":"IFERROR(VLOOKUP(B183,ورقة1!$I$3:$K$1048576,3,0),0)","v":0},null,{"$f":"D183*E183","v":0}]
[null,null,{"$f":"IFERROR(VLOOKUP(B184,ورقة1!$I$3:$K$1048576,2,0),)","v":0},{"$f":"IFERROR(VLOOKUP(B184,ورقة1!$I$3:$K$1048576,3,0),0)","v":0},null,{"$f":"D184*E184","v":0}]
[null,null,{"$f":"IFERROR(VLOOKUP(B185,ورقة1!$I$3:$K$1048576,2,0),)","v":0},{"$f":"IFERROR(VLOOKUP(B185,ورقة1!$I$3:$K$1048576,3,0),0)","v":0},null,0]
[null,null,{"$f":"IFERROR(VLOOKUP(B186,ورقة1!$I$3:$K$1048576,2,0),)","v":0},{"$f":"IFERROR(VLOOKUP(B186,ورقة1!$I$3:$K$1048576,3,0),0)","v":0},null,0]
[null,null,{"$f":"IFERROR(VLOOKUP(B187,ورقة1!$I$3:$K$1048576,2,0),)","v":0},{"$f":"IFERROR(VLOOKUP(B187,ورقة1!$I$3:$K$1048576,3,0),0)","v":0},null,0]
[null,null,{"$f":"IFERROR(VLOOKUP(B188,ورقة1!$I$3:$K$1048576,2,0),)","v":0},{"$f":"IFERROR(VLOOKUP(B188,ورقة1!$I$3:$K$1048576,3,0),0)","v":0},null,0]
[null,null,{"$f":"IFERROR(VLOOKUP(B189,ورقة1!$I$3:$K$1048576,2,0),)","v":0},{"$f":"IFERROR(VLOOKUP(B189,ورقة1!$I$3:$K$1048576,3,0),0)","v":0},null,0]
[null,null,{"$f":"IFERROR(VLOOKUP(B190,ورقة1!$I$3:$K$1048576,2,0),)","v":0},{"$f":"IFERROR(VLOOKUP(B190,ورقة1!$I$3:$K$1048576,3,0),0)","v":0},null,0]
[null,null,{"$f":"IFERROR(VLOOKUP(B191,ورقة1!$I$3:$K$1048576,2,0),)","v":0},{"$f":"IFERROR(VLOOKUP(B191,ورقة1!$I$3:$K$1048576,3,0),0)","v":0},null,0]
[null,null,{"$f":"IFERROR(VLOOKUP(B192,ورقة1!$I$3:$K$1048576,2,0),)","v":0},{"$f":"IFERROR(VLOOKUP(B192,ورقة1!$I$3:$K$1048576,3,0),0)","v":0},null,0]
[null,null,{"$f":"IFERROR(VLOOKUP(B193,ورقة1!$I$3:$K$1048576,2,0),)","v":0},{"$f":"IFERROR(VLOOKUP(B193,ورقة1!$I$3:$K$1048576,3,0),0)","v":0},null,0]
[null,null,{"$f":"IFERROR(VLOOKUP(B194,ورقة1!$I$3:$K$1048576,2,0),)","v":0},{"$f":"IFERROR(VLOOKUP(B194,ورقة1!$I$3:$K$1048576,3,0),0)","v":0},null,0]
[null,null,{"$f":"IFERROR(VLOOKUP(B195,ورقة1!$I$3:$K$1048576,2,0),)","v":0},{"$f":"IFERROR(VLOOKUP(B195,ورقة1!$I$3:$K$1048576,3,0),0)","v":0},null,0]
[null,null,{"$f":"IFERROR(VLOOKUP(B196,ورقة1!$I$3:$K$1048576,2,0),)","v":0},{"$f":"IFERROR(VLOOKUP(B196,ورقة1!$I$3:$K$1048576,3,0),0)","v":0},null,0]
[null,null,{"$f":"IFERROR(VLOOKUP(B197,ورقة1!$I$3:$K$1048576,2,0),)","v":0},{"$f":"IFERROR(VLOOKUP(B197,ورقة1!$I$3:$K$1048576,3,0),0)","v":0},null,0]
[null,null,{"$f":"IFERROR(VLOOKUP(B198,ورقة1!$I$3:$K$1048576,2,0),)","v":0},{"$f":"IFERROR(VLOOKUP(B198,ورقة1!$I$3:$K$1048576,3,0),0)","v":0},null,0]
[null,null,{"$f":"IFERROR(VLOOKUP(B199,ورقة1!$I$3:$K$1048576,2,0),)","v":0},{"$f":"IFERROR(VLOOKUP(B199,ورقة1!$I$3:$K$1048576,3,0),0)","v":0},null,0]
[null,null,{"$f":"IFERROR(VLOOKUP(B200,ورقة1!$I$3:$K$1048576,2,0),)","v":0},{"$f":"IFERROR(VLOOKUP(B200,ورقة1!$I$3:$K$1048576,3,0),0)","v":0},null,0]
[null,null,{"$f":"IFERROR(VLOOKUP(B201,ورقة1!$I$3:$K$1048576,2,0),)","v":0},{"$f":"IFERROR(VLOOKUP(B201,ورقة1!$I$3:$K$1048576,3,0),0)","v":0},null,0]
[null,null,{"$f":"IFERROR(VLOOKUP(B202,ورقة1!$I$3:$K$1048576,2,0),)","v":0},{"$f":"IFERROR(VLOOKUP(B202,ورقة1!$I$3:$K$1048576,3,0),0)","v":0},null,0]
[null,null,{"$f":"IFERROR(VLOOKUP(B203,ورقة1!$I$3:$K$1048576,2,0),)","v":0},{"$f":"IFERROR(VLOOKUP(B203,ورقة1!$I$3:$K$1048576,3,0),0)","v":0},null,0]
[null,null,{"$f":"IFERROR(VLOOKUP(B204,ورقة1!$I$3:$K$1048576,2,0),)","v":0},{"$f":"IFERROR(VLOOKUP(B204,ورقة1!$I$3:$K$1048576,3,0),0)","v":0},null,0]
[null,null,{"$f":"IFERROR(VLOOKUP(B205,ورقة1!$I$3:$K$1048576,2,0),)","v":0},{"$f":"IFERROR(VLOOKUP(B205,ورقة1!$I$3:$K$1048576,3,0),0)","v":0},null,0]
[null,null,{"$f":"IFERROR(VLOOKUP(B206,ورقة1!$I$3:$K$1048576,2,0),)","v":0},{"$f":"IFERROR(VLOOKUP(B206,ورقة1!$I$3:$K$1048576,3,0),0)","v":0},null,0]
[null,"إجمالى الفاتورة",null,{"$f":"SUM(F183:F206)","v":0}]
[null,"معدل الخصم",null,{"$f":"D209/100","v":0}]
[null,"قيمة الخصم"]
[null,"صافى قيمة الفاتورة",null,{"$f":"D207-D209","v":0}]
[]
[null,"رقم الفاتورة",{"$f":"C177+1","v":106},"المندوب",{"$f":"IFERROR(VLOOKUP(C215,ورقة1!$B$3:$G$1048576,3,0),)","v":0}]
[null,"التاريخ",null,"المشرف",{"$f":"IFERROR(VLOOKUP(C215,ورقة1!$B$3:$G$1048576,4,0),)","v":0}]
[null,"نوع الفاتورة",null,"الفئة الاساسية",{"$f":"IFERROR(VLOOKUP(C215,ورقة1!$B$3:$G$1048576,5,0),)","v":0}]
[null,"كود العميل",null,"الفئة الفرعية",{"$f":"IFERROR(VLOOKUP(C215,ورقة1!$B$3:$G$1048576,6,0),)","v":0}]
[null,"العميل",{"$f":"IFERROR(VLOOKUP(C215,ورقة1!$B$2:$G$1048576,2,0),)","v":0}]
[null,"الكود","الصنف","السعر ","الكمية","الاجمالى"]
[null,null,{"$f":"IFERROR(VLOOKUP(B218,ورقة1!$I$3:$K$1048576,2,0),)","v":0},{"$f":"IFERROR(VLOOKUP(B218,ورقة1!$I$3:$K$1048576,3,0),0)","v":0},null,{"$f":"D218*E218","v":0}]
[null,null,{"$f":"IFERROR(VLOOKUP(B219,ورقة1!$I$3:$K$1048576,2,0),)","v":0},{"$f":"IFERROR(VLOOKUP(B219,ورقة1!$I$3:$K$1048576,3,0),0)","v":0},null,{"$f":"D219*E219","v":0}]
[null,null,{"$f":"IFERROR(VLOOKUP(B220,ورقة1!$I$3:$K$1048576,2,0),)","v":0},{"$f":"IFERROR(VLOOKUP(B220,ورقة1!$I$3:$K$1048576,3,0),0)","v":0},null,0]
[null,null,{"$f":"IFERROR(VLOOKUP(B221,ورقة1!$I$3:$K$1048576,2,0),)","v":0},{"$f":"IFERROR(VLOOKUP(B221,ورقة1!$I$3:$K$1048576,3,0),0)","v":0},null,0]
[null,null,{"$f":"IFERROR(VLOOKUP(B222,ورقة1!$I$3:$K$1048576,2,0),)","v":0},{"$f":"IFERROR(VLOOKUP(B222,ورقة1!$I$3:$K$1048576,3,0),0)","v":0},null,0]
[null,null,{"$f":"IFERROR(VLOOKUP(B223,ورقة1!$I$3:$K$1048576,2,0),)","v":0},{"$f":"IFERROR(VLOOKUP(B223,ورقة1!$I$3:$K$1048576,3,0),0)","v":0},null,0]
[null,null,{"$f":"IFERROR(VLOOKUP(B224,ورقة1!$I$3:$K$1048576,2,0),)","v":0},{"$f":"IFERROR(VLOOKUP(B224,ورقة1!$I$3:$K$1048576,3,0),0)","v":0},null,0]
[null,null,{"$f":"IFERROR(VLOOKUP(B225,ورقة1!$I$3:$K$1048576,2,0),)","v":0},{"$f":"IFERROR(VLOOKUP(B225,ورقة1!$I$3:$K$1048576,3,0),0)","v":0},null,0]
[null,null,{"$f":"IFERROR(VLOOKUP(B226,ورقة1!$I$3:$K$1048576,2,0),)","v":0},{"$f":"IFERROR(VLOOKUP(B226,ورقة1!$I$3:$K$1048576,3,0),0)","v":0},null,0]
[null,null,{"$f":"IFERROR(VLOOKUP(B227,ورقة1!$I$3:$K$1048576,2,0),)","v":0},{"$f":"IFERROR(VLOOKUP(B227,ورقة1!$I$3:$K$1048576,3,0),0)","v":0},null,0]
[null,null,{"$f":"IFERROR(VLOOKUP(B228,ورقة1!$I$3:$K$1048576,2,0),)","v":0},{"$f":"IFERROR(VLOOKUP(B228,ورقة1!$I$3:$K$1048576,3,0),0)","v":0},null,0]
[null,null,{"$f":"IFERROR(VLOOKUP(B229,ورقة1!$I$3:$K$1048576,2,0),)","v":0},{"$f":"IFERROR(VLOOKUP(B229,ورقة1!$I$3:$K$1048576,3,0),0)","v":0},null,0]
[null,null,{"$f":"IFERROR(VLOOKUP(B230,ورقة1!$I$3:$K$1048576,2,0),)","v":0},{"$f":"IFERROR(VLOOKUP(B230,ورقة1!$I$3:$K$1048576,3,0),0)","v":0},null,0]
[null,null,{"$f":"IFERROR(VLOOKUP(B231,ورقة1!$I$3:$K$1048576,2,0),)","v":0},{"$f":"IFERROR(VLOOKUP(B231,ورقة1!$I$3:$K$1048576,3,0),0)","v":0},null,0]
[null,null,{"$f":"IFERROR(VLOOKUP(B232,ورقة1!$I$3:$K$1048576,2,0),)","v":0},{"$f":"IFERROR(VLOOKUP(B232,ورقة1!$I$3:$K$1048576,3,0),0)","v":0},null,0]
[null,null,{"$f":"IFERROR(VLOOKUP(B233,ورقة1!$I$3:$K$1048576,2,0),)","v":0},{"$f":"IFERROR(VLOOKUP(B233,ورقة1!$I$3:$K$1048576,3,0),0)","v":0},null,0]
[null,null,{"$f":"IFERROR(VLOOKUP(B234,ورقة1!$I$3:$K$1048576,2,0),)","v":0},{"$f":"IFERROR(VLOOKUP(B234,ورقة1!$I$3:$K$1048576,3,0),0)","v":0},null,0]
[null,null,{"$f":"IFERROR(VLOOKUP(B235,ورقة1!$I$3:$K$1048576,2,0),)","v":0},{"$f":"IFERROR(VLOOKUP(B235,ورقة1!$I$3:$K$1048576,3,0),0)","v":0},null,0]
[null,null,{"$f":"IFERROR(VLOOKUP(B236,ورقة1!$I$3:$K$1048576,2,0),)","v":0},{"$f":"IFERROR(VLOOKUP(B236,ورقة1!$I$3:$K$1048576,3,0),0)","v":0},null,0]
[null,null,{"$f":"IFERROR(VLOOKUP(B237,ورقة1!$I$3:$K$1048576,2,0),)","v":0},{"$f":"IFERROR(VLOOKUP(B237,ورقة1!$I$3:$K$1048576,3,0),0)","v":0},null,0]
[null,null,{"$f":"IFERROR(VLOOKUP(B238,ورقة1!$I$3:$K$1048576,2,0),)","v":0},{"$f":"IFERROR(VLOOKUP(B238,ورقة1!$I$3:$K$1048576,3,0),0)","v":0},null,0]
[null,null,{"$f":"IFERROR(VLOOKUP(B239,ورقة1!$I$3:$K$1048576,2,0),)","v":0},{"$f":"IFERROR(VLOOKUP(B239,ورقة1!$I$3:$K$1048576,3,0),0)","v":0},null,0]
[null,null,{"$f":"IFERROR(VLOOKUP(B240,ورقة1!$I$3:$K$1048576,2,0),)","v":0},{"$f":"IFERROR(VLOOKUP(B240,ورقة1!$I$3:$K$1048576,3,0),0)","v":0},null,0]
[null,null,{"$f":"IFERROR(VLOOKUP(B241,ورقة1!$I$3:$K$1048576,2,0),)","v":0},{"$f":"IFERROR(VLOOKUP(B241,ورقة1!$I$3:$K$1048576,3,0),0)","v":0},null,0]
[null,"إجمالى الفاتورة",null,{"$f":"SUM(F218:F241)","v":0}]
[null,"معدل الخصم",null,{"$f":"D244/100","v":0}]
[null,"قيمة الخصم"]
[null,"صافى قيمة الفاتورة",null,{"$f":"D242-D244","v":0}]
[]
[null,"رقم الفاتورة",{"$f":"C212+1","v":107},"المندوب",{"$f":"IFERROR(VLOOKUP(C250,ورقة1!$B$3:$G$1048576,3,0),)","v":0}]
[null,"التاريخ",null,"المشرف",{"$f":"IFERROR(VLOOKUP(C250,ورقة1!$B$3:$G$1048576,4,0),)","v":0}]
[null,"نوع الفاتورة",null,"الفئة الاساسية",{"$f":"IFERROR(VLOOKUP(C250,ورقة1!$B$3:$G$1048576,5,0),)","v":0}]
[null,"كود العميل",null,"الفئة الفرعية",{"$f":"IFERROR(VLOOKUP(C250,ورقة1!$B$3:$G$1048576,6,0),)","v":0}]
[null,"العميل",{"$f":"IFERROR(VLOOKUP(C250,ورقة1!$B$2:$G$1048576,2,0),)","v":0}]
[null,"الكود","الصنف","السعر ","الكمية","الاجمالى"]
[null,null,{"$f":"IFERROR(VLOOKUP(B253,ورقة1!$I$3:$K$1048576,2,0),)","v":0},{"$f":"IFERROR(VLOOKUP(B253,ورقة1!$I$3:$K$1048576,3,0),0)","v":0},null,{"$f":"D253*E253","v":0}]
[null,null,{"$f":"IFERROR(VLOOKUP(B254,ورقة1!$I$3:$K$1048576,2,0),)","v":0},{"$f":"IFERROR(VLOOKUP(B254,ورقة1!$I$3:$K$1048576,3,0),0)","v":0},null,{"$f":"D254*E254","v":0}]
[null,null,{"$f":"IFERROR(VLOOKUP(B255,ورقة1!$I$3:$K$1048576,2,0),)","v":0},{"$f":"IFERROR(VLOOKUP(B255,ورقة1!$I$3:$K$1048576,3,0),0)","v":0},null,0]
[null,null,{"$f":"IFERROR(VLOOKUP(B256,ورقة1!$I$3:$K$1048576,2,0),)","v":0},{"$f":"IFERROR(VLOOKUP(B256,ورقة1!$I$3:$K$1048576,3,0),0)","v":0},null,0]
[null,null,{"$f":"IFERROR(VLOOKUP(B257,ورقة1!$I$3:$K$1048576,2,0),)","v":0},{"$f":"IFERROR(VLOOKUP(B257,ورقة1!$I$3:$K$1048576,3,0),0)","v":0},null,0]
[null,null,{"$f":"IFERROR(VLOOKUP(B258,ورقة1!$I$3:$K$1048576,2,0),)","v":0},{"$f":"IFERROR(VLOOKUP(B258,ورقة1!$I$3:$K$1048576,3,0),0)","v":0},null,0]
[null,null,{"$f":"IFERROR(VLOOKUP(B259,ورقة1!$I$3:$K$1048576,2,0),)","v":0},{"$f":"IFERROR(VLOOKUP(B259,ورقة1!$I$3:$K$1048576,3,0),0)","v":0},null,0]
[null,null,{"$f":"IFERROR(VLOOKUP(B260,ورقة1!$I$3:$K$1048576,2,0),)","v":0},{"$f":"IFERROR(VLOOKUP(B260,ورقة1!$I$3:$K$1048576,3,0),0)","v":0},null,0]
[null,null,{"$f":"IFERROR(VLOOKUP(B261,ورقة1!$I$3:$K$1048576,2,0),)","v":0},{"$f":"IFERROR(VLOOKUP(B261,ورقة1!$I$3:$K$1048576,3,0),0)","v":0},null,0]
[null,null,{"$f":"IFERROR(VLOOKUP(B262,ورقة1!$I$3:$K$1048576,2,0),)","v":0},{"$f":"IFERROR(VLOOKUP(B262,ورقة1!$I$3:$K$1048576,3,0),0)","v":0},null,0]
[null,null,{"$f":"IFERROR(VLOOKUP(B263,ورقة1!$I$3:$K$1048576,2,0),)","v":0},{"$f":"IFERROR(VLOOKUP(B263,ورقة1!$I$3:$K$1048576,3,0),0)","v":0},null,0]
[null,null,{"$f":"IFERROR(VLOOKUP(B264,ورقة1!$I$3:$K$1048576,2,0),)","v":0},{"$f":"IFERROR(VLOOKUP(B264,ورقة1!$I$3:$K$1048576,3,0),0)","v":0},null,0]
[null,null,{"$f":"IFERROR(VLOOKUP(B265,ورقة1!$I$3:$K$1048576,2,0),)","v":0},{"$f":"IFERROR(VLOOKUP(B265,ورقة1!$I$3:$K$1048576,3,0),0)","v":0},null,0]
[null,null,{"$f":"IFERROR(VLOOKUP(B266,ورقة1!$I$3:$K$1048576,2,0),)","v":0},{"$f":"IFERROR(VLOOKUP(B266,ورقة1!$I$3:$K$1048576,3,0),0)","v":0},null,0]
[null,null,{"$f":"IFERROR(VLOOKUP(B267,ورقة1!$I$3:$K$1048576,2,0),)","v":0},{"$f":"IFERROR(VLOOKUP(B267,ورقة1!$I$3:$K$1048576,3,0),0)","v":0},null,0]
[null,null,{"$f":"IFERROR(VLOOKUP(B268,ورقة1!$I$3:$K$1048576,2,0),)","v":0},{"$f":"IFERROR(VLOOKUP(B268,ورقة1!$I$3:$K$1048576,3,0),0)","v":0},null,0]
[null,null,{"$f":"IFERROR(VLOOKUP(B269,ورقة1!$I$3:$K$1048576,2,0),)","v":0},{"$f":"IFERROR(VLOOKUP(B269,ورقة1!$I$3:$K$1048576,3,0),0)","v":0},null,0]
[null,null,{"$f":"IFERROR(VLOOKUP(B270,ورقة1!$I$3:$K$1048576,2,0),)","v":0},{"$f":"IFERROR(VLOOKUP(B270,ورقة1!$I$3:$K$1048576,3,0),0)","v":0},null,0]
[null,null,{"$f":"IFERROR(VLOOKUP(B271,ورقة1!$I$3:$K$1048576,2,0),)","v":0},{"$f":"IFERROR(VLOOKUP(B271,ورقة1!$I$3:$K$1048576,3,0),0)","v":0},null,0]
[null,null,{"$f":"IFERROR(VLOOKUP(B272,ورقة1!$I$3:$K$1048576,2,0),)","v":0},{"$f":"IFERROR(VLOOKUP(B272,ورقة1!$I$3:$K$1048576,3,0),0)","v":0},null,0]
[null,null,{"$f":"IFERROR(VLOOKUP(B273,ورقة1!$I$3:$K$1048576,2,0),)","v":0},{"$f":"IFERROR(VLOOKUP(B273,ورقة1!$I$3:$K$1048576,3,0),0)","v":0},null,0]
[null,null,{"$f":"IFERROR(VLOOKUP(B274,ورقة1!$I$3:$K$1048576,2,0),)","v":0},{"$f":"IFERROR(VLOOKUP(B274,ورقة1!$I$3:$K$1048576,3,0),0)","v":0},null,0]
[null,null,{"$f":"IFERROR(VLOOKUP(B275,ورقة1!$I$3:$K$1048576,2,0),)","v":0},{"$f":"IFERROR(VLOOKUP(B275,ورقة1!$I$3:$K$1048576,3,0),0)","v":0},null,0]
[null,null,{"$f":"IFERROR(VLOOKUP(B276,ورقة1!$I$3:$K$1048576,2,0),)","v":0},{"$f":"IFERROR(VLOOKUP(B276,ورقة1!$I$3:$K$1048576,3,0),0)","v":0},null,0]
[null,"إجمالى الفاتورة",null,{"$f":"SUM(F253:F276)","v":0}]
[null,"معدل الخصم",null,{"$f":"D279/100","v":0}]
[null,"قيمة الخصم"]
[null,"صافى قيمة الفاتورة",null,{"$f":"D277-D279","v":0}]
[]
[null,"رقم الفاتورة",{"$f":"C247+1","v":108},"المندوب",{"$f":"IFERROR(VLOOKUP(C285,ورقة1!$B$3:$G$1048576,3,0),)","v":0}]
[null,"التاريخ",null,"المشرف",{"$f":"IFERROR(VLOOKUP(C285,ورقة1!$B$3:$G$1048576,4,0),)","v":0}]
[null,"نوع الفاتورة",null,"الفئة الاساسية",{"$f":"IFERROR(VLOOKUP(C285,ورقة1!$B$3:$G$1048576,5,0),)","v":0}]
[null,"كود العميل",null,"الفئة الفرعية",{"$f":"IFERROR(VLOOKUP(C285,ورقة1!$B$3:$G$1048576,6,0),)","v":0}]
[null,"العميل",{"$f":"IFERROR(VLOOKUP(C285,ورقة1!$B$2:$G$1048576,2,0),)","v":0}]
[null,"الكود","الصنف","السعر ","الكمية","الاجمالى"]
[null,null,{"$f":"IFERROR(VLOOKUP(B288,ورقة1!$I$3:$K$1048576,2,0),)","v":0},{"$f":"IFERROR(VLOOKUP(B288,ورقة1!$I$3:$K$1048576,3,0),0)","v":0},null,{"$f":"D288*E288","v":0}]
[null,null,{"$f":"IFERROR(VLOOKUP(B289,ورقة1!$I$3:$K$1048576,2,0),)","v":0},{"$f":"IFERROR(VLOOKUP(B289,ورقة1!$I$3:$K$1048576,3,0),0)","v":0},null,{"$f":"D289*E289","v":0}]
[null,null,{"$f":"IFERROR(VLOOKUP(B290,ورقة1!$I$3:$K$1048576,2,0),)","v":0},{"$f":"IFERROR(VLOOKUP(B290,ورقة1!$I$3:$K$1048576,3,0),0)","v":0},null,0]
[null,null,{"$f":"IFERROR(VLOOKUP(B291,ورقة1!$I$3:$K$1048576,2,0),)","v":0},{"$f":"IFERROR(VLOOKUP(B291,ورقة1!$I$3:$K$1048576,3,0),0)","v":0},null,0]
[null,null,{"$f":"IFERROR(VLOOKUP(B292,ورقة1!$I$3:$K$1048576,2,0),)","v":0},{"$f":"IFERROR(VLOOKUP(B292,ورقة1!$I$3:$K$1048576,3,0),0)","v":0},null,0]
[null,null,{"$f":"IFERROR(VLOOKUP(B293,ورقة1!$I$3:$K$1048576,2,0),)","v":0},{"$f":"IFERROR(VLOOKUP(B293,ورقة1!$I$3:$K$1048576,3,0),0)","v":0},null,0]
[null,null,{"$f":"IFERROR(VLOOKUP(B294,ورقة1!$I$3:$K$1048576,2,0),)","v":0},{"$f":"IFERROR(VLOOKUP(B294,ورقة1!$I$3:$K$1048576,3,0),0)","v":0},null,0]
[null,null,{"$f":"IFERROR(VLOOKUP(B295,ورقة1!$I$3:$K$1048576,2,0),)","v":0},{"$f":"IFERROR(VLOOKUP(B295,ورقة1!$I$3:$K$1048576,3,0),0)","v":0},null,0]
[null,null,{"$f":"IFERROR(VLOOKUP(B296,ورقة1!$I$3:$K$1048576,2,0),)","v":0},{"$f":"IFERROR(VLOOKUP(B296,ورقة1!$I$3:$K$1048576,3,0),0)","v":0},null,0]
[null,null,{"$f":"IFERROR(VLOOKUP(B297,ورقة1!$I$3:$K$1048576,2,0),)","v":0},{"$f":"IFERROR(VLOOKUP(B297,ورقة1!$I$3:$K$1048576,3,0),0)","v":0},null,0]
[null,null,{"$f":"IFERROR(VLOOKUP(B298,ورقة1!$I$3:$K$1048576,2,0),)","v":0},{"$f":"IFERROR(VLOOKUP(B298,ورقة1!$I$3:$K$1048576,3,0),0)","v":0},null,0]
[null,null,{"$f":"IFERROR(VLOOKUP(B299,ورقة1!$I$3:$K$1048576,2,0),)","v":0},{"$f":"IFERROR(VLOOKUP(B299,ورقة1!$I$3:$K$1048576,3,0),0)","v":0},null,0]
[null,null,{"$f":"IFERROR(VLOOKUP(B300,ورقة1!$I$3:$K$1048576,2,0),)","v":0},{"$f":"IFERROR(VLOOKUP(B300,ورقة1!$I$3:$K$1048576,3,0),0)","v":0},null,0]
[null,null,{"$f":"IFERROR(VLOOKUP(B301,ورقة1!$I$3:$K$1048576,2,0),)","v":0},{"$f":"IFERROR(VLOOKUP(B301,ورقة1!$I$3:$K$1048576,3,0),0)","v":0},null,0]
[null,null,{"$f":"IFERROR(VLOOKUP(B302,ورقة1!$I$3:$K$1048576,2,0),)","v":0},{"$f":"IFERROR(VLOOKUP(B302,ورقة1!$I$3:$K$1048576,3,0),0)","v":0},null,0]
[null,null,{"$f":"IFERROR(VLOOKUP(B303,ورقة1!$I$3:$K$1048576,2,0),)","v":0},{"$f":"IFERROR(VLOOKUP(B303,ورقة1!$I$3:$K$1048576,3,0),0)","v":0},null,0]
[null,null,{"$f":"IFERROR(VLOOKUP(B304,ورقة1!$I$3:$K$1048576,2,0),)","v":0},{"$f":"IFERROR(VLOOKUP(B304,ورقة1!$I$3:$K$1048576,3,0),0)","v":0},null,0]
[null,null,{"$f":"IFERROR(VLOOKUP(B305,ورقة1!$I$3:$K$1048576,2,0),)","v":0},{"$f":"IFERROR(VLOOKUP(B305,ورقة1!$I$3:$K$1048576,3,0),0)","v":0},null,0]
[null,null,{"$f":"IFERROR(VLOOKUP(B306,ورقة1!$I$3:$K$1048576,2,0),)","v":0},{"$f":"IFERROR(VLOOKUP(B306,ورقة1!$I$3:$K$1048576,3,0),0)","v":0},null,0]
[null,null,{"$f":"IFERROR(VLOOKUP(B307,ورقة1!$I$3:$K$1048576,2,0),)","v":0},{"$f":"IFERROR(VLOOKUP(B307,ورقة1!$I$3:$K$1048576,3,0),0)","v":0},null,0]
[null,null,{"$f":"IFERROR(VLOOKUP(B308,ورقة1!$I$3:$K$1048576,2,0),)","v":0},{"$f":"IFERROR(VLOOKUP(B308,ورقة1!$I$3:$K$1048576,3,0),0)","v":0},null,0]
[null,null,{"$f":"IFERROR(VLOOKUP(B309,ورقة1!$I$3:$K$1048576,2,0),)","v":0},{"$f":"IFERROR(VLOOKUP(B309,ورقة1!$I$3:$K$1048576,3,0),0)","v":0},null,0]
[null,null,{"$f":"IFERROR(VLOOKUP(B310,ورقة1!$I$3:$K$1048576,2,0),)","v":0},{"$f":"IFERROR(VLOOKUP(B310,ورقة1!$I$3:$K$1048576,3,0),0)","v":0},null,0]
[null,null,{"$f":"IFERROR(VLOOKUP(B311,ورقة1!$I$3:$K$1048576,2,0),)","v":0},{"$f":"IFERROR(VLOOKUP(B311,ورقة1!$I$3:$K$1048576,3,0),0)","v":0},null,0]
[null,"إجمالى الفاتورة",null,{"$f":"SUM(F288:F311)","v":0}]
[null,"معدل الخصم",null,{"$f":"D314/100","v":0}]
[null,"قيمة الخصم"]
[null,"صافى قيمة الفاتورة",null,{"$f":"D312-D314","v":0}]
[]
[null,"رقم الفاتورة",{"$f":"C282+1","v":109},"المندوب",{"$f":"IFERROR(VLOOKUP(C320,ورقة1!$B$3:$G$1048576,3,0),)","v":0}]
[null,"التاريخ",null,"المشرف",{"$f":"IFERROR(VLOOKUP(C320,ورقة1!$B$3:$G$1048576,4,0),)","v":0}]
[null,"نوع الفاتورة",null,"الفئة الاساسية",{"$f":"IFERROR(VLOOKUP(C320,ورقة1!$B$3:$G$1048576,5,0),)","v":0}]
[null,"كود العميل",null,"الفئة الفرعية",{"$f":"IFERROR(VLOOKUP(C320,ورقة1!$B$3:$G$1048576,6,0),)","v":0}]
[null,"العميل",{"$f":"IFERROR(VLOOKUP(C320,ورقة1!$B$2:$G$1048576,2,0),)","v":0}]
[null,"الكود","الصنف","السعر ","الكمية","الاجمالى"]
[null,null,{"$f":"IFERROR(VLOOKUP(B323,ورقة1!$I$3:$K$1048576,2,0),)","v":0},{"$f":"IFERROR(VLOOKUP(B323,ورقة1!$I$3:$K$1048576,3,0),0)","v":0},null,{"$f":"D323*E323","v":0}]
[null,null,{"$f":"IFERROR(VLOOKUP(B324,ورقة1!$I$3:$K$1048576,2,0),)","v":0},{"$f":"IFERROR(VLOOKUP(B324,ورقة1!$I$3:$K$1048576,3,0),0)","v":0},null,{"$f":"D324*E324","v":0}]
[null,null,{"$f":"IFERROR(VLOOKUP(B325,ورقة1!$I$3:$K$1048576,2,0),)","v":0},{"$f":"IFERROR(VLOOKUP(B325,ورقة1!$I$3:$K$1048576,3,0),0)","v":0},null,0]
[null,null,{"$f":"IFERROR(VLOOKUP(B326,ورقة1!$I$3:$K$1048576,2,0),)","v":0},{"$f":"IFERROR(VLOOKUP(B326,ورقة1!$I$3:$K$1048576,3,0),0)","v":0},null,0]
[null,null,{"$f":"IFERROR(VLOOKUP(B327,ورقة1!$I$3:$K$1048576,2,0),)","v":0},{"$f":"IFERROR(VLOOKUP(B327,ورقة1!$I$3:$K$1048576,3,0),0)","v":0},null,0]
[null,null,{"$f":"IFERROR(VLOOKUP(B328,ورقة1!$I$3:$K$1048576,2,0),)","v":0},{"$f":"IFERROR(VLOOKUP(B328,ورقة1!$I$3:$K$1048576,3,0),0)","v":0},null,0]
[null,null,{"$f":"IFERROR(VLOOKUP(B329,ورقة1!$I$3:$K$1048576,2,0),)","v":0},{"$f":"IFERROR(VLOOKUP(B329,ورقة1!$I$3:$K$1048576,3,0),0)","v":0},null,0]
[null,null,{"$f":"IFERROR(VLOOKUP(B330,ورقة1!$I$3:$K$1048576,2,0),)","v":0},{"$f":"IFERROR(VLOOKUP(B330,ورقة1!$I$3:$K$1048576,3,0),0)","v":0},null,0]
[null,null,{"$f":"IFERROR(VLOOKUP(B331,ورقة1!$I$3:$K$1048576,2,0),)","v":0},{"$f":"IFERROR(VLOOKUP(B331,ورقة1!$I$3:$K$1048576,3,0),0)","v":0},null,0]
[null,null,{"$f":"IFERROR(VLOOKUP(B332,ورقة1!$I$3:$K$1048576,2,0),)","v":0},{"$f":"IFERROR(VLOOKUP(B332,ورقة1!$I$3:$K$1048576,3,0),0)","v":0},null,0]
[null,null,{"$f":"IFERROR(VLOOKUP(B333,ورقة1!$I$3:$K$1048576,2,0),)","v":0},{"$f":"IFERROR(VLOOKUP(B333,ورقة1!$I$3:$K$1048576,3,0),0)","v":0},null,0]
[null,null,{"$f":"IFERROR(VLOOKUP(B334,ورقة1!$I$3:$K$1048576,2,0),)","v":0},{"$f":"IFERROR(VLOOKUP(B334,ورقة1!$I$3:$K$1048576,3,0),0)","v":0},null,0]
[null,null,{"$f":"IFERROR(VLOOKUP(B335,ورقة1!$I$3:$K$1048576,2,0),)","v":0},{"$f":"IFERROR(VLOOKUP(B335,ورقة1!$I$3:$K$1048576,3,0),0)","v":0},null,0]
[null,null,{"$f":"IFERROR(VLOOKUP(B336,ورقة1!$I$3:$K$1048576,2,0),)","v":0},{"$f":"IFERROR(VLOOKUP(B336,ورقة1!$I$3:$K$1048576,3,0),0)","v":0},null,0]
[null,null,{"$f":"IFERROR(VLOOKUP(B337,ورقة1!$I$3:$K$1048576,2,0),)","v":0},{"$f":"IFERROR(VLOOKUP(B337,ورقة1!$I$3:$K$1048576,3,0),0)","v":0},null,0]
[null,null,{"$f":"IFERROR(VLOOKUP(B338,ورقة1!$I$3:$K$1048576,2,0),)","v":0},{"$f":"IFERROR(VLOOKUP(B338,ورقة1!$I$3:$K$1048576,3,0),0)","v":0},null,0]
[null,null,{"$f":"IFERROR(VLOOKUP(B339,ورقة1!$I$3:$K$1048576,2,0),)","v":0},{"$f":"IFERROR(VLOOKUP(B339,ورقة1!$I$3:$K$1048576,3,0),0)","v":0},null,0]
[null,null,{"$f":"IFERROR(VLOOKUP(B340,ورقة1!$I$3:$K$1048576,2,0),)","v":0},{"$f":"IFERROR(VLOOKUP(B340,ورقة1!$I$3:$K$1048576,3,0),0)","v":0},null,0]
[null,null,{"$f":"IFERROR(VLOOKUP(B341,ورقة1!$I$3:$K$1048576,2,0),)","v":0},{"$f":"IFERROR(VLOOKUP(B341,ورقة1!$I$3:$K$1048576,3,0),0)","v":0},null,0]
[null,null,{"$f":"IFERROR(VLOOKUP(B342,ورقة1!$I$3:$K$1048576,2,0),)","v":0},{"$f":"IFERROR(VLOOKUP(B342,ورقة1!$I$3:$K$1048576,3,0),0)","v":0},null,0]
[null,null,{"$f":"IFERROR(VLOOKUP(B343,ورقة1!$I$3:$K$1048576,2,0),)","v":0},{"$f":"IFERROR(VLOOKUP(B343,ورقة1!$I$3:$K$1048576,3,0),0)","v":0},null,0]
[null,null,{"$f":"IFERROR(VLOOKUP(B344,ورقة1!$I$3:$K$1048576,2,0),)","v":0},{"$f":"IFERROR(VLOOKUP(B344,ورقة1!$I$3:$K$1048576,3,0),0)","v":0},null,0]
[null,null,{"$f":"IFERROR(VLOOKUP(B345,ورقة1!$I$3:$K$1048576,2,0),)","v":0},{"$f":"IFERROR(VLOOKUP(B345,ورقة1!$I$3:$K$1048576,3,0),0)","v":0},null,0]
[null,null,{"$f":"IFERROR(VLOOKUP(B346,ورقة1!$I$3:$K$1048576,2,0),)","v":0},{"$f":"IFERROR(VLOOKUP(B346,ورقة1!$I$3:$K$1048576,3,0),0)","v":0},null,0]
[null,"إجمالى الفاتورة",null,{"$f":"SUM(F323:F346)","v":0}]
[null,"معدل الخصم",null,{"$f":"D349/100","v":0}]
[null,"قيمة الخصم"]
[null,"صافى قيمة الفاتورة",null,{"$f":"D347-D349","v":0}]
[]
[null,"رقم الفاتورة",{"$f":"C317+1","v":110},"المندوب",{"$f":"IFERROR(VLOOKUP(C355,ورقة1!$B$3:$G$1048576,3,0),)","v":0}]
[null,"التاريخ",null,"المشرف",{"$f":"IFERROR(VLOOKUP(C355,ورقة1!$B$3:$G$1048576,4,0),)","v":0}]
[null,"نوع الفاتورة",null,"الفئة الاساسية",{"$f":"IFERROR(VLOOKUP(C355,ورقة1!$B$3:$G$1048576,5,0),)","v":0}]
[null,"كود العميل",null,"الفئة الفرعية",{"$f":"IFERROR(VLOOKUP(C355,ورقة1!$B$3:$G$1048576,6,0),)","v":0}]
[null,"العميل",{"$f":"IFERROR(VLOOKUP(C355,ورقة1!$B$2:$G$1048576,2,0),)","v":0}]
[null,"الكود","الصنف","السعر ","الكمية","الاجمالى"]
[null,null,{"$f":"IFERROR(VLOOKUP(B358,ورقة1!$I$3:$K$1048576,2,0),)","v":0},{"$f":"IFERROR(VLOOKUP(B358,ورقة1!$I$3:$K$1048576,3,0),0)","v":0},null,{"$f":"D358*E358","v":0}]
[null,null,{"$f":"IFERROR(VLOOKUP(B359,ورقة1!$I$3:$K$1048576,2,0),)","v":0},{"$f":"IFERROR(VLOOKUP(B359,ورقة1!$I$3:$K$1048576,3,0),0)","v":0},null,{"$f":"D359*E359","v":0}]
[null,null,{"$f":"IFERROR(VLOOKUP(B360,ورقة1!$I$3:$K$1048576,2,0),)","v":0},{"$f":"IFERROR(VLOOKUP(B360,ورقة1!$I$3:$K$1048576,3,0),0)","v":0},null,0]
[null,null,{"$f":"IFERROR(VLOOKUP(B361,ورقة1!$I$3:$K$1048576,2,0),)","v":0},{"$f":"IFERROR(VLOOKUP(B361,ورقة1!$I$3:$K$1048576,3,0),0)","v":0},null,0]
[null,null,{"$f":"IFERROR(VLOOKUP(B362,ورقة1!$I$3:$K$1048576,2,0),)","v":0},{"$f":"IFERROR(VLOOKUP(B362,ورقة1!$I$3:$K$1048576,3,0),0)","v":0},null,0]
[null,null,{"$f":"IFERROR(VLOOKUP(B363,ورقة1!$I$3:$K$1048576,2,0),)","v":0},{"$f":"IFERROR(VLOOKUP(B363,ورقة1!$I$3:$K$1048576,3,0),0)","v":0},null,0]
[null,null,{"$f":"IFERROR(VLOOKUP(B364,ورقة1!$I$3:$K$1048576,2,0),)","v":0},{"$f":"IFERROR(VLOOKUP(B364,ورقة1!$I$3:$K$1048576,3,0),0)","v":0},null,0]
[null,null,{"$f":"IFERROR(VLOOKUP(B365,ورقة1!$I$3:$K$1048576,2,0),)","v":0},{"$f":"IFERROR(VLOOKUP(B365,ورقة1!$I$3:$K$1048576,3,0),0)","v":0},null,0]
[null,null,{"$f":"IFERROR(VLOOKUP(B366,ورقة1!$I$3:$K$1048576,2,0),)","v":0},{"$f":"IFERROR(VLOOKUP(B366,ورقة1!$I$3:$K$1048576,3,0),0)","v":0},null,0]
[null,null,{"$f":"IFERROR(VLOOKUP(B367,ورقة1!$I$3:$K$1048576,2,0),)","v":0},{"$f":"IFERROR(VLOOKUP(B367,ورقة1!$I$3:$K$1048576,3,0),0)","v":0},null,0]
[null,null,{"$f":"IFERROR(VLOOKUP(B368,ورقة1!$I$3:$K$1048576,2,0),)","v":0},{"$f":"IFERROR(VLOOKUP(B368,ورقة1!$I$3:$K$1048576,3,0),0)","v":0},null,0]
[null,null,{"$f":"IFERROR(VLOOKUP(B369,ورقة1!$I$3:$K$1048576,2,0),)","v":0},{"$f":"IFERROR(VLOOKUP(B369,ورقة1!$I$3:$K$1048576,3,0),0)","v":0},null,0]
[null,null,{"$f":"IFERROR(VLOOKUP(B370,ورقة1!$I$3:$K$1048576,2,0),)","v":0},{"$f":"IFERROR(VLOOKUP(B370,ورقة1!$I$3:$K$1048576,3,0),0)","v":0},null,0]
[null,null,{"$f":"IFERROR(VLOOKUP(B371,ورقة1!$I$3:$K$1048576,2,0),)","v":0},{"$f":"IFERROR(VLOOKUP(B371,ورقة1!$I$3:$K$1048576,3,0),0)","v":0},null,0]
[null,null,{"$f":"IFERROR(VLOOKUP(B372,ورقة1!$I$3:$K$1048576,2,0),)","v":0},{"$f":"IFERROR(VLOOKUP(B372,ورقة1!$I$3:$K$1048576,3,0),0)","v":0},null,0]
[null,null,{"$f":"IFERROR(VLOOKUP(B373,ورقة1!$I$3:$K$1048576,2,0),)","v":0},{"$f":"IFERROR(VLOOKUP(B373,ورقة1!$I$3:$K$1048576,3,0),0)","v":0},null,0]
[null,null,{"$f":"IFERROR(VLOOKUP(B374,ورقة1!$I$3:$K$1048576,2,0),)","v":0},{"$f":"IFERROR(VLOOKUP(B374,ورقة1!$I$3:$K$1048576,3,0),0)","v":0},null,0]
[null,null,{"$f":"IFERROR(VLOOKUP(B375,ورقة1!$I$3:$K$1048576,2,0),)","v":0},{"$f":"IFERROR(VLOOKUP(B375,ورقة1!$I$3:$K$1048576,3,0),0)","v":0},null,0]
[null,null,{"$f":"IFERROR(VLOOKUP(B376,ورقة1!$I$3:$K$1048576,2,0),)","v":0},{"$f":"IFERROR(VLOOKUP(B376,ورقة1!$I$3:$K$1048576,3,0),0)","v":0},null,0]
[null,null,{"$f":"IFERROR(VLOOKUP(B377,ورقة1!$I$3:$K$1048576,2,0),)","v":0},{"$f":"IFERROR(VLOOKUP(B377,ورقة1!$I$3:$K$1048576,3,0),0)","v":0},null,0]
[null,null,{"$f":"IFERROR(VLOOKUP(B378,ورقة1!$I$3:$K$1048576,2,0),)","v":0},{"$f":"IFERROR(VLOOKUP(B378,ورقة1!$I$3:$K$1048576,3,0),0)","v":0},null,0]
[null,null,{"$f":"IFERROR(VLOOKUP(B379,ورقة1!$I$3:$K$1048576,2,0),)","v":0},{"$f":"IFERROR(VLOOKUP(B379,ورقة1!$I$3:$K$1048576,3,0),0)","v":0},null,0]
[null,null,{"$f":"IFERROR(VLOOKUP(B380,ورقة1!$I$3:$K$1048576,2,0),)","v":0},{"$f":"IFERROR(VLOOKUP(B380,ورقة1!$I$3:$K$1048576,3,0),0)","v":0},null,0]
[null,null,{"$f":"IFERROR(VLOOKUP(B381,ورقة1!$I$3:$K$1048576,2,0),)","v":0},{"$f":"IFERROR(VLOOKUP(B381,ورقة1!$I$3:$K$1048576,3,0),0)","v":0},null,0]
[null,"إجمالى الفاتورة",null,{"$f":"SUM(F358:F381)","v":0}]
[null,"معدل الخصم",null,{"$f":"D384/100","v":0}]
[null,"قيمة الخصم"]
[null,"صافى قيمة الفاتورة",null,{"$f":"D382-D384","v":0}]
[]
[null,"رقم الفاتورة",{"$f":"C352+1","v":111},"المندوب",{"$f":"IFERROR(VLOOKUP(C390,ورقة1!$B$3:$G$1048576,3,0),)","v":0}]
[null,"التاريخ",null,"المشرف",{"$f":"IFERROR(VLOOKUP(C390,ورقة1!$B$3:$G$1048576,4,0),)","v":0}]
[null,"نوع الفاتورة",null,"الفئة الاساسية",{"$f":"IFERROR(VLOOKUP(C390,ورقة1!$B$3:$G$1048576,5,0),)","v":0}]
[null,"كود العميل",null,"الفئة الفرعية",{"$f":"IFERROR(VLOOKUP(C390,ورقة1!$B$3:$G$1048576,6,0),)","v":0}]
[null,"العميل",{"$f":"IFERROR(VLOOKUP(C390,ورقة1!$B$2:$G$1048576,2,0),)","v":0}]
[null,"الكود","الصنف","السعر ","الكمية","الاجمالى"]
[null,null,{"$f":"IFERROR(VLOOKUP(B393,ورقة1!$I$3:$K$1048576,2,0),)","v":0},{"$f":"IFERROR(VLOOKUP(B393,ورقة1!$I$3:$K$1048576,3,0),0)","v":0},null,{"$f":"D393*E393","v":0}]
[null,null,{"$f":"IFERROR(VLOOKUP(B394,ورقة1!$I$3:$K$1048576,2,0),)","v":0},{"$f":"IFERROR(VLOOKUP(B394,ورقة1!$I$3:$K$1048576,3,0),0)","v":0},null,{"$f":"D394*E394","v":0}]
[null,null,{"$f":"IFERROR(VLOOKUP(B395,ورقة1!$I$3:$K$1048576,2,0),)","v":0},{"$f":"IFERROR(VLOOKUP(B395,ورقة1!$I$3:$K$1048576,3,0),0)","v":0},null,0]
[null,null,{"$f":"IFERROR(VLOOKUP(B396,ورقة1!$I$3:$K$1048576,2,0),)","v":0},{"$f":"IFERROR(VLOOKUP(B396,ورقة1!$I$3:$K$1048576,3,0),0)","v":0},null,0]
[null,null,{"$f":"IFERROR(VLOOKUP(B397,ورقة1!$I$3:$K$1048576,2,0),)","v":0},{"$f":"IFERROR(VLOOKUP(B397,ورقة1!$I$3:$K$1048576,3,0),0)","v":0},null,0]
[null,null,{"$f":"IFERROR(VLOOKUP(B398,ورقة1!$I$3:$K$1048576,2,0),)","v":0},{"$f":"IFERROR(VLOOKUP(B398,ورقة1!$I$3:$K$1048576,3,0),0)","v":0},null,0]
[null,null,{"$f":"IFERROR(VLOOKUP(B399,ورقة1!$I$3:$K$1048576,2,0),)","v":0},{"$f":"IFERROR(VLOOKUP(B399,ورقة1!$I$3:$K$1048576,3,0),0)","v":0},null,0]
[null,null,{"$f":"IFERROR(VLOOKUP(B400,ورقة1!$I$3:$K$1048576,2,0),)","v":0},{"$f":"IFERROR(VLOOKUP(B400,ورقة1!$I$3:$K$1048576,3,0),0)","v":0},null,0]
[null,null,{"$f":"IFERROR(VLOOKUP(B401,ورقة1!$I$3:$K$1048576,2,0),)","v":0},{"$f":"IFERROR(VLOOKUP(B401,ورقة1!$I$3:$K$1048576,3,0),0)","v":0},null,0]
[null,null,{"$f":"IFERROR(VLOOKUP(B402,ورقة1!$I$3:$K$1048576,2,0),)","v":0},{"$f":"IFERROR(VLOOKUP(B402,ورقة1!$I$3:$K$1048576,3,0),0)","v":0},null,0]
[null,null,{"$f":"IFERROR(VLOOKUP(B403,ورقة1!$I$3:$K$1048576,2,0),)","v":0},{"$f":"IFERROR(VLOOKUP(B403,ورقة1!$I$3:$K$1048576,3,0),0)","v":0},null,0]
[null,null,{"$f":"IFERROR(VLOOKUP(B404,ورقة1!$I$3:$K$1048576,2,0),)","v":0},{"$f":"IFERROR(VLOOKUP(B404,ورقة1!$I$3:$K$1048576,3,0),0)","v":0},null,0]
[null,null,{"$f":"IFERROR(VLOOKUP(B405,ورقة1!$I$3:$K$1048576,2,0),)","v":0},{"$f":"IFERROR(VLOOKUP(B405,ورقة1!$I$3:$K$1048576,3,0),0)","v":0},null,0]
[null,null,{"$f":"IFERROR(VLOOKUP(B406,ورقة1!$I$3:$K$1048576,2,0),)","v":0},{"$f":"IFERROR(VLOOKUP(B406,ورقة1!$I$3:$K$1048576,3,0),0)","v":0},null,0]
[null,null,{"$f":"IFERROR(VLOOKUP(B407,ورقة1!$I$3:$K$1048576,2,0),)","v":0},{"$f":"IFERROR(VLOOKUP(B407,ورقة1!$I$3:$K$1048576,3,0),0)","v":0},null,0]
[null,null,{"$f":"IFERROR(VLOOKUP(B408,ورقة1!$I$3:$K$1048576,2,0),)","v":0},{"$f":"IFERROR(VLOOKUP(B408,ورقة1!$I$3:$K$1048576,3,0),0)","v":0},null,0]
[null,null,{"$f":"IFERROR(VLOOKUP(B409,ورقة1!$I$3:$K$1048576,2,0),)","v":0},{"$f":"IFERROR(VLOOKUP(B409,ورقة1!$I$3:$K$1048576,3,0),0)","v":0},null,0]
[null,null,{"$f":"IFERROR(VLOOKUP(B410,ورقة1!$I$3:$K$1048576,2,0),)","v":0},{"$f":"IFERROR(VLOOKUP(B410,ورقة1!$I$3:$K$1048576,3,0),0)","v":0},null,0]
[null,null,{"$f":"IFERROR(VLOOKUP(B411,ورقة1!$I$3:$K$1048576,2,0),)","v":0},{"$f":"IFERROR(VLOOKUP(B411,ورقة1!$I$3:$K$1048576,3,0),0)","v":0},null,0]
[null,null,{"$f":"IFERROR(VLOOKUP(B412,ورقة1!$I$3:$K$1048576,2,0),)","v":0},{"$f":"IFERROR(VLOOKUP(B412,ورقة1!$I$3:$K$1048576,3,0),0)","v":0},null,0]
[null,null,{"$f":"IFERROR(VLOOKUP(B413,ورقة1!$I$3:$K$1048576,2,0),)","v":0},{"$f":"IFERROR(VLOOKUP(B413,ورقة1!$I$3:$K$1048576,3,0),0)","v":0},null,0]
[null,null,{"$f":"IFERROR(VLOOKUP(B414,ورقة1!$I$3:$K$1048576,2,0),)","v":0},{"$f":"IFERROR(VLOOKUP(B414,ورقة1!$I$3:$K$1048576,3,0),0)","v":0},null,0]
[null,null,{"$f":"IFERROR(VLOOKUP(B415,ورقة1!$I$3:$K$1048576,2,0),)","v":0},{"$f":"IFERROR(VLOOKUP(B415,ورقة1!$I$3:$K$1048576,3,0),0)","v":0},null,0]
[null,null,{"$f":"IFERROR(VLOOKUP(B416,ورقة1!$I$3:$K$1048576,2,0),)","v":0},{"$f":"IFERROR(VLOOKUP(B416,ورقة1!$I$3:$K$1048576,3,0),0)","v":0},null,0]
[null,"إجمالى الفاتورة",null,{"$f":"SUM(F393:F416)","v":0}]
[null,"معدل الخصم",null,{"$f":"D419/100","v":0}]
[null,"قيمة الخصم"]
[null,"صافى قيمة الفاتورة",null,{"$f":"D417-D419","v":0}]
[]
[null,"رقم الفاتورة",{"$f":"C387+1","v":112},"المندوب",{"$f":"IFERROR(VLOOKUP(C425,ورقة1!$B$3:$G$1048576,3,0),)","v":0}]
[null,"التاريخ",null,"المشرف",{"$f":"IFERROR(VLOOKUP(C425,ورقة1!$B$3:$G$1048576,4,0),)","v":0}]
[null,"نوع الفاتورة",null,"الفئة الاساسية",{"$f":"IFERROR(VLOOKUP(C425,ورقة1!$B$3:$G$1048576,5,0),)","v":0}]
[null,"كود العميل",null,"الفئة الفرعية",{"$f":"IFERROR(VLOOKUP(C425,ورقة1!$B$3:$G$1048576,6,0),)","v":0}]
[null,"العميل",{"$f":"IFERROR(VLOOKUP(C425,ورقة1!$B$2:$G$1048576,2,0),)","v":0}]
[null,"الكود","الصنف","السعر ","الكمية","الاجمالى"]
[null,null,{"$f":"IFERROR(VLOOKUP(B428,ورقة1!$I$3:$K$1048576,2,0),)","v":0},{"$f":"IFERROR(VLOOKUP(B428,ورقة1!$I$3:$K$1048576,3,0),0)","v":0},null,{"$f":"D428*E428","v":0}]
[null,null,{"$f":"IFERROR(VLOOKUP(B429,ورقة1!$I$3:$K$1048576,2,0),)","v":0},{"$f":"IFERROR(VLOOKUP(B429,ورقة1!$I$3:$K$1048576,3,0),0)","v":0},null,{"$f":"D429*E429","v":0}]
[null,null,{"$f":"IFERROR(VLOOKUP(B430,ورقة1!$I$3:$K$1048576,2,0),)","v":0},{"$f":"IFERROR(VLOOKUP(B430,ورقة1!$I$3:$K$1048576,3,0),0)","v":0},null,0]
[null,null,{"$f":"IFERROR(VLOOKUP(B431,ورقة1!$I$3:$K$1048576,2,0),)","v":0},{"$f":"IFERROR(VLOOKUP(B431,ورقة1!$I$3:$K$1048576,3,0),0)","v":0},null,0]
[null,null,{"$f":"IFERROR(VLOOKUP(B432,ورقة1!$I$3:$K$1048576,2,0),)","v":0},{"$f":"IFERROR(VLOOKUP(B432,ورقة1!$I$3:$K$1048576,3,0),0)","v":0},null,0]
[null,null,{"$f":"IFERROR(VLOOKUP(B433,ورقة1!$I$3:$K$1048576,2,0),)","v":0},{"$f":"IFERROR(VLOOKUP(B433,ورقة1!$I$3:$K$1048576,3,0),0)","v":0},null,0]
[null,null,{"$f":"IFERROR(VLOOKUP(B434,ورقة1!$I$3:$K$1048576,2,0),)","v":0},{"$f":"IFERROR(VLOOKUP(B434,ورقة1!$I$3:$K$1048576,3,0),0)","v":0},null,0]
[null,null,{"$f":"IFERROR(VLOOKUP(B435,ورقة1!$I$3:$K$1048576,2,0),)","v":0},{"$f":"IFERROR(VLOOKUP(B435,ورقة1!$I$3:$K$1048576,3,0),0)","v":0},null,0]
[null,null,{"$f":"IFERROR(VLOOKUP(B436,ورقة1!$I$3:$K$1048576,2,0),)","v":0},{"$f":"IFERROR(VLOOKUP(B436,ورقة1!$I$3:$K$1048576,3,0),0)","v":0},null,0]
[null,null,{"$f":"IFERROR(VLOOKUP(B437,ورقة1!$I$3:$K$1048576,2,0),)","v":0},{"$f":"IFERROR(VLOOKUP(B437,ورقة1!$I$3:$K$1048576,3,0),0)","v":0},null,0]
[null,null,{"$f":"IFERROR(VLOOKUP(B438,ورقة1!$I$3:$K$1048576,2,0),)","v":0},{"$f":"IFERROR(VLOOKUP(B438,ورقة1!$I$3:$K$1048576,3,0),0)","v":0},null,0]
[null,null,{"$f":"IFERROR(VLOOKUP(B439,ورقة1!$I$3:$K$1048576,2,0),)","v":0},{"$f":"IFERROR(VLOOKUP(B439,ورقة1!$I$3:$K$1048576,3,0),0)","v":0},null,0]
[null,null,{"$f":"IFERROR(VLOOKUP(B440,ورقة1!$I$3:$K$1048576,2,0),)","v":0},{"$f":"IFERROR(VLOOKUP(B440,ورقة1!$I$3:$K$1048576,3,0),0)","v":0},null,0]
[null,null,{"$f":"IFERROR(VLOOKUP(B441,ورقة1!$I$3:$K$1048576,2,0),)","v":0},{"$f":"IFERROR(VLOOKUP(B441,ورقة1!$I$3:$K$1048576,3,0),0)","v":0},null,0]
[null,null,{"$f":"IFERROR(VLOOKUP(B442,ورقة1!$I$3:$K$1048576,2,0),)","v":0},{"$f":"IFERROR(VLOOKUP(B442,ورقة1!$I$3:$K$1048576,3,0),0)","v":0},null,0]
[null,null,{"$f":"IFERROR(VLOOKUP(B443,ورقة1!$I$3:$K$1048576,2,0),)","v":0},{"$f":"IFERROR(VLOOKUP(B443,ورقة1!$I$3:$K$1048576,3,0),0)","v":0},null,0]
[null,null,{"$f":"IFERROR(VLOOKUP(B444,ورقة1!$I$3:$K$1048576,2,0),)","v":0},{"$f":"IFERROR(VLOOKUP(B444,ورقة1!$I$3:$K$1048576,3,0),0)","v":0},null,0]
[null,null,{"$f":"IFERROR(VLOOKUP(B445,ورقة1!$I$3:$K$1048576,2,0),)","v":0},{"$f":"IFERROR(VLOOKUP(B445,ورقة1!$I$3:$K$1048576,3,0),0)","v":0},null,0]
[null,null,{"$f":"IFERROR(VLOOKUP(B446,ورقة1!$I$3:$K$1048576,2,0),)","v":0},{"$f":"IFERROR(VLOOKUP(B446,ورقة1!$I$3:$K$1048576,3,0),0)","v":0},null,0]
[null,null,{"$f":"IFERROR(VLOOKUP(B447,ورقة1!$I$3:$K$1048576,2,0),)","v":0},{"$f":"IFERROR(VLOOKUP(B447,ورقة1!$I$3:$K$1048576,3,0),0)","v":0},null,0]
[null,null,{"$f":"IFERROR(VLOOKUP(B448,ورقة1!$I$3:$K$1048576,2,0),)","v":0},{"$f":"IFERROR(VLOOKUP(B448,ورقة1!$I$3:$K$1048576,3,0),0)","v":0},null,0]
[null,null,{"$f":"IFERROR(VLOOKUP(B449,ورقة1!$I$3:$K$1048576,2,0),)","v":0},{"$f":"IFERROR(VLOOKUP(B449,ورقة1!$I$3:$K$1048576,3,0),0)","v":0},null,0]
[null,null,{"$f":"IFERROR(VLOOKUP(B450,ورقة1!$I$3:$K$1048576,2,0),)","v":0},{"$f":"IFERROR(VLOOKUP(B450,ورقة1!$I$3:$K$1048576,3,0),0)","v":0},null,0]
[null,null,{"$f":"IFERROR(VLOOKUP(B451,ورقة1!$I$3:$K$1048576,2,0),)","v":0},{"$f":"IFERROR(VLOOKUP(B451,ورقة1!$I$3:$K$1048576,3,0),0)","v":0},null,0]
[null,"إجمالى الفاتورة",null,{"$f":"SUM(F428:F451)","v":0}]
[null,"معدل الخصم",null,{"$f":"D454/100","v":0}]
[null,"قيمة الخصم"]
[null,"صافى قيمة الفاتورة",null,{"$f":"D452-D454","v":0}]
[]
[null,"رقم الفاتورة",{"$f":"C422+1","v":113},"المندوب",{"$f":"IFERROR(VLOOKUP(C460,ورقة1!$B$3:$G$1048576,3,0),)","v":0}]
[null,"التاريخ",null,"المشرف",{"$f":"IFERROR(VLOOKUP(C460,ورقة1!$B$3:$G$1048576,4,0),)","v":0}]
[null,"نوع الفاتورة",null,"الفئة الاساسية",{"$f":"IFERROR(VLOOKUP(C460,ورقة1!$B$3:$G$1048576,5,0),)","v":0}]
[null,"كود العميل",0,"الفئة الفرعية",{"$f":"IFERROR(VLOOKUP(C460,ورقة1!$B$3:$G$1048576,6,0),)","v":0}]
[null,"العميل",{"$f":"IFERROR(VLOOKUP(C460,ورقة1!$B$2:$G$1048576,2,0),)","v":0}]
[null,"الكود","الصنف","السعر ","الكمية","الاجمالى"]
[null,null,{"$f":"IFERROR(VLOOKUP(B463,ورقة1!$I$3:$K$1048576,2,0),)","v":0},{"$f":"IFERROR(VLOOKUP(B463,ورقة1!$I$3:$K$1048576,3,0),0)","v":0},null,{"$f":"D463*E463","v":0}]
[null,null,{"$f":"IFERROR(VLOOKUP(B464,ورقة1!$I$3:$K$1048576,2,0),)","v":0},{"$f":"IFERROR(VLOOKUP(B464,ورقة1!$I$3:$K$1048576,3,0),0)","v":0},null,{"$f":"D464*E464","v":0}]
[null,null,{"$f":"IFERROR(VLOOKUP(B465,ورقة1!$I$3:$K$1048576,2,0),)","v":0},{"$f":"IFERROR(VLOOKUP(B465,ورقة1!$I$3:$K$1048576,3,0),0)","v":0},null,0]
[null,null,{"$f":"IFERROR(VLOOKUP(B466,ورقة1!$I$3:$K$1048576,2,0),)","v":0},{"$f":"IFERROR(VLOOKUP(B466,ورقة1!$I$3:$K$1048576,3,0),0)","v":0},null,0]
[null,null,{"$f":"IFERROR(VLOOKUP(B467,ورقة1!$I$3:$K$1048576,2,0),)","v":0},{"$f":"IFERROR(VLOOKUP(B467,ورقة1!$I$3:$K$1048576,3,0),0)","v":0},null,0]
[null,null,{"$f":"IFERROR(VLOOKUP(B468,ورقة1!$I$3:$K$1048576,2,0),)","v":0},{"$f":"IFERROR(VLOOKUP(B468,ورقة1!$I$3:$K$1048576,3,0),0)","v":0},null,0]
[null,null,{"$f":"IFERROR(VLOOKUP(B469,ورقة1!$I$3:$K$1048576,2,0),)","v":0},{"$f":"IFERROR(VLOOKUP(B469,ورقة1!$I$3:$K$1048576,3,0),0)","v":0},null,0]
[null,null,{"$f":"IFERROR(VLOOKUP(B470,ورقة1!$I$3:$K$1048576,2,0),)","v":0},{"$f":"IFERROR(VLOOKUP(B470,ورقة1!$I$3:$K$1048576,3,0),0)","v":0},null,0]
[null,null,{"$f":"IFERROR(VLOOKUP(B471,ورقة1!$I$3:$K$1048576,2,0),)","v":0},{"$f":"IFERROR(VLOOKUP(B471,ورقة1!$I$3:$K$1048576,3,0),0)","v":0},null,0]
[null,null,{"$f":"IFERROR(VLOOKUP(B472,ورقة1!$I$3:$K$1048576,2,0),)","v":0},{"$f":"IFERROR(VLOOKUP(B472,ورقة1!$I$3:$K$1048576,3,0),0)","v":0},null,0]
[null,null,{"$f":"IFERROR(VLOOKUP(B473,ورقة1!$I$3:$K$1048576,2,0),)","v":0},{"$f":"IFERROR(VLOOKUP(B473,ورقة1!$I$3:$K$1048576,3,0),0)","v":0},null,0]
[null,null,{"$f":"IFERROR(VLOOKUP(B474,ورقة1!$I$3:$K$1048576,2,0),)","v":0},{"$f":"IFERROR(VLOOKUP(B474,ورقة1!$I$3:$K$1048576,3,0),0)","v":0},null,0]
[null,null,{"$f":"IFERROR(VLOOKUP(B475,ورقة1!$I$3:$K$1048576,2,0),)","v":0},{"$f":"IFERROR(VLOOKUP(B475,ورقة1!$I$3:$K$1048576,3,0),0)","v":0},null,0]
[null,null,{"$f":"IFERROR(VLOOKUP(B476,ورقة1!$I$3:$K$1048576,2,0),)","v":0},{"$f":"IFERROR(VLOOKUP(B476,ورقة1!$I$3:$K$1048576,3,0),0)","v":0},null,0]
[null,null,{"$f":"IFERROR(VLOOKUP(B477,ورقة1!$I$3:$K$1048576,2,0),)","v":0},{"$f":"IFERROR(VLOOKUP(B477,ورقة1!$I$3:$K$1048576,3,0),0)","v":0},null,0]
[null,null,{"$f":"IFERROR(VLOOKUP(B478,ورقة1!$I$3:$K$1048576,2,0),)","v":0},{"$f":"IFERROR(VLOOKUP(B478,ورقة1!$I$3:$K$1048576,3,0),0)","v":0},null,0]
[null,null,{"$f":"IFERROR(VLOOKUP(B479,ورقة1!$I$3:$K$1048576,2,0),)","v":0},{"$f":"IFERROR(VLOOKUP(B479,ورقة1!$I$3:$K$1048576,3,0),0)","v":0},null,0]
[null,null,{"$f":"IFERROR(VLOOKUP(B480,ورقة1!$I$3:$K$1048576,2,0),)","v":0},{"$f":"IFERROR(VLOOKUP(B480,ورقة1!$I$3:$K$1048576,3,0),0)","v":0},null,0]
[null,null,{"$f":"IFERROR(VLOOKUP(B481,ورقة1!$I$3:$K$1048576,2,0),)","v":0},{"$f":"IFERROR(VLOOKUP(B481,ورقة1!$I$3:$K$1048576,3,0),0)","v":0},null,0]
[null,null,{"$f":"IFERROR(VLOOKUP(B482,ورقة1!$I$3:$K$1048576,2,0),)","v":0},{"$f":"IFERROR(VLOOKUP(B482,ورقة1!$I$3:$K$1048576,3,0),0)","v":0},null,0]
[null,null,{"$f":"IFERROR(VLOOKUP(B483,ورقة1!$I$3:$K$1048576,2,0),)","v":0},{"$f":"IFERROR(VLOOKUP(B483,ورقة1!$I$3:$K$1048576,3,0),0)","v":0},null,0]
[null,null,{"$f":"IFERROR(VLOOKUP(B484,ورقة1!$I$3:$K$1048576,2,0),)","v":0},{"$f":"IFERROR(VLOOKUP(B484,ورقة1!$I$3:$K$1048576,3,0),0)","v":0},null,0]
[null,null,{"$f":"IFERROR(VLOOKUP(B485,ورقة1!$I$3:$K$1048576,2,0),)","v":0},{"$f":"IFERROR(VLOOKUP(B485,ورقة1!$I$3:$K$1048576,3,0),0)","v":0},null,0]
[null,null,{"$f":"IFERROR(VLOOKUP(B486,ورقة1!$I$3:$K$1048576,2,0),)","v":0},{"$f":"IFERROR(VLOOKUP(B486,ورقة1!$I$3:$K$1048576,3,0),0)","v":0},null,0]
[null,"إجمالى الفاتورة",null,{"$f":"SUM(F463:F486)","v":0}]
[null,"معدل الخصم",null,{"$f":"D489/100","v":0}]
[null,"قيمة الخصم"]
[null,"صافى قيمة الفاتورة",null,{"$f":"D487-D489","v":0}]
[]
[null,"رقم الفاتورة",{"$f":"C457+1","v":114},"المندوب",{"$f":"IFERROR(VLOOKUP(C495,ورقة1!$B$3:$G$1048576,3,0),)","v":0}]
[null,"التاريخ",null,"المشرف",{"$f":"IFERROR(VLOOKUP(C495,ورقة1!$B$3:$G$1048576,4,0),)","v":0}]
[null,"نوع الفاتورة",null,"الفئة الاساسية",{"$f":"IFERROR(VLOOKUP(C495,ورقة1!$B$3:$G$1048576,5,0),)","v":0}]
[null,"كود العميل",0,"الفئة الفرعية",{"$f":"IFERROR(VLOOKUP(C495,ورقة1!$B$3:$G$1048576,6,0),)","v":0}]
[null,"العميل",{"$f":"IFERROR(VLOOKUP(C495,ورقة1!$B$2:$G$1048576,2,0),)","v":0}]
[null,"الكود","الصنف","السعر ","الكمية","الاجمالى"]
[null,null,{"$f":"IFERROR(VLOOKUP(B498,ورقة1!$I$3:$K$1048576,2,0),)","v":0},{"$f":"IFERROR(VLOOKUP(B498,ورقة1!$I$3:$K$1048576,3,0),0)","v":0},null,{"$f":"D498*E498","v":0}]
[null,null,{"$f":"IFERROR(VLOOKUP(B499,ورقة1!$I$3:$K$1048576,2,0),)","v":0},{"$f":"IFERROR(VLOOKUP(B499,ورقة1!$I$3:$K$1048576,3,0),0)","v":0},null,{"$f":"D499*E499","v":0}]
[null,null,{"$f":"IFERROR(VLOOKUP(B500,ورقة1!$I$3:$K$1048576,2,0),)","v":0},{"$f":"IFERROR(VLOOKUP(B500,ورقة1!$I$3:$K$1048576,3,0),0)","v":0},null,0]
[null,null,{"$f":"IFERROR(VLOOKUP(B501,ورقة1!$I$3:$K$1048576,2,0),)","v":0},{"$f":"IFERROR(VLOOKUP(B501,ورقة1!$I$3:$K$1048576,3,0),0)","v":0},null,0]
[null,null,{"$f":"IFERROR(VLOOKUP(B502,ورقة1!$I$3:$K$1048576,2,0),)","v":0},{"$f":"IFERROR(VLOOKUP(B502,ورقة1!$I$3:$K$1048576,3,0),0)","v":0},null,0]
[null,null,{"$f":"IFERROR(VLOOKUP(B503,ورقة1!$I$3:$K$1048576,2,0),)","v":0},{"$f":"IFERROR(VLOOKUP(B503,ورقة1!$I$3:$K$1048576,3,0),0)","v":0},null,0]
[null,null,{"$f":"IFERROR(VLOOKUP(B504,ورقة1!$I$3:$K$1048576,2,0),)","v":0},{"$f":"IFERROR(VLOOKUP(B504,ورقة1!$I$3:$K$1048576,3,0),0)","v":0},null,0]
[null,null,{"$f":"IFERROR(VLOOKUP(B505,ورقة1!$I$3:$K$1048576,2,0),)","v":0},{"$f":"IFERROR(VLOOKUP(B505,ورقة1!$I$3:$K$1048576,3,0),0)","v":0},null,0]
[null,null,{"$f":"IFERROR(VLOOKUP(B506,ورقة1!$I$3:$K$1048576,2,0),)","v":0},{"$f":"IFERROR(VLOOKUP(B506,ورقة1!$I$3:$K$1048576,3,0),0)","v":0},null,0]
[null,null,{"$f":"IFERROR(VLOOKUP(B507,ورقة1!$I$3:$K$1048576,2,0),)","v":0},{"$f":"IFERROR(VLOOKUP(B507,ورقة1!$I$3:$K$1048576,3,0),0)","v":0},null,0]
[null,null,{"$f":"IFERROR(VLOOKUP(B508,ورقة1!$I$3:$K$1048576,2,0),)","v":0},{"$f":"IFERROR(VLOOKUP(B508,ورقة1!$I$3:$K$1048576,3,0),0)","v":0},null,0]
[null,null,{"$f":"IFERROR(VLOOKUP(B509,ورقة1!$I$3:$K$1048576,2,0),)","v":0},{"$f":"IFERROR(VLOOKUP(B509,ورقة1!$I$3:$K$1048576,3,0),0)","v":0},null,0]
[null,null,{"$f":"IFERROR(VLOOKUP(B510,ورقة1!$I$3:$K$1048576,2,0),)","v":0},{"$f":"IFERROR(VLOOKUP(B510,ورقة1!$I$3:$K$1048576,3,0),0)","v":0},null,0]
[null,null,{"$f":"IFERROR(VLOOKUP(B511,ورقة1!$I$3:$K$1048576,2,0),)","v":0},{"$f":"IFERROR(VLOOKUP(B511,ورقة1!$I$3:$K$1048576,3,0),0)","v":0},null,0]
[null,null,{"$f":"IFERROR(VLOOKUP(B512,ورقة1!$I$3:$K$1048576,2,0),)","v":0},{"$f":"IFERROR(VLOOKUP(B512,ورقة1!$I$3:$K$1048576,3,0),0)","v":0},null,0]
[null,null,{"$f":"IFERROR(VLOOKUP(B513,ورقة1!$I$3:$K$1048576,2,0),)","v":0},{"$f":"IFERROR(VLOOKUP(B513,ورقة1!$I$3:$K$1048576,3,0),0)","v":0},null,0]
[null,null,{"$f":"IFERROR(VLOOKUP(B514,ورقة1!$I$3:$K$1048576,2,0),)","v":0},{"$f":"IFERROR(VLOOKUP(B514,ورقة1!$I$3:$K$1048576,3,0),0)","v":0},null,0]
[null,null,{"$f":"IFERROR(VLOOKUP(B515,ورقة1!$I$3:$K$1048576,2,0),)","v":0},{"$f":"IFERROR(VLOOKUP(B515,ورقة1!$I$3:$K$1048576,3,0),0)","v":0},null,0]
[null,null,{"$f":"IFERROR(VLOOKUP(B516,ورقة1!$I$3:$K$1048576,2,0),)","v":0},{"$f":"IFERROR(VLOOKUP(B516,ورقة1!$I$3:$K$1048576,3,0),0)","v":0},null,0]
[null,null,{"$f":"IFERROR(VLOOKUP(B517,ورقة1!$I$3:$K$1048576,2,0),)","v":0},{"$f":"IFERROR(VLOOKUP(B517,ورقة1!$I$3:$K$1048576,3,0),0)","v":0},null,0]
[null,null,{"$f":"IFERROR(VLOOKUP(B518,ورقة1!$I$3:$K$1048576,2,0),)","v":0},{"$f":"IFERROR(VLOOKUP(B518,ورقة1!$I$3:$K$1048576,3,0),0)","v":0},null,0]
[null,null,{"$f":"IFERROR(VLOOKUP(B519,ورقة1!$I$3:$K$1048576,2,0),)","v":0},{"$f":"IFERROR(VLOOKUP(B519,ورقة1!$I$3:$K$1048576,3,0),0)","v":0},null,0]
[null,null,{"$f":"IFERROR(VLOOKUP(B520,ورقة1!$I$3:$K$1048576,2,0),)","v":0},{"$f":"IFERROR(VLOOKUP(B520,ورقة1!$I$3:$K$1048576,3,0),0)","v":0},null,0]
[null,null,{"$f":"IFERROR(VLOOKUP(B521,ورقة1!$I$3:$K$1048576,2,0),)","v":0},{"$f":"IFERROR(VLOOKUP(B521,ورقة1!$I$3:$K$1048576,3,0),0)","v":0},null,0]
[null,"إجمالى الفاتورة",null,{"$f":"SUM(F498:F521)","v":0}]
[null,"معدل الخصم",null,{"$f":"D524/100","v":0}]
[null,"قيمة الخصم"]
[null,"صافى قيمة الفاتورة",null,{"$f":"D522-D524","v":0}]
[]
[null,"رقم الفاتورة",{"$f":"C492+1","v":115},"المندوب",{"$f":"IFERROR(VLOOKUP(C530,ورقة1!$B$3:$G$1048576,3,0),)","v":0}]
[null,"التاريخ",null,"المشرف",{"$f":"IFERROR(VLOOKUP(C530,ورقة1!$B$3:$G$1048576,4,0),)","v":0}]
[null,"نوع الفاتورة",null,"الفئة الاساسية",{"$f":"IFERROR(VLOOKUP(C530,ورقة1!$B$3:$G$1048576,5,0),)","v":0}]
[null,"كود العميل",0,"الفئة الفرعية",{"$f":"IFERROR(VLOOKUP(C530,ورقة1!$B$3:$G$1048576,6,0),)","v":0}]
[null,"العميل",{"$f":"IFERROR(VLOOKUP(C530,ورقة1!$B$2:$G$1048576,2,0),)","v":0}]
[null,"الكود","الصنف","السعر ","الكمية","الاجمالى"]
[null,null,{"$f":"IFERROR(VLOOKUP(B533,ورقة1!$I$3:$K$1048576,2,0),)","v":0},{"$f":"IFERROR(VLOOKUP(B533,ورقة1!$I$3:$K$1048576,3,0),0)","v":0},null,{"$f":"D533*E533","v":0}]
[null,null,{"$f":"IFERROR(VLOOKUP(B534,ورقة1!$I$3:$K$1048576,2,0),)","v":0},{"$f":"IFERROR(VLOOKUP(B534,ورقة1!$I$3:$K$1048576,3,0),0)","v":0},null,{"$f":"D534*E534","v":0}]
[null,null,{"$f":"IFERROR(VLOOKUP(B535,ورقة1!$I$3:$K$1048576,2,0),)","v":0},{"$f":"IFERROR(VLOOKUP(B535,ورقة1!$I$3:$K$1048576,3,0),0)","v":0},null,0]
[null,null,{"$f":"IFERROR(VLOOKUP(B536,ورقة1!$I$3:$K$1048576,2,0),)","v":0},{"$f":"IFERROR(VLOOKUP(B536,ورقة1!$I$3:$K$1048576,3,0),0)","v":0},null,0]
[null,null,{"$f":"IFERROR(VLOOKUP(B537,ورقة1!$I$3:$K$1048576,2,0),)","v":0},{"$f":"IFERROR(VLOOKUP(B537,ورقة1!$I$3:$K$1048576,3,0),0)","v":0},null,0]
[null,null,{"$f":"IFERROR(VLOOKUP(B538,ورقة1!$I$3:$K$1048576,2,0),)","v":0},{"$f":"IFERROR(VLOOKUP(B538,ورقة1!$I$3:$K$1048576,3,0),0)","v":0},null,0]
[null,null,{"$f":"IFERROR(VLOOKUP(B539,ورقة1!$I$3:$K$1048576,2,0),)","v":0},{"$f":"IFERROR(VLOOKUP(B539,ورقة1!$I$3:$K$1048576,3,0),0)","v":0},null,0]
[null,null,{"$f":"IFERROR(VLOOKUP(B540,ورقة1!$I$3:$K$1048576,2,0),)","v":0},{"$f":"IFERROR(VLOOKUP(B540,ورقة1!$I$3:$K$1048576,3,0),0)","v":0},null,0]
[null,null,{"$f":"IFERROR(VLOOKUP(B541,ورقة1!$I$3:$K$1048576,2,0),)","v":0},{"$f":"IFERROR(VLOOKUP(B541,ورقة1!$I$3:$K$1048576,3,0),0)","v":0},null,0]
[null,null,{"$f":"IFERROR(VLOOKUP(B542,ورقة1!$I$3:$K$1048576,2,0),)","v":0},{"$f":"IFERROR(VLOOKUP(B542,ورقة1!$I$3:$K$1048576,3,0),0)","v":0},null,0]
[null,null,{"$f":"IFERROR(VLOOKUP(B543,ورقة1!$I$3:$K$1048576,2,0),)","v":0},{"$f":"IFERROR(VLOOKUP(B543,ورقة1!$I$3:$K$1048576,3,0),0)","v":0},null,0]
[null,null,{"$f":"IFERROR(VLOOKUP(B544,ورقة1!$I$3:$K$1048576,2,0),)","v":0},{"$f":"IFERROR(VLOOKUP(B544,ورقة1!$I$3:$K$1048576,3,0),0)","v":0},null,0]
[null,null,{"$f":"IFERROR(VLOOKUP(B545,ورقة1!$I$3:$K$1048576,2,0),)","v":0},{"$f":"IFERROR(VLOOKUP(B545,ورقة1!$I$3:$K$1048576,3,0),0)","v":0},null,0]
[null,null,{"$f":"IFERROR(VLOOKUP(B546,ورقة1!$I$3:$K$1048576,2,0),)","v":0},{"$f":"IFERROR(VLOOKUP(B546,ورقة1!$I$3:$K$1048576,3,0),0)","v":0},null,0]
[null,null,{"$f":"IFERROR(VLOOKUP(B547,ورقة1!$I$3:$K$1048576,2,0),)","v":0},{"$f":"IFERROR(VLOOKUP(B547,ورقة1!$I$3:$K$1048576,3,0),0)","v":0},null,0]
[null,null,{"$f":"IFERROR(VLOOKUP(B548,ورقة1!$I$3:$K$1048576,2,0),)","v":0},{"$f":"IFERROR(VLOOKUP(B548,ورقة1!$I$3:$K$1048576,3,0),0)","v":0},null,0]
[null,null,{"$f":"IFERROR(VLOOKUP(B549,ورقة1!$I$3:$K$1048576,2,0),)","v":0},{"$f":"IFERROR(VLOOKUP(B549,ورقة1!$I$3:$K$1048576,3,0),0)","v":0},null,0]
[null,null,{"$f":"IFERROR(VLOOKUP(B550,ورقة1!$I$3:$K$1048576,2,0),)","v":0},{"$f":"IFERROR(VLOOKUP(B550,ورقة1!$I$3:$K$1048576,3,0),0)","v":0},null,0]
[null,null,{"$f":"IFERROR(VLOOKUP(B551,ورقة1!$I$3:$K$1048576,2,0),)","v":0},{"$f":"IFERROR(VLOOKUP(B551,ورقة1!$I$3:$K$1048576,3,0),0)","v":0},null,0]
[null,null,{"$f":"IFERROR(VLOOKUP(B552,ورقة1!$I$3:$K$1048576,2,0),)","v":0},{"$f":"IFERROR(VLOOKUP(B552,ورقة1!$I$3:$K$1048576,3,0),0)","v":0},null,0]
[null,null,{"$f":"IFERROR(VLOOKUP(B553,ورقة1!$I$3:$K$1048576,2,0),)","v":0},{"$f":"IFERROR(VLOOKUP(B553,ورقة1!$I$3:$K$1048576,3,0),0)","v":0},null,0]
[null,null,{"$f":"IFERROR(VLOOKUP(B554,ورقة1!$I$3:$K$1048576,2,0),)","v":0},{"$f":"IFERROR(VLOOKUP(B554,ورقة1!$I$3:$K$1048576,3,0),0)","v":0},null,0]
[null,null,{"$f":"IFERROR(VLOOKUP(B555,ورقة1!$I$3:$K$1048576,2,0),)","v":0},{"$f":"IFERROR(VLOOKUP(B555,ورقة1!$I$3:$K$1048576,3,0),0)","v":0},null,0]
[null,null,{"$f":"IFERROR(VLOOKUP(B556,ورقة1!$I$3:$K$1048576,2,0),)","v":0},{"$f":"IFERROR(VLOOKUP(B556,ورقة1!$I$3:$K$1048576,3,0),0)","v":0},null,0]
[null,"إجمالى الفاتورة",null,{"$f":"SUM(F533:F556)","v":0}]
[null,"معدل الخصم",null,{"$f":"D559/100","v":0}]
[null,"قيمة الخصم"]
[null,"صافى قيمة الفاتورة",null,{"$f":"D557-D559","v":0}]
[]
[null,"رقم الفاتورة",{"$f":"C527+1","v":116},"المندوب",{"$f":"IFERROR(VLOOKUP(C565,ورقة1!$B$3:$G$1048576,3,0),)","v":0}]
[null,"التاريخ",null,"المشرف",{"$f":"IFERROR(VLOOKUP(C565,ورقة1!$B$3:$G$1048576,4,0),)","v":0}]
[null,"نوع الفاتورة",null,"الفئة الاساسية",{"$f":"IFERROR(VLOOKUP(C565,ورقة1!$B$3:$G$1048576,5,0),)","v":0}]
[null,"كود العميل",0,"الفئة الفرعية",{"$f":"IFERROR(VLOOKUP(C565,ورقة1!$B$3:$G$1048576,6,0),)","v":0}]
[null,"العميل",{"$f":"IFERROR(VLOOKUP(C565,ورقة1!$B$2:$G$1048576,2,0),)","v":0}]
[null,"الكود","الصنف","السعر ","الكمية","الاجمالى"]
[null,null,{"$f":"IFERROR(VLOOKUP(B568,ورقة1!$I$3:$K$1048576,2,0),)","v":0},{"$f":"IFERROR(VLOOKUP(B568,ورقة1!$I$3:$K$1048576,3,0),0)","v":0},null,{"$f":"D568*E568","v":0}]
[null,null,{"$f":"IFERROR(VLOOKUP(B569,ورقة1!$I$3:$K$1048576,2,0),)","v":0},{"$f":"IFERROR(VLOOKUP(B569,ورقة1!$I$3:$K$1048576,3,0),0)","v":0},null,{"$f":"D569*E569","v":0}]
[null,null,{"$f":"IFERROR(VLOOKUP(B570,ورقة1!$I$3:$K$1048576,2,0),)","v":0},{"$f":"IFERROR(VLOOKUP(B570,ورقة1!$I$3:$K$1048576,3,0),0)","v":0},null,0]
[null,null,{"$f":"IFERROR(VLOOKUP(B571,ورقة1!$I$3:$K$1048576,2,0),)","v":0},{"$f":"IFERROR(VLOOKUP(B571,ورقة1!$I$3:$K$1048576,3,0),0)","v":0},null,0]
[null,null,{"$f":"IFERROR(VLOOKUP(B572,ورقة1!$I$3:$K$1048576,2,0),)","v":0},{"$f":"IFERROR(VLOOKUP(B572,ورقة1!$I$3:$K$1048576,3,0),0)","v":0},null,0]
[null,null,{"$f":"IFERROR(VLOOKUP(B573,ورقة1!$I$3:$K$1048576,2,0),)","v":0},{"$f":"IFERROR(VLOOKUP(B573,ورقة1!$I$3:$K$1048576,3,0),0)","v":0},null,0]
[null,null,{"$f":"IFERROR(VLOOKUP(B574,ورقة1!$I$3:$K$1048576,2,0),)","v":0},{"$f":"IFERROR(VLOOKUP(B574,ورقة1!$I$3:$K$1048576,3,0),0)","v":0},null,0]
[null,null,{"$f":"IFERROR(VLOOKUP(B575,ورقة1!$I$3:$K$1048576,2,0),)","v":0},{"$f":"IFERROR(VLOOKUP(B575,ورقة1!$I$3:$K$1048576,3,0),0)","v":0},null,0]
[null,null,{"$f":"IFERROR(VLOOKUP(B576,ورقة1!$I$3:$K$1048576,2,0),)","v":0},{"$f":"IFERROR(VLOOKUP(B576,ورقة1!$I$3:$K$1048576,3,0),0)","v":0},null,0]
[null,null,{"$f":"IFERROR(VLOOKUP(B577,ورقة1!$I$3:$K$1048576,2,0),)","v":0},{"$f":"IFERROR(VLOOKUP(B577,ورقة1!$I$3:$K$1048576,3,0),0)","v":0},null,0]
[null,null,{"$f":"IFERROR(VLOOKUP(B578,ورقة1!$I$3:$K$1048576,2,0),)","v":0},{"$f":"IFERROR(VLOOKUP(B578,ورقة1!$I$3:$K$1048576,3,0),0)","v":0},null,0]
[null,null,{"$f":"IFERROR(VLOOKUP(B579,ورقة1!$I$3:$K$1048576,2,0),)","v":0},{"$f":"IFERROR(VLOOKUP(B579,ورقة1!$I$3:$K$1048576,3,0),0)","v":0},null,0]
[null,null,{"$f":"IFERROR(VLOOKUP(B580,ورقة1!$I$3:$K$1048576,2,0),)","v":0},{"$f":"IFERROR(VLOOKUP(B580,ورقة1!$I$3:$K$1048576,3,0),0)","v":0},null,0]
[null,null,{"$f":"IFERROR(VLOOKUP(B581,ورقة1!$I$3:$K$1048576,2,0),)","v":0},{"$f":"IFERROR(VLOOKUP(B581,ورقة1!$I$3:$K$1048576,3,0),0)","v":0},null,0]
[null,null,{"$f":"IFERROR(VLOOKUP(B582,ورقة1!$I$3:$K$1048576,2,0),)","v":0},{"$f":"IFERROR(VLOOKUP(B582,ورقة1!$I$3:$K$1048576,3,0),0)","v":0},null,0]
[null,null,{"$f":"IFERROR(VLOOKUP(B583,ورقة1!$I$3:$K$1048576,2,0),)","v":0},{"$f":"IFERROR(VLOOKUP(B583,ورقة1!$I$3:$K$1048576,3,0),0)","v":0},null,0]
[null,null,{"$f":"IFERROR(VLOOKUP(B584,ورقة1!$I$3:$K$1048576,2,0),)","v":0},{"$f":"IFERROR(VLOOKUP(B584,ورقة1!$I$3:$K$1048576,3,0),0)","v":0},null,0]
[null,null,{"$f":"IFERROR(VLOOKUP(B585,ورقة1!$I$3:$K$1048576,2,0),)","v":0},{"$f":"IFERROR(VLOOKUP(B585,ورقة1!$I$3:$K$1048576,3,0),0)","v":0},null,0]
[null,null,{"$f":"IFERROR(VLOOKUP(B586,ورقة1!$I$3:$K$1048576,2,0),)","v":0},{"$f":"IFERROR(VLOOKUP(B586,ورقة1!$I$3:$K$1048576,3,0),0)","v":0},null,0]
[null,null,{"$f":"IFERROR(VLOOKUP(B587,ورقة1!$I$3:$K$1048576,2,0),)","v":0},{"$f":"IFERROR(VLOOKUP(B587,ورقة1!$I$3:$K$1048576,3,0),0)","v":0},null,0]
[null,null,{"$f":"IFERROR(VLOOKUP(B588,ورقة1!$I$3:$K$1048576,2,0),)","v":0},{"$f":"IFERROR(VLOOKUP(B588,ورقة1!$I$3:$K$1048576,3,0),0)","v":0},null,0]
[null,null,{"$f":"IFERROR(VLOOKUP(B589,ورقة1!$I$3:$K$1048576,2,0),)","v":0},{"$f":"IFERROR(VLOOKUP(B589,ورقة1!$I$3:$K$1048576,3,0),0)","v":0},null,0]
[null,null,{"$f":"IFERROR(VLOOKUP(B590,ورقة1!$I$3:$K$1048576,2,0),)","v":0},{"$f":"IFERROR(VLOOKUP(B590,ورقة1!$I$3:$K$1048576,3,0),0)","v":0},null,0]
[null,null,{"$f":"IFERROR(VLOOKUP(B591,ورقة1!$I$3:$K$1048576,2,0),)","v":0},{"$f":"IFERROR(VLOOKUP(B591,ورقة1!$I$3:$K$1048576,3,0),0)","v":0},null,0]
[null,"إجمالى الفاتورة",null,{"$f":"SUM(F568:F591)","v":0}]
[null,"معدل الخصم",null,{"$f":"D594/100","v":0}]
[null,"قيمة الخصم"]
[null,"صافى قيمة الفاتورة",null,{"$f":"D592-D594","v":0}]
[]
[null,"رقم الفاتورة",{"$f":"C562+1","v":117},"المندوب",{"$f":"IFERROR(VLOOKUP(C600,ورقة1!$B$3:$G$1048576,3,0),)","v":0}]
[null,"التاريخ",null,"المشرف",{"$f":"IFERROR(VLOOKUP(C600,ورقة1!$B$3:$G$1048576,4,0),)","v":0}]
[null,"نوع الفاتورة",null,"الفئة الاساسية",{"$f":"IFERROR(VLOOKUP(C600,ورقة1!$B$3:$G$1048576,5,0),)","v":0}]
[null,"كود العميل",null,"الفئة الفرعية",{"$f":"IFERROR(VLOOKUP(C600,ورقة1!$B$3:$G$1048576,6,0),)","v":0}]
[null,"العميل",{"$f":"IFERROR(VLOOKUP(C600,ورقة1!$B$2:$G$1048576,2,0),)","v":0}]
[null,"الكود","الصنف","السعر ","الكمية","الاجمالى"]
[null,null,{"$f":"IFERROR(VLOOKUP(B603,ورقة1!$I$3:$K$1048576,2,0),)","v":0},{"$f":"IFERROR(VLOOKUP(B603,ورقة1!$I$3:$K$1048576,3,0),0)","v":0},null,{"$f":"D603*E603","v":0}]
[null,null,{"$f":"IFERROR(VLOOKUP(B604,ورقة1!$I$3:$K$1048576,2,0),)","v":0},{"$f":"IFERROR(VLOOKUP(B604,ورقة1!$I$3:$K$1048576,3,0),0)","v":0},null,{"$f":"D604*E604","v":0}]
[null,null,{"$f":"IFERROR(VLOOKUP(B605,ورقة1!$I$3:$K$1048576,2,0),)","v":0},{"$f":"IFERROR(VLOOKUP(B605,ورقة1!$I$3:$K$1048576,3,0),0)","v":0},null,0]
[null,null,{"$f":"IFERROR(VLOOKUP(B606,ورقة1!$I$3:$K$1048576,2,0),)","v":0},{"$f":"IFERROR(VLOOKUP(B606,ورقة1!$I$3:$K$1048576,3,0),0)","v":0},null,0]
[null,null,{"$f":"IFERROR(VLOOKUP(B607,ورقة1!$I$3:$K$1048576,2,0),)","v":0},{"$f":"IFERROR(VLOOKUP(B607,ورقة1!$I$3:$K$1048576,3,0),0)","v":0},null,0]
[null,null,{"$f":"IFERROR(VLOOKUP(B608,ورقة1!$I$3:$K$1048576,2,0),)","v":0},{"$f":"IFERROR(VLOOKUP(B608,ورقة1!$I$3:$K$1048576,3,0),0)","v":0},null,0]
[null,null,{"$f":"IFERROR(VLOOKUP(B609,ورقة1!$I$3:$K$1048576,2,0),)","v":0},{"$f":"IFERROR(VLOOKUP(B609,ورقة1!$I$3:$K$1048576,3,0),0)","v":0},null,0]
[null,null,{"$f":"IFERROR(VLOOKUP(B610,ورقة1!$I$3:$K$1048576,2,0),)","v":0},{"$f":"IFERROR(VLOOKUP(B610,ورقة1!$I$3:$K$1048576,3,0),0)","v":0},null,0]
[null,null,{"$f":"IFERROR(VLOOKUP(B611,ورقة1!$I$3:$K$1048576,2,0),)","v":0},{"$f":"IFERROR(VLOOKUP(B611,ورقة1!$I$3:$K$1048576,3,0),0)","v":0},null,0]
[null,null,{"$f":"IFERROR(VLOOKUP(B612,ورقة1!$I$3:$K$1048576,2,0),)","v":0},{"$f":"IFERROR(VLOOKUP(B612,ورقة1!$I$3:$K$1048576,3,0),0)","v":0},null,0]
[null,null,{"$f":"IFERROR(VLOOKUP(B613,ورقة1!$I$3:$K$1048576,2,0),)","v":0},{"$f":"IFERROR(VLOOKUP(B613,ورقة1!$I$3:$K$1048576,3,0),0)","v":0},null,0]
[null,null,{"$f":"IFERROR(VLOOKUP(B614,ورقة1!$I$3:$K$1048576,2,0),)","v":0},{"$f":"IFERROR(VLOOKUP(B614,ورقة1!$I$3:$K$1048576,3,0),0)","v":0},null,0]
[null,null,{"$f":"IFERROR(VLOOKUP(B615,ورقة1!$I$3:$K$1048576,2,0),)","v":0},{"$f":"IFERROR(VLOOKUP(B615,ورقة1!$I$3:$K$1048576,3,0),0)","v":0},null,0]
[null,null,{"$f":"IFERROR(VLOOKUP(B616,ورقة1!$I$3:$K$1048576,2,0),)","v":0},{"$f":"IFERROR(VLOOKUP(B616,ورقة1!$I$3:$K$1048576,3,0),0)","v":0},null,0]
[null,null,{"$f":"IFERROR(VLOOKUP(B617,ورقة1!$I$3:$K$1048576,2,0),)","v":0},{"$f":"IFERROR(VLOOKUP(B617,ورقة1!$I$3:$K$1048576,3,0),0)","v":0},null,0]
[null,null,{"$f":"IFERROR(VLOOKUP(B618,ورقة1!$I$3:$K$1048576,2,0),)","v":0},{"$f":"IFERROR(VLOOKUP(B618,ورقة1!$I$3:$K$1048576,3,0),0)","v":0},null,0]
[null,null,{"$f":"IFERROR(VLOOKUP(B619,ورقة1!$I$3:$K$1048576,2,0),)","v":0},{"$f":"IFERROR(VLOOKUP(B619,ورقة1!$I$3:$K$1048576,3,0),0)","v":0},null,0]
[null,null,{"$f":"IFERROR(VLOOKUP(B620,ورقة1!$I$3:$K$1048576,2,0),)","v":0},{"$f":"IFERROR(VLOOKUP(B620,ورقة1!$I$3:$K$1048576,3,0),0)","v":0},null,0]
[null,null,{"$f":"IFERROR(VLOOKUP(B621,ورقة1!$I$3:$K$1048576,2,0),)","v":0},{"$f":"IFERROR(VLOOKUP(B621,ورقة1!$I$3:$K$1048576,3,0),0)","v":0},null,0]
[null,null,{"$f":"IFERROR(VLOOKUP(B622,ورقة1!$I$3:$K$1048576,2,0),)","v":0},{"$f":"IFERROR(VLOOKUP(B622,ورقة1!$I$3:$K$1048576,3,0),0)","v":0},null,0]
[null,null,{"$f":"IFERROR(VLOOKUP(B623,ورقة1!$I$3:$K$1048576,2,0),)","v":0},{"$f":"IFERROR(VLOOKUP(B623,ورقة1!$I$3:$K$1048576,3,0),0)","v":0},null,0]
[null,null,{"$f":"IFERROR(VLOOKUP(B624,ورقة1!$I$3:$K$1048576,2,0),)","v":0},{"$f":"IFERROR(VLOOKUP(B624,ورقة1!$I$3:$K$1048576,3,0),0)","v":0},null,0]
[null,null,{"$f":"IFERROR(VLOOKUP(B625,ورقة1!$I$3:$K$1048576,2,0),)","v":0},{"$f":"IFERROR(VLOOKUP(B625,ورقة1!$I$3:$K$1048576,3,0),0)","v":0},null,0]
[null,null,{"$f":"IFERROR(VLOOKUP(B626,ورقة1!$I$3:$K$1048576,2,0),)","v":0},{"$f":"IFERROR(VLOOKUP(B626,ورقة1!$I$3:$K$1048576,3,0),0)","v":0},null,0]
[null,"إجمالى الفاتورة",null,{"$f":"SUM(F603:F626)","v":0}]
[null,"معدل الخصم",null,{"$f":"D629/100","v":0}]
[null,"قيمة الخصم"]
[null,"صافى قيمة الفاتورة",null,{"$f":"D627-D629","v":0}]
[]
[null,"رقم الفاتورة",{"$f":"C597+1","v":118},"المندوب",{"$f":"IFERROR(VLOOKUP(C635,ورقة1!$B$3:$G$1048576,3,0),)","v":0}]
[null,"التاريخ",null,"المشرف",{"$f":"IFERROR(VLOOKUP(C635,ورقة1!$B$3:$G$1048576,4,0),)","v":0}]
[null,"نوع الفاتورة",null,"الفئة الاساسية",{"$f":"IFERROR(VLOOKUP(C635,ورقة1!$B$3:$G$1048576,5,0),)","v":0}]
[null,"كود العميل",null,"الفئة الفرعية",{"$f":"IFERROR(VLOOKUP(C635,ورقة1!$B$3:$G$1048576,6,0),)","v":0}]
[null,"العميل",{"$f":"IFERROR(VLOOKUP(C635,ورقة1!$B$2:$G$1048576,2,0),)","v":0}]
[null,"الكود","الصنف","السعر ","الكمية","الاجمالى"]
[null,null,{"$f":"IFERROR(VLOOKUP(B638,ورقة1!$I$3:$K$1048576,2,0),)","v":0},{"$f":"IFERROR(VLOOKUP(B638,ورقة1!$I$3:$K$1048576,3,0),0)","v":0},null,{"$f":"D638*E638","v":0}]
[null,null,{"$f":"IFERROR(VLOOKUP(B639,ورقة1!$I$3:$K$1048576,2,0),)","v":0},{"$f":"IFERROR(VLOOKUP(B639,ورقة1!$I$3:$K$1048576,3,0),0)","v":0},null,{"$f":"D639*E639","v":0}]
[null,null,{"$f":"IFERROR(VLOOKUP(B640,ورقة1!$I$3:$K$1048576,2,0),)","v":0},{"$f":"IFERROR(VLOOKUP(B640,ورقة1!$I$3:$K$1048576,3,0),0)","v":0},null,0]
[null,null,{"$f":"IFERROR(VLOOKUP(B641,ورقة1!$I$3:$K$1048576,2,0),)","v":0},{"$f":"IFERROR(VLOOKUP(B641,ورقة1!$I$3:$K$1048576,3,0),0)","v":0},null,0]
[null,null,{"$f":"IFERROR(VLOOKUP(B642,ورقة1!$I$3:$K$1048576,2,0),)","v":0},{"$f":"IFERROR(VLOOKUP(B642,ورقة1!$I$3:$K$1048576,3,0),0)","v":0},null,0]
[null,null,{"$f":"IFERROR(VLOOKUP(B643,ورقة1!$I$3:$K$1048576,2,0),)","v":0},{"$f":"IFERROR(VLOOKUP(B643,ورقة1!$I$3:$K$1048576,3,0),0)","v":0},null,0]
[null,null,{"$f":"IFERROR(VLOOKUP(B644,ورقة1!$I$3:$K$1048576,2,0),)","v":0},{"$f":"IFERROR(VLOOKUP(B644,ورقة1!$I$3:$K$1048576,3,0),0)","v":0},null,0]
[null,null,{"$f":"IFERROR(VLOOKUP(B645,ورقة1!$I$3:$K$1048576,2,0),)","v":0},{"$f":"IFERROR(VLOOKUP(B645,ورقة1!$I$3:$K$1048576,3,0),0)","v":0},null,0]
[null,null,{"$f":"IFERROR(VLOOKUP(B646,ورقة1!$I$3:$K$1048576,2,0),)","v":0},{"$f":"IFERROR(VLOOKUP(B646,ورقة1!$I$3:$K$1048576,3,0),0)","v":0},null,0]
[null,null,{"$f":"IFERROR(VLOOKUP(B647,ورقة1!$I$3:$K$1048576,2,0),)","v":0},{"$f":"IFERROR(VLOOKUP(B647,ورقة1!$I$3:$K$1048576,3,0),0)","v":0},null,0]
[null,null,{"$f":"IFERROR(VLOOKUP(B648,ورقة1!$I$3:$K$1048576,2,0),)","v":0},{"$f":"IFERROR(VLOOKUP(B648,ورقة1!$I$3:$K$1048576,3,0),0)","v":0},null,0]
[null,null,{"$f":"IFERROR(VLOOKUP(B649,ورقة1!$I$3:$K$1048576,2,0),)","v":0},{"$f":"IFERROR(VLOOKUP(B649,ورقة1!$I$3:$K$1048576,3,0),0)","v":0},null,0]
[null,null,{"$f":"IFERROR(VLOOKUP(B650,ورقة1!$I$3:$K$1048576,2,0),)","v":0},{"$f":"IFERROR(VLOOKUP(B650,ورقة1!$I$3:$K$1048576,3,0),0)","v":0},null,0]
[null,null,{"$f":"IFERROR(VLOOKUP(B651,ورقة1!$I$3:$K$1048576,2,0),)","v":0},{"$f":"IFERROR(VLOOKUP(B651,ورقة1!$I$3:$K$1048576,3,0),0)","v":0},null,0]
[null,null,{"$f":"IFERROR(VLOOKUP(B652,ورقة1!$I$3:$K$1048576,2,0),)","v":0},{"$f":"IFERROR(VLOOKUP(B652,ورقة1!$I$3:$K$1048576,3,0),0)","v":0},null,0]
[null,null,{"$f":"IFERROR(VLOOKUP(B653,ورقة1!$I$3:$K$1048576,2,0),)","v":0},{"$f":"IFERROR(VLOOKUP(B653,ورقة1!$I$3:$K$1048576,3,0),0)","v":0},null,0]
[null,null,{"$f":"IFERROR(VLOOKUP(B654,ورقة1!$I$3:$K$1048576,2,0),)","v":0},{"$f":"IFERROR(VLOOKUP(B654,ورقة1!$I$3:$K$1048576,3,0),0)","v":0},null,0]
[null,null,{"$f":"IFERROR(VLOOKUP(B655,ورقة1!$I$3:$K$1048576,2,0),)","v":0},{"$f":"IFERROR(VLOOKUP(B655,ورقة1!$I$3:$K$1048576,3,0),0)","v":0},null,0]
[null,null,{"$f":"IFERROR(VLOOKUP(B656,ورقة1!$I$3:$K$1048576,2,0),)","v":0},{"$f":"IFERROR(VLOOKUP(B656,ورقة1!$I$3:$K$1048576,3,0),0)","v":0},null,0]
[null,null,{"$f":"IFERROR(VLOOKUP(B657,ورقة1!$I$3:$K$1048576,2,0),)","v":0},{"$f":"IFERROR(VLOOKUP(B657,ورقة1!$I$3:$K$1048576,3,0),0)","v":0},null,0]
[null,null,{"$f":"IFERROR(VLOOKUP(B658,ورقة1!$I$3:$K$1048576,2,0),)","v":0},{"$f":"IFERROR(VLOOKUP(B658,ورقة1!$I$3:$K$1048576,3,0),0)","v":0},null,0]
[null,null,{"$f":"IFERROR(VLOOKUP(B659,ورقة1!$I$3:$K$1048576,2,0),)","v":0},{"$f":"IFERROR(VLOOKUP(B659,ورقة1!$I$3:$K$1048576,3,0),0)","v":0},null,0]
[null,null,{"$f":"IFERROR(VLOOKUP(B660,ورقة1!$I$3:$K$1048576,2,0),)","v":0},{"$f":"IFERROR(VLOOKUP(B660,ورقة1!$I$3:$K$1048576,3,0),0)","v":0},null,0]
[null,null,{"$f":"IFERROR(VLOOKUP(B661,ورقة1!$I$3:$K$1048576,2,0),)","v":0},{"$f":"IFERROR(VLOOKUP(B661,ورقة1!$I$3:$K$1048576,3,0),0)","v":0},null,0]
[null,"إجمالى الفاتورة",null,{"$f":"SUM(F638:F661)","v":0}]
[null,"معدل الخصم",null,{"$f":"D664/100","v":0}]
[null,"قيمة الخصم"]
[null,"صافى قيمة الفاتورة",null,{"$f":"D662-D664","v":0}]
[]
[null,"رقم الفاتورة",{"$f":"C632+1","v":119},"المندوب",{"$f":"IFERROR(VLOOKUP(C670,ورقة1!$B$3:$G$1048576,3,0),)","v":0}]
[null,"التاريخ",null,"المشرف",{"$f":"IFERROR(VLOOKUP(C670,ورقة1!$B$3:$G$1048576,4,0),)","v":0}]
[null,"نوع الفاتورة",null,"الفئة الاساسية",{"$f":"IFERROR(VLOOKUP(C670,ورقة1!$B$3:$G$1048576,5,0),)","v":0}]
[null,"كود العميل",null,"الفئة الفرعية",{"$f":"IFERROR(VLOOKUP(C670,ورقة1!$B$3:$G$1048576,6,0),)","v":0}]
[null,"العميل",{"$f":"IFERROR(VLOOKUP(C670,ورقة1!$B$2:$G$1048576,2,0),)","v":0}]
[null,"الكود","الصنف","السعر ","الكمية","الاجمالى"]
[null,null,{"$f":"IFERROR(VLOOKUP(B673,ورقة1!$I$3:$K$1048576,2,0),)","v":0},{"$f":"IFERROR(VLOOKUP(B673,ورقة1!$I$3:$K$1048576,3,0),0)","v":0},null,{"$f":"D673*E673","v":0}]
[null,null,{"$f":"IFERROR(VLOOKUP(B674,ورقة1!$I$3:$K$1048576,2,0),)","v":0},{"$f":"IFERROR(VLOOKUP(B674,ورقة1!$I$3:$K$1048576,3,0),0)","v":0},null,{"$f":"D674*E674","v":0}]
[null,null,{"$f":"IFERROR(VLOOKUP(B675,ورقة1!$I$3:$K$1048576,2,0),)","v":0},{"$f":"IFERROR(VLOOKUP(B675,ورقة1!$I$3:$K$1048576,3,0),0)","v":0},null,0]
[null,null,{"$f":"IFERROR(VLOOKUP(B676,ورقة1!$I$3:$K$1048576,2,0),)","v":0},{"$f":"IFERROR(VLOOKUP(B676,ورقة1!$I$3:$K$1048576,3,0),0)","v":0},null,0]
[null,null,{"$f":"IFERROR(VLOOKUP(B677,ورقة1!$I$3:$K$1048576,2,0),)","v":0},{"$f":"IFERROR(VLOOKUP(B677,ورقة1!$I$3:$K$1048576,3,0),0)","v":0},null,0]
[null,null,{"$f":"IFERROR(VLOOKUP(B678,ورقة1!$I$3:$K$1048576,2,0),)","v":0},{"$f":"IFERROR(VLOOKUP(B678,ورقة1!$I$3:$K$1048576,3,0),0)","v":0},null,0]
[null,null,{"$f":"IFERROR(VLOOKUP(B679,ورقة1!$I$3:$K$1048576,2,0),)","v":0},{"$f":"IFERROR(VLOOKUP(B679,ورقة1!$I$3:$K$1048576,3,0),0)","v":0},null,0]
[null,null,{"$f":"IFERROR(VLOOKUP(B680,ورقة1!$I$3:$K$1048576,2,0),)","v":0},{"$f":"IFERROR(VLOOKUP(B680,ورقة1!$I$3:$K$1048576,3,0),0)","v":0},null,0]
[null,null,{"$f":"IFERROR(VLOOKUP(B681,ورقة1!$I$3:$K$1048576,2,0),)","v":0},{"$f":"IFERROR(VLOOKUP(B681,ورقة1!$I$3:$K$1048576,3,0),0)","v":0},null,0]
[null,null,{"$f":"IFERROR(VLOOKUP(B682,ورقة1!$I$3:$K$1048576,2,0),)","v":0},{"$f":"IFERROR(VLOOKUP(B682,ورقة1!$I$3:$K$1048576,3,0),0)","v":0},null,0]
[null,null,{"$f":"IFERROR(VLOOKUP(B683,ورقة1!$I$3:$K$1048576,2,0),)","v":0},{"$f":"IFERROR(VLOOKUP(B683,ورقة1!$I$3:$K$1048576,3,0),0)","v":0},null,0]
[null,null,{"$f":"IFERROR(VLOOKUP(B684,ورقة1!$I$3:$K$1048576,2,0),)","v":0},{"$f":"IFERROR(VLOOKUP(B684,ورقة1!$I$3:$K$1048576,3,0),0)","v":0},null,0]
[null,null,{"$f":"IFERROR(VLOOKUP(B685,ورقة1!$I$3:$K$1048576,2,0),)","v":0},{"$f":"IFERROR(VLOOKUP(B685,ورقة1!$I$3:$K$1048576,3,0),0)","v":0},null,0]
[null,null,{"$f":"IFERROR(VLOOKUP(B686,ورقة1!$I$3:$K$1048576,2,0),)","v":0},{"$f":"IFERROR(VLOOKUP(B686,ورقة1!$I$3:$K$1048576,3,0),0)","v":0},null,0]
[null,null,{"$f":"IFERROR(VLOOKUP(B687,ورقة1!$I$3:$K$1048576,2,0),)","v":0},{"$f":"IFERROR(VLOOKUP(B687,ورقة1!$I$3:$K$1048576,3,0),0)","v":0},null,0]
[null,null,{"$f":"IFERROR(VLOOKUP(B688,ورقة1!$I$3:$K$1048576,2,0),)","v":0},{"$f":"IFERROR(VLOOKUP(B688,ورقة1!$I$3:$K$1048576,3,0),0)","v":0},null,0]
[null,null,{"$f":"IFERROR(VLOOKUP(B689,ورقة1!$I$3:$K$1048576,2,0),)","v":0},{"$f":"IFERROR(VLOOKUP(B689,ورقة1!$I$3:$K$1048576,3,0),0)","v":0},null,0]
[null,null,{"$f":"IFERROR(VLOOKUP(B690,ورقة1!$I$3:$K$1048576,2,0),)","v":0},{"$f":"IFERROR(VLOOKUP(B690,ورقة1!$I$3:$K$1048576,3,0),0)","v":0},null,0]
[null,null,{"$f":"IFERROR(VLOOKUP(B691,ورقة1!$I$3:$K$1048576,2,0),)","v":0},{"$f":"IFERROR(VLOOKUP(B691,ورقة1!$I$3:$K$1048576,3,0),0)","v":0},null,0]
[null,null,{"$f":"IFERROR(VLOOKUP(B692,ورقة1!$I$3:$K$1048576,2,0),)","v":0},{"$f":"IFERROR(VLOOKUP(B692,ورقة1!$I$3:$K$1048576,3,0),0)","v":0},null,0]
[null,null,{"$f":"IFERROR(VLOOKUP(B693,ورقة1!$I$3:$K$1048576,2,0),)","v":0},{"$f":"IFERROR(VLOOKUP(B693,ورقة1!$I$3:$K$1048576,3,0),0)","v":0},null,0]
[null,null,{"$f":"IFERROR(VLOOKUP(B694,ورقة1!$I$3:$K$1048576,2,0),)","v":0},{"$f":"IFERROR(VLOOKUP(B694,ورقة1!$I$3:$K$1048576,3,0),0)","v":0},null,0]
[null,null,{"$f":"IFERROR(VLOOKUP(B695,ورقة1!$I$3:$K$1048576,2,0),)","v":0},{"$f":"IFERROR(VLOOKUP(B695,ورقة1!$I$3:$K$1048576,3,0),0)","v":0},null,0]
[null,null,{"$f":"IFERROR(VLOOKUP(B696,ورقة1!$I$3:$K$1048576,2,0),)","v":0},{"$f":"IFERROR(VLOOKUP(B696,ورقة1!$I$3:$K$1048576,3,0),0)","v":0},null,0]
[null,"إجمالى الفاتورة",null,{"$f":"SUM(F673:F696)","v":0}]
[null,"معدل الخصم",null,{"$f":"D699/100","v":0}]
[null,"قيمة الخصم"]
[null,"صافى قيمة الفاتورة",null,{"$f":"D697-D699","v":0}]
[]
[null,"رقم الفاتورة",{"$f":"C667+1","v":120},"المندوب",{"$f":"IFERROR(VLOOKUP(C705,ورقة1!$B$3:$G$1048576,3,0),)","v":0}]
[null,"التاريخ",null,"المشرف",{"$f":"IFERROR(VLOOKUP(C705,ورقة1!$B$3:$G$1048576,4,0),)","v":0}]
[null,"نوع الفاتورة",null,"الفئة الاساسية",{"$f":"IFERROR(VLOOKUP(C705,ورقة1!$B$3:$G$1048576,5,0),)","v":0}]
[null,"كود العميل",null,"الفئة الفرعية",{"$f":"IFERROR(VLOOKUP(C705,ورقة1!$B$3:$G$1048576,6,0),)","v":0}]
[null,"العميل",{"$f":"IFERROR(VLOOKUP(C705,ورقة1!$B$2:$G$1048576,2,0),)","v":0}]
[null,"الكود","الصنف","السعر ","الكمية","الاجمالى"]
[null,null,{"$f":"IFERROR(VLOOKUP(B708,ورقة1!$I$3:$K$1048576,2,0),)","v":0},{"$f":"IFERROR(VLOOKUP(B708,ورقة1!$I$3:$K$1048576,3,0),0)","v":0},null,{"$f":"D708*E708","v":0}]
[null,null,{"$f":"IFERROR(VLOOKUP(B709,ورقة1!$I$3:$K$1048576,2,0),)","v":0},{"$f":"IFERROR(VLOOKUP(B709,ورقة1!$I$3:$K$1048576,3,0),0)","v":0},null,{"$f":"D709*E709","v":0}]
[null,null,{"$f":"IFERROR(VLOOKUP(B710,ورقة1!$I$3:$K$1048576,2,0),)","v":0},{"$f":"IFERROR(VLOOKUP(B710,ورقة1!$I$3:$K$1048576,3,0),0)","v":0},null,0]
[null,null,{"$f":"IFERROR(VLOOKUP(B711,ورقة1!$I$3:$K$1048576,2,0),)","v":0},{"$f":"IFERROR(VLOOKUP(B711,ورقة1!$I$3:$K$1048576,3,0),0)","v":0},null,0]
[null,null,{"$f":"IFERROR(VLOOKUP(B712,ورقة1!$I$3:$K$1048576,2,0),)","v":0},{"$f":"IFERROR(VLOOKUP(B712,ورقة1!$I$3:$K$1048576,3,0),0)","v":0},null,0]
[null,null,{"$f":"IFERROR(VLOOKUP(B713,ورقة1!$I$3:$K$1048576,2,0),)","v":0},{"$f":"IFERROR(VLOOKUP(B713,ورقة1!$I$3:$K$1048576,3,0),0)","v":0},null,0]
[null,null,{"$f":"IFERROR(VLOOKUP(B714,ورقة1!$I$3:$K$1048576,2,0),)","v":0},{"$f":"IFERROR(VLOOKUP(B714,ورقة1!$I$3:$K$1048576,3,0),0)","v":0},null,0]
[null,null,{"$f":"IFERROR(VLOOKUP(B715,ورقة1!$I$3:$K$1048576,2,0),)","v":0},{"$f":"IFERROR(VLOOKUP(B715,ورقة1!$I$3:$K$1048576,3,0),0)","v":0},null,0]
[null,null,{"$f":"IFERROR(VLOOKUP(B716,ورقة1!$I$3:$K$1048576,2,0),)","v":0},{"$f":"IFERROR(VLOOKUP(B716,ورقة1!$I$3:$K$1048576,3,0),0)","v":0},null,0]
[null,null,{"$f":"IFERROR(VLOOKUP(B717,ورقة1!$I$3:$K$1048576,2,0),)","v":0},{"$f":"IFERROR(VLOOKUP(B717,ورقة1!$I$3:$K$1048576,3,0),0)","v":0},null,0]
[null,null,{"$f":"IFERROR(VLOOKUP(B718,ورقة1!$I$3:$K$1048576,2,0),)","v":0},{"$f":"IFERROR(VLOOKUP(B718,ورقة1!$I$3:$K$1048576,3,0),0)","v":0},null,0]
[null,null,{"$f":"IFERROR(VLOOKUP(B719,ورقة1!$I$3:$K$1048576,2,0),)","v":0},{"$f":"IFERROR(VLOOKUP(B719,ورقة1!$I$3:$K$1048576,3,0),0)","v":0},null,0]
[null,null,{"$f":"IFERROR(VLOOKUP(B720,ورقة1!$I$3:$K$1048576,2,0),)","v":0},{"$f":"IFERROR(VLOOKUP(B720,ورقة1!$I$3:$K$1048576,3,0),0)","v":0},null,0]
[null,null,{"$f":"IFERROR(VLOOKUP(B721,ورقة1!$I$3:$K$1048576,2,0),)","v":0},{"$f":"IFERROR(VLOOKUP(B721,ورقة1!$I$3:$K$1048576,3,0),0)","v":0},null,0]
[null,null,{"$f":"IFERROR(VLOOKUP(B722,ورقة1!$I$3:$K$1048576,2,0),)","v":0},{"$f":"IFERROR(VLOOKUP(B722,ورقة1!$I$3:$K$1048576,3,0),0)","v":0},null,0]
[null,null,{"$f":"IFERROR(VLOOKUP(B723,ورقة1!$I$3:$K$1048576,2,0),)","v":0},{"$f":"IFERROR(VLOOKUP(B723,ورقة1!$I$3:$K$1048576,3,0),0)","v":0},null,0]
[null,null,{"$f":"IFERROR(VLOOKUP(B724,ورقة1!$I$3:$K$1048576,2,0),)","v":0},{"$f":"IFERROR(VLOOKUP(B724,ورقة1!$I$3:$K$1048576,3,0),0)","v":0},null,0]
[null,null,{"$f":"IFERROR(VLOOKUP(B725,ورقة1!$I$3:$K$1048576,2,0),)","v":0},{"$f":"IFERROR(VLOOKUP(B725,ورقة1!$I$3:$K$1048576,3,0),0)","v":0},null,0]
[null,null,{"$f":"IFERROR(VLOOKUP(B726,ورقة1!$I$3:$K$1048576,2,0),)","v":0},{"$f":"IFERROR(VLOOKUP(B726,ورقة1!$I$3:$K$1048576,3,0),0)","v":0},null,0]
[null,null,{"$f":"IFERROR(VLOOKUP(B727,ورقة1!$I$3:$K$1048576,2,0),)","v":0},{"$f":"IFERROR(VLOOKUP(B727,ورقة1!$I$3:$K$1048576,3,0),0)","v":0},null,0]
[null,null,{"$f":"IFERROR(VLOOKUP(B728,ورقة1!$I$3:$K$1048576,2,0),)","v":0},{"$f":"IFERROR(VLOOKUP(B728,ورقة1!$I$3:$K$1048576,3,0),0)","v":0},null,0]
[null,null,{"$f":"IFERROR(VLOOKUP(B729,ورقة1!$I$3:$K$1048576,2,0),)","v":0},{"$f":"IFERROR(VLOOKUP(B729,ورقة1!$I$3:$K$1048576,3,0),0)","v":0},null,0]
[null,null,{"$f":"IFERROR(VLOOKUP(B730,ورقة1!$I$3:$K$1048576,2,0),)","v":0},{"$f":"IFERROR(VLOOKUP(B730,ورقة1!$I$3:$K$1048576,3,0),0)","v":0},null,0]
[null,null,{"$f":"IFERROR(VLOOKUP(B731,ورقة1!$I$3:$K$1048576,2,0),)","v":0},{"$f":"IFERROR(VLOOKUP(B731,ورقة1!$I$3:$K$1048576,3,0),0)","v":0},null,0]
[null,"إجمالى الفاتورة",null,{"$f":"SUM(F708:F731)","v":0}]
[null,"معدل الخصم",null,{"$f":"D734/100","v":0}]
[null,"قيمة الخصم"]
[null,"صافى قيمة الفاتورة",null,{"$f":"D732-D734","v":0}]
[]
[null,"رقم الفاتورة",{"$f":"C702+1","v":121},"المندوب",{"$f":"IFERROR(VLOOKUP(C740,ورقة1!$B$3:$G$1048576,3,0),)","v":0}]
[null,"التاريخ",null,"المشرف",{"$f":"IFERROR(VLOOKUP(C740,ورقة1!$B$3:$G$1048576,4,0),)","v":0}]
[null,"نوع الفاتورة",null,"الفئة الاساسية",{"$f":"IFERROR(VLOOKUP(C740,ورقة1!$B$3:$G$1048576,5,0),)","v":0}]
[null,"كود العميل",null,"الفئة الفرعية",{"$f":"IFERROR(VLOOKUP(C740,ورقة1!$B$3:$G$1048576,6,0),)","v":0}]
[null,"العميل",{"$f":"IFERROR(VLOOKUP(C740,ورقة1!$B$2:$G$1048576,2,0),)","v":0}]
[null,"الكود","الصنف","السعر ","الكمية","الاجمالى"]
[null,null,{"$f":"IFERROR(VLOOKUP(B743,ورقة1!$I$3:$K$1048576,2,0),)","v":0},{"$f":"IFERROR(VLOOKUP(B743,ورقة1!$I$3:$K$1048576,3,0),0)","v":0},null,{"$f":"D743*E743","v":0}]
[null,null,{"$f":"IFERROR(VLOOKUP(B744,ورقة1!$I$3:$K$1048576,2,0),)","v":0},{"$f":"IFERROR(VLOOKUP(B744,ورقة1!$I$3:$K$1048576,3,0),0)","v":0},null,{"$f":"D744*E744","v":0}]
[null,null,{"$f":"IFERROR(VLOOKUP(B745,ورقة1!$I$3:$K$1048576,2,0),)","v":0},{"$f":"IFERROR(VLOOKUP(B745,ورقة1!$I$3:$K$1048576,3,0),0)","v":0},null,0]
[null,null,{"$f":"IFERROR(VLOOKUP(B746,ورقة1!$I$3:$K$1048576,2,0),)","v":0},{"$f":"IFERROR(VLOOKUP(B746,ورقة1!$I$3:$K$1048576,3,0),0)","v":0},null,0]
[null,null,{"$f":"IFERROR(VLOOKUP(B747,ورقة1!$I$3:$K$1048576,2,0),)","v":0},{"$f":"IFERROR(VLOOKUP(B747,ورقة1!$I$3:$K$1048576,3,0),0)","v":0},null,0]
[null,null,{"$f":"IFERROR(VLOOKUP(B748,ورقة1!$I$3:$K$1048576,2,0),)","v":0},{"$f":"IFERROR(VLOOKUP(B748,ورقة1!$I$3:$K$1048576,3,0),0)","v":0},null,0]
[null,null,{"$f":"IFERROR(VLOOKUP(B749,ورقة1!$I$3:$K$1048576,2,0),)","v":0},{"$f":"IFERROR(VLOOKUP(B749,ورقة1!$I$3:$K$1048576,3,0),0)","v":0},null,0]
[null,null,{"$f":"IFERROR(VLOOKUP(B750,ورقة1!$I$3:$K$1048576,2,0),)","v":0},{"$f":"IFERROR(VLOOKUP(B750,ورقة1!$I$3:$K$1048576,3,0),0)","v":0},null,0]
[null,null,{"$f":"IFERROR(VLOOKUP(B751,ورقة1!$I$3:$K$1048576,2,0),)","v":0},{"$f":"IFERROR(VLOOKUP(B751,ورقة1!$I$3:$K$1048576,3,0),0)","v":0},null,0]
[null,null,{"$f":"IFERROR(VLOOKUP(B752,ورقة1!$I$3:$K$1048576,2,0),)","v":0},{"$f":"IFERROR(VLOOKUP(B752,ورقة1!$I$3:$K$1048576,3,0),0)","v":0},null,0]
[null,null,{"$f":"IFERROR(VLOOKUP(B753,ورقة1!$I$3:$K$1048576,2,0),)","v":0},{"$f":"IFERROR(VLOOKUP(B753,ورقة1!$I$3:$K$1048576,3,0),0)","v":0},null,0]
[null,null,{"$f":"IFERROR(VLOOKUP(B754,ورقة1!$I$3:$K$1048576,2,0),)","v":0},{"$f":"IFERROR(VLOOKUP(B754,ورقة1!$I$3:$K$1048576,3,0),0)","v":0},null,0]
[null,null,{"$f":"IFERROR(VLOOKUP(B755,ورقة1!$I$3:$K$1048576,2,0),)","v":0},{"$f":"IFERROR(VLOOKUP(B755,ورقة1!$I$3:$K$1048576,3,0),0)","v":0},null,0]
[null,null,{"$f":"IFERROR(VLOOKUP(B756,ورقة1!$I$3:$K$1048576,2,0),)","v":0},{"$f":"IFERROR(VLOOKUP(B756,ورقة1!$I$3:$K$1048576,3,0),0)","v":0},null,0]
[null,null,{"$f":"IFERROR(VLOOKUP(B757,ورقة1!$I$3:$K$1048576,2,0),)","v":0},{"$f":"IFERROR(VLOOKUP(B757,ورقة1!$I$3:$K$1048576,3,0),0)","v":0},null,0]
[null,null,{"$f":"IFERROR(VLOOKUP(B758,ورقة1!$I$3:$K$1048576,2,0),)","v":0},{"$f":"IFERROR(VLOOKUP(B758,ورقة1!$I$3:$K$1048576,3,0),0)","v":0},null,0]
[null,null,{"$f":"IFERROR(VLOOKUP(B759,ورقة1!$I$3:$K$1048576,2,0),)","v":0},{"$f":"IFERROR(VLOOKUP(B759,ورقة1!$I$3:$K$1048576,3,0),0)","v":0},null,0]
[null,null,{"$f":"IFERROR(VLOOKUP(B760,ورقة1!$I$3:$K$1048576,2,0),)","v":0},{"$f":"IFERROR(VLOOKUP(B760,ورقة1!$I$3:$K$1048576,3,0),0)","v":0},null,0]
[null,null,{"$f":"IFERROR(VLOOKUP(B761,ورقة1!$I$3:$K$1048576,2,0),)","v":0},{"$f":"IFERROR(VLOOKUP(B761,ورقة1!$I$3:$K$1048576,3,0),0)","v":0},null,0]
[null,null,{"$f":"IFERROR(VLOOKUP(B762,ورقة1!$I$3:$K$1048576,2,0),)","v":0},{"$f":"IFERROR(VLOOKUP(B762,ورقة1!$I$3:$K$1048576,3,0),0)","v":0},null,0]
[null,null,{"$f":"IFERROR(VLOOKUP(B763,ورقة1!$I$3:$K$1048576,2,0),)","v":0},{"$f":"IFERROR(VLOOKUP(B763,ورقة1!$I$3:$K$1048576,3,0),0)","v":0},null,0]
[null,null,{"$f":"IFERROR(VLOOKUP(B764,ورقة1!$I$3:$K$1048576,2,0),)","v":0},{"$f":"IFERROR(VLOOKUP(B764,ورقة1!$I$3:$K$1048576,3,0),0)","v":0},null,0]
[null,null,{"$f":"IFERROR(VLOOKUP(B765,ورقة1!$I$3:$K$1048576,2,0),)","v":0},{"$f":"IFERROR(VLOOKUP(B765,ورقة1!$I$3:$K$1048576,3,0),0)","v":0},null,0]
[null,null,{"$f":"IFERROR(VLOOKUP(B766,ورقة1!$I$3:$K$1048576,2,0),)","v":0},{"$f":"IFERROR(VLOOKUP(B766,ورقة1!$I$3:$K$1048576,3,0),0)","v":0},null,0]
[null,"إجمالى الفاتورة",null,{"$f":"SUM(F743:F766)","v":0}]
[null,"معدل الخصم",null,{"$f":"D769/100","v":0}]
[null,"قيمة الخصم"]
[null,"صافى قيمة الفاتورة",null,{"$f":"D767-D769","v":0}]
[]
[null,"رقم الفاتورة",{"$f":"C737+1","v":122},"المندوب",{"$f":"IFERROR(VLOOKUP(C775,ورقة1!$B$3:$G$1048576,3,0),)","v":0}]
[null,"التاريخ",null,"المشرف",{"$f":"IFERROR(VLOOKUP(C775,ورقة1!$B$3:$G$1048576,4,0),)","v":0}]
[null,"نوع الفاتورة",null,"الفئة الاساسية",{"$f":"IFERROR(VLOOKUP(C775,ورقة1!$B$3:$G$1048576,5,0),)","v":0}]
[null,"كود العميل",null,"الفئة الفرعية",{"$f":"IFERROR(VLOOKUP(C775,ورقة1!$B$3:$G$1048576,6,0),)","v":0}]
[null,"العميل",{"$f":"IFERROR(VLOOKUP(C775,ورقة1!$B$2:$G$1048576,2,0),)","v":0}]
[null,"الكود","الصنف","السعر ","الكمية","الاجمالى"]
[null,null,{"$f":"IFERROR(VLOOKUP(B778,ورقة1!$I$3:$K$1048576,2,0),)","v":0},{"$f":"IFERROR(VLOOKUP(B778,ورقة1!$I$3:$K$1048576,3,0),0)","v":0},null,{"$f":"D778*E778","v":0}]
[null,null,{"$f":"IFERROR(VLOOKUP(B779,ورقة1!$I$3:$K$1048576,2,0),)","v":0},{"$f":"IFERROR(VLOOKUP(B779,ورقة1!$I$3:$K$1048576,3,0),0)","v":0},null,{"$f":"D779*E779","v":0}]
[null,null,{"$f":"IFERROR(VLOOKUP(B780,ورقة1!$I$3:$K$1048576,2,0),)","v":0},{"$f":"IFERROR(VLOOKUP(B780,ورقة1!$I$3:$K$1048576,3,0),0)","v":0},null,0]
[null,null,{"$f":"IFERROR(VLOOKUP(B781,ورقة1!$I$3:$K$1048576,2,0),)","v":0},{"$f":"IFERROR(VLOOKUP(B781,ورقة1!$I$3:$K$1048576,3,0),0)","v":0},null,0]
[null,null,{"$f":"IFERROR(VLOOKUP(B782,ورقة1!$I$3:$K$1048576,2,0),)","v":0},{"$f":"IFERROR(VLOOKUP(B782,ورقة1!$I$3:$K$1048576,3,0),0)","v":0},null,0]
[null,null,{"$f":"IFERROR(VLOOKUP(B783,ورقة1!$I$3:$K$1048576,2,0),)","v":0},{"$f":"IFERROR(VLOOKUP(B783,ورقة1!$I$3:$K$1048576,3,0),0)","v":0},null,0]
[null,null,{"$f":"IFERROR(VLOOKUP(B784,ورقة1!$I$3:$K$1048576,2,0),)","v":0},{"$f":"IFERROR(VLOOKUP(B784,ورقة1!$I$3:$K$1048576,3,0),0)","v":0},null,0]
[null,null,{"$f":"IFERROR(VLOOKUP(B785,ورقة1!$I$3:$K$1048576,2,0),)","v":0},{"$f":"IFERROR(VLOOKUP(B785,ورقة1!$I$3:$K$1048576,3,0),0)","v":0},null,0]
[null,null,{"$f":"IFERROR(VLOOKUP(B786,ورقة1!$I$3:$K$1048576,2,0),)","v":0},{"$f":"IFERROR(VLOOKUP(B786,ورقة1!$I$3:$K$1048576,3,0),0)","v":0},null,0]
[null,null,{"$f":"IFERROR(VLOOKUP(B787,ورقة1!$I$3:$K$1048576,2,0),)","v":0},{"$f":"IFERROR(VLOOKUP(B787,ورقة1!$I$3:$K$1048576,3,0),0)","v":0},null,0]
[null,null,{"$f":"IFERROR(VLOOKUP(B788,ورقة1!$I$3:$K$1048576,2,0),)","v":0},{"$f":"IFERROR(VLOOKUP(B788,ورقة1!$I$3:$K$1048576,3,0),0)","v":0},null,0]
[null,null,{"$f":"IFERROR(VLOOKUP(B789,ورقة1!$I$3:$K$1048576,2,0),)","v":0},{"$f":"IFERROR(VLOOKUP(B789,ورقة1!$I$3:$K$1048576,3,0),0)","v":0},null,0]
[null,null,{"$f":"IFERROR(VLOOKUP(B790,ورقة1!$I$3:$K$1048576,2,0),)","v":0},{"$f":"IFERROR(VLOOKUP(B790,ورقة1!$I$3:$K$1048576,3,0),0)","v":0},null,0]
[null,null,{"$f":"IFERROR(VLOOKUP(B791,ورقة1!$I$3:$K$1048576,2,0),)","v":0},{"$f":"IFERROR(VLOOKUP(B791,ورقة1!$I$3:$K$1048576,3,0),0)","v":0},null,0]
[null,null,{"$f":"IFERROR(VLOOKUP(B792,ورقة1!$I$3:$K$1048576,2,0),)","v":0},{"$f":"IFERROR(VLOOKUP(B792,ورقة1!$I$3:$K$1048576,3,0),0)","v":0},null,0]
[null,null,{"$f":"IFERROR(VLOOKUP(B793,ورقة1!$I$3:$K$1048576,2,0),)","v":0},{"$f":"IFERROR(VLOOKUP(B793,ورقة1!$I$3:$K$1048576,3,0),0)","v":0},null,0]
[null,null,{"$f":"IFERROR(VLOOKUP(B794,ورقة1!$I$3:$K$1048576,2,0),)","v":0},{"$f":"IFERROR(VLOOKUP(B794,ورقة1!$I$3:$K$1048576,3,0),0)","v":0},null,0]
[null,null,{"$f":"IFERROR(VLOOKUP(B795,ورقة1!$I$3:$K$1048576,2,0),)","v":0},{"$f":"IFERROR(VLOOKUP(B795,ورقة1!$I$3:$K$1048576,3,0),0)","v":0},null,0]
[null,null,{"$f":"IFERROR(VLOOKUP(B796,ورقة1!$I$3:$K$1048576,2,0),)","v":0},{"$f":"IFERROR(VLOOKUP(B796,ورقة1!$I$3:$K$1048576,3,0),0)","v":0},null,0]
[null,null,{"$f":"IFERROR(VLOOKUP(B797,ورقة1!$I$3:$K$1048576,2,0),)","v":0},{"$f":"IFERROR(VLOOKUP(B797,ورقة1!$I$3:$K$1048576,3,0),0)","v":0},null,0]
[null,null,{"$f":"IFERROR(VLOOKUP(B798,ورقة1!$I$3:$K$1048576,2,0),)","v":0},{"$f":"IFERROR(VLOOKUP(B798,ورقة1!$I$3:$K$1048576,3,0),0)","v":0},null,0]
[null,null,{"$f":"IFERROR(VLOOKUP(B799,ورقة1!$I$3:$K$1048576,2,0),)","v":0},{"$f":"IFERROR(VLOOKUP(B799,ورقة1!$I$3:$K$1048576,3,0),0)","v":0},null,0]
[null,null,{"$f":"IFERROR(VLOOKUP(B800,ورقة1!$I$3:$K$1048576,2,0),)","v":0},{"$f":"IFERROR(VLOOKUP(B800,ورقة1!$I$3:$K$1048576,3,0),0)","v":0},null,0]
[null,null,{"$f":"IFERROR(VLOOKUP(B801,ورقة1!$I$3:$K$1048576,2,0),)","v":0},{"$f":"IFERROR(VLOOKUP(B801,ورقة1!$I$3:$K$1048576,3,0),0)","v":0},null,0]
[null,"إجمالى الفاتورة",null,{"$f":"SUM(F778:F801)","v":0}]
[null,"معدل الخصم",null,{"$f":"D804/100","v":0}]
[null,"قيمة الخصم"]
[null,"صافى قيمة الفاتورة",null,{"$f":"D802-D804","v":0}]
[]
[null,"رقم الفاتورة",{"$f":"C772+1","v":123},"المندوب",{"$f":"IFERROR(VLOOKUP(C810,ورقة1!$B$3:$G$1048576,3,0),)","v":0}]
[null,"التاريخ",null,"المشرف",{"$f":"IFERROR(VLOOKUP(C810,ورقة1!$B$3:$G$1048576,4,0),)","v":0}]
[null,"نوع الفاتورة",null,"الفئة الاساسية",{"$f":"IFERROR(VLOOKUP(C810,ورقة1!$B$3:$G$1048576,5,0),)","v":0}]
[null,"كود العميل",null,"الفئة الفرعية",{"$f":"IFERROR(VLOOKUP(C810,ورقة1!$B$3:$G$1048576,6,0),)","v":0}]
[null,"العميل",{"$f":"IFERROR(VLOOKUP(C810,ورقة1!$B$2:$G$1048576,2,0),)","v":0}]
[null,"الكود","الصنف","السعر ","الكمية","الاجمالى"]
[null,null,{"$f":"IFERROR(VLOOKUP(B813,ورقة1!$I$3:$K$1048576,2,0),)","v":0},{"$f":"IFERROR(VLOOKUP(B813,ورقة1!$I$3:$K$1048576,3,0),0)","v":0},null,{"$f":"D813*E813","v":0}]
[null,null,{"$f":"IFERROR(VLOOKUP(B814,ورقة1!$I$3:$K$1048576,2,0),)","v":0},{"$f":"IFERROR(VLOOKUP(B814,ورقة1!$I$3:$K$1048576,3,0),0)","v":0},null,{"$f":"D814*E814","v":0}]
[null,null,{"$f":"IFERROR(VLOOKUP(B815,ورقة1!$I$3:$K$1048576,2,0),)","v":0},{"$f":"IFERROR(VLOOKUP(B815,ورقة1!$I$3:$K$1048576,3,0),0)","v":0},null,0]
[null,null,{"$f":"IFERROR(VLOOKUP(B816,ورقة1!$I$3:$K$1048576,2,0),)","v":0},{"$f":"IFERROR(VLOOKUP(B816,ورقة1!$I$3:$K$1048576,3,0),0)","v":0},null,0]
[null,null,{"$f":"IFERROR(VLOOKUP(B817,ورقة1!$I$3:$K$1048576,2,0),)","v":0},{"$f":"IFERROR(VLOOKUP(B817,ورقة1!$I$3:$K$1048576,3,0),0)","v":0},null,0]
[null,null,{"$f":"IFERROR(VLOOKUP(B818,ورقة1!$I$3:$K$1048576,2,0),)","v":0},{"$f":"IFERROR(VLOOKUP(B818,ورقة1!$I$3:$K$1048576,3,0),0)","v":0},null,0]
[null,null,{"$f":"IFERROR(VLOOKUP(B819,ورقة1!$I$3:$K$1048576,2,0),)","v":0},{"$f":"IFERROR(VLOOKUP(B819,ورقة1!$I$3:$K$1048576,3,0),0)","v":0},null,0]
[null,null,{"$f":"IFERROR(VLOOKUP(B820,ورقة1!$I$3:$K$1048576,2,0),)","v":0},{"$f":"IFERROR(VLOOKUP(B820,ورقة1!$I$3:$K$1048576,3,0),0)","v":0},null,0]
[null,null,{"$f":"IFERROR(VLOOKUP(B821,ورقة1!$I$3:$K$1048576,2,0),)","v":0},{"$f":"IFERROR(VLOOKUP(B821,ورقة1!$I$3:$K$1048576,3,0),0)","v":0},null,0]
[null,null,{"$f":"IFERROR(VLOOKUP(B822,ورقة1!$I$3:$K$1048576,2,0),)","v":0},{"$f":"IFERROR(VLOOKUP(B822,ورقة1!$I$3:$K$1048576,3,0),0)","v":0},null,0]
[null,null,{"$f":"IFERROR(VLOOKUP(B823,ورقة1!$I$3:$K$1048576,2,0),)","v":0},{"$f":"IFERROR(VLOOKUP(B823,ورقة1!$I$3:$K$1048576,3,0),0)","v":0},null,0]
[null,null,{"$f":"IFERROR(VLOOKUP(B824,ورقة1!$I$3:$K$1048576,2,0),)","v":0},{"$f":"IFERROR(VLOOKUP(B824,ورقة1!$I$3:$K$1048576,3,0),0)","v":0},null,0]
[null,null,{"$f":"IFERROR(VLOOKUP(B825,ورقة1!$I$3:$K$1048576,2,0),)","v":0},{"$f":"IFERROR(VLOOKUP(B825,ورقة1!$I$3:$K$1048576,3,0),0)","v":0},null,0]
[null,null,{"$f":"IFERROR(VLOOKUP(B826,ورقة1!$I$3:$K$1048576,2,0),)","v":0},{"$f":"IFERROR(VLOOKUP(B826,ورقة1!$I$3:$K$1048576,3,0),0)","v":0},null,0]
[null,null,{"$f":"IFERROR(VLOOKUP(B827,ورقة1!$I$3:$K$1048576,2,0),)","v":0},{"$f":"IFERROR(VLOOKUP(B827,ورقة1!$I$3:$K$1048576,3,0),0)","v":0},null,0]
[null,null,{"$f":"IFERROR(VLOOKUP(B828,ورقة1!$I$3:$K$1048576,2,0),)","v":0},{"$f":"IFERROR(VLOOKUP(B828,ورقة1!$I$3:$K$1048576,3,0),0)","v":0},null,0]
[null,null,{"$f":"IFERROR(VLOOKUP(B829,ورقة1!$I$3:$K$1048576,2,0),)","v":0},{"$f":"IFERROR(VLOOKUP(B829,ورقة1!$I$3:$K$1048576,3,0),0)","v":0},null,0]
[null,null,{"$f":"IFERROR(VLOOKUP(B830,ورقة1!$I$3:$K$1048576,2,0),)","v":0},{"$f":"IFERROR(VLOOKUP(B830,ورقة1!$I$3:$K$1048576,3,0),0)","v":0},null,0]
[null,null,{"$f":"IFERROR(VLOOKUP(B831,ورقة1!$I$3:$K$1048576,2,0),)","v":0},{"$f":"IFERROR(VLOOKUP(B831,ورقة1!$I$3:$K$1048576,3,0),0)","v":0},null,0]
[null,null,{"$f":"IFERROR(VLOOKUP(B832,ورقة1!$I$3:$K$1048576,2,0),)","v":0},{"$f":"IFERROR(VLOOKUP(B832,ورقة1!$I$3:$K$1048576,3,0),0)","v":0},null,0]
[null,null,{"$f":"IFERROR(VLOOKUP(B833,ورقة1!$I$3:$K$1048576,2,0),)","v":0},{"$f":"IFERROR(VLOOKUP(B833,ورقة1!$I$3:$K$1048576,3,0),0)","v":0},null,0]
[null,null,{"$f":"IFERROR(VLOOKUP(B834,ورقة1!$I$3:$K$1048576,2,0),)","v":0},{"$f":"IFERROR(VLOOKUP(B834,ورقة1!$I$3:$K$1048576,3,0),0)","v":0},null,0]
[null,null,{"$f":"IFERROR(VLOOKUP(B835,ورقة1!$I$3:$K$1048576,2,0),)","v":0},{"$f":"IFERROR(VLOOKUP(B835,ورقة1!$I$3:$K$1048576,3,0),0)","v":0},null,0]
[null,null,{"$f":"IFERROR(VLOOKUP(B836,ورقة1!$I$3:$K$1048576,2,0),)","v":0},{"$f":"IFERROR(VLOOKUP(B836,ورقة1!$I$3:$K$1048576,3,0),0)","v":0},null,0]
[null,"إجمالى الفاتورة",null,{"$f":"SUM(F813:F836)","v":0}]
[null,"معدل الخصم",null,{"$f":"D839/100","v":0}]
[null,"قيمة الخصم"]
[null,"صافى قيمة الفاتورة",null,{"$f":"D837-D839","v":0}]
[]
[null,"رقم الفاتورة",{"$f":"C807+1","v":124},"المندوب",{"$f":"IFERROR(VLOOKUP(C845,ورقة1!$B$3:$G$1048576,3,0),)","v":0}]
[null,"التاريخ",null,"المشرف",{"$f":"IFERROR(VLOOKUP(C845,ورقة1!$B$3:$G$1048576,4,0),)","v":0}]
[null,"نوع الفاتورة",null,"الفئة الاساسية",{"$f":"IFERROR(VLOOKUP(C845,ورقة1!$B$3:$G$1048576,5,0),)","v":0}]
[null,"كود العميل",null,"الفئة الفرعية",{"$f":"IFERROR(VLOOKUP(C845,ورقة1!$B$3:$G$1048576,6,0),)","v":0}]
[null,"العميل",{"$f":"IFERROR(VLOOKUP(C845,ورقة1!$B$2:$G$1048576,2,0),)","v":0}]
[null,"الكود","الصنف","السعر ","الكمية","الاجمالى"]
[null,null,{"$f":"IFERROR(VLOOKUP(B848,ورقة1!$I$3:$K$1048576,2,0),)","v":0},{"$f":"IFERROR(VLOOKUP(B848,ورقة1!$I$3:$K$1048576,3,0),0)","v":0},null,{"$f":"D848*E848","v":0}]
[null,null,{"$f":"IFERROR(VLOOKUP(B849,ورقة1!$I$3:$K$1048576,2,0),)","v":0},{"$f":"IFERROR(VLOOKUP(B849,ورقة1!$I$3:$K$1048576,3,0),0)","v":0},null,{"$f":"D849*E849","v":0}]
[null,null,{"$f":"IFERROR(VLOOKUP(B850,ورقة1!$I$3:$K$1048576,2,0),)","v":0},{"$f":"IFERROR(VLOOKUP(B850,ورقة1!$I$3:$K$1048576,3,0),0)","v":0},null,0]
[null,null,{"$f":"IFERROR(VLOOKUP(B851,ورقة1!$I$3:$K$1048576,2,0),)","v":0},{"$f":"IFERROR(VLOOKUP(B851,ورقة1!$I$3:$K$1048576,3,0),0)","v":0},null,0]
[null,null,{"$f":"IFERROR(VLOOKUP(B852,ورقة1!$I$3:$K$1048576,2,0),)","v":0},{"$f":"IFERROR(VLOOKUP(B852,ورقة1!$I$3:$K$1048576,3,0),0)","v":0},null,0]
[null,null,{"$f":"IFERROR(VLOOKUP(B853,ورقة1!$I$3:$K$1048576,2,0),)","v":0},{"$f":"IFERROR(VLOOKUP(B853,ورقة1!$I$3:$K$1048576,3,0),0)","v":0},null,0]
[null,null,{"$f":"IFERROR(VLOOKUP(B854,ورقة1!$I$3:$K$1048576,2,0),)","v":0},{"$f":"IFERROR(VLOOKUP(B854,ورقة1!$I$3:$K$1048576,3,0),0)","v":0},null,0]
[null,null,{"$f":"IFERROR(VLOOKUP(B855,ورقة1!$I$3:$K$1048576,2,0),)","v":0},{"$f":"IFERROR(VLOOKUP(B855,ورقة1!$I$3:$K$1048576,3,0),0)","v":0},null,0]
[null,null,{"$f":"IFERROR(VLOOKUP(B856,ورقة1!$I$3:$K$1048576,2,0),)","v":0},{"$f":"IFERROR(VLOOKUP(B856,ورقة1!$I$3:$K$1048576,3,0),0)","v":0},null,0]
[null,null,{"$f":"IFERROR(VLOOKUP(B857,ورقة1!$I$3:$K$1048576,2,0),)","v":0},{"$f":"IFERROR(VLOOKUP(B857,ورقة1!$I$3:$K$1048576,3,0),0)","v":0},null,0]
[null,null,{"$f":"IFERROR(VLOOKUP(B858,ورقة1!$I$3:$K$1048576,2,0),)","v":0},{"$f":"IFERROR(VLOOKUP(B858,ورقة1!$I$3:$K$1048576,3,0),0)","v":0},null,0]
[null,null,{"$f":"IFERROR(VLOOKUP(B859,ورقة1!$I$3:$K$1048576,2,0),)","v":0},{"$f":"IFERROR(VLOOKUP(B859,ورقة1!$I$3:$K$1048576,3,0),0)","v":0},null,0]
[null,null,{"$f":"IFERROR(VLOOKUP(B860,ورقة1!$I$3:$K$1048576,2,0),)","v":0},{"$f":"IFERROR(VLOOKUP(B860,ورقة1!$I$3:$K$1048576,3,0),0)","v":0},null,0]
[null,null,{"$f":"IFERROR(VLOOKUP(B861,ورقة1!$I$3:$K$1048576,2,0),)","v":0},{"$f":"IFERROR(VLOOKUP(B861,ورقة1!$I$3:$K$1048576,3,0),0)","v":0},null,0]
[null,null,{"$f":"IFERROR(VLOOKUP(B862,ورقة1!$I$3:$K$1048576,2,0),)","v":0},{"$f":"IFERROR(VLOOKUP(B862,ورقة1!$I$3:$K$1048576,3,0),0)","v":0},null,0]
[null,null,{"$f":"IFERROR(VLOOKUP(B863,ورقة1!$I$3:$K$1048576,2,0),)","v":0},{"$f":"IFERROR(VLOOKUP(B863,ورقة1!$I$3:$K$1048576,3,0),0)","v":0},null,0]
[null,null,{"$f":"IFERROR(VLOOKUP(B864,ورقة1!$I$3:$K$1048576,2,0),)","v":0},{"$f":"IFERROR(VLOOKUP(B864,ورقة1!$I$3:$K$1048576,3,0),0)","v":0},null,0]
[null,null,{"$f":"IFERROR(VLOOKUP(B865,ورقة1!$I$3:$K$1048576,2,0),)","v":0},{"$f":"IFERROR(VLOOKUP(B865,ورقة1!$I$3:$K$1048576,3,0),0)","v":0},null,0]
[null,null,{"$f":"IFERROR(VLOOKUP(B866,ورقة1!$I$3:$K$1048576,2,0),)","v":0},{"$f":"IFERROR(VLOOKUP(B866,ورقة1!$I$3:$K$1048576,3,0),0)","v":0},null,0]
[null,null,{"$f":"IFERROR(VLOOKUP(B867,ورقة1!$I$3:$K$1048576,2,0),)","v":0},{"$f":"IFERROR(VLOOKUP(B867,ورقة1!$I$3:$K$1048576,3,0),0)","v":0},null,0]
[null,null,{"$f":"IFERROR(VLOOKUP(B868,ورقة1!$I$3:$K$1048576,2,0),)","v":0},{"$f":"IFERROR(VLOOKUP(B868,ورقة1!$I$3:$K$1048576,3,0),0)","v":0},null,0]
[null,null,{"$f":"IFERROR(VLOOKUP(B869,ورقة1!$I$3:$K$1048576,2,0),)","v":0},{"$f":"IFERROR(VLOOKUP(B869,ورقة1!$I$3:$K$1048576,3,0),0)","v":0},null,0]
[null,null,{"$f":"IFERROR(VLOOKUP(B870,ورقة1!$I$3:$K$1048576,2,0),)","v":0},{"$f":"IFERROR(VLOOKUP(B870,ورقة1!$I$3:$K$1048576,3,0),0)","v":0},null,0]
[null,null,{"$f":"IFERROR(VLOOKUP(B871,ورقة1!$I$3:$K$1048576,2,0),)","v":0},{"$f":"IFERROR(VLOOKUP(B871,ورقة1!$I$3:$K$1048576,3,0),0)","v":0},null,0]
[null,"إجمالى الفاتورة",null,{"$f":"SUM(F848:F871)","v":0}]
[null,"معدل الخصم",null,{"$f":"D874/100","v":0}]
[null,"قيمة الخصم"]
[null,"صافى قيمة الفاتورة",null,{"$f":"D872-D874","v":0}]
[]
[null,"رقم الفاتورة",{"$f":"C842+1","v":125},"المندوب",{"$f":"IFERROR(VLOOKUP(C880,ورقة1!$B$3:$G$1048576,3,0),)","v":0}]
[null,"التاريخ",null,"المشرف",{"$f":"IFERROR(VLOOKUP(C880,ورقة1!$B$3:$G$1048576,4,0),)","v":0}]
[null,"نوع الفاتورة",null,"الفئة الاساسية",{"$f":"IFERROR(VLOOKUP(C880,ورقة1!$B$3:$G$1048576,5,0),)","v":0}]
[null,"كود العميل",null,"الفئة الفرعية",{"$f":"IFERROR(VLOOKUP(C880,ورقة1!$B$3:$G$1048576,6,0),)","v":0}]
[null,"العميل",{"$f":"IFERROR(VLOOKUP(C880,ورقة1!$B$2:$G$1048576,2,0),)","v":0}]
[null,"الكود","الصنف","السعر ","الكمية","الاجمالى"]
[null,null,{"$f":"IFERROR(VLOOKUP(B883,ورقة1!$I$3:$K$1048576,2,0),)","v":0},{"$f":"IFERROR(VLOOKUP(B883,ورقة1!$I$3:$K$1048576,3,0),0)","v":0},null,{"$f":"D883*E883","v":0}]
[null,null,{"$f":"IFERROR(VLOOKUP(B884,ورقة1!$I$3:$K$1048576,2,0),)","v":0},{"$f":"IFERROR(VLOOKUP(B884,ورقة1!$I$3:$K$1048576,3,0),0)","v":0},null,{"$f":"D884*E884","v":0}]
[null,null,{"$f":"IFERROR(VLOOKUP(B885,ورقة1!$I$3:$K$1048576,2,0),)","v":0},{"$f":"IFERROR(VLOOKUP(B885,ورقة1!$I$3:$K$1048576,3,0),0)","v":0},null,0]
[null,null,{"$f":"IFERROR(VLOOKUP(B886,ورقة1!$I$3:$K$1048576,2,0),)","v":0},{"$f":"IFERROR(VLOOKUP(B886,ورقة1!$I$3:$K$1048576,3,0),0)","v":0},null,0]
[null,null,{"$f":"IFERROR(VLOOKUP(B887,ورقة1!$I$3:$K$1048576,2,0),)","v":0},{"$f":"IFERROR(VLOOKUP(B887,ورقة1!$I$3:$K$1048576,3,0),0)","v":0},null,0]
[null,null,{"$f":"IFERROR(VLOOKUP(B888,ورقة1!$I$3:$K$1048576,2,0),)","v":0},{"$f":"IFERROR(VLOOKUP(B888,ورقة1!$I$3:$K$1048576,3,0),0)","v":0},null,0]
[null,null,{"$f":"IFERROR(VLOOKUP(B889,ورقة1!$I$3:$K$1048576,2,0),)","v":0},{"$f":"IFERROR(VLOOKUP(B889,ورقة1!$I$3:$K$1048576,3,0),0)","v":0},null,0]
[null,null,{"$f":"IFERROR(VLOOKUP(B890,ورقة1!$I$3:$K$1048576,2,0),)","v":0},{"$f":"IFERROR(VLOOKUP(B890,ورقة1!$I$3:$K$1048576,3,0),0)","v":0},null,0]
[null,null,{"$f":"IFERROR(VLOOKUP(B891,ورقة1!$I$3:$K$1048576,2,0),)","v":0},{"$f":"IFERROR(VLOOKUP(B891,ورقة1!$I$3:$K$1048576,3,0),0)","v":0},null,0]
[null,null,{"$f":"IFERROR(VLOOKUP(B892,ورقة1!$I$3:$K$1048576,2,0),)","v":0},{"$f":"IFERROR(VLOOKUP(B892,ورقة1!$I$3:$K$1048576,3,0),0)","v":0},null,0]
[null,null,{"$f":"IFERROR(VLOOKUP(B893,ورقة1!$I$3:$K$1048576,2,0),)","v":0},{"$f":"IFERROR(VLOOKUP(B893,ورقة1!$I$3:$K$1048576,3,0),0)","v":0},null,0]
[null,null,{"$f":"IFERROR(VLOOKUP(B894,ورقة1!$I$3:$K$1048576,2,0),)","v":0},{"$f":"IFERROR(VLOOKUP(B894,ورقة1!$I$3:$K$1048576,3,0),0)","v":0},null,0]
[null,null,{"$f":"IFERROR(VLOOKUP(B895,ورقة1!$I$3:$K$1048576,2,0),)","v":0},{"$f":"IFERROR(VLOOKUP(B895,ورقة1!$I$3:$K$1048576,3,0),0)","v":0},null,0]
[null,null,{"$f":"IFERROR(VLOOKUP(B896,ورقة1!$I$3:$K$1048576,2,0),)","v":0},{"$f":"IFERROR(VLOOKUP(B896,ورقة1!$I$3:$K$1048576,3,0),0)","v":0},null,0]
[null,null,{"$f":"IFERROR(VLOOKUP(B897,ورقة1!$I$3:$K$1048576,2,0),)","v":0},{"$f":"IFERROR(VLOOKUP(B897,ورقة1!$I$3:$K$1048576,3,0),0)","v":0},null,0]
[null,null,{"$f":"IFERROR(VLOOKUP(B898,ورقة1!$I$3:$K$1048576,2,0),)","v":0},{"$f":"IFERROR(VLOOKUP(B898,ورقة1!$I$3:$K$1048576,3,0),0)","v":0},null,0]
[null,null,{"$f":"IFERROR(VLOOKUP(B899,ورقة1!$I$3:$K$1048576,2,0),)","v":0},{"$f":"IFERROR(VLOOKUP(B899,ورقة1!$I$3:$K$1048576,3,0),0)","v":0},null,0]
[null,null,{"$f":"IFERROR(VLOOKUP(B900,ورقة1!$I$3:$K$1048576,2,0),)","v":0},{"$f":"IFERROR(VLOOKUP(B900,ورقة1!$I$3:$K$1048576,3,0),0)","v":0},null,0]
[null,null,{"$f":"IFERROR(VLOOKUP(B901,ورقة1!$I$3:$K$1048576,2,0),)","v":0},{"$f":"IFERROR(VLOOKUP(B901,ورقة1!$I$3:$K$1048576,3,0),0)","v":0},null,0]
[null,null,{"$f":"IFERROR(VLOOKUP(B902,ورقة1!$I$3:$K$1048576,2,0),)","v":0},{"$f":"IFERROR(VLOOKUP(B902,ورقة1!$I$3:$K$1048576,3,0),0)","v":0},null,0]
[null,null,{"$f":"IFERROR(VLOOKUP(B903,ورقة1!$I$3:$K$1048576,2,0),)","v":0},{"$f":"IFERROR(VLOOKUP(B903,ورقة1!$I$3:$K$1048576,3,0),0)","v":0},null,0]
[null,null,{"$f":"IFERROR(VLOOKUP(B904,ورقة1!$I$3:$K$1048576,2,0),)","v":0},{"$f":"IFERROR(VLOOKUP(B904,ورقة1!$I$3:$K$1048576,3,0),0)","v":0},null,0]
[null,null,{"$f":"IFERROR(VLOOKUP(B905,ورقة1!$I$3:$K$1048576,2,0),)","v":0},{"$f":"IFERROR(VLOOKUP(B905,ورقة1!$I$3:$K$1048576,3,0),0)","v":0},null,0]
[null,null,{"$f":"IFERROR(VLOOKUP(B906,ورقة1!$I$3:$K$1048576,2,0),)","v":0},{"$f":"IFERROR(VLOOKUP(B906,ورقة1!$I$3:$K$1048576,3,0),0)","v":0},null,0]
[null,"إجمالى الفاتورة",null,{"$f":"SUM(F883:F906)","v":0}]
[null,"معدل الخصم",null,{"$f":"D909/100","v":0}]
[null,"قيمة الخصم"]
[null,"صافى قيمة الفاتورة",null,{"$f":"D907-D909","v":0}]
[]
[null,"رقم الفاتورة",{"$f":"C877+1","v":126},"المندوب",{"$f":"IFERROR(VLOOKUP(C915,ورقة1!$B$3:$G$1048576,3,0),)","v":0}]
[null,"التاريخ",null,"المشرف",{"$f":"IFERROR(VLOOKUP(C915,ورقة1!$B$3:$G$1048576,4,0),)","v":0}]
[null,"نوع الفاتورة",null,"الفئة الاساسية",{"$f":"IFERROR(VLOOKUP(C915,ورقة1!$B$3:$G$1048576,5,0),)","v":0}]
[null,"كود العميل",null,"الفئة الفرعية",{"$f":"IFERROR(VLOOKUP(C915,ورقة1!$B$3:$G$1048576,6,0),)","v":0}]
[null,"العميل",{"$f":"IFERROR(VLOOKUP(C915,ورقة1!$B$2:$G$1048576,2,0),)","v":0}]
[null,"الكود","الصنف","السعر ","الكمية","الاجمالى"]
[null,null,{"$f":"IFERROR(VLOOKUP(B918,ورقة1!$I$3:$K$1048576,2,0),)","v":0},{"$f":"IFERROR(VLOOKUP(B918,ورقة1!$I$3:$K$1048576,3,0),0)","v":0},null,{"$f":"D918*E918","v":0}]
[null,null,{"$f":"IFERROR(VLOOKUP(B919,ورقة1!$I$3:$K$1048576,2,0),)","v":0},{"$f":"IFERROR(VLOOKUP(B919,ورقة1!$I$3:$K$1048576,3,0),0)","v":0},null,{"$f":"D919*E919","v":0}]
[null,null,{"$f":"IFERROR(VLOOKUP(B920,ورقة1!$I$3:$K$1048576,2,0),)","v":0},{"$f":"IFERROR(VLOOKUP(B920,ورقة1!$I$3:$K$1048576,3,0),0)","v":0},null,0]
[null,null,{"$f":"IFERROR(VLOOKUP(B921,ورقة1!$I$3:$K$1048576,2,0),)","v":0},{"$f":"IFERROR(VLOOKUP(B921,ورقة1!$I$3:$K$1048576,3,0),0)","v":0},null,0]
[null,null,{"$f":"IFERROR(VLOOKUP(B922,ورقة1!$I$3:$K$1048576,2,0),)","v":0},{"$f":"IFERROR(VLOOKUP(B922,ورقة1!$I$3:$K$1048576,3,0),0)","v":0},null,0]
[null,null,{"$f":"IFERROR(VLOOKUP(B923,ورقة1!$I$3:$K$1048576,2,0),)","v":0},{"$f":"IFERROR(VLOOKUP(B923,ورقة1!$I$3:$K$1048576,3,0),0)","v":0},null,0]
[null,null,{"$f":"IFERROR(VLOOKUP(B924,ورقة1!$I$3:$K$1048576,2,0),)","v":0},{"$f":"IFERROR(VLOOKUP(B924,ورقة1!$I$3:$K$1048576,3,0),0)","v":0},null,0]
[null,null,{"$f":"IFERROR(VLOOKUP(B925,ورقة1!$I$3:$K$1048576,2,0),)","v":0},{"$f":"IFERROR(VLOOKUP(B925,ورقة1!$I$3:$K$1048576,3,0),0)","v":0},null,0]
[null,null,{"$f":"IFERROR(VLOOKUP(B926,ورقة1!$I$3:$K$1048576,2,0),)","v":0},{"$f":"IFERROR(VLOOKUP(B926,ورقة1!$I$3:$K$1048576,3,0),0)","v":0},null,0]
[null,null,{"$f":"IFERROR(VLOOKUP(B927,ورقة1!$I$3:$K$1048576,2,0),)","v":0},{"$f":"IFERROR(VLOOKUP(B927,ورقة1!$I$3:$K$1048576,3,0),0)","v":0},null,0]
[null,null,{"$f":"IFERROR(VLOOKUP(B928,ورقة1!$I$3:$K$1048576,2,0),)","v":0},{"$f":"IFERROR(VLOOKUP(B928,ورقة1!$I$3:$K$1048576,3,0),0)","v":0},null,0]
[null,null,{"$f":"IFERROR(VLOOKUP(B929,ورقة1!$I$3:$K$1048576,2,0),)","v":0},{"$f":"IFERROR(VLOOKUP(B929,ورقة1!$I$3:$K$1048576,3,0),0)","v":0},null,0]
[null,null,{"$f":"IFERROR(VLOOKUP(B930,ورقة1!$I$3:$K$1048576,2,0),)","v":0},{"$f":"IFERROR(VLOOKUP(B930,ورقة1!$I$3:$K$1048576,3,0),0)","v":0},null,0]
[null,null,{"$f":"IFERROR(VLOOKUP(B931,ورقة1!$I$3:$K$1048576,2,0),)","v":0},{"$f":"IFERROR(VLOOKUP(B931,ورقة1!$I$3:$K$1048576,3,0),0)","v":0},null,0]
[null,null,{"$f":"IFERROR(VLOOKUP(B932,ورقة1!$I$3:$K$1048576,2,0),)","v":0},{"$f":"IFERROR(VLOOKUP(B932,ورقة1!$I$3:$K$1048576,3,0),0)","v":0},null,0]
[null,null,{"$f":"IFERROR(VLOOKUP(B933,ورقة1!$I$3:$K$1048576,2,0),)","v":0},{"$f":"IFERROR(VLOOKUP(B933,ورقة1!$I$3:$K$1048576,3,0),0)","v":0},null,0]
[null,null,{"$f":"IFERROR(VLOOKUP(B934,ورقة1!$I$3:$K$1048576,2,0),)","v":0},{"$f":"IFERROR(VLOOKUP(B934,ورقة1!$I$3:$K$1048576,3,0),0)","v":0},null,0]
[null,null,{"$f":"IFERROR(VLOOKUP(B935,ورقة1!$I$3:$K$1048576,2,0),)","v":0},{"$f":"IFERROR(VLOOKUP(B935,ورقة1!$I$3:$K$1048576,3,0),0)","v":0},null,0]
[null,null,{"$f":"IFERROR(VLOOKUP(B936,ورقة1!$I$3:$K$1048576,2,0),)","v":0},{"$f":"IFERROR(VLOOKUP(B936,ورقة1!$I$3:$K$1048576,3,0),0)","v":0},null,0]
[null,null,{"$f":"IFERROR(VLOOKUP(B937,ورقة1!$I$3:$K$1048576,2,0),)","v":0},{"$f":"IFERROR(VLOOKUP(B937,ورقة1!$I$3:$K$1048576,3,0),0)","v":0},null,0]
[null,null,{"$f":"IFERROR(VLOOKUP(B938,ورقة1!$I$3:$K$1048576,2,0),)","v":0},{"$f":"IFERROR(VLOOKUP(B938,ورقة1!$I$3:$K$1048576,3,0),0)","v":0},null,0]
[null,null,{"$f":"IFERROR(VLOOKUP(B939,ورقة1!$I$3:$K$1048576,2,0),)","v":0},{"$f":"IFERROR(VLOOKUP(B939,ورقة1!$I$3:$K$1048576,3,0),0)","v":0},null,0]
[null,null,{"$f":"IFERROR(VLOOKUP(B940,ورقة1!$I$3:$K$1048576,2,0),)","v":0},{"$f":"IFERROR(VLOOKUP(B940,ورقة1!$I$3:$K$1048576,3,0),0)","v":0},null,0]
[null,null,{"$f":"IFERROR(VLOOKUP(B941,ورقة1!$I$3:$K$1048576,2,0),)","v":0},{"$f":"IFERROR(VLOOKUP(B941,ورقة1!$I$3:$K$1048576,3,0),0)","v":0},null,0]
[null,"إجمالى الفاتورة",null,{"$f":"SUM(F918:F941)","v":0}]
[null,"معدل الخصم",null,{"$f":"D944/100","v":0}]
[null,"قيمة الخصم"]
[null,"صافى قيمة الفاتورة",null,{"$f":"D942-D944","v":0}]
[]
[null,"رقم الفاتورة",{"$f":"C912+1","v":127},"المندوب",{"$f":"IFERROR(VLOOKUP(C950,ورقة1!$B$3:$G$1048576,3,0),)","v":0}]
[null,"التاريخ",null,"المشرف",{"$f":"IFERROR(VLOOKUP(C950,ورقة1!$B$3:$G$1048576,4,0),)","v":0}]
[null,"نوع الفاتورة",null,"الفئة الاساسية",{"$f":"IFERROR(VLOOKUP(C950,ورقة1!$B$3:$G$1048576,5,0),)","v":0}]
[null,"كود العميل",null,"الفئة الفرعية",{"$f":"IFERROR(VLOOKUP(C950,ورقة1!$B$3:$G$1048576,6,0),)","v":0}]
[null,"العميل",{"$f":"IFERROR(VLOOKUP(C950,ورقة1!$B$2:$G$1048576,2,0),)","v":0}]
[null,"الكود","الصنف","السعر ","الكمية","الاجمالى"]
[null,null,{"$f":"IFERROR(VLOOKUP(B953,ورقة1!$I$3:$K$1048576,2,0),)","v":0},{"$f":"IFERROR(VLOOKUP(B953,ورقة1!$I$3:$K$1048576,3,0),0)","v":0},null,{"$f":"D953*E953","v":0}]
[null,null,{"$f":"IFERROR(VLOOKUP(B954,ورقة1!$I$3:$K$1048576,2,0),)","v":0},{"$f":"IFERROR(VLOOKUP(B954,ورقة1!$I$3:$K$1048576,3,0),0)","v":0},null,{"$f":"D954*E954","v":0}]
[null,null,{"$f":"IFERROR(VLOOKUP(B955,ورقة1!$I$3:$K$1048576,2,0),)","v":0},{"$f":"IFERROR(VLOOKUP(B955,ورقة1!$I$3:$K$1048576,3,0),0)","v":0},null,0]
[null,null,{"$f":"IFERROR(VLOOKUP(B956,ورقة1!$I$3:$K$1048576,2,0),)","v":0},{"$f":"IFERROR(VLOOKUP(B956,ورقة1!$I$3:$K$1048576,3,0),0)","v":0},null,0]
[null,null,{"$f":"IFERROR(VLOOKUP(B957,ورقة1!$I$3:$K$1048576,2,0),)","v":0},{"$f":"IFERROR(VLOOKUP(B957,ورقة1!$I$3:$K$1048576,3,0),0)","v":0},null,0]
[null,null,{"$f":"IFERROR(VLOOKUP(B958,ورقة1!$I$3:$K$1048576,2,0),)","v":0},{"$f":"IFERROR(VLOOKUP(B958,ورقة1!$I$3:$K$1048576,3,0),0)","v":0},null,0]
[null,null,{"$f":"IFERROR(VLOOKUP(B959,ورقة1!$I$3:$K$1048576,2,0),)","v":0},{"$f":"IFERROR(VLOOKUP(B959,ورقة1!$I$3:$K$1048576,3,0),0)","v":0},null,0]
[null,null,{"$f":"IFERROR(VLOOKUP(B960,ورقة1!$I$3:$K$1048576,2,0),)","v":0},{"$f":"IFERROR(VLOOKUP(B960,ورقة1!$I$3:$K$1048576,3,0),0)","v":0},null,0]
[null,null,{"$f":"IFERROR(VLOOKUP(B961,ورقة1!$I$3:$K$1048576,2,0),)","v":0},{"$f":"IFERROR(VLOOKUP(B961,ورقة1!$I$3:$K$1048576,3,0),0)","v":0},null,0]
[null,null,{"$f":"IFERROR(VLOOKUP(B962,ورقة1!$I$3:$K$1048576,2,0),)","v":0},{"$f":"IFERROR(VLOOKUP(B962,ورقة1!$I$3:$K$1048576,3,0),0)","v":0},null,0]
[null,null,{"$f":"IFERROR(VLOOKUP(B963,ورقة1!$I$3:$K$1048576,2,0),)","v":0},{"$f":"IFERROR(VLOOKUP(B963,ورقة1!$I$3:$K$1048576,3,0),0)","v":0},null,0]
[null,null,{"$f":"IFERROR(VLOOKUP(B964,ورقة1!$I$3:$K$1048576,2,0),)","v":0},{"$f":"IFERROR(VLOOKUP(B964,ورقة1!$I$3:$K$1048576,3,0),0)","v":0},null,0]
[null,null,{"$f":"IFERROR(VLOOKUP(B965,ورقة1!$I$3:$K$1048576,2,0),)","v":0},{"$f":"IFERROR(VLOOKUP(B965,ورقة1!$I$3:$K$1048576,3,0),0)","v":0},null,0]
[null,null,{"$f":"IFERROR(VLOOKUP(B966,ورقة1!$I$3:$K$1048576,2,0),)","v":0},{"$f":"IFERROR(VLOOKUP(B966,ورقة1!$I$3:$K$1048576,3,0),0)","v":0},null,0]
[null,null,{"$f":"IFERROR(VLOOKUP(B967,ورقة1!$I$3:$K$1048576,2,0),)","v":0},{"$f":"IFERROR(VLOOKUP(B967,ورقة1!$I$3:$K$1048576,3,0),0)","v":0},null,0]
[null,null,{"$f":"IFERROR(VLOOKUP(B968,ورقة1!$I$3:$K$1048576,2,0),)","v":0},{"$f":"IFERROR(VLOOKUP(B968,ورقة1!$I$3:$K$1048576,3,0),0)","v":0},null,0]
[null,null,{"$f":"IFERROR(VLOOKUP(B969,ورقة1!$I$3:$K$1048576,2,0),)","v":0},{"$f":"IFERROR(VLOOKUP(B969,ورقة1!$I$3:$K$1048576,3,0),0)","v":0},null,0]
[null,null,{"$f":"IFERROR(VLOOKUP(B970,ورقة1!$I$3:$K$1048576,2,0),)","v":0},{"$f":"IFERROR(VLOOKUP(B970,ورقة1!$I$3:$K$1048576,3,0),0)","v":0},null,0]
[null,null,{"$f":"IFERROR(VLOOKUP(B971,ورقة1!$I$3:$K$1048576,2,0),)","v":0},{"$f":"IFERROR(VLOOKUP(B971,ورقة1!$I$3:$K$1048576,3,0),0)","v":0},null,0]
[null,null,{"$f":"IFERROR(VLOOKUP(B972,ورقة1!$I$3:$K$1048576,2,0),)","v":0},{"$f":"IFERROR(VLOOKUP(B972,ورقة1!$I$3:$K$1048576,3,0),0)","v":0},null,0]
[null,null,{"$f":"IFERROR(VLOOKUP(B973,ورقة1!$I$3:$K$1048576,2,0),)","v":0},{"$f":"IFERROR(VLOOKUP(B973,ورقة1!$I$3:$K$1048576,3,0),0)","v":0},null,0]
[null,null,{"$f":"IFERROR(VLOOKUP(B974,ورقة1!$I$3:$K$1048576,2,0),)","v":0},{"$f":"IFERROR(VLOOKUP(B974,ورقة1!$I$3:$K$1048576,3,0),0)","v":0},null,0]
[null,null,{"$f":"IFERROR(VLOOKUP(B975,ورقة1!$I$3:$K$1048576,2,0),)","v":0},{"$f":"IFERROR(VLOOKUP(B975,ورقة1!$I$3:$K$1048576,3,0),0)","v":0},null,0]
[null,null,{"$f":"IFERROR(VLOOKUP(B976,ورقة1!$I$3:$K$1048576,2,0),)","v":0},{"$f":"IFERROR(VLOOKUP(B976,ورقة1!$I$3:$K$1048576,3,0),0)","v":0},null,0]
[null,"إجمالى الفاتورة",null,{"$f":"SUM(F953:F976)","v":0}]
[null,"معدل الخصم",null,{"$f":"D979/100","v":0}]
[null,"قيمة الخصم"]
[null,"صافى قيمة الفاتورة",null,{"$f":"D977-D979","v":0}]
[]
[null,"رقم الفاتورة",{"$f":"C947+1","v":128},"المندوب",{"$f":"IFERROR(VLOOKUP(C985,ورقة1!$B$3:$G$1048576,3,0),)","v":0}]
[null,"التاريخ",null,"المشرف",{"$f":"IFERROR(VLOOKUP(C985,ورقة1!$B$3:$G$1048576,4,0),)","v":0}]
[null,"نوع الفاتورة",null,"الفئة الاساسية",{"$f":"IFERROR(VLOOKUP(C985,ورقة1!$B$3:$G$1048576,5,0),)","v":0}]
[null,"كود العميل",null,"الفئة الفرعية",{"$f":"IFERROR(VLOOKUP(C985,ورقة1!$B$3:$G$1048576,6,0),)","v":0}]
[null,"العميل",{"$f":"IFERROR(VLOOKUP(C985,ورقة1!$B$2:$G$1048576,2,0),)","v":0}]
[null,"الكود","الصنف","السعر ","الكمية","الاجمالى"]
[null,null,{"$f":"IFERROR(VLOOKUP(B988,ورقة1!$I$3:$K$1048576,2,0),)","v":0},{"$f":"IFERROR(VLOOKUP(B988,ورقة1!$I$3:$K$1048576,3,0),0)","v":0},null,{"$f":"D988*E988","v":0}]
[null,null,{"$f":"IFERROR(VLOOKUP(B989,ورقة1!$I$3:$K$1048576,2,0),)","v":0},{"$f":"IFERROR(VLOOKUP(B989,ورقة1!$I$3:$K$1048576,3,0),0)","v":0},null,{"$f":"D989*E989","v":0}]
[null,null,{"$f":"IFERROR(VLOOKUP(B990,ورقة1!$I$3:$K$1048576,2,0),)","v":0},{"$f":"IFERROR(VLOOKUP(B990,ورقة1!$I$3:$K$1048576,3,0),0)","v":0},null,0]
[null,null,{"$f":"IFERROR(VLOOKUP(B991,ورقة1!$I$3:$K$1048576,2,0),)","v":0},{"$f":"IFERROR(VLOOKUP(B991,ورقة1!$I$3:$K$1048576,3,0),0)","v":0},null,0]
[null,null,{"$f":"IFERROR(VLOOKUP(B992,ورقة1!$I$3:$K$1048576,2,0),)","v":0},{"$f":"IFERROR(VLOOKUP(B992,ورقة1!$I$3:$K$1048576,3,0),0)","v":0},null,0]
[null,null,{"$f":"IFERROR(VLOOKUP(B993,ورقة1!$I$3:$K$1048576,2,0),)","v":0},{"$f":"IFERROR(VLOOKUP(B993,ورقة1!$I$3:$K$1048576,3,0),0)","v":0},null,0]
[null,null,{"$f":"IFERROR(VLOOKUP(B994,ورقة1!$I$3:$K$1048576,2,0),)","v":0},{"$f":"IFERROR(VLOOKUP(B994,ورقة1!$I$3:$K$1048576,3,0),0)","v":0},null,0]
[null,null,{"$f":"IFERROR(VLOOKUP(B995,ورقة1!$I$3:$K$1048576,2,0),)","v":0},{"$f":"IFERROR(VLOOKUP(B995,ورقة1!$I$3:$K$1048576,3,0),0)","v":0},null,0]
[null,null,{"$f":"IFERROR(VLOOKUP(B996,ورقة1!$I$3:$K$1048576,2,0),)","v":0},{"$f":"IFERROR(VLOOKUP(B996,ورقة1!$I$3:$K$1048576,3,0),0)","v":0},null,0]
[null,null,{"$f":"IFERROR(VLOOKUP(B997,ورقة1!$I$3:$K$1048576,2,0),)","v":0},{"$f":"IFERROR(VLOOKUP(B997,ورقة1!$I$3:$K$1048576,3,0),0)","v":0},null,0]
[null,null,{"$f":"IFERROR(VLOOKUP(B998,ورقة1!$I$3:$K$1048576,2,0),)","v":0},{"$f":"IFERROR(VLOOKUP(B998,ورقة1!$I$3:$K$1048576,3,0),0)","v":0},null,0]
[null,null,{"$f":"IFERROR(VLOOKUP(B999,ورقة1!$I$3:$K$1048576,2,0),)","v":0},{"$f":"IFERROR(VLOOKUP(B999,ورقة1!$I$3:$K$1048576,3,0),0)","v":0},null,0]
[null,null,{"$f":"IFERROR(VLOOKUP(B1000,ورقة1!$I$3:$K$1048576,2,0),)","v":0},{"$f":"IFERROR(VLOOKUP(B1000,ورقة1!$I$3:$K$1048576,3,0),0)","v":0},null,0]
[null,null,{"$f":"IFERROR(VLOOKUP(B1001,ورقة1!$I$3:$K$1048576,2,0),)","v":0},{"$f":"IFERROR(VLOOKUP(B1001,ورقة1!$I$3:$K$1048576,3,0),0)","v":0},null,0]
[null,null,{"$f":"IFERROR(VLOOKUP(B1002,ورقة1!$I$3:$K$1048576,2,0),)","v":0},{"$f":"IFERROR(VLOOKUP(B1002,ورقة1!$I$3:$K$1048576,3,0),0)","v":0},null,0]
[null,null,{"$f":"IFERROR(VLOOKUP(B1003,ورقة1!$I$3:$K$1048576,2,0),)","v":0},{"$f":"IFERROR(VLOOKUP(B1003,ورقة1!$I$3:$K$1048576,3,0),0)","v":0},null,0]
[null,null,{"$f":"IFERROR(VLOOKUP(B1004,ورقة1!$I$3:$K$1048576,2,0),)","v":0},{"$f":"IFERROR(VLOOKUP(B1004,ورقة1!$I$3:$K$1048576,3,0),0)","v":0},null,0]
[null,null,{"$f":"IFERROR(VLOOKUP(B1005,ورقة1!$I$3:$K$1048576,2,0),)","v":0},{"$f":"IFERROR(VLOOKUP(B1005,ورقة1!$I$3:$K$1048576,3,0),0)","v":0},null,0]
[null,null,{"$f":"IFERROR(VLOOKUP(B1006,ورقة1!$I$3:$K$1048576,2,0),)","v":0},{"$f":"IFERROR(VLOOKUP(B1006,ورقة1!$I$3:$K$1048576,3,0),0)","v":0},null,0]
[null,null,{"$f":"IFERROR(VLOOKUP(B1007,ورقة1!$I$3:$K$1048576,2,0),)","v":0},{"$f":"IFERROR(VLOOKUP(B1007,ورقة1!$I$3:$K$1048576,3,0),0)","v":0},null,0]
[null,null,{"$f":"IFERROR(VLOOKUP(B1008,ورقة1!$I$3:$K$1048576,2,0),)","v":0},{"$f":"IFERROR(VLOOKUP(B1008,ورقة1!$I$3:$K$1048576,3,0),0)","v":0},null,0]
[null,null,{"$f":"IFERROR(VLOOKUP(B1009,ورقة1!$I$3:$K$1048576,2,0),)","v":0},{"$f":"IFERROR(VLOOKUP(B1009,ورقة1!$I$3:$K$1048576,3,0),0)","v":0},null,0]
[null,null,{"$f":"IFERROR(VLOOKUP(B1010,ورقة1!$I$3:$K$1048576,2,0),)","v":0},{"$f":"IFERROR(VLOOKUP(B1010,ورقة1!$I$3:$K$1048576,3,0),0)","v":0},null,0]
[null,null,{"$f":"IFERROR(VLOOKUP(B1011,ورقة1!$I$3:$K$1048576,2,0),)","v":0},{"$f":"IFERROR(VLOOKUP(B1011,ورقة1!$I$3:$K$1048576,3,0),0)","v":0},null,0]
[null,"إجمالى الفاتورة",null,{"$f":"SUM(F988:F1011)","v":0}]
[null,"معدل الخصم",null,{"$f":"D1014/100","v":0}]
[null,"قيمة الخصم"]
[null,"صافى قيمة الفاتورة",null,{"$f":"D1012-D1014","v":0}]
[]
[null,"رقم الفاتورة",{"$f":"C982+1","v":129},"المندوب",{"$f":"IFERROR(VLOOKUP(C1020,ورقة1!$B$3:$G$1048576,3,0),)","v":0}]
[null,"التاريخ",null,"المشرف",{"$f":"IFERROR(VLOOKUP(C1020,ورقة1!$B$3:$G$1048576,4,0),)","v":0}]
[null,"نوع الفاتورة",null,"الفئة الاساسية",{"$f":"IFERROR(VLOOKUP(C1020,ورقة1!$B$3:$G$1048576,5,0),)","v":0}]
[null,"كود العميل",0,"الفئة الفرعية",{"$f":"IFERROR(VLOOKUP(C1020,ورقة1!$B$3:$G$1048576,6,0),)","v":0}]
[null,"العميل",{"$f":"IFERROR(VLOOKUP(C1020,ورقة1!$B$2:$G$1048576,2,0),)","v":0}]
[null,"الكود","الصنف","السعر ","الكمية","الاجمالى"]
[null,null,{"$f":"IFERROR(VLOOKUP(B1023,ورقة1!$I$3:$K$1048576,2,0),)","v":0},{"$f":"IFERROR(VLOOKUP(B1023,ورقة1!$I$3:$K$1048576,3,0),0)","v":0},null,{"$f":"D1023*E1023","v":0}]
[null,null,{"$f":"IFERROR(VLOOKUP(B1024,ورقة1!$I$3:$K$1048576,2,0),)","v":0},{"$f":"IFERROR(VLOOKUP(B1024,ورقة1!$I$3:$K$1048576,3,0),0)","v":0},null,{"$f":"D1024*E1024","v":0}]
[null,null,{"$f":"IFERROR(VLOOKUP(B1025,ورقة1!$I$3:$K$1048576,2,0),)","v":0},{"$f":"IFERROR(VLOOKUP(B1025,ورقة1!$I$3:$K$1048576,3,0),0)","v":0},null,0]
[null,null,{"$f":"IFERROR(VLOOKUP(B1026,ورقة1!$I$3:$K$1048576,2,0),)","v":0},{"$f":"IFERROR(VLOOKUP(B1026,ورقة1!$I$3:$K$1048576,3,0),0)","v":0},null,0]
[null,null,{"$f":"IFERROR(VLOOKUP(B1027,ورقة1!$I$3:$K$1048576,2,0),)","v":0},{"$f":"IFERROR(VLOOKUP(B1027,ورقة1!$I$3:$K$1048576,3,0),0)","v":0},null,0]
[null,null,{"$f":"IFERROR(VLOOKUP(B1028,ورقة1!$I$3:$K$1048576,2,0),)","v":0},{"$f":"IFERROR(VLOOKUP(B1028,ورقة1!$I$3:$K$1048576,3,0),0)","v":0},null,0]
[null,null,{"$f":"IFERROR(VLOOKUP(B1029,ورقة1!$I$3:$K$1048576,2,0),)","v":0},{"$f":"IFERROR(VLOOKUP(B1029,ورقة1!$I$3:$K$1048576,3,0),0)","v":0},null,0]
[null,null,{"$f":"IFERROR(VLOOKUP(B1030,ورقة1!$I$3:$K$1048576,2,0),)","v":0},{"$f":"IFERROR(VLOOKUP(B1030,ورقة1!$I$3:$K$1048576,3,0),0)","v":0},null,0]
[null,null,{"$f":"IFERROR(VLOOKUP(B1031,ورقة1!$I$3:$K$1048576,2,0),)","v":0},{"$f":"IFERROR(VLOOKUP(B1031,ورقة1!$I$3:$K$1048576,3,0),0)","v":0},null,0]
[null,null,{"$f":"IFERROR(VLOOKUP(B1032,ورقة1!$I$3:$K$1048576,2,0),)","v":0},{"$f":"IFERROR(VLOOKUP(B1032,ورقة1!$I$3:$K$1048576,3,0),0)","v":0},null,0]
[null,null,{"$f":"IFERROR(VLOOKUP(B1033,ورقة1!$I$3:$K$1048576,2,0),)","v":0},{"$f":"IFERROR(VLOOKUP(B1033,ورقة1!$I$3:$K$1048576,3,0),0)","v":0},null,0]
[null,null,{"$f":"IFERROR(VLOOKUP(B1034,ورقة1!$I$3:$K$1048576,2,0),)","v":0},{"$f":"IFERROR(VLOOKUP(B1034,ورقة1!$I$3:$K$1048576,3,0),0)","v":0},null,0]
[null,null,{"$f":"IFERROR(VLOOKUP(B1035,ورقة1!$I$3:$K$1048576,2,0),)","v":0},{"$f":"IFERROR(VLOOKUP(B1035,ورقة1!$I$3:$K$1048576,3,0),0)","v":0},null,0]
[null,null,{"$f":"IFERROR(VLOOKUP(B1036,ورقة1!$I$3:$K$1048576,2,0),)","v":0},{"$f":"IFERROR(VLOOKUP(B1036,ورقة1!$I$3:$K$1048576,3,0),0)","v":0},null,0]
[null,null,{"$f":"IFERROR(VLOOKUP(B1037,ورقة1!$I$3:$K$1048576,2,0),)","v":0},{"$f":"IFERROR(VLOOKUP(B1037,ورقة1!$I$3:$K$1048576,3,0),0)","v":0},null,0]
[null,null,{"$f":"IFERROR(VLOOKUP(B1038,ورقة1!$I$3:$K$1048576,2,0),)","v":0},{"$f":"IFERROR(VLOOKUP(B1038,ورقة1!$I$3:$K$1048576,3,0),0)","v":0},null,0]
[null,null,{"$f":"IFERROR(VLOOKUP(B1039,ورقة1!$I$3:$K$1048576,2,0),)","v":0},{"$f":"IFERROR(VLOOKUP(B1039,ورقة1!$I$3:$K$1048576,3,0),0)","v":0},null,0]
[null,null,{"$f":"IFERROR(VLOOKUP(B1040,ورقة1!$I$3:$K$1048576,2,0),)","v":0},{"$f":"IFERROR(VLOOKUP(B1040,ورقة1!$I$3:$K$1048576,3,0),0)","v":0},null,0]
[null,null,{"$f":"IFERROR(VLOOKUP(B1041,ورقة1!$I$3:$K$1048576,2,0),)","v":0},{"$f":"IFERROR(VLOOKUP(B1041,ورقة1!$I$3:$K$1048576,3,0),0)","v":0},null,0]
[null,null,{"$f":"IFERROR(VLOOKUP(B1042,ورقة1!$I$3:$K$1048576,2,0),)","v":0},{"$f":"IFERROR(VLOOKUP(B1042,ورقة1!$I$3:$K$1048576,3,0),0)","v":0},null,0]
[null,null,{"$f":"IFERROR(VLOOKUP(B1043,ورقة1!$I$3:$K$1048576,2,0),)","v":0},{"$f":"IFERROR(VLOOKUP(B1043,ورقة1!$I$3:$K$1048576,3,0),0)","v":0},null,0]
[null,null,{"$f":"IFERROR(VLOOKUP(B1044,ورقة1!$I$3:$K$1048576,2,0),)","v":0},{"$f":"IFERROR(VLOOKUP(B1044,ورقة1!$I$3:$K$1048576,3,0),0)","v":0},null,0]
[null,null,{"$f":"IFERROR(VLOOKUP(B1045,ورقة1!$I$3:$K$1048576,2,0),)","v":0},{"$f":"IFERROR(VLOOKUP(B1045,ورقة1!$I$3:$K$1048576,3,0),0)","v":0},null,0]
[null,null,{"$f":"IFERROR(VLOOKUP(B1046,ورقة1!$I$3:$K$1048576,2,0),)","v":0},{"$f":"IFERROR(VLOOKUP(B1046,ورقة1!$I$3:$K$1048576,3,0),0)","v":0},null,0]
[null,"إجمالى الفاتورة",null,{"$f":"SUM(F1023:F1046)","v":0}]
[null,"معدل الخصم",null,{"$f":"D1049/100","v":0}]
[null,"قيمة الخصم"]
[null,"صافى قيمة الفاتورة",null,{"$f":"D1047-D1049","v":0}]
[]
[null,"رقم الفاتورة",{"$f":"C1017+1","v":130},"المندوب",{"$f":"IFERROR(VLOOKUP(C1055,ورقة1!$B$3:$G$1048576,3,0),)","v":0}]
[null,"التاريخ",null,"المشرف",{"$f":"IFERROR(VLOOKUP(C1055,ورقة1!$B$3:$G$1048576,4,0),)","v":0}]
[null,"نوع الفاتورة",null,"الفئة الاساسية",{"$f":"IFERROR(VLOOKUP(C1055,ورقة1!$B$3:$G$1048576,5,0),)","v":0}]
[null,"كود العميل",0,"الفئة الفرعية",{"$f":"IFERROR(VLOOKUP(C1055,ورقة1!$B$3:$G$1048576,6,0),)","v":0}]
[null,"العميل",{"$f":"IFERROR(VLOOKUP(C1055,ورقة1!$B$2:$G$1048576,2,0),)","v":0}]
[null,"الكود","الصنف","السعر ","الكمية","الاجمالى"]
[null,null,{"$f":"IFERROR(VLOOKUP(B1058,ورقة1!$I$3:$K$1048576,2,0),)","v":0},{"$f":"IFERROR(VLOOKUP(B1058,ورقة1!$I$3:$K$1048576,3,0),0)","v":0},null,{"$f":"D1058*E1058","v":0}]
[null,null,{"$f":"IFERROR(VLOOKUP(B1059,ورقة1!$I$3:$K$1048576,2,0),)","v":0},{"$f":"IFERROR(VLOOKUP(B1059,ورقة1!$I$3:$K$1048576,3,0),0)","v":0},null,{"$f":"D1059*E1059","v":0}]
[null,null,{"$f":"IFERROR(VLOOKUP(B1060,ورقة1!$I$3:$K$1048576,2,0),)","v":0},{"$f":"IFERROR(VLOOKUP(B1060,ورقة1!$I$3:$K$1048576,3,0),0)","v":0},null,0]
[null,null,{"$f":"IFERROR(VLOOKUP(B1061,ورقة1!$I$3:$K$1048576,2,0),)","v":0},{"$f":"IFERROR(VLOOKUP(B1061,ورقة1!$I$3:$K$1048576,3,0),0)","v":0},null,0]
[null,null,{"$f":"IFERROR(VLOOKUP(B1062,ورقة1!$I$3:$K$1048576,2,0),)","v":0},{"$f":"IFERROR(VLOOKUP(B1062,ورقة1!$I$3:$K$1048576,3,0),0)","v":0},null,0]
[null,null,{"$f":"IFERROR(VLOOKUP(B1063,ورقة1!$I$3:$K$1048576,2,0),)","v":0},{"$f":"IFERROR(VLOOKUP(B1063,ورقة1!$I$3:$K$1048576,3,0),0)","v":0},null,0]
[null,null,{"$f":"IFERROR(VLOOKUP(B1064,ورقة1!$I$3:$K$1048576,2,0),)","v":0},{"$f":"IFERROR(VLOOKUP(B1064,ورقة1!$I$3:$K$1048576,3,0),0)","v":0},null,0]
[null,null,{"$f":"IFERROR(VLOOKUP(B1065,ورقة1!$I$3:$K$1048576,2,0),)","v":0},{"$f":"IFERROR(VLOOKUP(B1065,ورقة1!$I$3:$K$1048576,3,0),0)","v":0},null,0]
[null,null,{"$f":"IFERROR(VLOOKUP(B1066,ورقة1!$I$3:$K$1048576,2,0),)","v":0},{"$f":"IFERROR(VLOOKUP(B1066,ورقة1!$I$3:$K$1048576,3,0),0)","v":0},null,0]
[null,null,{"$f":"IFERROR(VLOOKUP(B1067,ورقة1!$I$3:$K$1048576,2,0),)","v":0},{"$f":"IFERROR(VLOOKUP(B1067,ورقة1!$I$3:$K$1048576,3,0),0)","v":0},null,0]
[null,null,{"$f":"IFERROR(VLOOKUP(B1068,ورقة1!$I$3:$K$1048576,2,0),)","v":0},{"$f":"IFERROR(VLOOKUP(B1068,ورقة1!$I$3:$K$1048576,3,0),0)","v":0},null,0]
[null,null,{"$f":"IFERROR(VLOOKUP(B1069,ورقة1!$I$3:$K$1048576,2,0),)","v":0},{"$f":"IFERROR(VLOOKUP(B1069,ورقة1!$I$3:$K$1048576,3,0),0)","v":0},null,0]
[null,null,{"$f":"IFERROR(VLOOKUP(B1070,ورقة1!$I$3:$K$1048576,2,0),)","v":0},{"$f":"IFERROR(VLOOKUP(B1070,ورقة1!$I$3:$K$1048576,3,0),0)","v":0},null,0]
[null,null,{"$f":"IFERROR(VLOOKUP(B1071,ورقة1!$I$3:$K$1048576,2,0),)","v":0},{"$f":"IFERROR(VLOOKUP(B1071,ورقة1!$I$3:$K$1048576,3,0),0)","v":0},null,0]
[null,null,{"$f":"IFERROR(VLOOKUP(B1072,ورقة1!$I$3:$K$1048576,2,0),)","v":0},{"$f":"IFERROR(VLOOKUP(B1072,ورقة1!$I$3:$K$1048576,3,0),0)","v":0},null,0]
[null,null,{"$f":"IFERROR(VLOOKUP(B1073,ورقة1!$I$3:$K$1048576,2,0),)","v":0},{"$f":"IFERROR(VLOOKUP(B1073,ورقة1!$I$3:$K$1048576,3,0),0)","v":0},null,0]
[null,null,{"$f":"IFERROR(VLOOKUP(B1074,ورقة1!$I$3:$K$1048576,2,0),)","v":0},{"$f":"IFERROR(VLOOKUP(B1074,ورقة1!$I$3:$K$1048576,3,0),0)","v":0},null,0]
[null,null,{"$f":"IFERROR(VLOOKUP(B1075,ورقة1!$I$3:$K$1048576,2,0),)","v":0},{"$f":"IFERROR(VLOOKUP(B1075,ورقة1!$I$3:$K$1048576,3,0),0)","v":0},null,0]
[null,null,{"$f":"IFERROR(VLOOKUP(B1076,ورقة1!$I$3:$K$1048576,2,0),)","v":0},{"$f":"IFERROR(VLOOKUP(B1076,ورقة1!$I$3:$K$1048576,3,0),0)","v":0},null,0]
[null,null,{"$f":"IFERROR(VLOOKUP(B1077,ورقة1!$I$3:$K$1048576,2,0),)","v":0},{"$f":"IFERROR(VLOOKUP(B1077,ورقة1!$I$3:$K$1048576,3,0),0)","v":0},null,0]
[null,null,{"$f":"IFERROR(VLOOKUP(B1078,ورقة1!$I$3:$K$1048576,2,0),)","v":0},{"$f":"IFERROR(VLOOKUP(B1078,ورقة1!$I$3:$K$1048576,3,0),0)","v":0},null,0]
[null,null,{"$f":"IFERROR(VLOOKUP(B1079,ورقة1!$I$3:$K$1048576,2,0),)","v":0},{"$f":"IFERROR(VLOOKUP(B1079,ورقة1!$I$3:$K$1048576,3,0),0)","v":0},null,0]
[null,null,{"$f":"IFERROR(VLOOKUP(B1080,ورقة1!$I$3:$K$1048576,2,0),)","v":0},{"$f":"IFERROR(VLOOKUP(B1080,ورقة1!$I$3:$K$1048576,3,0),0)","v":0},null,0]
[null,null,{"$f":"IFERROR(VLOOKUP(B1081,ورقة1!$I$3:$K$1048576,2,0),)","v":0},{"$f":"IFERROR(VLOOKUP(B1081,ورقة1!$I$3:$K$1048576,3,0),0)","v":0},null,0]
[null,"إجمالى الفاتورة",null,{"$f":"SUM(F1058:F1081)","v":0}]
[null,"معدل الخصم",null,{"$f":"D1084/100","v":0}]
[null,"قيمة الخصم"]
[null,"صافى قيمة الفاتورة",null,{"$f":"D1082-D1084","v":0}]
[]
[null,"رقم الفاتورة",{"$f":"C1052+1","v":131},"المندوب",{"$f":"IFERROR(VLOOKUP(C1090,ورقة1!$B$3:$G$1048576,3,0),)","v":0}]
[null,"التاريخ",null,"المشرف",{"$f":"IFERROR(VLOOKUP(C1090,ورقة1!$B$3:$G$1048576,4,0),)","v":0}]
[null,"نوع الفاتورة",null,"الفئة الاساسية",{"$f":"IFERROR(VLOOKUP(C1090,ورقة1!$B$3:$G$1048576,5,0),)","v":0}]
[null,"كود العميل",0,"الفئة الفرعية",{"$f":"IFERROR(VLOOKUP(C1090,ورقة1!$B$3:$G$1048576,6,0),)","v":0}]
[null,"العميل",{"$f":"IFERROR(VLOOKUP(C1090,ورقة1!$B$2:$G$1048576,2,0),)","v":0}]
[null,"الكود","الصنف","السعر ","الكمية","الاجمالى"]
[null,null,{"$f":"IFERROR(VLOOKUP(B1093,ورقة1!$I$3:$K$1048576,2,0),)","v":0},{"$f":"IFERROR(VLOOKUP(B1093,ورقة1!$I$3:$K$1048576,3,0),0)","v":0},null,{"$f":"D1093*E1093","v":0}]
[null,null,{"$f":"IFERROR(VLOOKUP(B1094,ورقة1!$I$3:$K$1048576,2,0),)","v":0},{"$f":"IFERROR(VLOOKUP(B1094,ورقة1!$I$3:$K$1048576,3,0),0)","v":0},null,{"$f":"D1094*E1094","v":0}]
[null,null,{"$f":"IFERROR(VLOOKUP(B1095,ورقة1!$I$3:$K$1048576,2,0),)","v":0},{"$f":"IFERROR(VLOOKUP(B1095,ورقة1!$I$3:$K$1048576,3,0),0)","v":0},null,0]
[null,null,{"$f":"IFERROR(VLOOKUP(B1096,ورقة1!$I$3:$K$1048576,2,0),)","v":0},{"$f":"IFERROR(VLOOKUP(B1096,ورقة1!$I$3:$K$1048576,3,0),0)","v":0},null,0]
[null,null,{"$f":"IFERROR(VLOOKUP(B1097,ورقة1!$I$3:$K$1048576,2,0),)","v":0},{"$f":"IFERROR(VLOOKUP(B1097,ورقة1!$I$3:$K$1048576,3,0),0)","v":0},null,0]
[null,null,{"$f":"IFERROR(VLOOKUP(B1098,ورقة1!$I$3:$K$1048576,2,0),)","v":0},{"$f":"IFERROR(VLOOKUP(B1098,ورقة1!$I$3:$K$1048576,3,0),0)","v":0},null,0]
[null,null,{"$f":"IFERROR(VLOOKUP(B1099,ورقة1!$I$3:$K$1048576,2,0),)","v":0},{"$f":"IFERROR(VLOOKUP(B1099,ورقة1!$I$3:$K$1048576,3,0),0)","v":0},null,0]
[null,null,{"$f":"IFERROR(VLOOKUP(B1100,ورقة1!$I$3:$K$1048576,2,0),)","v":0},{"$f":"IFERROR(VLOOKUP(B1100,ورقة1!$I$3:$K$1048576,3,0),0)","v":0},null,0]
[null,null,{"$f":"IFERROR(VLOOKUP(B1101,ورقة1!$I$3:$K$1048576,2,0),)","v":0},{"$f":"IFERROR(VLOOKUP(B1101,ورقة1!$I$3:$K$1048576,3,0),0)","v":0},null,0]
[null,null,{"$f":"IFERROR(VLOOKUP(B1102,ورقة1!$I$3:$K$1048576,2,0),)","v":0},{"$f":"IFERROR(VLOOKUP(B1102,ورقة1!$I$3:$K$1048576,3,0),0)","v":0},null,0]
[null,null,{"$f":"IFERROR(VLOOKUP(B1103,ورقة1!$I$3:$K$1048576,2,0),)","v":0},{"$f":"IFERROR(VLOOKUP(B1103,ورقة1!$I$3:$K$1048576,3,0),0)","v":0},null,0]
[null,null,{"$f":"IFERROR(VLOOKUP(B1104,ورقة1!$I$3:$K$1048576,2,0),)","v":0},{"$f":"IFERROR(VLOOKUP(B1104,ورقة1!$I$3:$K$1048576,3,0),0)","v":0},null,0]
[null,null,{"$f":"IFERROR(VLOOKUP(B1105,ورقة1!$I$3:$K$1048576,2,0),)","v":0},{"$f":"IFERROR(VLOOKUP(B1105,ورقة1!$I$3:$K$1048576,3,0),0)","v":0},null,0]
[null,null,{"$f":"IFERROR(VLOOKUP(B1106,ورقة1!$I$3:$K$1048576,2,0),)","v":0},{"$f":"IFERROR(VLOOKUP(B1106,ورقة1!$I$3:$K$1048576,3,0),0)","v":0},null,0]
[null,null,{"$f":"IFERROR(VLOOKUP(B1107,ورقة1!$I$3:$K$1048576,2,0),)","v":0},{"$f":"IFERROR(VLOOKUP(B1107,ورقة1!$I$3:$K$1048576,3,0),0)","v":0},null,0]
[null,null,{"$f":"IFERROR(VLOOKUP(B1108,ورقة1!$I$3:$K$1048576,2,0),)","v":0},{"$f":"IFERROR(VLOOKUP(B1108,ورقة1!$I$3:$K$1048576,3,0),0)","v":0},null,0]
[null,null,{"$f":"IFERROR(VLOOKUP(B1109,ورقة1!$I$3:$K$1048576,2,0),)","v":0},{"$f":"IFERROR(VLOOKUP(B1109,ورقة1!$I$3:$K$1048576,3,0),0)","v":0},null,0]
[null,null,{"$f":"IFERROR(VLOOKUP(B1110,ورقة1!$I$3:$K$1048576,2,0),)","v":0},{"$f":"IFERROR(VLOOKUP(B1110,ورقة1!$I$3:$K$1048576,3,0),0)","v":0},null,0]
[null,null,{"$f":"IFERROR(VLOOKUP(B1111,ورقة1!$I$3:$K$1048576,2,0),)","v":0},{"$f":"IFERROR(VLOOKUP(B1111,ورقة1!$I$3:$K$1048576,3,0),0)","v":0},null,0]
[null,null,{"$f":"IFERROR(VLOOKUP(B1112,ورقة1!$I$3:$K$1048576,2,0),)","v":0},{"$f":"IFERROR(VLOOKUP(B1112,ورقة1!$I$3:$K$1048576,3,0),0)","v":0},null,0]
[null,null,{"$f":"IFERROR(VLOOKUP(B1113,ورقة1!$I$3:$K$1048576,2,0),)","v":0},{"$f":"IFERROR(VLOOKUP(B1113,ورقة1!$I$3:$K$1048576,3,0),0)","v":0},null,0]
[null,null,{"$f":"IFERROR(VLOOKUP(B1114,ورقة1!$I$3:$K$1048576,2,0),)","v":0},{"$f":"IFERROR(VLOOKUP(B1114,ورقة1!$I$3:$K$1048576,3,0),0)","v":0},null,0]
[null,null,{"$f":"IFERROR(VLOOKUP(B1115,ورقة1!$I$3:$K$1048576,2,0),)","v":0},{"$f":"IFERROR(VLOOKUP(B1115,ورقة1!$I$3:$K$1048576,3,0),0)","v":0},null,0]
[null,null,{"$f":"IFERROR(VLOOKUP(B1116,ورقة1!$I$3:$K$1048576,2,0),)","v":0},{"$f":"IFERROR(VLOOKUP(B1116,ورقة1!$I$3:$K$1048576,3,0),0)","v":0},null,0]
[null,"إجمالى الفاتورة",null,{"$f":"SUM(F1093:F1116)","v":0}]
[null,"معدل الخصم",null,{"$f":"D1119/100","v":0}]
[null,"قيمة الخصم"]
[null,"صافى قيمة الفاتورة",null,{"$f":"D1117-D1119","v":0}]
[]
[null,"رقم الفاتورة",{"$f":"C1087+1","v":132},"المندوب",{"$f":"IFERROR(VLOOKUP(C1125,ورقة1!$B$3:$G$1048576,3,0),)","v":0}]
[null,"التاريخ",null,"المشرف",{"$f":"IFERROR(VLOOKUP(C1125,ورقة1!$B$3:$G$1048576,4,0),)","v":0}]
[null,"نوع الفاتورة",null,"الفئة الاساسية",{"$f":"IFERROR(VLOOKUP(C1125,ورقة1!$B$3:$G$1048576,5,0),)","v":0}]
[null,"كود العميل",0,"الفئة الفرعية",{"$f":"IFERROR(VLOOKUP(C1125,ورقة1!$B$3:$G$1048576,6,0),)","v":0}]
[null,"العميل",{"$f":"IFERROR(VLOOKUP(C1125,ورقة1!$B$2:$G$1048576,2,0),)","v":0}]
[null,"الكود","الصنف","السعر ","الكمية","الاجمالى"]
[null,null,{"$f":"IFERROR(VLOOKUP(B1128,ورقة1!$I$3:$K$1048576,2,0),)","v":0},{"$f":"IFERROR(VLOOKUP(B1128,ورقة1!$I$3:$K$1048576,3,0),0)","v":0},null,{"$f":"D1128*E1128","v":0}]
[null,null,{"$f":"IFERROR(VLOOKUP(B1129,ورقة1!$I$3:$K$1048576,2,0),)","v":0},{"$f":"IFERROR(VLOOKUP(B1129,ورقة1!$I$3:$K$1048576,3,0),0)","v":0},null,{"$f":"D1129*E1129","v":0}]
[null,null,{"$f":"IFERROR(VLOOKUP(B1130,ورقة1!$I$3:$K$1048576,2,0),)","v":0},{"$f":"IFERROR(VLOOKUP(B1130,ورقة1!$I$3:$K$1048576,3,0),0)","v":0},null,0]
[null,null,{"$f":"IFERROR(VLOOKUP(B1131,ورقة1!$I$3:$K$1048576,2,0),)","v":0},{"$f":"IFERROR(VLOOKUP(B1131,ورقة1!$I$3:$K$1048576,3,0),0)","v":0},null,0]
[null,null,{"$f":"IFERROR(VLOOKUP(B1132,ورقة1!$I$3:$K$1048576,2,0),)","v":0},{"$f":"IFERROR(VLOOKUP(B1132,ورقة1!$I$3:$K$1048576,3,0),0)","v":0},null,0]
[null,null,{"$f":"IFERROR(VLOOKUP(B1133,ورقة1!$I$3:$K$1048576,2,0),)","v":0},{"$f":"IFERROR(VLOOKUP(B1133,ورقة1!$I$3:$K$1048576,3,0),0)","v":0},null,0]
[null,null,{"$f":"IFERROR(VLOOKUP(B1134,ورقة1!$I$3:$K$1048576,2,0),)","v":0},{"$f":"IFERROR(VLOOKUP(B1134,ورقة1!$I$3:$K$1048576,3,0),0)","v":0},null,0]
[null,null,{"$f":"IFERROR(VLOOKUP(B1135,ورقة1!$I$3:$K$1048576,2,0),)","v":0},{"$f":"IFERROR(VLOOKUP(B1135,ورقة1!$I$3:$K$1048576,3,0),0)","v":0},null,0]
[null,null,{"$f":"IFERROR(VLOOKUP(B1136,ورقة1!$I$3:$K$1048576,2,0),)","v":0},{"$f":"IFERROR(VLOOKUP(B1136,ورقة1!$I$3:$K$1048576,3,0),0)","v":0},null,0]
[null,null,{"$f":"IFERROR(VLOOKUP(B1137,ورقة1!$I$3:$K$1048576,2,0),)","v":0},{"$f":"IFERROR(VLOOKUP(B1137,ورقة1!$I$3:$K$1048576,3,0),0)","v":0},null,0]
[null,null,{"$f":"IFERROR(VLOOKUP(B1138,ورقة1!$I$3:$K$1048576,2,0),)","v":0},{"$f":"IFERROR(VLOOKUP(B1138,ورقة1!$I$3:$K$1048576,3,0),0)","v":0},null,0]
[null,null,{"$f":"IFERROR(VLOOKUP(B1139,ورقة1!$I$3:$K$1048576,2,0),)","v":0},{"$f":"IFERROR(VLOOKUP(B1139,ورقة1!$I$3:$K$1048576,3,0),0)","v":0},null,0]
[null,null,{"$f":"IFERROR(VLOOKUP(B1140,ورقة1!$I$3:$K$1048576,2,0),)","v":0},{"$f":"IFERROR(VLOOKUP(B1140,ورقة1!$I$3:$K$1048576,3,0),0)","v":0},null,0]
[null,null,{"$f":"IFERROR(VLOOKUP(B1141,ورقة1!$I$3:$K$1048576,2,0),)","v":0},{"$f":"IFERROR(VLOOKUP(B1141,ورقة1!$I$3:$K$1048576,3,0),0)","v":0},null,0]
[null,null,{"$f":"IFERROR(VLOOKUP(B1142,ورقة1!$I$3:$K$1048576,2,0),)","v":0},{"$f":"IFERROR(VLOOKUP(B1142,ورقة1!$I$3:$K$1048576,3,0),0)","v":0},null,0]
[null,null,{"$f":"IFERROR(VLOOKUP(B1143,ورقة1!$I$3:$K$1048576,2,0),)","v":0},{"$f":"IFERROR(VLOOKUP(B1143,ورقة1!$I$3:$K$1048576,3,0),0)","v":0},null,0]
[null,null,{"$f":"IFERROR(VLOOKUP(B1144,ورقة1!$I$3:$K$1048576,2,0),)","v":0},{"$f":"IFERROR(VLOOKUP(B1144,ورقة1!$I$3:$K$1048576,3,0),0)","v":0},null,0]
[null,null,{"$f":"IFERROR(VLOOKUP(B1145,ورقة1!$I$3:$K$1048576,2,0),)","v":0},{"$f":"IFERROR(VLOOKUP(B1145,ورقة1!$I$3:$K$1048576,3,0),0)","v":0},null,0]
[null,null,{"$f":"IFERROR(VLOOKUP(B1146,ورقة1!$I$3:$K$1048576,2,0),)","v":0},{"$f":"IFERROR(VLOOKUP(B1146,ورقة1!$I$3:$K$1048576,3,0),0)","v":0},null,0]
[null,null,{"$f":"IFERROR(VLOOKUP(B1147,ورقة1!$I$3:$K$1048576,2,0),)","v":0},{"$f":"IFERROR(VLOOKUP(B1147,ورقة1!$I$3:$K$1048576,3,0),0)","v":0},null,0]
[null,null,{"$f":"IFERROR(VLOOKUP(B1148,ورقة1!$I$3:$K$1048576,2,0),)","v":0},{"$f":"IFERROR(VLOOKUP(B1148,ورقة1!$I$3:$K$1048576,3,0),0)","v":0},null,0]
[null,null,{"$f":"IFERROR(VLOOKUP(B1149,ورقة1!$I$3:$K$1048576,2,0),)","v":0},{"$f":"IFERROR(VLOOKUP(B1149,ورقة1!$I$3:$K$1048576,3,0),0)","v":0},null,0]
[null,null,{"$f":"IFERROR(VLOOKUP(B1150,ورقة1!$I$3:$K$1048576,2,0),)","v":0},{"$f":"IFERROR(VLOOKUP(B1150,ورقة1!$I$3:$K$1048576,3,0),0)","v":0},null,0]
[null,null,{"$f":"IFERROR(VLOOKUP(B1151,ورقة1!$I$3:$K$1048576,2,0),)","v":0},{"$f":"IFERROR(VLOOKUP(B1151,ورقة1!$I$3:$K$1048576,3,0),0)","v":0},null,0]
[null,"إجمالى الفاتورة",null,{"$f":"SUM(F1128:F1151)","v":0}]
[null,"معدل الخصم",null,{"$f":"D1154/100","v":0}]
[null,"قيمة الخصم"]
[null,"صافى قيمة الفاتورة",null,{"$f":"D1152-D1154","v":0}]
[]
[null,"رقم الفاتورة",{"$f":"C1122+1","v":133},"المندوب",{"$f":"IFERROR(VLOOKUP(C1160,ورقة1!$B$3:$G$1048576,3,0),)","v":0}]
[null,"التاريخ",null,"المشرف",{"$f":"IFERROR(VLOOKUP(C1160,ورقة1!$B$3:$G$1048576,4,0),)","v":0}]
[null,"نوع الفاتورة",null,"الفئة الاساسية",{"$f":"IFERROR(VLOOKUP(C1160,ورقة1!$B$3:$G$1048576,5,0),)","v":0}]
[null,"كود العميل",null,"الفئة الفرعية",{"$f":"IFERROR(VLOOKUP(C1160,ورقة1!$B$3:$G$1048576,6,0),)","v":0}]
[null,"العميل",{"$f":"IFERROR(VLOOKUP(C1160,ورقة1!$B$2:$G$1048576,2,0),)","v":0}]
[null,"الكود","الصنف","السعر ","الكمية","الاجمالى"]
[null,null,{"$f":"IFERROR(VLOOKUP(B1163,ورقة1!$I$3:$K$1048576,2,0),)","v":0},{"$f":"IFERROR(VLOOKUP(B1163,ورقة1!$I$3:$K$1048576,3,0),0)","v":0},null,{"$f":"D1163*E1163","v":0}]
[null,null,{"$f":"IFERROR(VLOOKUP(B1164,ورقة1!$I$3:$K$1048576,2,0),)","v":0},{"$f":"IFERROR(VLOOKUP(B1164,ورقة1!$I$3:$K$1048576,3,0),0)","v":0},null,{"$f":"D1164*E1164","v":0}]
[null,null,{"$f":"IFERROR(VLOOKUP(B1165,ورقة1!$I$3:$K$1048576,2,0),)","v":0},{"$f":"IFERROR(VLOOKUP(B1165,ورقة1!$I$3:$K$1048576,3,0),0)","v":0},null,0]
[null,null,{"$f":"IFERROR(VLOOKUP(B1166,ورقة1!$I$3:$K$1048576,2,0),)","v":0},{"$f":"IFERROR(VLOOKUP(B1166,ورقة1!$I$3:$K$1048576,3,0),0)","v":0},null,0]
[null,null,{"$f":"IFERROR(VLOOKUP(B1167,ورقة1!$I$3:$K$1048576,2,0),)","v":0},{"$f":"IFERROR(VLOOKUP(B1167,ورقة1!$I$3:$K$1048576,3,0),0)","v":0},null,0]
[null,null,{"$f":"IFERROR(VLOOKUP(B1168,ورقة1!$I$3:$K$1048576,2,0),)","v":0},{"$f":"IFERROR(VLOOKUP(B1168,ورقة1!$I$3:$K$1048576,3,0),0)","v":0},null,0]
[null,null,{"$f":"IFERROR(VLOOKUP(B1169,ورقة1!$I$3:$K$1048576,2,0),)","v":0},{"$f":"IFERROR(VLOOKUP(B1169,ورقة1!$I$3:$K$1048576,3,0),0)","v":0},null,0]
[null,null,{"$f":"IFERROR(VLOOKUP(B1170,ورقة1!$I$3:$K$1048576,2,0),)","v":0},{"$f":"IFERROR(VLOOKUP(B1170,ورقة1!$I$3:$K$1048576,3,0),0)","v":0},null,0]
[null,null,{"$f":"IFERROR(VLOOKUP(B1171,ورقة1!$I$3:$K$1048576,2,0),)","v":0},{"$f":"IFERROR(VLOOKUP(B1171,ورقة1!$I$3:$K$1048576,3,0),0)","v":0},null,0]
[null,null,{"$f":"IFERROR(VLOOKUP(B1172,ورقة1!$I$3:$K$1048576,2,0),)","v":0},{"$f":"IFERROR(VLOOKUP(B1172,ورقة1!$I$3:$K$1048576,3,0),0)","v":0},null,0]
[null,null,{"$f":"IFERROR(VLOOKUP(B1173,ورقة1!$I$3:$K$1048576,2,0),)","v":0},{"$f":"IFERROR(VLOOKUP(B1173,ورقة1!$I$3:$K$1048576,3,0),0)","v":0},null,0]
[null,null,{"$f":"IFERROR(VLOOKUP(B1174,ورقة1!$I$3:$K$1048576,2,0),)","v":0},{"$f":"IFERROR(VLOOKUP(B1174,ورقة1!$I$3:$K$1048576,3,0),0)","v":0},null,0]
[null,null,{"$f":"IFERROR(VLOOKUP(B1175,ورقة1!$I$3:$K$1048576,2,0),)","v":0},{"$f":"IFERROR(VLOOKUP(B1175,ورقة1!$I$3:$K$1048576,3,0),0)","v":0},null,0]
[null,null,{"$f":"IFERROR(VLOOKUP(B1176,ورقة1!$I$3:$K$1048576,2,0),)","v":0},{"$f":"IFERROR(VLOOKUP(B1176,ورقة1!$I$3:$K$1048576,3,0),0)","v":0},null,0]
[null,null,{"$f":"IFERROR(VLOOKUP(B1177,ورقة1!$I$3:$K$1048576,2,0),)","v":0},{"$f":"IFERROR(VLOOKUP(B1177,ورقة1!$I$3:$K$1048576,3,0),0)","v":0},null,0]
[null,null,{"$f":"IFERROR(VLOOKUP(B1178,ورقة1!$I$3:$K$1048576,2,0),)","v":0},{"$f":"IFERROR(VLOOKUP(B1178,ورقة1!$I$3:$K$1048576,3,0),0)","v":0},null,0]
[null,null,{"$f":"IFERROR(VLOOKUP(B1179,ورقة1!$I$3:$K$1048576,2,0),)","v":0},{"$f":"IFERROR(VLOOKUP(B1179,ورقة1!$I$3:$K$1048576,3,0),0)","v":0},null,0]
[null,null,{"$f":"IFERROR(VLOOKUP(B1180,ورقة1!$I$3:$K$1048576,2,0),)","v":0},{"$f":"IFERROR(VLOOKUP(B1180,ورقة1!$I$3:$K$1048576,3,0),0)","v":0},null,0]
[null,null,{"$f":"IFERROR(VLOOKUP(B1181,ورقة1!$I$3:$K$1048576,2,0),)","v":0},{"$f":"IFERROR(VLOOKUP(B1181,ورقة1!$I$3:$K$1048576,3,0),0)","v":0},null,0]
[null,null,{"$f":"IFERROR(VLOOKUP(B1182,ورقة1!$I$3:$K$1048576,2,0),)","v":0},{"$f":"IFERROR(VLOOKUP(B1182,ورقة1!$I$3:$K$1048576,3,0),0)","v":0},null,0]
[null,null,{"$f":"IFERROR(VLOOKUP(B1183,ورقة1!$I$3:$K$1048576,2,0),)","v":0},{"$f":"IFERROR(VLOOKUP(B1183,ورقة1!$I$3:$K$1048576,3,0),0)","v":0},null,0]
[null,null,{"$f":"IFERROR(VLOOKUP(B1184,ورقة1!$I$3:$K$1048576,2,0),)","v":0},{"$f":"IFERROR(VLOOKUP(B1184,ورقة1!$I$3:$K$1048576,3,0),0)","v":0},null,0]
[null,null,{"$f":"IFERROR(VLOOKUP(B1185,ورقة1!$I$3:$K$1048576,2,0),)","v":0},{"$f":"IFERROR(VLOOKUP(B1185,ورقة1!$I$3:$K$1048576,3,0),0)","v":0},null,0]
[null,null,{"$f":"IFERROR(VLOOKUP(B1186,ورقة1!$I$3:$K$1048576,2,0),)","v":0},{"$f":"IFERROR(VLOOKUP(B1186,ورقة1!$I$3:$K$1048576,3,0),0)","v":0},null,0]
[null,"إجمالى الفاتورة",null,{"$f":"SUM(F1163:F1186)","v":0}]
[null,"معدل الخصم",null,{"$f":"D1189/100","v":0}]
[null,"قيمة الخصم"]
[null,"صافى قيمة الفاتورة",null,{"$f":"D1187-D1189","v":0}]
[]
[null,"رقم الفاتورة",{"$f":"C1157+1","v":134},"المندوب",{"$f":"IFERROR(VLOOKUP(C1195,ورقة1!$B$3:$G$1048576,3,0),)","v":0}]
[null,"التاريخ",null,"المشرف",{"$f":"IFERROR(VLOOKUP(C1195,ورقة1!$B$3:$G$1048576,4,0),)","v":0}]
[null,"نوع الفاتورة",null,"الفئة الاساسية",{"$f":"IFERROR(VLOOKUP(C1195,ورقة1!$B$3:$G$1048576,5,0),)","v":0}]
[null,"كود العميل",null,"الفئة الفرعية",{"$f":"IFERROR(VLOOKUP(C1195,ورقة1!$B$3:$G$1048576,6,0),)","v":0}]
[null,"العميل",{"$f":"IFERROR(VLOOKUP(C1195,ورقة1!$B$2:$G$1048576,2,0),)","v":0}]
[null,"الكود","الصنف","السعر ","الكمية","الاجمالى"]
[null,null,{"$f":"IFERROR(VLOOKUP(B1198,ورقة1!$I$3:$K$1048576,2,0),)","v":0},{"$f":"IFERROR(VLOOKUP(B1198,ورقة1!$I$3:$K$1048576,3,0),0)","v":0},null,{"$f":"D1198*E1198","v":0}]
[null,null,{"$f":"IFERROR(VLOOKUP(B1199,ورقة1!$I$3:$K$1048576,2,0),)","v":0},{"$f":"IFERROR(VLOOKUP(B1199,ورقة1!$I$3:$K$1048576,3,0),0)","v":0},null,{"$f":"D1199*E1199","v":0}]
[null,null,{"$f":"IFERROR(VLOOKUP(B1200,ورقة1!$I$3:$K$1048576,2,0),)","v":0},{"$f":"IFERROR(VLOOKUP(B1200,ورقة1!$I$3:$K$1048576,3,0),0)","v":0},null,0]
[null,null,{"$f":"IFERROR(VLOOKUP(B1201,ورقة1!$I$3:$K$1048576,2,0),)","v":0},{"$f":"IFERROR(VLOOKUP(B1201,ورقة1!$I$3:$K$1048576,3,0),0)","v":0},null,0]
[null,null,{"$f":"IFERROR(VLOOKUP(B1202,ورقة1!$I$3:$K$1048576,2,0),)","v":0},{"$f":"IFERROR(VLOOKUP(B1202,ورقة1!$I$3:$K$1048576,3,0),0)","v":0},null,0]
[null,null,{"$f":"IFERROR(VLOOKUP(B1203,ورقة1!$I$3:$K$1048576,2,0),)","v":0},{"$f":"IFERROR(VLOOKUP(B1203,ورقة1!$I$3:$K$1048576,3,0),0)","v":0},null,0]
[null,null,{"$f":"IFERROR(VLOOKUP(B1204,ورقة1!$I$3:$K$1048576,2,0),)","v":0},{"$f":"IFERROR(VLOOKUP(B1204,ورقة1!$I$3:$K$1048576,3,0),0)","v":0},null,0]
[null,null,{"$f":"IFERROR(VLOOKUP(B1205,ورقة1!$I$3:$K$1048576,2,0),)","v":0},{"$f":"IFERROR(VLOOKUP(B1205,ورقة1!$I$3:$K$1048576,3,0),0)","v":0},null,0]
[null,null,{"$f":"IFERROR(VLOOKUP(B1206,ورقة1!$I$3:$K$1048576,2,0),)","v":0},{"$f":"IFERROR(VLOOKUP(B1206,ورقة1!$I$3:$K$1048576,3,0),0)","v":0},null,0]
[null,null,{"$f":"IFERROR(VLOOKUP(B1207,ورقة1!$I$3:$K$1048576,2,0),)","v":0},{"$f":"IFERROR(VLOOKUP(B1207,ورقة1!$I$3:$K$1048576,3,0),0)","v":0},null,0]
[null,null,{"$f":"IFERROR(VLOOKUP(B1208,ورقة1!$I$3:$K$1048576,2,0),)","v":0},{"$f":"IFERROR(VLOOKUP(B1208,ورقة1!$I$3:$K$1048576,3,0),0)","v":0},null,0]
[null,null,{"$f":"IFERROR(VLOOKUP(B1209,ورقة1!$I$3:$K$1048576,2,0),)","v":0},{"$f":"IFERROR(VLOOKUP(B1209,ورقة1!$I$3:$K$1048576,3,0),0)","v":0},null,0]
[null,null,{"$f":"IFERROR(VLOOKUP(B1210,ورقة1!$I$3:$K$1048576,2,0),)","v":0},{"$f":"IFERROR(VLOOKUP(B1210,ورقة1!$I$3:$K$1048576,3,0),0)","v":0},null,0]
[null,null,{"$f":"IFERROR(VLOOKUP(B1211,ورقة1!$I$3:$K$1048576,2,0),)","v":0},{"$f":"IFERROR(VLOOKUP(B1211,ورقة1!$I$3:$K$1048576,3,0),0)","v":0},null,0]
[null,null,{"$f":"IFERROR(VLOOKUP(B1212,ورقة1!$I$3:$K$1048576,2,0),)","v":0},{"$f":"IFERROR(VLOOKUP(B1212,ورقة1!$I$3:$K$1048576,3,0),0)","v":0},null,0]
[null,null,{"$f":"IFERROR(VLOOKUP(B1213,ورقة1!$I$3:$K$1048576,2,0),)","v":0},{"$f":"IFERROR(VLOOKUP(B1213,ورقة1!$I$3:$K$1048576,3,0),0)","v":0},null,0]
[null,null,{"$f":"IFERROR(VLOOKUP(B1214,ورقة1!$I$3:$K$1048576,2,0),)","v":0},{"$f":"IFERROR(VLOOKUP(B1214,ورقة1!$I$3:$K$1048576,3,0),0)","v":0},null,0]
[null,null,{"$f":"IFERROR(VLOOKUP(B1215,ورقة1!$I$3:$K$1048576,2,0),)","v":0},{"$f":"IFERROR(VLOOKUP(B1215,ورقة1!$I$3:$K$1048576,3,0),0)","v":0},null,0]
[null,null,{"$f":"IFERROR(VLOOKUP(B1216,ورقة1!$I$3:$K$1048576,2,0),)","v":0},{"$f":"IFERROR(VLOOKUP(B1216,ورقة1!$I$3:$K$1048576,3,0),0)","v":0},null,0]
[null,null,{"$f":"IFERROR(VLOOKUP(B1217,ورقة1!$I$3:$K$1048576,2,0),)","v":0},{"$f":"IFERROR(VLOOKUP(B1217,ورقة1!$I$3:$K$1048576,3,0),0)","v":0},null,0]
[null,null,{"$f":"IFERROR(VLOOKUP(B1218,ورقة1!$I$3:$K$1048576,2,0),)","v":0},{"$f":"IFERROR(VLOOKUP(B1218,ورقة1!$I$3:$K$1048576,3,0),0)","v":0},null,0]
[null,null,{"$f":"IFERROR(VLOOKUP(B1219,ورقة1!$I$3:$K$1048576,2,0),)","v":0},{"$f":"IFERROR(VLOOKUP(B1219,ورقة1!$I$3:$K$1048576,3,0),0)","v":0},null,0]
[null,null,{"$f":"IFERROR(VLOOKUP(B1220,ورقة1!$I$3:$K$1048576,2,0),)","v":0},{"$f":"IFERROR(VLOOKUP(B1220,ورقة1!$I$3:$K$1048576,3,0),0)","v":0},null,0]
[null,null,{"$f":"IFERROR(VLOOKUP(B1221,ورقة1!$I$3:$K$1048576,2,0),)","v":0},{"$f":"IFERROR(VLOOKUP(B1221,ورقة1!$I$3:$K$1048576,3,0),0)","v":0},null,0]
[null,"إجمالى الفاتورة",null,{"$f":"SUM(F1198:F1221)","v":0}]
[null,"معدل الخصم",null,{"$f":"D1224/100","v":0}]
[null,"قيمة الخصم"]
[null,"صافى قيمة الفاتورة",null,{"$f":"D1222-D1224","v":0}]
[]
[null,"رقم الفاتورة",{"$f":"C1192+1","v":135},"المندوب",{"$f":"IFERROR(VLOOKUP(C1230,ورقة1!$B$3:$G$1048576,3,0),)","v":0}]
[null,"التاريخ",null,"المشرف",{"$f":"IFERROR(VLOOKUP(C1230,ورقة1!$B$3:$G$1048576,4,0),)","v":0}]
[null,"نوع الفاتورة",null,"الفئة الاساسية",{"$f":"IFERROR(VLOOKUP(C1230,ورقة1!$B$3:$G$1048576,5,0),)","v":0}]
[null,"كود العميل",null,"الفئة الفرعية",{"$f":"IFERROR(VLOOKUP(C1230,ورقة1!$B$3:$G$1048576,6,0),)","v":0}]
[null,"العميل",{"$f":"IFERROR(VLOOKUP(C1230,ورقة1!$B$2:$G$1048576,2,0),)","v":0}]
[null,"الكود","الصنف","السعر ","الكمية","الاجمالى"]
[null,null,{"$f":"IFERROR(VLOOKUP(B1233,ورقة1!$I$3:$K$1048576,2,0),)","v":0},{"$f":"IFERROR(VLOOKUP(B1233,ورقة1!$I$3:$K$1048576,3,0),0)","v":0},null,{"$f":"D1233*E1233","v":0}]
[null,null,{"$f":"IFERROR(VLOOKUP(B1234,ورقة1!$I$3:$K$1048576,2,0),)","v":0},{"$f":"IFERROR(VLOOKUP(B1234,ورقة1!$I$3:$K$1048576,3,0),0)","v":0},null,{"$f":"D1234*E1234","v":0}]
[null,null,{"$f":"IFERROR(VLOOKUP(B1235,ورقة1!$I$3:$K$1048576,2,0),)","v":0},{"$f":"IFERROR(VLOOKUP(B1235,ورقة1!$I$3:$K$1048576,3,0),0)","v":0},null,0]
[null,null,{"$f":"IFERROR(VLOOKUP(B1236,ورقة1!$I$3:$K$1048576,2,0),)","v":0},{"$f":"IFERROR(VLOOKUP(B1236,ورقة1!$I$3:$K$1048576,3,0),0)","v":0},null,0]
[null,null,{"$f":"IFERROR(VLOOKUP(B1237,ورقة1!$I$3:$K$1048576,2,0),)","v":0},{"$f":"IFERROR(VLOOKUP(B1237,ورقة1!$I$3:$K$1048576,3,0),0)","v":0},null,0]
[null,null,{"$f":"IFERROR(VLOOKUP(B1238,ورقة1!$I$3:$K$1048576,2,0),)","v":0},{"$f":"IFERROR(VLOOKUP(B1238,ورقة1!$I$3:$K$1048576,3,0),0)","v":0},null,0]
[null,null,{"$f":"IFERROR(VLOOKUP(B1239,ورقة1!$I$3:$K$1048576,2,0),)","v":0},{"$f":"IFERROR(VLOOKUP(B1239,ورقة1!$I$3:$K$1048576,3,0),0)","v":0},null,0]
[null,null,{"$f":"IFERROR(VLOOKUP(B1240,ورقة1!$I$3:$K$1048576,2,0),)","v":0},{"$f":"IFERROR(VLOOKUP(B1240,ورقة1!$I$3:$K$1048576,3,0),0)","v":0},null,0]
[null,null,{"$f":"IFERROR(VLOOKUP(B1241,ورقة1!$I$3:$K$1048576,2,0),)","v":0},{"$f":"IFERROR(VLOOKUP(B1241,ورقة1!$I$3:$K$1048576,3,0),0)","v":0},null,0]
[null,null,{"$f":"IFERROR(VLOOKUP(B1242,ورقة1!$I$3:$K$1048576,2,0),)","v":0},{"$f":"IFERROR(VLOOKUP(B1242,ورقة1!$I$3:$K$1048576,3,0),0)","v":0},null,0]
[null,null,{"$f":"IFERROR(VLOOKUP(B1243,ورقة1!$I$3:$K$1048576,2,0),)","v":0},{"$f":"IFERROR(VLOOKUP(B1243,ورقة1!$I$3:$K$1048576,3,0),0)","v":0},null,0]
[null,null,{"$f":"IFERROR(VLOOKUP(B1244,ورقة1!$I$3:$K$1048576,2,0),)","v":0},{"$f":"IFERROR(VLOOKUP(B1244,ورقة1!$I$3:$K$1048576,3,0),0)","v":0},null,0]
[null,null,{"$f":"IFERROR(VLOOKUP(B1245,ورقة1!$I$3:$K$1048576,2,0),)","v":0},{"$f":"IFERROR(VLOOKUP(B1245,ورقة1!$I$3:$K$1048576,3,0),0)","v":0},null,0]
[null,null,{"$f":"IFERROR(VLOOKUP(B1246,ورقة1!$I$3:$K$1048576,2,0),)","v":0},{"$f":"IFERROR(VLOOKUP(B1246,ورقة1!$I$3:$K$1048576,3,0),0)","v":0},null,0]
[null,null,{"$f":"IFERROR(VLOOKUP(B1247,ورقة1!$I$3:$K$1048576,2,0),)","v":0},{"$f":"IFERROR(VLOOKUP(B1247,ورقة1!$I$3:$K$1048576,3,0),0)","v":0},null,0]
[null,null,{"$f":"IFERROR(VLOOKUP(B1248,ورقة1!$I$3:$K$1048576,2,0),)","v":0},{"$f":"IFERROR(VLOOKUP(B1248,ورقة1!$I$3:$K$1048576,3,0),0)","v":0},null,0]
[null,null,{"$f":"IFERROR(VLOOKUP(B1249,ورقة1!$I$3:$K$1048576,2,0),)","v":0},{"$f":"IFERROR(VLOOKUP(B1249,ورقة1!$I$3:$K$1048576,3,0),0)","v":0},null,0]
[null,null,{"$f":"IFERROR(VLOOKUP(B1250,ورقة1!$I$3:$K$1048576,2,0),)","v":0},{"$f":"IFERROR(VLOOKUP(B1250,ورقة1!$I$3:$K$1048576,3,0),0)","v":0},null,0]
[null,null,{"$f":"IFERROR(VLOOKUP(B1251,ورقة1!$I$3:$K$1048576,2,0),)","v":0},{"$f":"IFERROR(VLOOKUP(B1251,ورقة1!$I$3:$K$1048576,3,0),0)","v":0},null,0]
[null,null,{"$f":"IFERROR(VLOOKUP(B1252,ورقة1!$I$3:$K$1048576,2,0),)","v":0},{"$f":"IFERROR(VLOOKUP(B1252,ورقة1!$I$3:$K$1048576,3,0),0)","v":0},null,0]
[null,null,{"$f":"IFERROR(VLOOKUP(B1253,ورقة1!$I$3:$K$1048576,2,0),)","v":0},{"$f":"IFERROR(VLOOKUP(B1253,ورقة1!$I$3:$K$1048576,3,0),0)","v":0},null,0]
[null,null,{"$f":"IFERROR(VLOOKUP(B1254,ورقة1!$I$3:$K$1048576,2,0),)","v":0},{"$f":"IFERROR(VLOOKUP(B1254,ورقة1!$I$3:$K$1048576,3,0),0)","v":0},null,0]
[null,null,{"$f":"IFERROR(VLOOKUP(B1255,ورقة1!$I$3:$K$1048576,2,0),)","v":0},{"$f":"IFERROR(VLOOKUP(B1255,ورقة1!$I$3:$K$1048576,3,0),0)","v":0},null,0]
[null,null,{"$f":"IFERROR(VLOOKUP(B1256,ورقة1!$I$3:$K$1048576,2,0),)","v":0},{"$f":"IFERROR(VLOOKUP(B1256,ورقة1!$I$3:$K$1048576,3,0),0)","v":0},null,0]
[null,"إجمالى الفاتورة",null,{"$f":"SUM(F1233:F1256)","v":0}]
[null,"معدل الخصم",null,{"$f":"D1259/100","v":0}]
[null,"قيمة الخصم"]
[null,"صافى قيمة الفاتورة",null,{"$f":"D1257-D1259","v":0}]
[]
[null,"رقم الفاتورة",{"$f":"C1227+1","v":136},"المندوب",{"$f":"IFERROR(VLOOKUP(C1265,ورقة1!$B$3:$G$1048576,3,0),)","v":0}]
[null,"التاريخ",null,"المشرف",{"$f":"IFERROR(VLOOKUP(C1265,ورقة1!$B$3:$G$1048576,4,0),)","v":0}]
[null,"نوع الفاتورة",null,"الفئة الاساسية",{"$f":"IFERROR(VLOOKUP(C1265,ورقة1!$B$3:$G$1048576,5,0),)","v":0}]
[null,"كود العميل",null,"الفئة الفرعية",{"$f":"IFERROR(VLOOKUP(C1265,ورقة1!$B$3:$G$1048576,6,0),)","v":0}]
[null,"العميل",{"$f":"IFERROR(VLOOKUP(C1265,ورقة1!$B$2:$G$1048576,2,0),)","v":0}]
[null,"الكود","الصنف","السعر ","الكمية","الاجمالى"]
[null,null,{"$f":"IFERROR(VLOOKUP(B1268,ورقة1!$I$3:$K$1048576,2,0),)","v":0},{"$f":"IFERROR(VLOOKUP(B1268,ورقة1!$I$3:$K$1048576,3,0),0)","v":0},null,{"$f":"D1268*E1268","v":0}]
[null,null,{"$f":"IFERROR(VLOOKUP(B1269,ورقة1!$I$3:$K$1048576,2,0),)","v":0},{"$f":"IFERROR(VLOOKUP(B1269,ورقة1!$I$3:$K$1048576,3,0),0)","v":0},null,{"$f":"D1269*E1269","v":0}]
[null,null,{"$f":"IFERROR(VLOOKUP(B1270,ورقة1!$I$3:$K$1048576,2,0),)","v":0},{"$f":"IFERROR(VLOOKUP(B1270,ورقة1!$I$3:$K$1048576,3,0),0)","v":0},null,0]
[null,null,{"$f":"IFERROR(VLOOKUP(B1271,ورقة1!$I$3:$K$1048576,2,0),)","v":0},{"$f":"IFERROR(VLOOKUP(B1271,ورقة1!$I$3:$K$1048576,3,0),0)","v":0},null,0]
[null,null,{"$f":"IFERROR(VLOOKUP(B1272,ورقة1!$I$3:$K$1048576,2,0),)","v":0},{"$f":"IFERROR(VLOOKUP(B1272,ورقة1!$I$3:$K$1048576,3,0),0)","v":0},null,0]
[null,null,{"$f":"IFERROR(VLOOKUP(B1273,ورقة1!$I$3:$K$1048576,2,0),)","v":0},{"$f":"IFERROR(VLOOKUP(B1273,ورقة1!$I$3:$K$1048576,3,0),0)","v":0},null,0]
[null,null,{"$f":"IFERROR(VLOOKUP(B1274,ورقة1!$I$3:$K$1048576,2,0),)","v":0},{"$f":"IFERROR(VLOOKUP(B1274,ورقة1!$I$3:$K$1048576,3,0),0)","v":0},null,0]
[null,null,{"$f":"IFERROR(VLOOKUP(B1275,ورقة1!$I$3:$K$1048576,2,0),)","v":0},{"$f":"IFERROR(VLOOKUP(B1275,ورقة1!$I$3:$K$1048576,3,0),0)","v":0},null,0]
[null,null,{"$f":"IFERROR(VLOOKUP(B1276,ورقة1!$I$3:$K$1048576,2,0),)","v":0},{"$f":"IFERROR(VLOOKUP(B1276,ورقة1!$I$3:$K$1048576,3,0),0)","v":0},null,0]
[null,null,{"$f":"IFERROR(VLOOKUP(B1277,ورقة1!$I$3:$K$1048576,2,0),)","v":0},{"$f":"IFERROR(VLOOKUP(B1277,ورقة1!$I$3:$K$1048576,3,0),0)","v":0},null,0]
[null,null,{"$f":"IFERROR(VLOOKUP(B1278,ورقة1!$I$3:$K$1048576,2,0),)","v":0},{"$f":"IFERROR(VLOOKUP(B1278,ورقة1!$I$3:$K$1048576,3,0),0)","v":0},null,0]
[null,null,{"$f":"IFERROR(VLOOKUP(B1279,ورقة1!$I$3:$K$1048576,2,0),)","v":0},{"$f":"IFERROR(VLOOKUP(B1279,ورقة1!$I$3:$K$1048576,3,0),0)","v":0},null,0]
[null,null,{"$f":"IFERROR(VLOOKUP(B1280,ورقة1!$I$3:$K$1048576,2,0),)","v":0},{"$f":"IFERROR(VLOOKUP(B1280,ورقة1!$I$3:$K$1048576,3,0),0)","v":0},null,0]
[null,null,{"$f":"IFERROR(VLOOKUP(B1281,ورقة1!$I$3:$K$1048576,2,0),)","v":0},{"$f":"IFERROR(VLOOKUP(B1281,ورقة1!$I$3:$K$1048576,3,0),0)","v":0},null,0]
[null,null,{"$f":"IFERROR(VLOOKUP(B1282,ورقة1!$I$3:$K$1048576,2,0),)","v":0},{"$f":"IFERROR(VLOOKUP(B1282,ورقة1!$I$3:$K$1048576,3,0),0)","v":0},null,0]
[null,null,{"$f":"IFERROR(VLOOKUP(B1283,ورقة1!$I$3:$K$1048576,2,0),)","v":0},{"$f":"IFERROR(VLOOKUP(B1283,ورقة1!$I$3:$K$1048576,3,0),0)","v":0},null,0]
[null,null,{"$f":"IFERROR(VLOOKUP(B1284,ورقة1!$I$3:$K$1048576,2,0),)","v":0},{"$f":"IFERROR(VLOOKUP(B1284,ورقة1!$I$3:$K$1048576,3,0),0)","v":0},null,0]
[null,null,{"$f":"IFERROR(VLOOKUP(B1285,ورقة1!$I$3:$K$1048576,2,0),)","v":0},{"$f":"IFERROR(VLOOKUP(B1285,ورقة1!$I$3:$K$1048576,3,0),0)","v":0},null,0]
[null,null,{"$f":"IFERROR(VLOOKUP(B1286,ورقة1!$I$3:$K$1048576,2,0),)","v":0},{"$f":"IFERROR(VLOOKUP(B1286,ورقة1!$I$3:$K$1048576,3,0),0)","v":0},null,0]
[null,null,{"$f":"IFERROR(VLOOKUP(B1287,ورقة1!$I$3:$K$1048576,2,0),)","v":0},{"$f":"IFERROR(VLOOKUP(B1287,ورقة1!$I$3:$K$1048576,3,0),0)","v":0},null,0]
[null,null,{"$f":"IFERROR(VLOOKUP(B1288,ورقة1!$I$3:$K$1048576,2,0),)","v":0},{"$f":"IFERROR(VLOOKUP(B1288,ورقة1!$I$3:$K$1048576,3,0),0)","v":0},null,0]
[null,null,{"$f":"IFERROR(VLOOKUP(B1289,ورقة1!$I$3:$K$1048576,2,0),)","v":0},{"$f":"IFERROR(VLOOKUP(B1289,ورقة1!$I$3:$K$1048576,3,0),0)","v":0},null,0]
[null,null,{"$f":"IFERROR(VLOOKUP(B1290,ورقة1!$I$3:$K$1048576,2,0),)","v":0},{"$f":"IFERROR(VLOOKUP(B1290,ورقة1!$I$3:$K$1048576,3,0),0)","v":0},null,0]
[null,null,{"$f":"IFERROR(VLOOKUP(B1291,ورقة1!$I$3:$K$1048576,2,0),)","v":0},{"$f":"IFERROR(VLOOKUP(B1291,ورقة1!$I$3:$K$1048576,3,0),0)","v":0},null,0]
[null,"إجمالى الفاتورة",null,{"$f":"SUM(F1268:F1291)","v":0}]
[null,"معدل الخصم",null,{"$f":"D1294/100","v":0}]
[null,"قيمة الخصم"]
[null,"صافى قيمة الفاتورة",null,{"$f":"D1292-D1294","v":0}]
[]
[null,"رقم الفاتورة",{"$f":"C1262+1","v":137},"المندوب",{"$f":"IFERROR(VLOOKUP(C1300,ورقة1!$B$3:$G$1048576,3,0),)","v":0}]
[null,"التاريخ",null,"المشرف",{"$f":"IFERROR(VLOOKUP(C1300,ورقة1!$B$3:$G$1048576,4,0),)","v":0}]
[null,"نوع الفاتورة",null,"الفئة الاساسية",{"$f":"IFERROR(VLOOKUP(C1300,ورقة1!$B$3:$G$1048576,5,0),)","v":0}]
[null,"كود العميل",null,"الفئة الفرعية",{"$f":"IFERROR(VLOOKUP(C1300,ورقة1!$B$3:$G$1048576,6,0),)","v":0}]
[null,"العميل",{"$f":"IFERROR(VLOOKUP(C1300,ورقة1!$B$2:$G$1048576,2,0),)","v":0}]
[null,"الكود","الصنف","السعر ","الكمية","الاجمالى"]
[null,null,{"$f":"IFERROR(VLOOKUP(B1303,ورقة1!$I$3:$K$1048576,2,0),)","v":0},{"$f":"IFERROR(VLOOKUP(B1303,ورقة1!$I$3:$K$1048576,3,0),0)","v":0},null,{"$f":"D1303*E1303","v":0}]
[null,null,{"$f":"IFERROR(VLOOKUP(B1304,ورقة1!$I$3:$K$1048576,2,0),)","v":0},{"$f":"IFERROR(VLOOKUP(B1304,ورقة1!$I$3:$K$1048576,3,0),0)","v":0},null,{"$f":"D1304*E1304","v":0}]
[null,null,{"$f":"IFERROR(VLOOKUP(B1305,ورقة1!$I$3:$K$1048576,2,0),)","v":0},{"$f":"IFERROR(VLOOKUP(B1305,ورقة1!$I$3:$K$1048576,3,0),0)","v":0},null,0]
[null,null,{"$f":"IFERROR(VLOOKUP(B1306,ورقة1!$I$3:$K$1048576,2,0),)","v":0},{"$f":"IFERROR(VLOOKUP(B1306,ورقة1!$I$3:$K$1048576,3,0),0)","v":0},null,0]
[null,null,{"$f":"IFERROR(VLOOKUP(B1307,ورقة1!$I$3:$K$1048576,2,0),)","v":0},{"$f":"IFERROR(VLOOKUP(B1307,ورقة1!$I$3:$K$1048576,3,0),0)","v":0},null,0]
[null,null,{"$f":"IFERROR(VLOOKUP(B1308,ورقة1!$I$3:$K$1048576,2,0),)","v":0},{"$f":"IFERROR(VLOOKUP(B1308,ورقة1!$I$3:$K$1048576,3,0),0)","v":0},null,0]
[null,null,{"$f":"IFERROR(VLOOKUP(B1309,ورقة1!$I$3:$K$1048576,2,0),)","v":0},{"$f":"IFERROR(VLOOKUP(B1309,ورقة1!$I$3:$K$1048576,3,0),0)","v":0},null,0]
[null,null,{"$f":"IFERROR(VLOOKUP(B1310,ورقة1!$I$3:$K$1048576,2,0),)","v":0},{"$f":"IFERROR(VLOOKUP(B1310,ورقة1!$I$3:$K$1048576,3,0),0)","v":0},null,0]
[null,null,{"$f":"IFERROR(VLOOKUP(B1311,ورقة1!$I$3:$K$1048576,2,0),)","v":0},{"$f":"IFERROR(VLOOKUP(B1311,ورقة1!$I$3:$K$1048576,3,0),0)","v":0},null,0]
[null,null,{"$f":"IFERROR(VLOOKUP(B1312,ورقة1!$I$3:$K$1048576,2,0),)","v":0},{"$f":"IFERROR(VLOOKUP(B1312,ورقة1!$I$3:$K$1048576,3,0),0)","v":0},null,0]
[null,null,{"$f":"IFERROR(VLOOKUP(B1313,ورقة1!$I$3:$K$1048576,2,0),)","v":0},{"$f":"IFERROR(VLOOKUP(B1313,ورقة1!$I$3:$K$1048576,3,0),0)","v":0},null,0]
[null,null,{"$f":"IFERROR(VLOOKUP(B1314,ورقة1!$I$3:$K$1048576,2,0),)","v":0},{"$f":"IFERROR(VLOOKUP(B1314,ورقة1!$I$3:$K$1048576,3,0),0)","v":0},null,0]
[null,null,{"$f":"IFERROR(VLOOKUP(B1315,ورقة1!$I$3:$K$1048576,2,0),)","v":0},{"$f":"IFERROR(VLOOKUP(B1315,ورقة1!$I$3:$K$1048576,3,0),0)","v":0},null,0]
[null,null,{"$f":"IFERROR(VLOOKUP(B1316,ورقة1!$I$3:$K$1048576,2,0),)","v":0},{"$f":"IFERROR(VLOOKUP(B1316,ورقة1!$I$3:$K$1048576,3,0),0)","v":0},null,0]
[null,null,{"$f":"IFERROR(VLOOKUP(B1317,ورقة1!$I$3:$K$1048576,2,0),)","v":0},{"$f":"IFERROR(VLOOKUP(B1317,ورقة1!$I$3:$K$1048576,3,0),0)","v":0},null,0]
[null,null,{"$f":"IFERROR(VLOOKUP(B1318,ورقة1!$I$3:$K$1048576,2,0),)","v":0},{"$f":"IFERROR(VLOOKUP(B1318,ورقة1!$I$3:$K$1048576,3,0),0)","v":0},null,0]
[null,null,{"$f":"IFERROR(VLOOKUP(B1319,ورقة1!$I$3:$K$1048576,2,0),)","v":0},{"$f":"IFERROR(VLOOKUP(B1319,ورقة1!$I$3:$K$1048576,3,0),0)","v":0},null,0]
[null,null,{"$f":"IFERROR(VLOOKUP(B1320,ورقة1!$I$3:$K$1048576,2,0),)","v":0},{"$f":"IFERROR(VLOOKUP(B1320,ورقة1!$I$3:$K$1048576,3,0),0)","v":0},null,0]
[null,null,{"$f":"IFERROR(VLOOKUP(B1321,ورقة1!$I$3:$K$1048576,2,0),)","v":0},{"$f":"IFERROR(VLOOKUP(B1321,ورقة1!$I$3:$K$1048576,3,0),0)","v":0},null,0]
[null,null,{"$f":"IFERROR(VLOOKUP(B1322,ورقة1!$I$3:$K$1048576,2,0),)","v":0},{"$f":"IFERROR(VLOOKUP(B1322,ورقة1!$I$3:$K$1048576,3,0),0)","v":0},null,0]
[null,null,{"$f":"IFERROR(VLOOKUP(B1323,ورقة1!$I$3:$K$1048576,2,0),)","v":0},{"$f":"IFERROR(VLOOKUP(B1323,ورقة1!$I$3:$K$1048576,3,0),0)","v":0},null,0]
[null,null,{"$f":"IFERROR(VLOOKUP(B1324,ورقة1!$I$3:$K$1048576,2,0),)","v":0},{"$f":"IFERROR(VLOOKUP(B1324,ورقة1!$I$3:$K$1048576,3,0),0)","v":0},null,0]
[null,null,{"$f":"IFERROR(VLOOKUP(B1325,ورقة1!$I$3:$K$1048576,2,0),)","v":0},{"$f":"IFERROR(VLOOKUP(B1325,ورقة1!$I$3:$K$1048576,3,0),0)","v":0},null,0]
[null,null,{"$f":"IFERROR(VLOOKUP(B1326,ورقة1!$I$3:$K$1048576,2,0),)","v":0},{"$f":"IFERROR(VLOOKUP(B1326,ورقة1!$I$3:$K$1048576,3,0),0)","v":0},null,0]
[null,"إجمالى الفاتورة",null,{"$f":"SUM(F1303:F1326)","v":0}]
[null,"معدل الخصم",null,{"$f":"D1329/100","v":0}]
[null,"قيمة الخصم"]
[null,"صافى قيمة الفاتورة",null,{"$f":"D1327-D1329","v":0}]
[]
[null,"رقم الفاتورة",{"$f":"C1297+1","v":138},"المندوب",{"$f":"IFERROR(VLOOKUP(C1335,ورقة1!$B$3:$G$1048576,3,0),)","v":0}]
[null,"التاريخ",null,"المشرف",{"$f":"IFERROR(VLOOKUP(C1335,ورقة1!$B$3:$G$1048576,4,0),)","v":0}]
[null,"نوع الفاتورة",null,"الفئة الاساسية",{"$f":"IFERROR(VLOOKUP(C1335,ورقة1!$B$3:$G$1048576,5,0),)","v":0}]
[null,"كود العميل",null,"الفئة الفرعية",{"$f":"IFERROR(VLOOKUP(C1335,ورقة1!$B$3:$G$1048576,6,0),)","v":0}]
[null,"العميل",{"$f":"IFERROR(VLOOKUP(C1335,ورقة1!$B$2:$G$1048576,2,0),)","v":0}]
[null,"الكود","الصنف","السعر ","الكمية","الاجمالى"]
[null,null,{"$f":"IFERROR(VLOOKUP(B1338,ورقة1!$I$3:$K$1048576,2,0),)","v":0},{"$f":"IFERROR(VLOOKUP(B1338,ورقة1!$I$3:$K$1048576,3,0),0)","v":0},null,{"$f":"D1338*E1338","v":0}]
[null,null,{"$f":"IFERROR(VLOOKUP(B1339,ورقة1!$I$3:$K$1048576,2,0),)","v":0},{"$f":"IFERROR(VLOOKUP(B1339,ورقة1!$I$3:$K$1048576,3,0),0)","v":0},null,{"$f":"D1339*E1339","v":0}]
[null,null,{"$f":"IFERROR(VLOOKUP(B1340,ورقة1!$I$3:$K$1048576,2,0),)","v":0},{"$f":"IFERROR(VLOOKUP(B1340,ورقة1!$I$3:$K$1048576,3,0),0)","v":0},null,0]
[null,null,{"$f":"IFERROR(VLOOKUP(B1341,ورقة1!$I$3:$K$1048576,2,0),)","v":0},{"$f":"IFERROR(VLOOKUP(B1341,ورقة1!$I$3:$K$1048576,3,0),0)","v":0},null,0]
[null,null,{"$f":"IFERROR(VLOOKUP(B1342,ورقة1!$I$3:$K$1048576,2,0),)","v":0},{"$f":"IFERROR(VLOOKUP(B1342,ورقة1!$I$3:$K$1048576,3,0),0)","v":0},null,0]
[null,null,{"$f":"IFERROR(VLOOKUP(B1343,ورقة1!$I$3:$K$1048576,2,0),)","v":0},{"$f":"IFERROR(VLOOKUP(B1343,ورقة1!$I$3:$K$1048576,3,0),0)","v":0},null,0]
[null,null,{"$f":"IFERROR(VLOOKUP(B1344,ورقة1!$I$3:$K$1048576,2,0),)","v":0},{"$f":"IFERROR(VLOOKUP(B1344,ورقة1!$I$3:$K$1048576,3,0),0)","v":0},null,0]
[null,null,{"$f":"IFERROR(VLOOKUP(B1345,ورقة1!$I$3:$K$1048576,2,0),)","v":0},{"$f":"IFERROR(VLOOKUP(B1345,ورقة1!$I$3:$K$1048576,3,0),0)","v":0},null,0]
[null,null,{"$f":"IFERROR(VLOOKUP(B1346,ورقة1!$I$3:$K$1048576,2,0),)","v":0},{"$f":"IFERROR(VLOOKUP(B1346,ورقة1!$I$3:$K$1048576,3,0),0)","v":0},null,0]
[null,null,{"$f":"IFERROR(VLOOKUP(B1347,ورقة1!$I$3:$K$1048576,2,0),)","v":0},{"$f":"IFERROR(VLOOKUP(B1347,ورقة1!$I$3:$K$1048576,3,0),0)","v":0},null,0]
[null,null,{"$f":"IFERROR(VLOOKUP(B1348,ورقة1!$I$3:$K$1048576,2,0),)","v":0},{"$f":"IFERROR(VLOOKUP(B1348,ورقة1!$I$3:$K$1048576,3,0),0)","v":0},null,0]
[null,null,{"$f":"IFERROR(VLOOKUP(B1349,ورقة1!$I$3:$K$1048576,2,0),)","v":0},{"$f":"IFERROR(VLOOKUP(B1349,ورقة1!$I$3:$K$1048576,3,0),0)","v":0},null,0]
[null,null,{"$f":"IFERROR(VLOOKUP(B1350,ورقة1!$I$3:$K$1048576,2,0),)","v":0},{"$f":"IFERROR(VLOOKUP(B1350,ورقة1!$I$3:$K$1048576,3,0),0)","v":0},null,0]
[null,null,{"$f":"IFERROR(VLOOKUP(B1351,ورقة1!$I$3:$K$1048576,2,0),)","v":0},{"$f":"IFERROR(VLOOKUP(B1351,ورقة1!$I$3:$K$1048576,3,0),0)","v":0},null,0]
[null,null,{"$f":"IFERROR(VLOOKUP(B1352,ورقة1!$I$3:$K$1048576,2,0),)","v":0},{"$f":"IFERROR(VLOOKUP(B1352,ورقة1!$I$3:$K$1048576,3,0),0)","v":0},null,0]
[null,null,{"$f":"IFERROR(VLOOKUP(B1353,ورقة1!$I$3:$K$1048576,2,0),)","v":0},{"$f":"IFERROR(VLOOKUP(B1353,ورقة1!$I$3:$K$1048576,3,0),0)","v":0},null,0]
[null,null,{"$f":"IFERROR(VLOOKUP(B1354,ورقة1!$I$3:$K$1048576,2,0),)","v":0},{"$f":"IFERROR(VLOOKUP(B1354,ورقة1!$I$3:$K$1048576,3,0),0)","v":0},null,0]
[null,null,{"$f":"IFERROR(VLOOKUP(B1355,ورقة1!$I$3:$K$1048576,2,0),)","v":0},{"$f":"IFERROR(VLOOKUP(B1355,ورقة1!$I$3:$K$1048576,3,0),0)","v":0},null,0]
[null,null,{"$f":"IFERROR(VLOOKUP(B1356,ورقة1!$I$3:$K$1048576,2,0),)","v":0},{"$f":"IFERROR(VLOOKUP(B1356,ورقة1!$I$3:$K$1048576,3,0),0)","v":0},null,0]
[null,null,{"$f":"IFERROR(VLOOKUP(B1357,ورقة1!$I$3:$K$1048576,2,0),)","v":0},{"$f":"IFERROR(VLOOKUP(B1357,ورقة1!$I$3:$K$1048576,3,0),0)","v":0},null,0]
[null,null,{"$f":"IFERROR(VLOOKUP(B1358,ورقة1!$I$3:$K$1048576,2,0),)","v":0},{"$f":"IFERROR(VLOOKUP(B1358,ورقة1!$I$3:$K$1048576,3,0),0)","v":0},null,0]
[null,null,{"$f":"IFERROR(VLOOKUP(B1359,ورقة1!$I$3:$K$1048576,2,0),)","v":0},{"$f":"IFERROR(VLOOKUP(B1359,ورقة1!$I$3:$K$1048576,3,0),0)","v":0},null,0]
[null,null,{"$f":"IFERROR(VLOOKUP(B1360,ورقة1!$I$3:$K$1048576,2,0),)","v":0},{"$f":"IFERROR(VLOOKUP(B1360,ورقة1!$I$3:$K$1048576,3,0),0)","v":0},null,0]
[null,null,{"$f":"IFERROR(VLOOKUP(B1361,ورقة1!$I$3:$K$1048576,2,0),)","v":0},{"$f":"IFERROR(VLOOKUP(B1361,ورقة1!$I$3:$K$1048576,3,0),0)","v":0},null,0]
[null,"إجمالى الفاتورة",null,{"$f":"SUM(F1338:F1361)","v":0}]
[null,"معدل الخصم",null,{"$f":"D1364/100","v":0}]
[null,"قيمة الخصم"]
[null,"صافى قيمة الفاتورة",null,{"$f":"D1362-D1364","v":0}]
[]
[null,"رقم الفاتورة",{"$f":"C1332+1","v":139},"المندوب",{"$f":"IFERROR(VLOOKUP(C1370,ورقة1!$B$3:$G$1048576,3,0),)","v":0}]
[null,"التاريخ",null,"المشرف",{"$f":"IFERROR(VLOOKUP(C1370,ورقة1!$B$3:$G$1048576,4,0),)","v":0}]
[null,"نوع الفاتورة",null,"الفئة الاساسية",{"$f":"IFERROR(VLOOKUP(C1370,ورقة1!$B$3:$G$1048576,5,0),)","v":0}]
[null,"كود العميل",null,"الفئة الفرعية",{"$f":"IFERROR(VLOOKUP(C1370,ورقة1!$B$3:$G$1048576,6,0),)","v":0}]
[null,"العميل",{"$f":"IFERROR(VLOOKUP(C1370,ورقة1!$B$2:$G$1048576,2,0),)","v":0}]
[null,"الكود","الصنف","السعر ","الكمية","الاجمالى"]
[null,null,{"$f":"IFERROR(VLOOKUP(B1373,ورقة1!$I$3:$K$1048576,2,0),)","v":0},{"$f":"IFERROR(VLOOKUP(B1373,ورقة1!$I$3:$K$1048576,3,0),0)","v":0},null,{"$f":"D1373*E1373","v":0}]
[null,null,{"$f":"IFERROR(VLOOKUP(B1374,ورقة1!$I$3:$K$1048576,2,0),)","v":0},{"$f":"IFERROR(VLOOKUP(B1374,ورقة1!$I$3:$K$1048576,3,0),0)","v":0},null,{"$f":"D1374*E1374","v":0}]
[null,null,{"$f":"IFERROR(VLOOKUP(B1375,ورقة1!$I$3:$K$1048576,2,0),)","v":0},{"$f":"IFERROR(VLOOKUP(B1375,ورقة1!$I$3:$K$1048576,3,0),0)","v":0},null,0]
[null,null,{"$f":"IFERROR(VLOOKUP(B1376,ورقة1!$I$3:$K$1048576,2,0),)","v":0},{"$f":"IFERROR(VLOOKUP(B1376,ورقة1!$I$3:$K$1048576,3,0),0)","v":0},null,0]
[null,null,{"$f":"IFERROR(VLOOKUP(B1377,ورقة1!$I$3:$K$1048576,2,0),)","v":0},{"$f":"IFERROR(VLOOKUP(B1377,ورقة1!$I$3:$K$1048576,3,0),0)","v":0},null,0]
[null,null,{"$f":"IFERROR(VLOOKUP(B1378,ورقة1!$I$3:$K$1048576,2,0),)","v":0},{"$f":"IFERROR(VLOOKUP(B1378,ورقة1!$I$3:$K$1048576,3,0),0)","v":0},null,0]
[null,null,{"$f":"IFERROR(VLOOKUP(B1379,ورقة1!$I$3:$K$1048576,2,0),)","v":0},{"$f":"IFERROR(VLOOKUP(B1379,ورقة1!$I$3:$K$1048576,3,0),0)","v":0},null,0]
[null,null,{"$f":"IFERROR(VLOOKUP(B1380,ورقة1!$I$3:$K$1048576,2,0),)","v":0},{"$f":"IFERROR(VLOOKUP(B1380,ورقة1!$I$3:$K$1048576,3,0),0)","v":0},null,0]
[null,null,{"$f":"IFERROR(VLOOKUP(B1381,ورقة1!$I$3:$K$1048576,2,0),)","v":0},{"$f":"IFERROR(VLOOKUP(B1381,ورقة1!$I$3:$K$1048576,3,0),0)","v":0},null,0]
[null,null,{"$f":"IFERROR(VLOOKUP(B1382,ورقة1!$I$3:$K$1048576,2,0),)","v":0},{"$f":"IFERROR(VLOOKUP(B1382,ورقة1!$I$3:$K$1048576,3,0),0)","v":0},null,0]
[null,null,{"$f":"IFERROR(VLOOKUP(B1383,ورقة1!$I$3:$K$1048576,2,0),)","v":0},{"$f":"IFERROR(VLOOKUP(B1383,ورقة1!$I$3:$K$1048576,3,0),0)","v":0},null,0]
[null,null,{"$f":"IFERROR(VLOOKUP(B1384,ورقة1!$I$3:$K$1048576,2,0),)","v":0},{"$f":"IFERROR(VLOOKUP(B1384,ورقة1!$I$3:$K$1048576,3,0),0)","v":0},null,0]
[null,null,{"$f":"IFERROR(VLOOKUP(B1385,ورقة1!$I$3:$K$1048576,2,0),)","v":0},{"$f":"IFERROR(VLOOKUP(B1385,ورقة1!$I$3:$K$1048576,3,0),0)","v":0},null,0]
[null,null,{"$f":"IFERROR(VLOOKUP(B1386,ورقة1!$I$3:$K$1048576,2,0),)","v":0},{"$f":"IFERROR(VLOOKUP(B1386,ورقة1!$I$3:$K$1048576,3,0),0)","v":0},null,0]
[null,null,{"$f":"IFERROR(VLOOKUP(B1387,ورقة1!$I$3:$K$1048576,2,0),)","v":0},{"$f":"IFERROR(VLOOKUP(B1387,ورقة1!$I$3:$K$1048576,3,0),0)","v":0},null,0]
[null,null,{"$f":"IFERROR(VLOOKUP(B1388,ورقة1!$I$3:$K$1048576,2,0),)","v":0},{"$f":"IFERROR(VLOOKUP(B1388,ورقة1!$I$3:$K$1048576,3,0),0)","v":0},null,0]
[null,null,{"$f":"IFERROR(VLOOKUP(B1389,ورقة1!$I$3:$K$1048576,2,0),)","v":0},{"$f":"IFERROR(VLOOKUP(B1389,ورقة1!$I$3:$K$1048576,3,0),0)","v":0},null,0]
[null,null,{"$f":"IFERROR(VLOOKUP(B1390,ورقة1!$I$3:$K$1048576,2,0),)","v":0},{"$f":"IFERROR(VLOOKUP(B1390,ورقة1!$I$3:$K$1048576,3,0),0)","v":0},null,0]
[null,null,{"$f":"IFERROR(VLOOKUP(B1391,ورقة1!$I$3:$K$1048576,2,0),)","v":0},{"$f":"IFERROR(VLOOKUP(B1391,ورقة1!$I$3:$K$1048576,3,0),0)","v":0},null,0]
[null,null,{"$f":"IFERROR(VLOOKUP(B1392,ورقة1!$I$3:$K$1048576,2,0),)","v":0},{"$f":"IFERROR(VLOOKUP(B1392,ورقة1!$I$3:$K$1048576,3,0),0)","v":0},null,0]
[null,null,{"$f":"IFERROR(VLOOKUP(B1393,ورقة1!$I$3:$K$1048576,2,0),)","v":0},{"$f":"IFERROR(VLOOKUP(B1393,ورقة1!$I$3:$K$1048576,3,0),0)","v":0},null,0]
[null,null,{"$f":"IFERROR(VLOOKUP(B1394,ورقة1!$I$3:$K$1048576,2,0),)","v":0},{"$f":"IFERROR(VLOOKUP(B1394,ورقة1!$I$3:$K$1048576,3,0),0)","v":0},null,0]
[null,null,{"$f":"IFERROR(VLOOKUP(B1395,ورقة1!$I$3:$K$1048576,2,0),)","v":0},{"$f":"IFERROR(VLOOKUP(B1395,ورقة1!$I$3:$K$1048576,3,0),0)","v":0},null,0]
[null,null,{"$f":"IFERROR(VLOOKUP(B1396,ورقة1!$I$3:$K$1048576,2,0),)","v":0},{"$f":"IFERROR(VLOOKUP(B1396,ورقة1!$I$3:$K$1048576,3,0),0)","v":0},null,0]
[null,"إجمالى الفاتورة",null,{"$f":"SUM(F1373:F1396)","v":0}]
[null,"معدل الخصم",null,{"$f":"D1399/100","v":0}]
[null,"قيمة الخصم"]
[null,"صافى قيمة الفاتورة",null,{"$f":"D1397-D1399","v":0}]
[]
[null,"رقم الفاتورة",{"$f":"C1367+1","v":140},"المندوب",{"$f":"IFERROR(VLOOKUP(C1405,ورقة1!$B$3:$G$1048576,3,0),)","v":0}]
[null,"التاريخ",null,"المشرف",{"$f":"IFERROR(VLOOKUP(C1405,ورقة1!$B$3:$G$1048576,4,0),)","v":0}]
[null,"نوع الفاتورة",null,"الفئة الاساسية",{"$f":"IFERROR(VLOOKUP(C1405,ورقة1!$B$3:$G$1048576,5,0),)","v":0}]
[null,"كود العميل",null,"الفئة الفرعية",{"$f":"IFERROR(VLOOKUP(C1405,ورقة1!$B$3:$G$1048576,6,0),)","v":0}]
[null,"العميل",{"$f":"IFERROR(VLOOKUP(C1405,ورقة1!$B$2:$G$1048576,2,0),)","v":0}]
[null,"الكود","الصنف","السعر ","الكمية","الاجمالى"]
[null,null,{"$f":"IFERROR(VLOOKUP(B1408,ورقة1!$I$3:$K$1048576,2,0),)","v":0},{"$f":"IFERROR(VLOOKUP(B1408,ورقة1!$I$3:$K$1048576,3,0),0)","v":0},null,{"$f":"D1408*E1408","v":0}]
[null,null,{"$f":"IFERROR(VLOOKUP(B1409,ورقة1!$I$3:$K$1048576,2,0),)","v":0},{"$f":"IFERROR(VLOOKUP(B1409,ورقة1!$I$3:$K$1048576,3,0),0)","v":0},null,{"$f":"D1409*E1409","v":0}]
[null,null,{"$f":"IFERROR(VLOOKUP(B1410,ورقة1!$I$3:$K$1048576,2,0),)","v":0},{"$f":"IFERROR(VLOOKUP(B1410,ورقة1!$I$3:$K$1048576,3,0),0)","v":0},null,0]
[null,null,{"$f":"IFERROR(VLOOKUP(B1411,ورقة1!$I$3:$K$1048576,2,0),)","v":0},{"$f":"IFERROR(VLOOKUP(B1411,ورقة1!$I$3:$K$1048576,3,0),0)","v":0},null,0]
[null,null,{"$f":"IFERROR(VLOOKUP(B1412,ورقة1!$I$3:$K$1048576,2,0),)","v":0},{"$f":"IFERROR(VLOOKUP(B1412,ورقة1!$I$3:$K$1048576,3,0),0)","v":0},null,0]
[null,null,{"$f":"IFERROR(VLOOKUP(B1413,ورقة1!$I$3:$K$1048576,2,0),)","v":0},{"$f":"IFERROR(VLOOKUP(B1413,ورقة1!$I$3:$K$1048576,3,0),0)","v":0},null,0]
[null,null,{"$f":"IFERROR(VLOOKUP(B1414,ورقة1!$I$3:$K$1048576,2,0),)","v":0},{"$f":"IFERROR(VLOOKUP(B1414,ورقة1!$I$3:$K$1048576,3,0),0)","v":0},null,0]
[null,null,{"$f":"IFERROR(VLOOKUP(B1415,ورقة1!$I$3:$K$1048576,2,0),)","v":0},{"$f":"IFERROR(VLOOKUP(B1415,ورقة1!$I$3:$K$1048576,3,0),0)","v":0},null,0]
[null,null,{"$f":"IFERROR(VLOOKUP(B1416,ورقة1!$I$3:$K$1048576,2,0),)","v":0},{"$f":"IFERROR(VLOOKUP(B1416,ورقة1!$I$3:$K$1048576,3,0),0)","v":0},null,0]
[null,null,{"$f":"IFERROR(VLOOKUP(B1417,ورقة1!$I$3:$K$1048576,2,0),)","v":0},{"$f":"IFERROR(VLOOKUP(B1417,ورقة1!$I$3:$K$1048576,3,0),0)","v":0},null,0]
[null,null,{"$f":"IFERROR(VLOOKUP(B1418,ورقة1!$I$3:$K$1048576,2,0),)","v":0},{"$f":"IFERROR(VLOOKUP(B1418,ورقة1!$I$3:$K$1048576,3,0),0)","v":0},null,0]
[null,null,{"$f":"IFERROR(VLOOKUP(B1419,ورقة1!$I$3:$K$1048576,2,0),)","v":0},{"$f":"IFERROR(VLOOKUP(B1419,ورقة1!$I$3:$K$1048576,3,0),0)","v":0},null,0]
[null,null,{"$f":"IFERROR(VLOOKUP(B1420,ورقة1!$I$3:$K$1048576,2,0),)","v":0},{"$f":"IFERROR(VLOOKUP(B1420,ورقة1!$I$3:$K$1048576,3,0),0)","v":0},null,0]
[null,null,{"$f":"IFERROR(VLOOKUP(B1421,ورقة1!$I$3:$K$1048576,2,0),)","v":0},{"$f":"IFERROR(VLOOKUP(B1421,ورقة1!$I$3:$K$1048576,3,0),0)","v":0},null,0]
[null,null,{"$f":"IFERROR(VLOOKUP(B1422,ورقة1!$I$3:$K$1048576,2,0),)","v":0},{"$f":"IFERROR(VLOOKUP(B1422,ورقة1!$I$3:$K$1048576,3,0),0)","v":0},null,0]
[null,null,{"$f":"IFERROR(VLOOKUP(B1423,ورقة1!$I$3:$K$1048576,2,0),)","v":0},{"$f":"IFERROR(VLOOKUP(B1423,ورقة1!$I$3:$K$1048576,3,0),0)","v":0},null,0]
[null,null,{"$f":"IFERROR(VLOOKUP(B1424,ورقة1!$I$3:$K$1048576,2,0),)","v":0},{"$f":"IFERROR(VLOOKUP(B1424,ورقة1!$I$3:$K$1048576,3,0),0)","v":0},null,0]
[null,null,{"$f":"IFERROR(VLOOKUP(B1425,ورقة1!$I$3:$K$1048576,2,0),)","v":0},{"$f":"IFERROR(VLOOKUP(B1425,ورقة1!$I$3:$K$1048576,3,0),0)","v":0},null,0]
[null,null,{"$f":"IFERROR(VLOOKUP(B1426,ورقة1!$I$3:$K$1048576,2,0),)","v":0},{"$f":"IFERROR(VLOOKUP(B1426,ورقة1!$I$3:$K$1048576,3,0),0)","v":0},null,0]
[null,null,{"$f":"IFERROR(VLOOKUP(B1427,ورقة1!$I$3:$K$1048576,2,0),)","v":0},{"$f":"IFERROR(VLOOKUP(B1427,ورقة1!$I$3:$K$1048576,3,0),0)","v":0},null,0]
[null,null,{"$f":"IFERROR(VLOOKUP(B1428,ورقة1!$I$3:$K$1048576,2,0),)","v":0},{"$f":"IFERROR(VLOOKUP(B1428,ورقة1!$I$3:$K$1048576,3,0),0)","v":0},null,0]
[null,null,{"$f":"IFERROR(VLOOKUP(B1429,ورقة1!$I$3:$K$1048576,2,0),)","v":0},{"$f":"IFERROR(VLOOKUP(B1429,ورقة1!$I$3:$K$1048576,3,0),0)","v":0},null,0]
[null,null,{"$f":"IFERROR(VLOOKUP(B1430,ورقة1!$I$3:$K$1048576,2,0),)","v":0},{"$f":"IFERROR(VLOOKUP(B1430,ورقة1!$I$3:$K$1048576,3,0),0)","v":0},null,0]
[null,null,{"$f":"IFERROR(VLOOKUP(B1431,ورقة1!$I$3:$K$1048576,2,0),)","v":0},{"$f":"IFERROR(VLOOKUP(B1431,ورقة1!$I$3:$K$1048576,3,0),0)","v":0},null,0]
[null,"إجمالى الفاتورة",null,{"$f":"SUM(F1408:F1431)","v":0}]
[null,"معدل الخصم",null,{"$f":"D1434/100","v":0}]
[null,"قيمة الخصم"]
[null,"صافى قيمة الفاتورة",null,{"$f":"D1432-D1434","v":0}]
[]
[null,"رقم الفاتورة",{"$f":"C1402+1","v":141},"المندوب",{"$f":"IFERROR(VLOOKUP(C1440,ورقة1!$B$3:$G$1048576,3,0),)","v":0}]
[null,"التاريخ",null,"المشرف",{"$f":"IFERROR(VLOOKUP(C1440,ورقة1!$B$3:$G$1048576,4,0),)","v":0}]
[null,"نوع الفاتورة",null,"الفئة الاساسية",{"$f":"IFERROR(VLOOKUP(C1440,ورقة1!$B$3:$G$1048576,5,0),)","v":0}]
[null,"كود العميل",null,"الفئة الفرعية",{"$f":"IFERROR(VLOOKUP(C1440,ورقة1!$B$3:$G$1048576,6,0),)","v":0}]
[null,"العميل",{"$f":"IFERROR(VLOOKUP(C1440,ورقة1!$B$2:$G$1048576,2,0),)","v":0}]
[null,"الكود","الصنف","السعر ","الكمية","الاجمالى"]
[null,null,{"$f":"IFERROR(VLOOKUP(B1443,ورقة1!$I$3:$K$1048576,2,0),)","v":0},{"$f":"IFERROR(VLOOKUP(B1443,ورقة1!$I$3:$K$1048576,3,0),0)","v":0},null,{"$f":"D1443*E1443","v":0}]
[null,null,{"$f":"IFERROR(VLOOKUP(B1444,ورقة1!$I$3:$K$1048576,2,0),)","v":0},{"$f":"IFERROR(VLOOKUP(B1444,ورقة1!$I$3:$K$1048576,3,0),0)","v":0},null,{"$f":"D1444*E1444","v":0}]
[null,null,{"$f":"IFERROR(VLOOKUP(B1445,ورقة1!$I$3:$K$1048576,2,0),)","v":0},{"$f":"IFERROR(VLOOKUP(B1445,ورقة1!$I$3:$K$1048576,3,0),0)","v":0},null,0]
[null,null,{"$f":"IFERROR(VLOOKUP(B1446,ورقة1!$I$3:$K$1048576,2,0),)","v":0},{"$f":"IFERROR(VLOOKUP(B1446,ورقة1!$I$3:$K$1048576,3,0),0)","v":0},null,0]
[null,null,{"$f":"IFERROR(VLOOKUP(B1447,ورقة1!$I$3:$K$1048576,2,0),)","v":0},{"$f":"IFERROR(VLOOKUP(B1447,ورقة1!$I$3:$K$1048576,3,0),0)","v":0},null,0]
[null,null,{"$f":"IFERROR(VLOOKUP(B1448,ورقة1!$I$3:$K$1048576,2,0),)","v":0},{"$f":"IFERROR(VLOOKUP(B1448,ورقة1!$I$3:$K$1048576,3,0),0)","v":0},null,0]
[null,null,{"$f":"IFERROR(VLOOKUP(B1449,ورقة1!$I$3:$K$1048576,2,0),)","v":0},{"$f":"IFERROR(VLOOKUP(B1449,ورقة1!$I$3:$K$1048576,3,0),0)","v":0},null,0]
[null,null,{"$f":"IFERROR(VLOOKUP(B1450,ورقة1!$I$3:$K$1048576,2,0),)","v":0},{"$f":"IFERROR(VLOOKUP(B1450,ورقة1!$I$3:$K$1048576,3,0),0)","v":0},null,0]
[null,null,{"$f":"IFERROR(VLOOKUP(B1451,ورقة1!$I$3:$K$1048576,2,0),)","v":0},{"$f":"IFERROR(VLOOKUP(B1451,ورقة1!$I$3:$K$1048576,3,0),0)","v":0},null,0]
[null,null,{"$f":"IFERROR(VLOOKUP(B1452,ورقة1!$I$3:$K$1048576,2,0),)","v":0},{"$f":"IFERROR(VLOOKUP(B1452,ورقة1!$I$3:$K$1048576,3,0),0)","v":0},null,0]
[null,null,{"$f":"IFERROR(VLOOKUP(B1453,ورقة1!$I$3:$K$1048576,2,0),)","v":0},{"$f":"IFERROR(VLOOKUP(B1453,ورقة1!$I$3:$K$1048576,3,0),0)","v":0},null,0]
[null,null,{"$f":"IFERROR(VLOOKUP(B1454,ورقة1!$I$3:$K$1048576,2,0),)","v":0},{"$f":"IFERROR(VLOOKUP(B1454,ورقة1!$I$3:$K$1048576,3,0),0)","v":0},null,0]
[null,null,{"$f":"IFERROR(VLOOKUP(B1455,ورقة1!$I$3:$K$1048576,2,0),)","v":0},{"$f":"IFERROR(VLOOKUP(B1455,ورقة1!$I$3:$K$1048576,3,0),0)","v":0},null,0]
[null,null,{"$f":"IFERROR(VLOOKUP(B1456,ورقة1!$I$3:$K$1048576,2,0),)","v":0},{"$f":"IFERROR(VLOOKUP(B1456,ورقة1!$I$3:$K$1048576,3,0),0)","v":0},null,0]
[null,null,{"$f":"IFERROR(VLOOKUP(B1457,ورقة1!$I$3:$K$1048576,2,0),)","v":0},{"$f":"IFERROR(VLOOKUP(B1457,ورقة1!$I$3:$K$1048576,3,0),0)","v":0},null,0]
[null,null,{"$f":"IFERROR(VLOOKUP(B1458,ورقة1!$I$3:$K$1048576,2,0),)","v":0},{"$f":"IFERROR(VLOOKUP(B1458,ورقة1!$I$3:$K$1048576,3,0),0)","v":0},null,0]
[null,null,{"$f":"IFERROR(VLOOKUP(B1459,ورقة1!$I$3:$K$1048576,2,0),)","v":0},{"$f":"IFERROR(VLOOKUP(B1459,ورقة1!$I$3:$K$1048576,3,0),0)","v":0},null,0]
[null,null,{"$f":"IFERROR(VLOOKUP(B1460,ورقة1!$I$3:$K$1048576,2,0),)","v":0},{"$f":"IFERROR(VLOOKUP(B1460,ورقة1!$I$3:$K$1048576,3,0),0)","v":0},null,0]
[null,null,{"$f":"IFERROR(VLOOKUP(B1461,ورقة1!$I$3:$K$1048576,2,0),)","v":0},{"$f":"IFERROR(VLOOKUP(B1461,ورقة1!$I$3:$K$1048576,3,0),0)","v":0},null,0]
[null,null,{"$f":"IFERROR(VLOOKUP(B1462,ورقة1!$I$3:$K$1048576,2,0),)","v":0},{"$f":"IFERROR(VLOOKUP(B1462,ورقة1!$I$3:$K$1048576,3,0),0)","v":0},null,0]
[null,null,{"$f":"IFERROR(VLOOKUP(B1463,ورقة1!$I$3:$K$1048576,2,0),)","v":0},{"$f":"IFERROR(VLOOKUP(B1463,ورقة1!$I$3:$K$1048576,3,0),0)","v":0},null,0]
[null,null,{"$f":"IFERROR(VLOOKUP(B1464,ورقة1!$I$3:$K$1048576,2,0),)","v":0},{"$f":"IFERROR(VLOOKUP(B1464,ورقة1!$I$3:$K$1048576,3,0),0)","v":0},null,0]
[null,null,{"$f":"IFERROR(VLOOKUP(B1465,ورقة1!$I$3:$K$1048576,2,0),)","v":0},{"$f":"IFERROR(VLOOKUP(B1465,ورقة1!$I$3:$K$1048576,3,0),0)","v":0},null,0]
[null,null,{"$f":"IFERROR(VLOOKUP(B1466,ورقة1!$I$3:$K$1048576,2,0),)","v":0},{"$f":"IFERROR(VLOOKUP(B1466,ورقة1!$I$3:$K$1048576,3,0),0)","v":0},null,0]
[null,"إجمالى الفاتورة",null,{"$f":"SUM(F1443:F1466)","v":0}]
[null,"معدل الخصم",null,{"$f":"D1469/100","v":0}]
[null,"قيمة الخصم"]
[null,"صافى قيمة الفاتورة",null,{"$f":"D1467-D1469","v":0}]
[]
[null,"رقم الفاتورة",{"$f":"C1437+1","v":142},"المندوب",{"$f":"IFERROR(VLOOKUP(C1475,ورقة1!$B$3:$G$1048576,3,0),)","v":0}]
[null,"التاريخ",null,"المشرف",{"$f":"IFERROR(VLOOKUP(C1475,ورقة1!$B$3:$G$1048576,4,0),)","v":0}]
[null,"نوع الفاتورة",null,"الفئة الاساسية",{"$f":"IFERROR(VLOOKUP(C1475,ورقة1!$B$3:$G$1048576,5,0),)","v":0}]
[null,"كود العميل",null,"الفئة الفرعية",{"$f":"IFERROR(VLOOKUP(C1475,ورقة1!$B$3:$G$1048576,6,0),)","v":0}]
[null,"العميل",{"$f":"IFERROR(VLOOKUP(C1475,ورقة1!$B$2:$G$1048576,2,0),)","v":0}]
[null,"الكود","الصنف","السعر ","الكمية","الاجمالى"]
[null,null,{"$f":"IFERROR(VLOOKUP(B1478,ورقة1!$I$3:$K$1048576,2,0),)","v":0},{"$f":"IFERROR(VLOOKUP(B1478,ورقة1!$I$3:$K$1048576,3,0),0)","v":0},null,{"$f":"D1478*E1478","v":0}]
[null,null,{"$f":"IFERROR(VLOOKUP(B1479,ورقة1!$I$3:$K$1048576,2,0),)","v":0},{"$f":"IFERROR(VLOOKUP(B1479,ورقة1!$I$3:$K$1048576,3,0),0)","v":0},null,{"$f":"D1479*E1479","v":0}]
[null,null,{"$f":"IFERROR(VLOOKUP(B1480,ورقة1!$I$3:$K$1048576,2,0),)","v":0},{"$f":"IFERROR(VLOOKUP(B1480,ورقة1!$I$3:$K$1048576,3,0),0)","v":0},null,0]
[null,null,{"$f":"IFERROR(VLOOKUP(B1481,ورقة1!$I$3:$K$1048576,2,0),)","v":0},{"$f":"IFERROR(VLOOKUP(B1481,ورقة1!$I$3:$K$1048576,3,0),0)","v":0},null,0]
[null,null,{"$f":"IFERROR(VLOOKUP(B1482,ورقة1!$I$3:$K$1048576,2,0),)","v":0},{"$f":"IFERROR(VLOOKUP(B1482,ورقة1!$I$3:$K$1048576,3,0),0)","v":0},null,0]
[null,null,{"$f":"IFERROR(VLOOKUP(B1483,ورقة1!$I$3:$K$1048576,2,0),)","v":0},{"$f":"IFERROR(VLOOKUP(B1483,ورقة1!$I$3:$K$1048576,3,0),0)","v":0},null,0]
[null,null,{"$f":"IFERROR(VLOOKUP(B1484,ورقة1!$I$3:$K$1048576,2,0),)","v":0},{"$f":"IFERROR(VLOOKUP(B1484,ورقة1!$I$3:$K$1048576,3,0),0)","v":0},null,0]
[null,null,{"$f":"IFERROR(VLOOKUP(B1485,ورقة1!$I$3:$K$1048576,2,0),)","v":0},{"$f":"IFERROR(VLOOKUP(B1485,ورقة1!$I$3:$K$1048576,3,0),0)","v":0},null,0]
[null,null,{"$f":"IFERROR(VLOOKUP(B1486,ورقة1!$I$3:$K$1048576,2,0),)","v":0},{"$f":"IFERROR(VLOOKUP(B1486,ورقة1!$I$3:$K$1048576,3,0),0)","v":0},null,0]
[null,null,{"$f":"IFERROR(VLOOKUP(B1487,ورقة1!$I$3:$K$1048576,2,0),)","v":0},{"$f":"IFERROR(VLOOKUP(B1487,ورقة1!$I$3:$K$1048576,3,0),0)","v":0},null,0]
[null,null,{"$f":"IFERROR(VLOOKUP(B1488,ورقة1!$I$3:$K$1048576,2,0),)","v":0},{"$f":"IFERROR(VLOOKUP(B1488,ورقة1!$I$3:$K$1048576,3,0),0)","v":0},null,0]
[null,null,{"$f":"IFERROR(VLOOKUP(B1489,ورقة1!$I$3:$K$1048576,2,0),)","v":0},{"$f":"IFERROR(VLOOKUP(B1489,ورقة1!$I$3:$K$1048576,3,0),0)","v":0},null,0]
[null,null,{"$f":"IFERROR(VLOOKUP(B1490,ورقة1!$I$3:$K$1048576,2,0),)","v":0},{"$f":"IFERROR(VLOOKUP(B1490,ورقة1!$I$3:$K$1048576,3,0),0)","v":0},null,0]
[null,null,{"$f":"IFERROR(VLOOKUP(B1491,ورقة1!$I$3:$K$1048576,2,0),)","v":0},{"$f":"IFERROR(VLOOKUP(B1491,ورقة1!$I$3:$K$1048576,3,0),0)","v":0},null,0]
[null,null,{"$f":"IFERROR(VLOOKUP(B1492,ورقة1!$I$3:$K$1048576,2,0),)","v":0},{"$f":"IFERROR(VLOOKUP(B1492,ورقة1!$I$3:$K$1048576,3,0),0)","v":0},null,0]
[null,null,{"$f":"IFERROR(VLOOKUP(B1493,ورقة1!$I$3:$K$1048576,2,0),)","v":0},{"$f":"IFERROR(VLOOKUP(B1493,ورقة1!$I$3:$K$1048576,3,0),0)","v":0},null,0]
[null,null,{"$f":"IFERROR(VLOOKUP(B1494,ورقة1!$I$3:$K$1048576,2,0),)","v":0},{"$f":"IFERROR(VLOOKUP(B1494,ورقة1!$I$3:$K$1048576,3,0),0)","v":0},null,0]
[null,null,{"$f":"IFERROR(VLOOKUP(B1495,ورقة1!$I$3:$K$1048576,2,0),)","v":0},{"$f":"IFERROR(VLOOKUP(B1495,ورقة1!$I$3:$K$1048576,3,0),0)","v":0},null,0]
[null,null,{"$f":"IFERROR(VLOOKUP(B1496,ورقة1!$I$3:$K$1048576,2,0),)","v":0},{"$f":"IFERROR(VLOOKUP(B1496,ورقة1!$I$3:$K$1048576,3,0),0)","v":0},null,0]
[null,null,{"$f":"IFERROR(VLOOKUP(B1497,ورقة1!$I$3:$K$1048576,2,0),)","v":0},{"$f":"IFERROR(VLOOKUP(B1497,ورقة1!$I$3:$K$1048576,3,0),0)","v":0},null,0]
[null,null,{"$f":"IFERROR(VLOOKUP(B1498,ورقة1!$I$3:$K$1048576,2,0),)","v":0},{"$f":"IFERROR(VLOOKUP(B1498,ورقة1!$I$3:$K$1048576,3,0),0)","v":0},null,0]
[null,null,{"$f":"IFERROR(VLOOKUP(B1499,ورقة1!$I$3:$K$1048576,2,0),)","v":0},{"$f":"IFERROR(VLOOKUP(B1499,ورقة1!$I$3:$K$1048576,3,0),0)","v":0},null,0]
[null,null,{"$f":"IFERROR(VLOOKUP(B1500,ورقة1!$I$3:$K$1048576,2,0),)","v":0},{"$f":"IFERROR(VLOOKUP(B1500,ورقة1!$I$3:$K$1048576,3,0),0)","v":0},null,0]
[null,null,{"$f":"IFERROR(VLOOKUP(B1501,ورقة1!$I$3:$K$1048576,2,0),)","v":0},{"$f":"IFERROR(VLOOKUP(B1501,ورقة1!$I$3:$K$1048576,3,0),0)","v":0},null,0]
[null,"إجمالى الفاتورة",null,{"$f":"SUM(F1478:F1501)","v":0}]
[null,"معدل الخصم",null,{"$f":"D1504/100","v":0}]
[null,"قيمة الخصم"]
[null,"صافى قيمة الفاتورة",null,{"$f":"D1502-D1504","v":0}]
[]
[null,"رقم الفاتورة",{"$f":"C1472+1","v":143},"المندوب",{"$f":"IFERROR(VLOOKUP(C1510,ورقة1!$B$3:$G$1048576,3,0),)","v":0}]
[null,"التاريخ",null,"المشرف",{"$f":"IFERROR(VLOOKUP(C1510,ورقة1!$B$3:$G$1048576,4,0),)","v":0}]
[null,"نوع الفاتورة",null,"الفئة الاساسية",{"$f":"IFERROR(VLOOKUP(C1510,ورقة1!$B$3:$G$1048576,5,0),)","v":0}]
[null,"كود العميل",null,"الفئة الفرعية",{"$f":"IFERROR(VLOOKUP(C1510,ورقة1!$B$3:$G$1048576,6,0),)","v":0}]
[null,"العميل",{"$f":"IFERROR(VLOOKUP(C1510,ورقة1!$B$2:$G$1048576,2,0),)","v":0}]
[null,"الكود","الصنف","السعر ","الكمية","الاجمالى"]
[null,null,{"$f":"IFERROR(VLOOKUP(B1513,ورقة1!$I$3:$K$1048576,2,0),)","v":0},{"$f":"IFERROR(VLOOKUP(B1513,ورقة1!$I$3:$K$1048576,3,0),0)","v":0},null,{"$f":"D1513*E1513","v":0}]
[null,null,{"$f":"IFERROR(VLOOKUP(B1514,ورقة1!$I$3:$K$1048576,2,0),)","v":0},{"$f":"IFERROR(VLOOKUP(B1514,ورقة1!$I$3:$K$1048576,3,0),0)","v":0},null,{"$f":"D1514*E1514","v":0}]
[null,null,{"$f":"IFERROR(VLOOKUP(B1515,ورقة1!$I$3:$K$1048576,2,0),)","v":0},{"$f":"IFERROR(VLOOKUP(B1515,ورقة1!$I$3:$K$1048576,3,0),0)","v":0},null,0]
[null,null,{"$f":"IFERROR(VLOOKUP(B1516,ورقة1!$I$3:$K$1048576,2,0),)","v":0},{"$f":"IFERROR(VLOOKUP(B1516,ورقة1!$I$3:$K$1048576,3,0),0)","v":0},null,0]
[null,null,{"$f":"IFERROR(VLOOKUP(B1517,ورقة1!$I$3:$K$1048576,2,0),)","v":0},{"$f":"IFERROR(VLOOKUP(B1517,ورقة1!$I$3:$K$1048576,3,0),0)","v":0},null,0]
[null,null,{"$f":"IFERROR(VLOOKUP(B1518,ورقة1!$I$3:$K$1048576,2,0),)","v":0},{"$f":"IFERROR(VLOOKUP(B1518,ورقة1!$I$3:$K$1048576,3,0),0)","v":0},null,0]
[null,null,{"$f":"IFERROR(VLOOKUP(B1519,ورقة1!$I$3:$K$1048576,2,0),)","v":0},{"$f":"IFERROR(VLOOKUP(B1519,ورقة1!$I$3:$K$1048576,3,0),0)","v":0},null,0]
[null,null,{"$f":"IFERROR(VLOOKUP(B1520,ورقة1!$I$3:$K$1048576,2,0),)","v":0},{"$f":"IFERROR(VLOOKUP(B1520,ورقة1!$I$3:$K$1048576,3,0),0)","v":0},null,0]
[null,null,{"$f":"IFERROR(VLOOKUP(B1521,ورقة1!$I$3:$K$1048576,2,0),)","v":0},{"$f":"IFERROR(VLOOKUP(B1521,ورقة1!$I$3:$K$1048576,3,0),0)","v":0},null,0]
[null,null,{"$f":"IFERROR(VLOOKUP(B1522,ورقة1!$I$3:$K$1048576,2,0),)","v":0},{"$f":"IFERROR(VLOOKUP(B1522,ورقة1!$I$3:$K$1048576,3,0),0)","v":0},null,0]
[null,null,{"$f":"IFERROR(VLOOKUP(B1523,ورقة1!$I$3:$K$1048576,2,0),)","v":0},{"$f":"IFERROR(VLOOKUP(B1523,ورقة1!$I$3:$K$1048576,3,0),0)","v":0},null,0]
[null,null,{"$f":"IFERROR(VLOOKUP(B1524,ورقة1!$I$3:$K$1048576,2,0),)","v":0},{"$f":"IFERROR(VLOOKUP(B1524,ورقة1!$I$3:$K$1048576,3,0),0)","v":0},null,0]
[null,null,{"$f":"IFERROR(VLOOKUP(B1525,ورقة1!$I$3:$K$1048576,2,0),)","v":0},{"$f":"IFERROR(VLOOKUP(B1525,ورقة1!$I$3:$K$1048576,3,0),0)","v":0},null,0]
[null,null,{"$f":"IFERROR(VLOOKUP(B1526,ورقة1!$I$3:$K$1048576,2,0),)","v":0},{"$f":"IFERROR(VLOOKUP(B1526,ورقة1!$I$3:$K$1048576,3,0),0)","v":0},null,0]
[null,null,{"$f":"IFERROR(VLOOKUP(B1527,ورقة1!$I$3:$K$1048576,2,0),)","v":0},{"$f":"IFERROR(VLOOKUP(B1527,ورقة1!$I$3:$K$1048576,3,0),0)","v":0},null,0]
[null,null,{"$f":"IFERROR(VLOOKUP(B1528,ورقة1!$I$3:$K$1048576,2,0),)","v":0},{"$f":"IFERROR(VLOOKUP(B1528,ورقة1!$I$3:$K$1048576,3,0),0)","v":0},null,0]
[null,null,{"$f":"IFERROR(VLOOKUP(B1529,ورقة1!$I$3:$K$1048576,2,0),)","v":0},{"$f":"IFERROR(VLOOKUP(B1529,ورقة1!$I$3:$K$1048576,3,0),0)","v":0},null,0]
[null,null,{"$f":"IFERROR(VLOOKUP(B1530,ورقة1!$I$3:$K$1048576,2,0),)","v":0},{"$f":"IFERROR(VLOOKUP(B1530,ورقة1!$I$3:$K$1048576,3,0),0)","v":0},null,0]
[null,null,{"$f":"IFERROR(VLOOKUP(B1531,ورقة1!$I$3:$K$1048576,2,0),)","v":0},{"$f":"IFERROR(VLOOKUP(B1531,ورقة1!$I$3:$K$1048576,3,0),0)","v":0},null,0]
[null,null,{"$f":"IFERROR(VLOOKUP(B1532,ورقة1!$I$3:$K$1048576,2,0),)","v":0},{"$f":"IFERROR(VLOOKUP(B1532,ورقة1!$I$3:$K$1048576,3,0),0)","v":0},null,0]
[null,null,{"$f":"IFERROR(VLOOKUP(B1533,ورقة1!$I$3:$K$1048576,2,0),)","v":0},{"$f":"IFERROR(VLOOKUP(B1533,ورقة1!$I$3:$K$1048576,3,0),0)","v":0},null,0]
[null,null,{"$f":"IFERROR(VLOOKUP(B1534,ورقة1!$I$3:$K$1048576,2,0),)","v":0},{"$f":"IFERROR(VLOOKUP(B1534,ورقة1!$I$3:$K$1048576,3,0),0)","v":0},null,0]
[null,null,{"$f":"IFERROR(VLOOKUP(B1535,ورقة1!$I$3:$K$1048576,2,0),)","v":0},{"$f":"IFERROR(VLOOKUP(B1535,ورقة1!$I$3:$K$1048576,3,0),0)","v":0},null,0]
[null,null,{"$f":"IFERROR(VLOOKUP(B1536,ورقة1!$I$3:$K$1048576,2,0),)","v":0},{"$f":"IFERROR(VLOOKUP(B1536,ورقة1!$I$3:$K$1048576,3,0),0)","v":0},null,0]
[null,"إجمالى الفاتورة",null,{"$f":"SUM(F1513:F1536)","v":0}]
[null,"معدل الخصم",null,{"$f":"D1539/100","v":0}]
[null,"قيمة الخصم"]
[null,"صافى قيمة الفاتورة",null,{"$f":"D1537-D1539","v":0}]
[]
[null,"رقم الفاتورة",{"$f":"C1507+1","v":144},"المندوب",{"$f":"IFERROR(VLOOKUP(C1545,ورقة1!$B$3:$G$1048576,3,0),)","v":0}]
[null,"التاريخ",null,"المشرف",{"$f":"IFERROR(VLOOKUP(C1545,ورقة1!$B$3:$G$1048576,4,0),)","v":0}]
[null,"نوع الفاتورة",null,"الفئة الاساسية",{"$f":"IFERROR(VLOOKUP(C1545,ورقة1!$B$3:$G$1048576,5,0),)","v":0}]
[null,"كود العميل",null,"الفئة الفرعية",{"$f":"IFERROR(VLOOKUP(C1545,ورقة1!$B$3:$G$1048576,6,0),)","v":0}]
[null,"العميل",{"$f":"IFERROR(VLOOKUP(C1545,ورقة1!$B$2:$G$1048576,2,0),)","v":0}]
[null,"الكود","الصنف","السعر ","الكمية","الاجمالى"]
[null,null,{"$f":"IFERROR(VLOOKUP(B1548,ورقة1!$I$3:$K$1048576,2,0),)","v":0},{"$f":"IFERROR(VLOOKUP(B1548,ورقة1!$I$3:$K$1048576,3,0),0)","v":0},null,{"$f":"D1548*E1548","v":0}]
[null,null,{"$f":"IFERROR(VLOOKUP(B1549,ورقة1!$I$3:$K$1048576,2,0),)","v":0},{"$f":"IFERROR(VLOOKUP(B1549,ورقة1!$I$3:$K$1048576,3,0),0)","v":0},null,{"$f":"D1549*E1549","v":0}]
[null,null,{"$f":"IFERROR(VLOOKUP(B1550,ورقة1!$I$3:$K$1048576,2,0),)","v":0},{"$f":"IFERROR(VLOOKUP(B1550,ورقة1!$I$3:$K$1048576,3,0),0)","v":0},null,0]
[null,null,{"$f":"IFERROR(VLOOKUP(B1551,ورقة1!$I$3:$K$1048576,2,0),)","v":0},{"$f":"IFERROR(VLOOKUP(B1551,ورقة1!$I$3:$K$1048576,3,0),0)","v":0},null,0]
[null,null,{"$f":"IFERROR(VLOOKUP(B1552,ورقة1!$I$3:$K$1048576,2,0),)","v":0},{"$f":"IFERROR(VLOOKUP(B1552,ورقة1!$I$3:$K$1048576,3,0),0)","v":0},null,0]
[null,null,{"$f":"IFERROR(VLOOKUP(B1553,ورقة1!$I$3:$K$1048576,2,0),)","v":0},{"$f":"IFERROR(VLOOKUP(B1553,ورقة1!$I$3:$K$1048576,3,0),0)","v":0},null,0]
[null,null,{"$f":"IFERROR(VLOOKUP(B1554,ورقة1!$I$3:$K$1048576,2,0),)","v":0},{"$f":"IFERROR(VLOOKUP(B1554,ورقة1!$I$3:$K$1048576,3,0),0)","v":0},null,0]
[null,null,{"$f":"IFERROR(VLOOKUP(B1555,ورقة1!$I$3:$K$1048576,2,0),)","v":0},{"$f":"IFERROR(VLOOKUP(B1555,ورقة1!$I$3:$K$1048576,3,0),0)","v":0},null,0]
[null,null,{"$f":"IFERROR(VLOOKUP(B1556,ورقة1!$I$3:$K$1048576,2,0),)","v":0},{"$f":"IFERROR(VLOOKUP(B1556,ورقة1!$I$3:$K$1048576,3,0),0)","v":0},null,0]
[null,null,{"$f":"IFERROR(VLOOKUP(B1557,ورقة1!$I$3:$K$1048576,2,0),)","v":0},{"$f":"IFERROR(VLOOKUP(B1557,ورقة1!$I$3:$K$1048576,3,0),0)","v":0},null,0]
[null,null,{"$f":"IFERROR(VLOOKUP(B1558,ورقة1!$I$3:$K$1048576,2,0),)","v":0},{"$f":"IFERROR(VLOOKUP(B1558,ورقة1!$I$3:$K$1048576,3,0),0)","v":0},null,0]
[null,null,{"$f":"IFERROR(VLOOKUP(B1559,ورقة1!$I$3:$K$1048576,2,0),)","v":0},{"$f":"IFERROR(VLOOKUP(B1559,ورقة1!$I$3:$K$1048576,3,0),0)","v":0},null,0]
[null,null,{"$f":"IFERROR(VLOOKUP(B1560,ورقة1!$I$3:$K$1048576,2,0),)","v":0},{"$f":"IFERROR(VLOOKUP(B1560,ورقة1!$I$3:$K$1048576,3,0),0)","v":0},null,0]
[null,null,{"$f":"IFERROR(VLOOKUP(B1561,ورقة1!$I$3:$K$1048576,2,0),)","v":0},{"$f":"IFERROR(VLOOKUP(B1561,ورقة1!$I$3:$K$1048576,3,0),0)","v":0},null,0]
[null,null,{"$f":"IFERROR(VLOOKUP(B1562,ورقة1!$I$3:$K$1048576,2,0),)","v":0},{"$f":"IFERROR(VLOOKUP(B1562,ورقة1!$I$3:$K$1048576,3,0),0)","v":0},null,0]
[null,null,{"$f":"IFERROR(VLOOKUP(B1563,ورقة1!$I$3:$K$1048576,2,0),)","v":0},{"$f":"IFERROR(VLOOKUP(B1563,ورقة1!$I$3:$K$1048576,3,0),0)","v":0},null,0]
[null,null,{"$f":"IFERROR(VLOOKUP(B1564,ورقة1!$I$3:$K$1048576,2,0),)","v":0},{"$f":"IFERROR(VLOOKUP(B1564,ورقة1!$I$3:$K$1048576,3,0),0)","v":0},null,0]
[null,null,{"$f":"IFERROR(VLOOKUP(B1565,ورقة1!$I$3:$K$1048576,2,0),)","v":0},{"$f":"IFERROR(VLOOKUP(B1565,ورقة1!$I$3:$K$1048576,3,0),0)","v":0},null,0]
[null,null,{"$f":"IFERROR(VLOOKUP(B1566,ورقة1!$I$3:$K$1048576,2,0),)","v":0},{"$f":"IFERROR(VLOOKUP(B1566,ورقة1!$I$3:$K$1048576,3,0),0)","v":0},null,0]
[null,null,{"$f":"IFERROR(VLOOKUP(B1567,ورقة1!$I$3:$K$1048576,2,0),)","v":0},{"$f":"IFERROR(VLOOKUP(B1567,ورقة1!$I$3:$K$1048576,3,0),0)","v":0},null,0]
[null,null,{"$f":"IFERROR(VLOOKUP(B1568,ورقة1!$I$3:$K$1048576,2,0),)","v":0},{"$f":"IFERROR(VLOOKUP(B1568,ورقة1!$I$3:$K$1048576,3,0),0)","v":0},null,0]
[null,null,{"$f":"IFERROR(VLOOKUP(B1569,ورقة1!$I$3:$K$1048576,2,0),)","v":0},{"$f":"IFERROR(VLOOKUP(B1569,ورقة1!$I$3:$K$1048576,3,0),0)","v":0},null,0]
[null,null,{"$f":"IFERROR(VLOOKUP(B1570,ورقة1!$I$3:$K$1048576,2,0),)","v":0},{"$f":"IFERROR(VLOOKUP(B1570,ورقة1!$I$3:$K$1048576,3,0),0)","v":0},null,0]
[null,null,{"$f":"IFERROR(VLOOKUP(B1571,ورقة1!$I$3:$K$1048576,2,0),)","v":0},{"$f":"IFERROR(VLOOKUP(B1571,ورقة1!$I$3:$K$1048576,3,0),0)","v":0},null,0]
[null,"إجمالى الفاتورة",null,{"$f":"SUM(F1548:F1571)","v":0}]
[null,"معدل الخصم",null,{"$f":"D1574/100","v":0}]
[null,"قيمة الخصم"]
[null,"صافى قيمة الفاتورة",null,{"$f":"D1572-D1574","v":0}]
[]
[null,"رقم الفاتورة",{"$f":"C1542+1","v":145},"المندوب",{"$f":"IFERROR(VLOOKUP(C1580,ورقة1!$B$3:$G$1048576,3,0),)","v":0}]
[null,"التاريخ",null,"المشرف",{"$f":"IFERROR(VLOOKUP(C1580,ورقة1!$B$3:$G$1048576,4,0),)","v":0}]
[null,"نوع الفاتورة",null,"الفئة الاساسية",{"$f":"IFERROR(VLOOKUP(C1580,ورقة1!$B$3:$G$1048576,5,0),)","v":0}]
[null,"كود العميل",0,"الفئة الفرعية",{"$f":"IFERROR(VLOOKUP(C1580,ورقة1!$B$3:$G$1048576,6,0),)","v":0}]
[null,"العميل",{"$f":"IFERROR(VLOOKUP(C1580,ورقة1!$B$2:$G$1048576,2,0),)","v":0}]
[null,"الكود","الصنف","السعر ","الكمية","الاجمالى"]
[null,null,{"$f":"IFERROR(VLOOKUP(B1583,ورقة1!$I$3:$K$1048576,2,0),)","v":0},{"$f":"IFERROR(VLOOKUP(B1583,ورقة1!$I$3:$K$1048576,3,0),0)","v":0},null,{"$f":"D1583*E1583","v":0}]
[null,null,{"$f":"IFERROR(VLOOKUP(B1584,ورقة1!$I$3:$K$1048576,2,0),)","v":0},{"$f":"IFERROR(VLOOKUP(B1584,ورقة1!$I$3:$K$1048576,3,0),0)","v":0},null,{"$f":"D1584*E1584","v":0}]
[null,null,{"$f":"IFERROR(VLOOKUP(B1585,ورقة1!$I$3:$K$1048576,2,0),)","v":0},{"$f":"IFERROR(VLOOKUP(B1585,ورقة1!$I$3:$K$1048576,3,0),0)","v":0},null,0]
[null,null,{"$f":"IFERROR(VLOOKUP(B1586,ورقة1!$I$3:$K$1048576,2,0),)","v":0},{"$f":"IFERROR(VLOOKUP(B1586,ورقة1!$I$3:$K$1048576,3,0),0)","v":0},null,0]
[null,null,{"$f":"IFERROR(VLOOKUP(B1587,ورقة1!$I$3:$K$1048576,2,0),)","v":0},{"$f":"IFERROR(VLOOKUP(B1587,ورقة1!$I$3:$K$1048576,3,0),0)","v":0},null,0]
[null,null,{"$f":"IFERROR(VLOOKUP(B1588,ورقة1!$I$3:$K$1048576,2,0),)","v":0},{"$f":"IFERROR(VLOOKUP(B1588,ورقة1!$I$3:$K$1048576,3,0),0)","v":0},null,0]
[null,null,{"$f":"IFERROR(VLOOKUP(B1589,ورقة1!$I$3:$K$1048576,2,0),)","v":0},{"$f":"IFERROR(VLOOKUP(B1589,ورقة1!$I$3:$K$1048576,3,0),0)","v":0},null,0]
[null,null,{"$f":"IFERROR(VLOOKUP(B1590,ورقة1!$I$3:$K$1048576,2,0),)","v":0},{"$f":"IFERROR(VLOOKUP(B1590,ورقة1!$I$3:$K$1048576,3,0),0)","v":0},null,0]
[null,null,{"$f":"IFERROR(VLOOKUP(B1591,ورقة1!$I$3:$K$1048576,2,0),)","v":0},{"$f":"IFERROR(VLOOKUP(B1591,ورقة1!$I$3:$K$1048576,3,0),0)","v":0},null,0]
[null,null,{"$f":"IFERROR(VLOOKUP(B1592,ورقة1!$I$3:$K$1048576,2,0),)","v":0},{"$f":"IFERROR(VLOOKUP(B1592,ورقة1!$I$3:$K$1048576,3,0),0)","v":0},null,0]
[null,null,{"$f":"IFERROR(VLOOKUP(B1593,ورقة1!$I$3:$K$1048576,2,0),)","v":0},{"$f":"IFERROR(VLOOKUP(B1593,ورقة1!$I$3:$K$1048576,3,0),0)","v":0},null,0]
[null,null,{"$f":"IFERROR(VLOOKUP(B1594,ورقة1!$I$3:$K$1048576,2,0),)","v":0},{"$f":"IFERROR(VLOOKUP(B1594,ورقة1!$I$3:$K$1048576,3,0),0)","v":0},null,0]
[null,null,{"$f":"IFERROR(VLOOKUP(B1595,ورقة1!$I$3:$K$1048576,2,0),)","v":0},{"$f":"IFERROR(VLOOKUP(B1595,ورقة1!$I$3:$K$1048576,3,0),0)","v":0},null,0]
[null,null,{"$f":"IFERROR(VLOOKUP(B1596,ورقة1!$I$3:$K$1048576,2,0),)","v":0},{"$f":"IFERROR(VLOOKUP(B1596,ورقة1!$I$3:$K$1048576,3,0),0)","v":0},null,0]
[null,null,{"$f":"IFERROR(VLOOKUP(B1597,ورقة1!$I$3:$K$1048576,2,0),)","v":0},{"$f":"IFERROR(VLOOKUP(B1597,ورقة1!$I$3:$K$1048576,3,0),0)","v":0},null,0]
[null,null,{"$f":"IFERROR(VLOOKUP(B1598,ورقة1!$I$3:$K$1048576,2,0),)","v":0},{"$f":"IFERROR(VLOOKUP(B1598,ورقة1!$I$3:$K$1048576,3,0),0)","v":0},null,0]
[null,null,{"$f":"IFERROR(VLOOKUP(B1599,ورقة1!$I$3:$K$1048576,2,0),)","v":0},{"$f":"IFERROR(VLOOKUP(B1599,ورقة1!$I$3:$K$1048576,3,0),0)","v":0},null,0]
[null,null,{"$f":"IFERROR(VLOOKUP(B1600,ورقة1!$I$3:$K$1048576,2,0),)","v":0},{"$f":"IFERROR(VLOOKUP(B1600,ورقة1!$I$3:$K$1048576,3,0),0)","v":0},null,0]
[null,null,{"$f":"IFERROR(VLOOKUP(B1601,ورقة1!$I$3:$K$1048576,2,0),)","v":0},{"$f":"IFERROR(VLOOKUP(B1601,ورقة1!$I$3:$K$1048576,3,0),0)","v":0},null,0]
[null,null,{"$f":"IFERROR(VLOOKUP(B1602,ورقة1!$I$3:$K$1048576,2,0),)","v":0},{"$f":"IFERROR(VLOOKUP(B1602,ورقة1!$I$3:$K$1048576,3,0),0)","v":0},null,0]
[null,null,{"$f":"IFERROR(VLOOKUP(B1603,ورقة1!$I$3:$K$1048576,2,0),)","v":0},{"$f":"IFERROR(VLOOKUP(B1603,ورقة1!$I$3:$K$1048576,3,0),0)","v":0},null,0]
[null,null,{"$f":"IFERROR(VLOOKUP(B1604,ورقة1!$I$3:$K$1048576,2,0),)","v":0},{"$f":"IFERROR(VLOOKUP(B1604,ورقة1!$I$3:$K$1048576,3,0),0)","v":0},null,0]
[null,null,{"$f":"IFERROR(VLOOKUP(B1605,ورقة1!$I$3:$K$1048576,2,0),)","v":0},{"$f":"IFERROR(VLOOKUP(B1605,ورقة1!$I$3:$K$1048576,3,0),0)","v":0},null,0]
[null,null,{"$f":"IFERROR(VLOOKUP(B1606,ورقة1!$I$3:$K$1048576,2,0),)","v":0},{"$f":"IFERROR(VLOOKUP(B1606,ورقة1!$I$3:$K$1048576,3,0),0)","v":0},null,0]
[null,"إجمالى الفاتورة",null,{"$f":"SUM(F1583:F1606)","v":0}]
[null,"معدل الخصم",null,{"$f":"D1609/100","v":0}]
[null,"قيمة الخصم"]
[null,"صافى قيمة الفاتورة",null,{"$f":"D1607-D1609","v":0}]
[]
[null,"رقم الفاتورة",{"$f":"C1577+1","v":146},"المندوب",{"$f":"IFERROR(VLOOKUP(C1615,ورقة1!$B$3:$G$1048576,3,0),)","v":0}]
[null,"التاريخ",null,"المشرف",{"$f":"IFERROR(VLOOKUP(C1615,ورقة1!$B$3:$G$1048576,4,0),)","v":0}]
[null,"نوع الفاتورة",null,"الفئة الاساسية",{"$f":"IFERROR(VLOOKUP(C1615,ورقة1!$B$3:$G$1048576,5,0),)","v":0}]
[null,"كود العميل",0,"الفئة الفرعية",{"$f":"IFERROR(VLOOKUP(C1615,ورقة1!$B$3:$G$1048576,6,0),)","v":0}]
[null,"العميل",{"$f":"IFERROR(VLOOKUP(C1615,ورقة1!$B$2:$G$1048576,2,0),)","v":0}]
[null,"الكود","الصنف","السعر ","الكمية","الاجمالى"]
[null,null,{"$f":"IFERROR(VLOOKUP(B1618,ورقة1!$I$3:$K$1048576,2,0),)","v":0},{"$f":"IFERROR(VLOOKUP(B1618,ورقة1!$I$3:$K$1048576,3,0),0)","v":0},null,{"$f":"D1618*E1618","v":0}]
[null,null,{"$f":"IFERROR(VLOOKUP(B1619,ورقة1!$I$3:$K$1048576,2,0),)","v":0},{"$f":"IFERROR(VLOOKUP(B1619,ورقة1!$I$3:$K$1048576,3,0),0)","v":0},null,{"$f":"D1619*E1619","v":0}]
[null,null,{"$f":"IFERROR(VLOOKUP(B1620,ورقة1!$I$3:$K$1048576,2,0),)","v":0},{"$f":"IFERROR(VLOOKUP(B1620,ورقة1!$I$3:$K$1048576,3,0),0)","v":0},null,0]
[null,null,{"$f":"IFERROR(VLOOKUP(B1621,ورقة1!$I$3:$K$1048576,2,0),)","v":0},{"$f":"IFERROR(VLOOKUP(B1621,ورقة1!$I$3:$K$1048576,3,0),0)","v":0},null,0]
[null,null,{"$f":"IFERROR(VLOOKUP(B1622,ورقة1!$I$3:$K$1048576,2,0),)","v":0},{"$f":"IFERROR(VLOOKUP(B1622,ورقة1!$I$3:$K$1048576,3,0),0)","v":0},null,0]
[null,null,{"$f":"IFERROR(VLOOKUP(B1623,ورقة1!$I$3:$K$1048576,2,0),)","v":0},{"$f":"IFERROR(VLOOKUP(B1623,ورقة1!$I$3:$K$1048576,3,0),0)","v":0},null,0]
[null,null,{"$f":"IFERROR(VLOOKUP(B1624,ورقة1!$I$3:$K$1048576,2,0),)","v":0},{"$f":"IFERROR(VLOOKUP(B1624,ورقة1!$I$3:$K$1048576,3,0),0)","v":0},null,0]
[null,null,{"$f":"IFERROR(VLOOKUP(B1625,ورقة1!$I$3:$K$1048576,2,0),)","v":0},{"$f":"IFERROR(VLOOKUP(B1625,ورقة1!$I$3:$K$1048576,3,0),0)","v":0},null,0]
[null,null,{"$f":"IFERROR(VLOOKUP(B1626,ورقة1!$I$3:$K$1048576,2,0),)","v":0},{"$f":"IFERROR(VLOOKUP(B1626,ورقة1!$I$3:$K$1048576,3,0),0)","v":0},null,0]
[null,null,{"$f":"IFERROR(VLOOKUP(B1627,ورقة1!$I$3:$K$1048576,2,0),)","v":0},{"$f":"IFERROR(VLOOKUP(B1627,ورقة1!$I$3:$K$1048576,3,0),0)","v":0},null,0]
[null,null,{"$f":"IFERROR(VLOOKUP(B1628,ورقة1!$I$3:$K$1048576,2,0),)","v":0},{"$f":"IFERROR(VLOOKUP(B1628,ورقة1!$I$3:$K$1048576,3,0),0)","v":0},null,0]
[null,null,{"$f":"IFERROR(VLOOKUP(B1629,ورقة1!$I$3:$K$1048576,2,0),)","v":0},{"$f":"IFERROR(VLOOKUP(B1629,ورقة1!$I$3:$K$1048576,3,0),0)","v":0},null,0]
[null,null,{"$f":"IFERROR(VLOOKUP(B1630,ورقة1!$I$3:$K$1048576,2,0),)","v":0},{"$f":"IFERROR(VLOOKUP(B1630,ورقة1!$I$3:$K$1048576,3,0),0)","v":0},null,0]
[null,null,{"$f":"IFERROR(VLOOKUP(B1631,ورقة1!$I$3:$K$1048576,2,0),)","v":0},{"$f":"IFERROR(VLOOKUP(B1631,ورقة1!$I$3:$K$1048576,3,0),0)","v":0},null,0]
[null,null,{"$f":"IFERROR(VLOOKUP(B1632,ورقة1!$I$3:$K$1048576,2,0),)","v":0},{"$f":"IFERROR(VLOOKUP(B1632,ورقة1!$I$3:$K$1048576,3,0),0)","v":0},null,0]
[null,null,{"$f":"IFERROR(VLOOKUP(B1633,ورقة1!$I$3:$K$1048576,2,0),)","v":0},{"$f":"IFERROR(VLOOKUP(B1633,ورقة1!$I$3:$K$1048576,3,0),0)","v":0},null,0]
[null,null,{"$f":"IFERROR(VLOOKUP(B1634,ورقة1!$I$3:$K$1048576,2,0),)","v":0},{"$f":"IFERROR(VLOOKUP(B1634,ورقة1!$I$3:$K$1048576,3,0),0)","v":0},null,0]
[null,null,{"$f":"IFERROR(VLOOKUP(B1635,ورقة1!$I$3:$K$1048576,2,0),)","v":0},{"$f":"IFERROR(VLOOKUP(B1635,ورقة1!$I$3:$K$1048576,3,0),0)","v":0},null,0]
[null,null,{"$f":"IFERROR(VLOOKUP(B1636,ورقة1!$I$3:$K$1048576,2,0),)","v":0},{"$f":"IFERROR(VLOOKUP(B1636,ورقة1!$I$3:$K$1048576,3,0),0)","v":0},null,0]
[null,null,{"$f":"IFERROR(VLOOKUP(B1637,ورقة1!$I$3:$K$1048576,2,0),)","v":0},{"$f":"IFERROR(VLOOKUP(B1637,ورقة1!$I$3:$K$1048576,3,0),0)","v":0},null,0]
[null,null,{"$f":"IFERROR(VLOOKUP(B1638,ورقة1!$I$3:$K$1048576,2,0),)","v":0},{"$f":"IFERROR(VLOOKUP(B1638,ورقة1!$I$3:$K$1048576,3,0),0)","v":0},null,0]
[null,null,{"$f":"IFERROR(VLOOKUP(B1639,ورقة1!$I$3:$K$1048576,2,0),)","v":0},{"$f":"IFERROR(VLOOKUP(B1639,ورقة1!$I$3:$K$1048576,3,0),0)","v":0},null,0]
[null,null,{"$f":"IFERROR(VLOOKUP(B1640,ورقة1!$I$3:$K$1048576,2,0),)","v":0},{"$f":"IFERROR(VLOOKUP(B1640,ورقة1!$I$3:$K$1048576,3,0),0)","v":0},null,0]
[null,null,{"$f":"IFERROR(VLOOKUP(B1641,ورقة1!$I$3:$K$1048576,2,0),)","v":0},{"$f":"IFERROR(VLOOKUP(B1641,ورقة1!$I$3:$K$1048576,3,0),0)","v":0},null,0]
[null,"إجمالى الفاتورة",null,{"$f":"SUM(F1618:F1641)","v":0}]
[null,"معدل الخصم",null,{"$f":"D1644/100","v":0}]
[null,"قيمة الخصم"]
[null,"صافى قيمة الفاتورة",null,{"$f":"D1642-D1644","v":0}]
[]
[null,"رقم الفاتورة",{"$f":"C1612+1","v":147},"المندوب",{"$f":"IFERROR(VLOOKUP(C1650,ورقة1!$B$3:$G$1048576,3,0),)","v":0}]
[null,"التاريخ",null,"المشرف",{"$f":"IFERROR(VLOOKUP(C1650,ورقة1!$B$3:$G$1048576,4,0),)","v":0}]
[null,"نوع الفاتورة",null,"الفئة الاساسية",{"$f":"IFERROR(VLOOKUP(C1650,ورقة1!$B$3:$G$1048576,5,0),)","v":0}]
[null,"كود العميل",0,"الفئة الفرعية",{"$f":"IFERROR(VLOOKUP(C1650,ورقة1!$B$3:$G$1048576,6,0),)","v":0}]
[null,"العميل",{"$f":"IFERROR(VLOOKUP(C1650,ورقة1!$B$2:$G$1048576,2,0),)","v":0}]
[null,"الكود","الصنف","السعر ","الكمية","الاجمالى"]
[null,null,{"$f":"IFERROR(VLOOKUP(B1653,ورقة1!$I$3:$K$1048576,2,0),)","v":0},{"$f":"IFERROR(VLOOKUP(B1653,ورقة1!$I$3:$K$1048576,3,0),0)","v":0},null,{"$f":"D1653*E1653","v":0}]
[null,null,{"$f":"IFERROR(VLOOKUP(B1654,ورقة1!$I$3:$K$1048576,2,0),)","v":0},{"$f":"IFERROR(VLOOKUP(B1654,ورقة1!$I$3:$K$1048576,3,0),0)","v":0},null,{"$f":"D1654*E1654","v":0}]
[null,null,{"$f":"IFERROR(VLOOKUP(B1655,ورقة1!$I$3:$K$1048576,2,0),)","v":0},{"$f":"IFERROR(VLOOKUP(B1655,ورقة1!$I$3:$K$1048576,3,0),0)","v":0},null,0]
[null,null,{"$f":"IFERROR(VLOOKUP(B1656,ورقة1!$I$3:$K$1048576,2,0),)","v":0},{"$f":"IFERROR(VLOOKUP(B1656,ورقة1!$I$3:$K$1048576,3,0),0)","v":0},null,0]
[null,null,{"$f":"IFERROR(VLOOKUP(B1657,ورقة1!$I$3:$K$1048576,2,0),)","v":0},{"$f":"IFERROR(VLOOKUP(B1657,ورقة1!$I$3:$K$1048576,3,0),0)","v":0},null,0]
[null,null,{"$f":"IFERROR(VLOOKUP(B1658,ورقة1!$I$3:$K$1048576,2,0),)","v":0},{"$f":"IFERROR(VLOOKUP(B1658,ورقة1!$I$3:$K$1048576,3,0),0)","v":0},null,0]
[null,null,{"$f":"IFERROR(VLOOKUP(B1659,ورقة1!$I$3:$K$1048576,2,0),)","v":0},{"$f":"IFERROR(VLOOKUP(B1659,ورقة1!$I$3:$K$1048576,3,0),0)","v":0},null,0]
[null,null,{"$f":"IFERROR(VLOOKUP(B1660,ورقة1!$I$3:$K$1048576,2,0),)","v":0},{"$f":"IFERROR(VLOOKUP(B1660,ورقة1!$I$3:$K$1048576,3,0),0)","v":0},null,0]
[null,null,{"$f":"IFERROR(VLOOKUP(B1661,ورقة1!$I$3:$K$1048576,2,0),)","v":0},{"$f":"IFERROR(VLOOKUP(B1661,ورقة1!$I$3:$K$1048576,3,0),0)","v":0},null,0]
[null,null,{"$f":"IFERROR(VLOOKUP(B1662,ورقة1!$I$3:$K$1048576,2,0),)","v":0},{"$f":"IFERROR(VLOOKUP(B1662,ورقة1!$I$3:$K$1048576,3,0),0)","v":0},null,0]
[null,null,{"$f":"IFERROR(VLOOKUP(B1663,ورقة1!$I$3:$K$1048576,2,0),)","v":0},{"$f":"IFERROR(VLOOKUP(B1663,ورقة1!$I$3:$K$1048576,3,0),0)","v":0},null,0]
[null,null,{"$f":"IFERROR(VLOOKUP(B1664,ورقة1!$I$3:$K$1048576,2,0),)","v":0},{"$f":"IFERROR(VLOOKUP(B1664,ورقة1!$I$3:$K$1048576,3,0),0)","v":0},null,0]
[null,null,{"$f":"IFERROR(VLOOKUP(B1665,ورقة1!$I$3:$K$1048576,2,0),)","v":0},{"$f":"IFERROR(VLOOKUP(B1665,ورقة1!$I$3:$K$1048576,3,0),0)","v":0},null,0]
[null,null,{"$f":"IFERROR(VLOOKUP(B1666,ورقة1!$I$3:$K$1048576,2,0),)","v":0},{"$f":"IFERROR(VLOOKUP(B1666,ورقة1!$I$3:$K$1048576,3,0),0)","v":0},null,0]
[null,null,{"$f":"IFERROR(VLOOKUP(B1667,ورقة1!$I$3:$K$1048576,2,0),)","v":0},{"$f":"IFERROR(VLOOKUP(B1667,ورقة1!$I$3:$K$1048576,3,0),0)","v":0},null,0]
[null,null,{"$f":"IFERROR(VLOOKUP(B1668,ورقة1!$I$3:$K$1048576,2,0),)","v":0},{"$f":"IFERROR(VLOOKUP(B1668,ورقة1!$I$3:$K$1048576,3,0),0)","v":0},null,0]
[null,null,{"$f":"IFERROR(VLOOKUP(B1669,ورقة1!$I$3:$K$1048576,2,0),)","v":0},{"$f":"IFERROR(VLOOKUP(B1669,ورقة1!$I$3:$K$1048576,3,0),0)","v":0},null,0]
[null,null,{"$f":"IFERROR(VLOOKUP(B1670,ورقة1!$I$3:$K$1048576,2,0),)","v":0},{"$f":"IFERROR(VLOOKUP(B1670,ورقة1!$I$3:$K$1048576,3,0),0)","v":0},null,0]
[null,null,{"$f":"IFERROR(VLOOKUP(B1671,ورقة1!$I$3:$K$1048576,2,0),)","v":0},{"$f":"IFERROR(VLOOKUP(B1671,ورقة1!$I$3:$K$1048576,3,0),0)","v":0},null,0]
[null,null,{"$f":"IFERROR(VLOOKUP(B1672,ورقة1!$I$3:$K$1048576,2,0),)","v":0},{"$f":"IFERROR(VLOOKUP(B1672,ورقة1!$I$3:$K$1048576,3,0),0)","v":0},null,0]
[null,null,{"$f":"IFERROR(VLOOKUP(B1673,ورقة1!$I$3:$K$1048576,2,0),)","v":0},{"$f":"IFERROR(VLOOKUP(B1673,ورقة1!$I$3:$K$1048576,3,0),0)","v":0},null,0]
[null,null,{"$f":"IFERROR(VLOOKUP(B1674,ورقة1!$I$3:$K$1048576,2,0),)","v":0},{"$f":"IFERROR(VLOOKUP(B1674,ورقة1!$I$3:$K$1048576,3,0),0)","v":0},null,0]
[null,null,{"$f":"IFERROR(VLOOKUP(B1675,ورقة1!$I$3:$K$1048576,2,0),)","v":0},{"$f":"IFERROR(VLOOKUP(B1675,ورقة1!$I$3:$K$1048576,3,0),0)","v":0},null,0]
[null,null,{"$f":"IFERROR(VLOOKUP(B1676,ورقة1!$I$3:$K$1048576,2,0),)","v":0},{"$f":"IFERROR(VLOOKUP(B1676,ورقة1!$I$3:$K$1048576,3,0),0)","v":0},null,0]
[null,"إجمالى الفاتورة",null,{"$f":"SUM(F1653:F1676)","v":0}]
[null,"معدل الخصم",null,{"$f":"D1679/100","v":0}]
[null,"قيمة الخصم"]
[null,"صافى قيمة الفاتورة",null,{"$f":"D1677-D1679","v":0}]
[]
[null,"رقم الفاتورة",{"$f":"C1647+1","v":148},"المندوب",{"$f":"IFERROR(VLOOKUP(C1685,ورقة1!$B$3:$G$1048576,3,0),)","v":0}]
[null,"التاريخ",null,"المشرف",{"$f":"IFERROR(VLOOKUP(C1685,ورقة1!$B$3:$G$1048576,4,0),)","v":0}]
[null,"نوع الفاتورة",null,"الفئة الاساسية",{"$f":"IFERROR(VLOOKUP(C1685,ورقة1!$B$3:$G$1048576,5,0),)","v":0}]
[null,"كود العميل",0,"الفئة الفرعية",{"$f":"IFERROR(VLOOKUP(C1685,ورقة1!$B$3:$G$1048576,6,0),)","v":0}]
[null,"العميل",{"$f":"IFERROR(VLOOKUP(C1685,ورقة1!$B$2:$G$1048576,2,0),)","v":0}]
[null,"الكود","الصنف","السعر ","الكمية","الاجمالى"]
[null,null,{"$f":"IFERROR(VLOOKUP(B1688,ورقة1!$I$3:$K$1048576,2,0),)","v":0},{"$f":"IFERROR(VLOOKUP(B1688,ورقة1!$I$3:$K$1048576,3,0),0)","v":0},null,{"$f":"D1688*E1688","v":0}]
[null,null,{"$f":"IFERROR(VLOOKUP(B1689,ورقة1!$I$3:$K$1048576,2,0),)","v":0},{"$f":"IFERROR(VLOOKUP(B1689,ورقة1!$I$3:$K$1048576,3,0),0)","v":0},null,{"$f":"D1689*E1689","v":0}]
[null,null,{"$f":"IFERROR(VLOOKUP(B1690,ورقة1!$I$3:$K$1048576,2,0),)","v":0},{"$f":"IFERROR(VLOOKUP(B1690,ورقة1!$I$3:$K$1048576,3,0),0)","v":0},null,0]
[null,null,{"$f":"IFERROR(VLOOKUP(B1691,ورقة1!$I$3:$K$1048576,2,0),)","v":0},{"$f":"IFERROR(VLOOKUP(B1691,ورقة1!$I$3:$K$1048576,3,0),0)","v":0},null,0]
[null,null,{"$f":"IFERROR(VLOOKUP(B1692,ورقة1!$I$3:$K$1048576,2,0),)","v":0},{"$f":"IFERROR(VLOOKUP(B1692,ورقة1!$I$3:$K$1048576,3,0),0)","v":0},null,0]
[null,null,{"$f":"IFERROR(VLOOKUP(B1693,ورقة1!$I$3:$K$1048576,2,0),)","v":0},{"$f":"IFERROR(VLOOKUP(B1693,ورقة1!$I$3:$K$1048576,3,0),0)","v":0},null,0]
[null,null,{"$f":"IFERROR(VLOOKUP(B1694,ورقة1!$I$3:$K$1048576,2,0),)","v":0},{"$f":"IFERROR(VLOOKUP(B1694,ورقة1!$I$3:$K$1048576,3,0),0)","v":0},null,0]
[null,null,{"$f":"IFERROR(VLOOKUP(B1695,ورقة1!$I$3:$K$1048576,2,0),)","v":0},{"$f":"IFERROR(VLOOKUP(B1695,ورقة1!$I$3:$K$1048576,3,0),0)","v":0},null,0]
[null,null,{"$f":"IFERROR(VLOOKUP(B1696,ورقة1!$I$3:$K$1048576,2,0),)","v":0},{"$f":"IFERROR(VLOOKUP(B1696,ورقة1!$I$3:$K$1048576,3,0),0)","v":0},null,0]
[null,null,{"$f":"IFERROR(VLOOKUP(B1697,ورقة1!$I$3:$K$1048576,2,0),)","v":0},{"$f":"IFERROR(VLOOKUP(B1697,ورقة1!$I$3:$K$1048576,3,0),0)","v":0},null,0]
[null,null,{"$f":"IFERROR(VLOOKUP(B1698,ورقة1!$I$3:$K$1048576,2,0),)","v":0},{"$f":"IFERROR(VLOOKUP(B1698,ورقة1!$I$3:$K$1048576,3,0),0)","v":0},null,0]
[null,null,{"$f":"IFERROR(VLOOKUP(B1699,ورقة1!$I$3:$K$1048576,2,0),)","v":0},{"$f":"IFERROR(VLOOKUP(B1699,ورقة1!$I$3:$K$1048576,3,0),0)","v":0},null,0]
[null,null,{"$f":"IFERROR(VLOOKUP(B1700,ورقة1!$I$3:$K$1048576,2,0),)","v":0},{"$f":"IFERROR(VLOOKUP(B1700,ورقة1!$I$3:$K$1048576,3,0),0)","v":0},null,0]
[null,null,{"$f":"IFERROR(VLOOKUP(B1701,ورقة1!$I$3:$K$1048576,2,0),)","v":0},{"$f":"IFERROR(VLOOKUP(B1701,ورقة1!$I$3:$K$1048576,3,0),0)","v":0},null,0]
[null,null,{"$f":"IFERROR(VLOOKUP(B1702,ورقة1!$I$3:$K$1048576,2,0),)","v":0},{"$f":"IFERROR(VLOOKUP(B1702,ورقة1!$I$3:$K$1048576,3,0),0)","v":0},null,0]
[null,null,{"$f":"IFERROR(VLOOKUP(B1703,ورقة1!$I$3:$K$1048576,2,0),)","v":0},{"$f":"IFERROR(VLOOKUP(B1703,ورقة1!$I$3:$K$1048576,3,0),0)","v":0},null,0]
[null,null,{"$f":"IFERROR(VLOOKUP(B1704,ورقة1!$I$3:$K$1048576,2,0),)","v":0},{"$f":"IFERROR(VLOOKUP(B1704,ورقة1!$I$3:$K$1048576,3,0),0)","v":0},null,0]
[null,null,{"$f":"IFERROR(VLOOKUP(B1705,ورقة1!$I$3:$K$1048576,2,0),)","v":0},{"$f":"IFERROR(VLOOKUP(B1705,ورقة1!$I$3:$K$1048576,3,0),0)","v":0},null,0]
[null,null,{"$f":"IFERROR(VLOOKUP(B1706,ورقة1!$I$3:$K$1048576,2,0),)","v":0},{"$f":"IFERROR(VLOOKUP(B1706,ورقة1!$I$3:$K$1048576,3,0),0)","v":0},null,0]
[null,null,{"$f":"IFERROR(VLOOKUP(B1707,ورقة1!$I$3:$K$1048576,2,0),)","v":0},{"$f":"IFERROR(VLOOKUP(B1707,ورقة1!$I$3:$K$1048576,3,0),0)","v":0},null,0]
[null,null,{"$f":"IFERROR(VLOOKUP(B1708,ورقة1!$I$3:$K$1048576,2,0),)","v":0},{"$f":"IFERROR(VLOOKUP(B1708,ورقة1!$I$3:$K$1048576,3,0),0)","v":0},null,0]
[null,null,{"$f":"IFERROR(VLOOKUP(B1709,ورقة1!$I$3:$K$1048576,2,0),)","v":0},{"$f":"IFERROR(VLOOKUP(B1709,ورقة1!$I$3:$K$1048576,3,0),0)","v":0},null,0]
[null,null,{"$f":"IFERROR(VLOOKUP(B1710,ورقة1!$I$3:$K$1048576,2,0),)","v":0},{"$f":"IFERROR(VLOOKUP(B1710,ورقة1!$I$3:$K$1048576,3,0),0)","v":0},null,0]
[null,null,{"$f":"IFERROR(VLOOKUP(B1711,ورقة1!$I$3:$K$1048576,2,0),)","v":0},{"$f":"IFERROR(VLOOKUP(B1711,ورقة1!$I$3:$K$1048576,3,0),0)","v":0},null,0]
[null,"إجمالى الفاتورة",null,{"$f":"SUM(F1688:F1711)","v":0}]
[null,"معدل الخصم",null,{"$f":"D1714/100","v":0}]
[null,"قيمة الخصم"]
[null,"صافى قيمة الفاتورة",null,{"$f":"D1712-D1714","v":0}]
[]
[null,"رقم الفاتورة",{"$f":"C1682+1","v":149},"المندوب",{"$f":"IFERROR(VLOOKUP(C1720,ورقة1!$B$3:$G$1048576,3,0),)","v":0}]
[null,"التاريخ",null,"المشرف",{"$f":"IFERROR(VLOOKUP(C1720,ورقة1!$B$3:$G$1048576,4,0),)","v":0}]
[null,"نوع الفاتورة",null,"الفئة الاساسية",{"$f":"IFERROR(VLOOKUP(C1720,ورقة1!$B$3:$G$1048576,5,0),)","v":0}]
[null,"كود العميل",null,"الفئة الفرعية",{"$f":"IFERROR(VLOOKUP(C1720,ورقة1!$B$3:$G$1048576,6,0),)","v":0}]
[null,"العميل",{"$f":"IFERROR(VLOOKUP(C1720,ورقة1!$B$2:$G$1048576,2,0),)","v":0}]
[null,"الكود","الصنف","السعر ","الكمية","الاجمالى"]
[null,null,{"$f":"IFERROR(VLOOKUP(B1723,ورقة1!$I$3:$K$1048576,2,0),)","v":0},{"$f":"IFERROR(VLOOKUP(B1723,ورقة1!$I$3:$K$1048576,3,0),0)","v":0},null,{"$f":"D1723*E1723","v":0}]
[null,null,{"$f":"IFERROR(VLOOKUP(B1724,ورقة1!$I$3:$K$1048576,2,0),)","v":0},{"$f":"IFERROR(VLOOKUP(B1724,ورقة1!$I$3:$K$1048576,3,0),0)","v":0},null,{"$f":"D1724*E1724","v":0}]
[null,null,{"$f":"IFERROR(VLOOKUP(B1725,ورقة1!$I$3:$K$1048576,2,0),)","v":0},{"$f":"IFERROR(VLOOKUP(B1725,ورقة1!$I$3:$K$1048576,3,0),0)","v":0},null,0]
[null,null,{"$f":"IFERROR(VLOOKUP(B1726,ورقة1!$I$3:$K$1048576,2,0),)","v":0},{"$f":"IFERROR(VLOOKUP(B1726,ورقة1!$I$3:$K$1048576,3,0),0)","v":0},null,0]
[null,null,{"$f":"IFERROR(VLOOKUP(B1727,ورقة1!$I$3:$K$1048576,2,0),)","v":0},{"$f":"IFERROR(VLOOKUP(B1727,ورقة1!$I$3:$K$1048576,3,0),0)","v":0},null,0]
[null,null,{"$f":"IFERROR(VLOOKUP(B1728,ورقة1!$I$3:$K$1048576,2,0),)","v":0},{"$f":"IFERROR(VLOOKUP(B1728,ورقة1!$I$3:$K$1048576,3,0),0)","v":0},null,0]
[null,null,{"$f":"IFERROR(VLOOKUP(B1729,ورقة1!$I$3:$K$1048576,2,0),)","v":0},{"$f":"IFERROR(VLOOKUP(B1729,ورقة1!$I$3:$K$1048576,3,0),0)","v":0},null,0]
[null,null,{"$f":"IFERROR(VLOOKUP(B1730,ورقة1!$I$3:$K$1048576,2,0),)","v":0},{"$f":"IFERROR(VLOOKUP(B1730,ورقة1!$I$3:$K$1048576,3,0),0)","v":0},null,0]
[null,null,{"$f":"IFERROR(VLOOKUP(B1731,ورقة1!$I$3:$K$1048576,2,0),)","v":0},{"$f":"IFERROR(VLOOKUP(B1731,ورقة1!$I$3:$K$1048576,3,0),0)","v":0},null,0]
[null,null,{"$f":"IFERROR(VLOOKUP(B1732,ورقة1!$I$3:$K$1048576,2,0),)","v":0},{"$f":"IFERROR(VLOOKUP(B1732,ورقة1!$I$3:$K$1048576,3,0),0)","v":0},null,0]
[null,null,{"$f":"IFERROR(VLOOKUP(B1733,ورقة1!$I$3:$K$1048576,2,0),)","v":0},{"$f":"IFERROR(VLOOKUP(B1733,ورقة1!$I$3:$K$1048576,3,0),0)","v":0},null,0]
[null,null,{"$f":"IFERROR(VLOOKUP(B1734,ورقة1!$I$3:$K$1048576,2,0),)","v":0},{"$f":"IFERROR(VLOOKUP(B1734,ورقة1!$I$3:$K$1048576,3,0),0)","v":0},null,0]
[null,null,{"$f":"IFERROR(VLOOKUP(B1735,ورقة1!$I$3:$K$1048576,2,0),)","v":0},{"$f":"IFERROR(VLOOKUP(B1735,ورقة1!$I$3:$K$1048576,3,0),0)","v":0},null,0]
[null,null,{"$f":"IFERROR(VLOOKUP(B1736,ورقة1!$I$3:$K$1048576,2,0),)","v":0},{"$f":"IFERROR(VLOOKUP(B1736,ورقة1!$I$3:$K$1048576,3,0),0)","v":0},null,0]
[null,null,{"$f":"IFERROR(VLOOKUP(B1737,ورقة1!$I$3:$K$1048576,2,0),)","v":0},{"$f":"IFERROR(VLOOKUP(B1737,ورقة1!$I$3:$K$1048576,3,0),0)","v":0},null,0]
[null,null,{"$f":"IFERROR(VLOOKUP(B1738,ورقة1!$I$3:$K$1048576,2,0),)","v":0},{"$f":"IFERROR(VLOOKUP(B1738,ورقة1!$I$3:$K$1048576,3,0),0)","v":0},null,0]
[null,null,{"$f":"IFERROR(VLOOKUP(B1739,ورقة1!$I$3:$K$1048576,2,0),)","v":0},{"$f":"IFERROR(VLOOKUP(B1739,ورقة1!$I$3:$K$1048576,3,0),0)","v":0},null,0]
[null,null,{"$f":"IFERROR(VLOOKUP(B1740,ورقة1!$I$3:$K$1048576,2,0),)","v":0},{"$f":"IFERROR(VLOOKUP(B1740,ورقة1!$I$3:$K$1048576,3,0),0)","v":0},null,0]
[null,null,{"$f":"IFERROR(VLOOKUP(B1741,ورقة1!$I$3:$K$1048576,2,0),)","v":0},{"$f":"IFERROR(VLOOKUP(B1741,ورقة1!$I$3:$K$1048576,3,0),0)","v":0},null,0]
[null,null,{"$f":"IFERROR(VLOOKUP(B1742,ورقة1!$I$3:$K$1048576,2,0),)","v":0},{"$f":"IFERROR(VLOOKUP(B1742,ورقة1!$I$3:$K$1048576,3,0),0)","v":0},null,0]
[null,null,{"$f":"IFERROR(VLOOKUP(B1743,ورقة1!$I$3:$K$1048576,2,0),)","v":0},{"$f":"IFERROR(VLOOKUP(B1743,ورقة1!$I$3:$K$1048576,3,0),0)","v":0},null,0]
[null,null,{"$f":"IFERROR(VLOOKUP(B1744,ورقة1!$I$3:$K$1048576,2,0),)","v":0},{"$f":"IFERROR(VLOOKUP(B1744,ورقة1!$I$3:$K$1048576,3,0),0)","v":0},null,0]
[null,null,{"$f":"IFERROR(VLOOKUP(B1745,ورقة1!$I$3:$K$1048576,2,0),)","v":0},{"$f":"IFERROR(VLOOKUP(B1745,ورقة1!$I$3:$K$1048576,3,0),0)","v":0},null,0]
[null,null,{"$f":"IFERROR(VLOOKUP(B1746,ورقة1!$I$3:$K$1048576,2,0),)","v":0},{"$f":"IFERROR(VLOOKUP(B1746,ورقة1!$I$3:$K$1048576,3,0),0)","v":0},null,0]
[null,"إجمالى الفاتورة",null,{"$f":"SUM(F1723:F1746)","v":0}]
[null,"معدل الخصم",null,{"$f":"D1749/100","v":0}]
[null,"قيمة الخصم"]
[null,"صافى قيمة الفاتورة",null,{"$f":"D1747-D1749","v":0}]
[]
[null,"رقم الفاتورة",{"$f":"C1717+1","v":150},"المندوب",{"$f":"IFERROR(VLOOKUP(C1755,ورقة1!$B$3:$G$1048576,3,0),)","v":0}]
[null,"التاريخ",null,"المشرف",{"$f":"IFERROR(VLOOKUP(C1755,ورقة1!$B$3:$G$1048576,4,0),)","v":0}]
[null,"نوع الفاتورة",null,"الفئة الاساسية",{"$f":"IFERROR(VLOOKUP(C1755,ورقة1!$B$3:$G$1048576,5,0),)","v":0}]
[null,"كود العميل",null,"الفئة الفرعية",{"$f":"IFERROR(VLOOKUP(C1755,ورقة1!$B$3:$G$1048576,6,0),)","v":0}]
[null,"العميل",{"$f":"IFERROR(VLOOKUP(C1755,ورقة1!$B$2:$G$1048576,2,0),)","v":0}]
[null,"الكود","الصنف","السعر ","الكمية","الاجمالى"]
[null,null,{"$f":"IFERROR(VLOOKUP(B1758,ورقة1!$I$3:$K$1048576,2,0),)","v":0},{"$f":"IFERROR(VLOOKUP(B1758,ورقة1!$I$3:$K$1048576,3,0),0)","v":0},null,{"$f":"D1758*E1758","v":0}]
[null,null,{"$f":"IFERROR(VLOOKUP(B1759,ورقة1!$I$3:$K$1048576,2,0),)","v":0},{"$f":"IFERROR(VLOOKUP(B1759,ورقة1!$I$3:$K$1048576,3,0),0)","v":0},null,{"$f":"D1759*E1759","v":0}]
[null,null,{"$f":"IFERROR(VLOOKUP(B1760,ورقة1!$I$3:$K$1048576,2,0),)","v":0},{"$f":"IFERROR(VLOOKUP(B1760,ورقة1!$I$3:$K$1048576,3,0),0)","v":0},null,0]
[null,null,{"$f":"IFERROR(VLOOKUP(B1761,ورقة1!$I$3:$K$1048576,2,0),)","v":0},{"$f":"IFERROR(VLOOKUP(B1761,ورقة1!$I$3:$K$1048576,3,0),0)","v":0},null,0]
[null,null,{"$f":"IFERROR(VLOOKUP(B1762,ورقة1!$I$3:$K$1048576,2,0),)","v":0},{"$f":"IFERROR(VLOOKUP(B1762,ورقة1!$I$3:$K$1048576,3,0),0)","v":0},null,0]
[null,null,{"$f":"IFERROR(VLOOKUP(B1763,ورقة1!$I$3:$K$1048576,2,0),)","v":0},{"$f":"IFERROR(VLOOKUP(B1763,ورقة1!$I$3:$K$1048576,3,0),0)","v":0},null,0]
[null,null,{"$f":"IFERROR(VLOOKUP(B1764,ورقة1!$I$3:$K$1048576,2,0),)","v":0},{"$f":"IFERROR(VLOOKUP(B1764,ورقة1!$I$3:$K$1048576,3,0),0)","v":0},null,0]
[null,null,{"$f":"IFERROR(VLOOKUP(B1765,ورقة1!$I$3:$K$1048576,2,0),)","v":0},{"$f":"IFERROR(VLOOKUP(B1765,ورقة1!$I$3:$K$1048576,3,0),0)","v":0},null,0]
[null,null,{"$f":"IFERROR(VLOOKUP(B1766,ورقة1!$I$3:$K$1048576,2,0),)","v":0},{"$f":"IFERROR(VLOOKUP(B1766,ورقة1!$I$3:$K$1048576,3,0),0)","v":0},null,0]
[null,null,{"$f":"IFERROR(VLOOKUP(B1767,ورقة1!$I$3:$K$1048576,2,0),)","v":0},{"$f":"IFERROR(VLOOKUP(B1767,ورقة1!$I$3:$K$1048576,3,0),0)","v":0},null,0]
[null,null,{"$f":"IFERROR(VLOOKUP(B1768,ورقة1!$I$3:$K$1048576,2,0),)","v":0},{"$f":"IFERROR(VLOOKUP(B1768,ورقة1!$I$3:$K$1048576,3,0),0)","v":0},null,0]
[null,null,{"$f":"IFERROR(VLOOKUP(B1769,ورقة1!$I$3:$K$1048576,2,0),)","v":0},{"$f":"IFERROR(VLOOKUP(B1769,ورقة1!$I$3:$K$1048576,3,0),0)","v":0},null,0]
[null,null,{"$f":"IFERROR(VLOOKUP(B1770,ورقة1!$I$3:$K$1048576,2,0),)","v":0},{"$f":"IFERROR(VLOOKUP(B1770,ورقة1!$I$3:$K$1048576,3,0),0)","v":0},null,0]
[null,null,{"$f":"IFERROR(VLOOKUP(B1771,ورقة1!$I$3:$K$1048576,2,0),)","v":0},{"$f":"IFERROR(VLOOKUP(B1771,ورقة1!$I$3:$K$1048576,3,0),0)","v":0},null,0]
[null,null,{"$f":"IFERROR(VLOOKUP(B1772,ورقة1!$I$3:$K$1048576,2,0),)","v":0},{"$f":"IFERROR(VLOOKUP(B1772,ورقة1!$I$3:$K$1048576,3,0),0)","v":0},null,0]
[null,null,{"$f":"IFERROR(VLOOKUP(B1773,ورقة1!$I$3:$K$1048576,2,0),)","v":0},{"$f":"IFERROR(VLOOKUP(B1773,ورقة1!$I$3:$K$1048576,3,0),0)","v":0},null,0]
[null,null,{"$f":"IFERROR(VLOOKUP(B1774,ورقة1!$I$3:$K$1048576,2,0),)","v":0},{"$f":"IFERROR(VLOOKUP(B1774,ورقة1!$I$3:$K$1048576,3,0),0)","v":0},null,0]
[null,null,{"$f":"IFERROR(VLOOKUP(B1775,ورقة1!$I$3:$K$1048576,2,0),)","v":0},{"$f":"IFERROR(VLOOKUP(B1775,ورقة1!$I$3:$K$1048576,3,0),0)","v":0},null,0]
[null,null,{"$f":"IFERROR(VLOOKUP(B1776,ورقة1!$I$3:$K$1048576,2,0),)","v":0},{"$f":"IFERROR(VLOOKUP(B1776,ورقة1!$I$3:$K$1048576,3,0),0)","v":0},null,0]
[null,null,{"$f":"IFERROR(VLOOKUP(B1777,ورقة1!$I$3:$K$1048576,2,0),)","v":0},{"$f":"IFERROR(VLOOKUP(B1777,ورقة1!$I$3:$K$1048576,3,0),0)","v":0},null,0]
[null,null,{"$f":"IFERROR(VLOOKUP(B1778,ورقة1!$I$3:$K$1048576,2,0),)","v":0},{"$f":"IFERROR(VLOOKUP(B1778,ورقة1!$I$3:$K$1048576,3,0),0)","v":0},null,0]
[null,null,{"$f":"IFERROR(VLOOKUP(B1779,ورقة1!$I$3:$K$1048576,2,0),)","v":0},{"$f":"IFERROR(VLOOKUP(B1779,ورقة1!$I$3:$K$1048576,3,0),0)","v":0},null,0]
[null,null,{"$f":"IFERROR(VLOOKUP(B1780,ورقة1!$I$3:$K$1048576,2,0),)","v":0},{"$f":"IFERROR(VLOOKUP(B1780,ورقة1!$I$3:$K$1048576,3,0),0)","v":0},null,0]
[null,null,{"$f":"IFERROR(VLOOKUP(B1781,ورقة1!$I$3:$K$1048576,2,0),)","v":0},{"$f":"IFERROR(VLOOKUP(B1781,ورقة1!$I$3:$K$1048576,3,0),0)","v":0},null,0]
[null,"إجمالى الفاتورة",null,{"$f":"SUM(F1758:F1781)","v":0}]
[null,"معدل الخصم",null,{"$f":"D1784/100","v":0}]
[null,"قيمة الخصم"]
[null,"صافى قيمة الفاتورة",null,{"$f":"D1782-D1784","v":0}]

{"sheet":"sales(1)","index":2,"n_rows":57,"n_cols":14,"rows_kept":57,"cut":false,"hidden":false,"merged":[[54,5,54,6],[55,5,55,6],[56,5,56,6],[54,7,54,8],[55,7,55,8],[56,7,56,8]]}
[]
[null,"التاريخ","رقم الفاتورة","نوع الفاتورة","المشرف","المندوب","كود العميل","العميل","صافى الفاتورة"," الخصم","الاجمالى","الفئة الاساسية","الفئة الفرعية","اسم الصفحة"]
[null,{"$f":"sales!C3","v":"2018-08-01"},{"$f":"sales!C2","v":100},{"$f":"sales!C4","v":"بالحساب"},{"$f":"sales!E3","v":2},{"$f":"sales!E2","v":2},{"$f":"Return!C5","v":100},{"$f":"Return!C6","v":"محل 1"},{"$f":"sales!D35","v":2037.05},{"$f":"sales!D34","v":0},{"$f":"sales!D32","v":2037.05},{"$f":"sales!E4","v":"محلات"},{"$f":"sales!E5","v":"محلات"},"sales(1)"]
[null,{"$f":"sales!C38","v":"1900-01-05"},{"$f":"sales!C37","v":101},{"$f":"sales!C39","v":"بالحساب"},{"$f":"sales!E38","v":0},{"$f":"sales!E37","v":0},{"$f":"sales!C40","v":150},{"$f":"sales!C41","v":0},{"$f":"sales!D70","v":20.5},{"$f":"sales!D69","v":0},{"$f":"sales!D67","v":20.5},{"$f":"sales!E39","v":0},{"$f":"sales!E40","v":0},"sales(1)"]
[null,{"$f":"sales!C73","v":"00:00:00"},{"$f":"sales!C72","v":102},{"$f":"sales!C74","v":0},{"$f":"sales!E73","v":0},{"$f":"sales!E72","v":0},{"$f":"sales!C75","v":0},{"$f":"sales!C76","v":0},{"$f":"sales!D105","v":0},{"$f":"sales!D104","v":0},{"$f":"sales!D102","v":0},{"$f":"sales!E74","v":0},{"$f":"sales!E75","v":0},"sales(1)"]
[null,{"$f":"sales!C108","v":"00:00:00"},{"$f":"sales!C107","v":103},{"$f":"sales!C109","v":0},{"$f":"sales!E108","v":0},{"$f":"sales!E107","v":0},{"$f":"sales!C110","v":0},{"$f":"sales!C111","v":0},{"$f":"sales!D140","v":0},{"$f":"sales!D139","v":0},{"$f":"sales!D137","v":0},{"$f":"sales!E109","v":0},{"$f":"sales!E110","v":0},"sales(1)"]
[null,{"$f":"sales!C143","v":"00:00:00"},{"$f":"sales!C142","v":104},{"$f":"sales!C144","v":0},{"$f":"sales!E143","v":0},{"$f":"sales!E142","v":0},{"$f":"sales!C145","v":0},{"$f":"sales!C146","v":0},{"$f":"sales!D175","v":0},{"$f":"sales!D174","v":0},{"$f":"sales!D172","v":0},{"$f":"sales!E144","v":0},{"$f":"sales!E145","v":0},"sales(1)"]
[null,{"$f":"sales!C178","v":"00:00:00"},{"$f":"sales!C177","v":105},{"$f":"sales!C179","v":0},{"$f":"sales!E178","v":0},{"$f":"sales!E177","v":0},{"$f":"sales!C180","v":0},{"$f":"sales!C181","v":0},{"$f":"sales!D210","v":0},{"$f":"sales!D209","v":0},{"$f":"sales!D207","v":0},{"$f":"sales!E179","v":0},{"$f":"sales!E180","v":0},"sales(1)"]
[null,{"$f":"sales!C213","v":"00:00:00"},{"$f":"sales!C212","v":106},{"$f":"sales!C214","v":0},{"$f":"sales!E213","v":0},{"$f":"sales!E212","v":0},{"$f":"sales!C215","v":0},{"$f":"sales!C216","v":0},{"$f":"sales!D245","v":0},{"$f":"sales!D244","v":0},{"$f":"sales!D242","v":0},{"$f":"sales!E214","v":0},{"$f":"sales!E215","v":0},"sales(1)"]
[null,{"$f":"sales!C248","v":"00:00:00"},{"$f":"sales!C247","v":107},{"$f":"sales!C249","v":0},{"$f":"sales!E248","v":0},{"$f":"sales!E247","v":0},{"$f":"sales!C250","v":0},{"$f":"sales!C251","v":0},{"$f":"sales!D280","v":0},{"$f":"sales!D279","v":0},{"$f":"sales!D277","v":0},{"$f":"sales!E249","v":0},{"$f":"sales!E250","v":0},"sales(1)"]
[null,{"$f":"sales!C283","v":"00:00:00"},{"$f":"sales!C282","v":108},{"$f":"sales!C284","v":0},{"$f":"sales!E283","v":0},{"$f":"sales!E282","v":0},{"$f":"sales!C285","v":0},{"$f":"sales!C286","v":0},{"$f":"sales!D315","v":0},{"$f":"sales!D314","v":0},{"$f":"sales!D312","v":0},{"$f":"sales!E284","v":0},{"$f":"sales!E285","v":0},"sales(1)"]
[null,{"$f":"sales!C318","v":"00:00:00"},{"$f":"sales!C317","v":109},{"$f":"sales!C319","v":0},{"$f":"sales!E318","v":0},{"$f":"sales!E317","v":0},{"$f":"sales!C320","v":0},{"$f":"sales!C321","v":0},{"$f":"sales!D350","v":0},{"$f":"sales!D349","v":0},{"$f":"sales!D347","v":0},{"$f":"sales!E319","v":0},{"$f":"sales!E320","v":0},"sales(1)"]
[null,{"$f":"sales!C353","v":"00:00:00"},{"$f":"sales!C352","v":110},{"$f":"sales!C354","v":0},{"$f":"sales!E353","v":0},{"$f":"sales!E352","v":0},{"$f":"sales!C355","v":0},{"$f":"sales!C356","v":0},{"$f":"sales!D385","v":0},{"$f":"sales!D384","v":0},{"$f":"sales!D382","v":0},{"$f":"sales!E354","v":0},{"$f":"sales!E355","v":0},"sales(1)"]
[null,{"$f":"sales!C388","v":"00:00:00"},{"$f":"sales!C387","v":111},{"$f":"sales!C389","v":0},{"$f":"sales!E388","v":0},{"$f":"sales!E387","v":0},{"$f":"sales!C390","v":0},{"$f":"sales!C391","v":0},{"$f":"sales!D420","v":0},{"$f":"sales!D419","v":0},{"$f":"sales!D417","v":0},{"$f":"sales!E389","v":0},{"$f":"sales!E390","v":0},"sales(1)"]
[null,{"$f":"sales!C423","v":"00:00:00"},{"$f":"sales!C422","v":112},{"$f":"sales!C424","v":0},{"$f":"sales!E423","v":0},{"$f":"sales!E422","v":0},{"$f":"sales!C425","v":0},{"$f":"sales!C426","v":0},{"$f":"sales!D455","v":0},{"$f":"sales!D454","v":0},{"$f":"sales!D452","v":0},{"$f":"sales!E424","v":0},{"$f":"sales!E425","v":0},"sales(1)"]
[null,{"$f":"sales!C458","v":"00:00:00"},{"$f":"sales!C457","v":113},{"$f":"sales!C459","v":0},{"$f":"sales!E458","v":0},{"$f":"sales!E457","v":0},{"$f":"sales!C460","v":0},{"$f":"sales!C461","v":0},{"$f":"sales!D490","v":0},{"$f":"sales!D489","v":0},{"$f":"sales!D487","v":0},{"$f":"sales!E459","v":0},{"$f":"sales!E460","v":0},"sales(1)"]
[null,{"$f":"sales!C493","v":"00:00:00"},{"$f":"sales!C492","v":114},{"$f":"sales!C494","v":0},{"$f":"sales!E493","v":0},{"$f":"sales!E492","v":0},{"$f":"sales!C495","v":0},{"$f":"sales!C496","v":0},{"$f":"sales!D525","v":0},{"$f":"sales!D524","v":0},{"$f":"sales!D522","v":0},{"$f":"sales!E494","v":0},{"$f":"sales!E495","v":0},"sales(1)"]
[null,{"$f":"sales!C528","v":"00:00:00"},{"$f":"sales!C527","v":115},{"$f":"sales!C529","v":0},{"$f":"sales!E528","v":0},{"$f":"sales!E527","v":0},{"$f":"sales!C530","v":0},{"$f":"sales!C531","v":0},{"$f":"sales!D560","v":0},{"$f":"sales!D559","v":0},{"$f":"sales!D557","v":0},{"$f":"sales!E529","v":0},{"$f":"sales!E530","v":0},"sales(1)"]
[null,{"$f":"sales!C563","v":"00:00:00"},{"$f":"sales!C562","v":116},{"$f":"sales!C564","v":0},{"$f":"sales!E563","v":0},{"$f":"sales!E562","v":0},{"$f":"sales!C565","v":0},{"$f":"sales!C566","v":0},{"$f":"sales!D595","v":0},{"$f":"sales!D594","v":0},{"$f":"sales!D592","v":0},{"$f":"sales!E564","v":0},{"$f":"sales!E565","v":0},"sales(1)"]
[null,{"$f":"sales!C598","v":"00:00:00"},{"$f":"sales!C597","v":117},{"$f":"sales!C599","v":0},{"$f":"sales!E598","v":0},{"$f":"sales!E597","v":0},{"$f":"sales!C600","v":0},{"$f":"sales!C601","v":0},{"$f":"sales!D630","v":0},{"$f":"sales!D629","v":0},{"$f":"sales!D627","v":0},{"$f":"sales!E599","v":0},{"$f":"sales!E600","v":0},"sales(1)"]
[null,{"$f":"sales!C633","v":"00:00:00"},{"$f":"sales!C632","v":118},{"$f":"sales!C634","v":0},{"$f":"sales!E633","v":0},{"$f":"sales!E632","v":0},{"$f":"sales!C635","v":0},{"$f":"sales!C636","v":0},{"$f":"sales!D665","v":0},{"$f":"sales!D664","v":0},{"$f":"sales!D662","v":0},{"$f":"sales!E634","v":0},{"$f":"sales!E635","v":0},"sales(1)"]
[null,{"$f":"sales!C668","v":"00:00:00"},{"$f":"sales!C667","v":119},{"$f":"sales!C669","v":0},{"$f":"sales!E668","v":0},{"$f":"sales!E667","v":0},{"$f":"sales!C670","v":0},{"$f":"sales!C671","v":0},{"$f":"sales!D700","v":0},{"$f":"sales!D699","v":0},{"$f":"sales!D697","v":0},{"$f":"sales!E669","v":0},{"$f":"sales!E670","v":0},"sales(1)"]
[null,{"$f":"sales!C703","v":"00:00:00"},{"$f":"sales!C702","v":120},{"$f":"sales!C704","v":0},{"$f":"sales!E703","v":0},{"$f":"sales!E702","v":0},{"$f":"sales!C705","v":0},{"$f":"sales!C706","v":0},{"$f":"sales!D735","v":0},{"$f":"sales!D734","v":0},{"$f":"sales!D732","v":0},{"$f":"sales!E704","v":0},{"$f":"sales!E705","v":0},"sales(1)"]
[null,{"$f":"sales!C738","v":"00:00:00"},{"$f":"sales!C737","v":121},{"$f":"sales!C739","v":0},{"$f":"sales!E738","v":0},{"$f":"sales!E737","v":0},{"$f":"sales!C740","v":0},{"$f":"sales!C741","v":0},{"$f":"sales!D770","v":0},{"$f":"sales!D769","v":0},{"$f":"sales!D767","v":0},{"$f":"sales!E739","v":0},{"$f":"sales!E740","v":0},"sales(1)"]
[null,{"$f":"sales!C773","v":"00:00:00"},{"$f":"sales!C772","v":122},{"$f":"sales!C774","v":0},{"$f":"sales!E773","v":0},{"$f":"sales!E772","v":0},{"$f":"sales!C775","v":0},{"$f":"sales!C776","v":0},{"$f":"sales!D805","v":0},{"$f":"sales!D804","v":0},{"$f":"sales!D802","v":0},{"$f":"sales!E774","v":0},{"$f":"sales!E775","v":0},"sales(1)"]
[null,{"$f":"sales!C808","v":"00:00:00"},{"$f":"sales!C807","v":123},{"$f":"sales!C809","v":0},{"$f":"sales!E808","v":0},{"$f":"sales!E807","v":0},{"$f":"sales!C810","v":0},{"$f":"sales!C811","v":0},{"$f":"sales!D840","v":0},{"$f":"sales!D839","v":0},{"$f":"sales!D837","v":0},{"$f":"sales!E809","v":0},{"$f":"sales!E810","v":0},"sales(1)"]
[null,{"$f":"sales!C843","v":"00:00:00"},{"$f":"sales!C842","v":124},{"$f":"sales!C844","v":0},{"$f":"sales!E843","v":0},{"$f":"sales!E842","v":0},{"$f":"sales!C845","v":0},{"$f":"sales!C846","v":0},{"$f":"sales!D875","v":0},{"$f":"sales!D874","v":0},{"$f":"sales!D872","v":0},{"$f":"sales!E844","v":0},{"$f":"sales!E845","v":0},"sales(1)"]
[null,{"$f":"sales!C878","v":"00:00:00"},{"$f":"sales!C877","v":125},{"$f":"sales!C879","v":0},{"$f":"sales!E878","v":0},{"$f":"sales!E877","v":0},{"$f":"sales!C880","v":0},{"$f":"sales!C881","v":0},{"$f":"sales!D910","v":0},{"$f":"sales!D909","v":0},{"$f":"sales!D907","v":0},{"$f":"sales!E879","v":0},{"$f":"sales!E880","v":0},"sales(1)"]
[null,{"$f":"sales!C913","v":"00:00:00"},{"$f":"sales!C912","v":126},{"$f":"sales!C914","v":0},{"$f":"sales!E913","v":0},{"$f":"sales!E912","v":0},{"$f":"sales!C915","v":0},{"$f":"sales!C916","v":0},{"$f":"sales!D945","v":0},{"$f":"sales!D944","v":0},{"$f":"sales!D942","v":0},{"$f":"sales!E914","v":0},{"$f":"sales!E915","v":0},"sales(1)"]
[null,{"$f":"sales!C948","v":"00:00:00"},{"$f":"sales!C947","v":127},{"$f":"sales!C949","v":0},{"$f":"sales!E948","v":0},{"$f":"sales!E947","v":0},{"$f":"sales!C950","v":0},{"$f":"sales!C951","v":0},{"$f":"sales!D980","v":0},{"$f":"sales!D979","v":0},{"$f":"sales!D977","v":0},{"$f":"sales!E949","v":0},{"$f":"sales!E950","v":0},"sales(1)"]
[null,{"$f":"sales!C983","v":"00:00:00"},{"$f":"sales!C982","v":128},{"$f":"sales!C984","v":0},{"$f":"sales!E983","v":0},{"$f":"sales!E982","v":0},{"$f":"sales!C985","v":0},{"$f":"sales!C986","v":0},{"$f":"sales!D1015","v":0},{"$f":"sales!D1014","v":0},{"$f":"sales!D1012","v":0},{"$f":"sales!E984","v":0},{"$f":"sales!E985","v":0},"sales(1)"]
[null,{"$f":"sales!C1018","v":"00:00:00"},{"$f":"sales!C1017","v":129},{"$f":"sales!C1019","v":0},{"$f":"sales!E1018","v":0},{"$f":"sales!E1017","v":0},{"$f":"sales!C1020","v":0},{"$f":"sales!C1021","v":0},{"$f":"sales!D1050","v":0},{"$f":"sales!D1049","v":0},{"$f":"sales!D1047","v":0},{"$f":"sales!E1019","v":0},{"$f":"sales!E1020","v":0},"sales(1)"]
[null,{"$f":"sales!C1053","v":"00:00:00"},{"$f":"sales!C1052","v":130},{"$f":"sales!C1054","v":0},{"$f":"sales!E1053","v":0},{"$f":"sales!E1052","v":0},{"$f":"sales!C1055","v":0},{"$f":"sales!C1056","v":0},{"$f":"sales!D1085","v":0},{"$f":"sales!D1084","v":0},{"$f":"sales!D1082","v":0},{"$f":"sales!E1054","v":0},{"$f":"sales!E1055","v":0},"sales(1)"]
[null,{"$f":"sales!C1088","v":"00:00:00"},{"$f":"sales!C1087","v":131},{"$f":"sales!C1089","v":0},{"$f":"sales!E1088","v":0},{"$f":"sales!E1087","v":0},{"$f":"sales!C1090","v":0},{"$f":"sales!C1091","v":0},{"$f":"sales!D1120","v":0},{"$f":"sales!D1119","v":0},{"$f":"sales!D1117","v":0},{"$f":"sales!E1089","v":0},{"$f":"sales!E1090","v":0},"sales(1)"]
[null,{"$f":"sales!C1123","v":"00:00:00"},{"$f":"sales!C1122","v":132},{"$f":"sales!C1124","v":0},{"$f":"sales!E1123","v":0},{"$f":"sales!E1122","v":0},{"$f":"sales!C1125","v":0},{"$f":"sales!C1126","v":0},{"$f":"sales!D1155","v":0},{"$f":"sales!D1154","v":0},{"$f":"sales!D1152","v":0},{"$f":"sales!E1124","v":0},{"$f":"sales!E1125","v":0},"sales(1)"]
[null,{"$f":"sales!C1158","v":"00:00:00"},{"$f":"sales!C1157","v":133},{"$f":"sales!C1159","v":0},{"$f":"sales!E1158","v":0},{"$f":"sales!E1157","v":0},{"$f":"sales!C1160","v":0},{"$f":"sales!C1161","v":0},{"$f":"sales!D1190","v":0},{"$f":"sales!D1189","v":0},{"$f":"sales!D1187","v":0},{"$f":"sales!E1159","v":0},{"$f":"sales!E1160","v":0},"sales(1)"]
[null,{"$f":"sales!C1193","v":"00:00:00"},{"$f":"sales!C1192","v":134},{"$f":"sales!C1194","v":0},{"$f":"sales!E1193","v":0},{"$f":"sales!E1192","v":0},{"$f":"sales!C1195","v":0},{"$f":"sales!C1196","v":0},{"$f":"sales!D1225","v":0},{"$f":"sales!D1224","v":0},{"$f":"sales!D1222","v":0},{"$f":"sales!E1194","v":0},{"$f":"sales!E1195","v":0},"sales(1)"]
[null,{"$f":"sales!C1228","v":"00:00:00"},{"$f":"sales!C1227","v":135},{"$f":"sales!C1229","v":0},{"$f":"sales!E1228","v":0},{"$f":"sales!E1227","v":0},{"$f":"sales!C1230","v":0},{"$f":"sales!C1231","v":0},{"$f":"sales!D1260","v":0},{"$f":"sales!D1259","v":0},{"$f":"sales!D1257","v":0},{"$f":"sales!E1229","v":0},{"$f":"sales!E1230","v":0},"sales(1)"]
[null,{"$f":"sales!C1263","v":"00:00:00"},{"$f":"sales!C1262","v":136},{"$f":"sales!C1264","v":0},{"$f":"sales!E1263","v":0},{"$f":"sales!E1262","v":0},{"$f":"sales!C1265","v":0},{"$f":"sales!C1266","v":0},{"$f":"sales!D1295","v":0},{"$f":"sales!D1294","v":0},{"$f":"sales!D1292","v":0},{"$f":"sales!E1264","v":0},{"$f":"sales!E1265","v":0},"sales(1)"]
[null,{"$f":"sales!C1298","v":"00:00:00"},{"$f":"sales!C1297","v":137},{"$f":"sales!C1299","v":0},{"$f":"sales!E1298","v":0},{"$f":"sales!E1297","v":0},{"$f":"sales!C1300","v":0},{"$f":"sales!C1301","v":0},{"$f":"sales!D1330","v":0},{"$f":"sales!D1329","v":0},{"$f":"sales!D1327","v":0},{"$f":"sales!E1299","v":0},{"$f":"sales!E1300","v":0},"sales(1)"]
[null,{"$f":"sales!C1333","v":"00:00:00"},{"$f":"sales!C1332","v":138},{"$f":"sales!C1334","v":0},{"$f":"sales!E1333","v":0},{"$f":"sales!E1332","v":0},{"$f":"sales!C1335","v":0},{"$f":"sales!C1336","v":0},{"$f":"sales!D1365","v":0},{"$f":"sales!D1364","v":0},{"$f":"sales!D1362","v":0},{"$f":"sales!E1334","v":0},{"$f":"sales!E1335","v":0},"sales(1)"]
[null,{"$f":"sales!C1368","v":"00:00:00"},{"$f":"sales!C1367","v":139},{"$f":"sales!C1369","v":0},{"$f":"sales!E1368","v":0},{"$f":"sales!E1367","v":0},{"$f":"sales!C1370","v":0},{"$f":"sales!C1371","v":0},{"$f":"sales!D1400","v":0},{"$f":"sales!D1399","v":0},{"$f":"sales!D1397","v":0},{"$f":"sales!E1369","v":0},{"$f":"sales!E1370","v":0},"sales(1)"]
[null,{"$f":"sales!C1403","v":"00:00:00"},{"$f":"sales!C1402","v":140},{"$f":"sales!C1404","v":0},{"$f":"sales!E1403","v":0},{"$f":"sales!E1402","v":0},{"$f":"sales!C1405","v":0},{"$f":"sales!C1406","v":0},{"$f":"sales!D1435","v":0},{"$f":"sales!D1434","v":0},{"$f":"sales!D1432","v":0},{"$f":"sales!E1404","v":0},{"$f":"sales!E1405","v":0},"sales(1)"]
[null,{"$f":"sales!C1438","v":"00:00:00"},{"$f":"sales!C1437","v":141},{"$f":"sales!C1439","v":0},{"$f":"sales!E1438","v":0},{"$f":"sales!E1437","v":0},{"$f":"sales!C1440","v":0},{"$f":"sales!C1441","v":0},{"$f":"sales!D1470","v":0},{"$f":"sales!D1469","v":0},{"$f":"sales!D1467","v":0},{"$f":"sales!E1439","v":0},{"$f":"sales!E1440","v":0},"sales(1)"]
[null,{"$f":"sales!C1473","v":"00:00:00"},{"$f":"sales!C1472","v":142},{"$f":"sales!C1474","v":0},{"$f":"sales!E1473","v":0},{"$f":"sales!E1472","v":0},{"$f":"sales!C1475","v":0},{"$f":"sales!C1476","v":0},{"$f":"sales!D1505","v":0},{"$f":"sales!D1504","v":0},{"$f":"sales!D1502","v":0},{"$f":"sales!E1474","v":0},{"$f":"sales!E1475","v":0},"sales(1)"]
[null,{"$f":"sales!C1508","v":"00:00:00"},{"$f":"sales!C1507","v":143},{"$f":"sales!C1509","v":0},{"$f":"sales!E1508","v":0},{"$f":"sales!E1507","v":0},{"$f":"sales!C1510","v":0},{"$f":"sales!C1511","v":0},{"$f":"sales!D1540","v":0},{"$f":"sales!D1539","v":0},{"$f":"sales!D1537","v":0},{"$f":"sales!E1509","v":0},{"$f":"sales!E1510","v":0},"sales(1)"]
[null,{"$f":"sales!C1543","v":"00:00:00"},{"$f":"sales!C1542","v":144},{"$f":"sales!C1544","v":0},{"$f":"sales!E1543","v":0},{"$f":"sales!E1542","v":0},{"$f":"sales!C1545","v":0},{"$f":"sales!C1546","v":0},{"$f":"sales!D1575","v":0},{"$f":"sales!D1574","v":0},{"$f":"sales!D1572","v":0},{"$f":"sales!E1544","v":0},{"$f":"sales!E1545","v":0},"sales(1)"]
[null,{"$f":"sales!C1578","v":"00:00:00"},{"$f":"sales!C1577","v":145},{"$f":"sales!C1579","v":0},{"$f":"sales!E1578","v":0},{"$f":"sales!E1577","v":0},{"$f":"sales!C1580","v":0},{"$f":"sales!C1581","v":0},{"$f":"sales!D1610","v":0},{"$f":"sales!D1609","v":0},{"$f":"sales!D1607","v":0},{"$f":"sales!E1579","v":0},{"$f":"sales!E1580","v":0},"sales(1)"]
[null,{"$f":"sales!C1613","v":"00:00:00"},{"$f":"sales!C1612","v":146},{"$f":"sales!C1614","v":0},{"$f":"sales!E1613","v":0},{"$f":"sales!E1612","v":0},{"$f":"sales!C1615","v":0},{"$f":"sales!C1616","v":0},{"$f":"sales!D1645","v":0},{"$f":"sales!D1644","v":0},{"$f":"sales!D1642","v":0},{"$f":"sales!E1614","v":0},{"$f":"sales!E1615","v":0},"sales(1)"]
[null,{"$f":"sales!C1648","v":"00:00:00"},{"$f":"sales!C1647","v":147},{"$f":"sales!C1649","v":0},{"$f":"sales!E1648","v":0},{"$f":"sales!E1647","v":0},{"$f":"sales!C1650","v":0},{"$f":"sales!C1651","v":0},{"$f":"sales!D1680","v":0},{"$f":"sales!D1679","v":0},{"$f":"sales!D1677","v":0},{"$f":"sales!E1649","v":0},{"$f":"sales!E1650","v":0},"sales(1)"]
[null,{"$f":"sales!C1683","v":"00:00:00"},{"$f":"sales!C1682","v":148},{"$f":"sales!C1684","v":0},{"$f":"sales!E1683","v":0},{"$f":"sales!E1682","v":0},{"$f":"sales!C1685","v":0},{"$f":"sales!C1686","v":0},{"$f":"sales!D1715","v":0},{"$f":"sales!D1714","v":0},{"$f":"sales!D1712","v":0},{"$f":"sales!E1684","v":0},{"$f":"sales!E1685","v":0},"sales(1)"]
[null,{"$f":"sales!C1718","v":"00:00:00"},{"$f":"sales!C1717","v":149},{"$f":"sales!C1719","v":0},{"$f":"sales!E1718","v":0},{"$f":"sales!E1717","v":0},{"$f":"sales!C1720","v":0},{"$f":"sales!C1721","v":0},{"$f":"sales!D1750","v":0},{"$f":"sales!D1749","v":0},{"$f":"sales!D1747","v":0},{"$f":"sales!E1719","v":0},{"$f":"sales!E1720","v":0},"sales(1)"]
[null,{"$f":"sales!C1753","v":"00:00:00"},{"$f":"sales!C1752","v":150},{"$f":"sales!C1754","v":0},{"$f":"sales!E1753","v":0},{"$f":"sales!E1752","v":0},{"$f":"sales!C1755","v":0},{"$f":"sales!C1756","v":0},{"$f":"sales!D1785","v":0},{"$f":"sales!D1784","v":0},{"$f":"sales!D1782","v":0},{"$f":"sales!E1754","v":0},{"$f":"sales!E1755","v":0},"sales(1)"]
[]
[null,null,null,null,null,"الاجمالى",null,{"$f":"SUM(K3:K53)","v":2057.5500000000002}]
[null,null,null,null,null," الخصم",null,{"$f":"SUM(J3:J53)","v":0}]
[null,null,null,null,null,"صافى الفواتير",null,{"$f":"SUM(I3:I53)","v":2057.5500000000002}]

{"sheet":"Return","index":3,"n_rows":350,"n_cols":6,"rows_kept":350,"cut":false,"hidden":false,"merged":[[347,1,347,2],[347,3,347,5],[348,1,348,2],[348,3,348,5],[349,1,349,2],[349,3,349,5],[316,4,316,5],[317,4,317,5],[318,4,318,5],[319,4,319,5],[320,2,320,5],[346,1,346,2],[346,3,346,5],[312,1,312,2],[312,3,312,5],[313,1,313,2],[313,3,313,5],[314,1,314,2],[314,3,314,5],[281,4,281,5],[282,4,282,5],[283,4,283,5],[284,4,284,5],[285,2,285,5],[311,1,311,2],[311,3,311,5],[277,1,277,2],[277,3,277,5],[278,1,278,2],[278,3,278,5],[279,1,279,2],[279,3,279,5],[246,4,246,5],[247,4,247,5],[248,4,248,5],[249,4,249,5],[250,2,250,5],[276,1,276,2],[276,3,276,5],[242,1,242,2],[242,3,242,5],[243,1,243,2],[243,3,243,5],[244,1,244,2],[244,3,244,5],[211,4,211,5],[212,4,212,5],[213,4,213,5],[214,4,214,5],[215,2,215,5],[241,1,241,2],[241,3,241,5],[207,1,207,2],[207,3,207,5],[208,1,208,2],[208,3,208,5],[209,1,209,2],[209,3,209,5],[176,4,176,5],[177,4,177,5],[178,4,178,5],[179,4,179,5],[180,2,180,5],[206,1,206,2],[206,3,206,5],[172,1,172,2],[172,3,172,5],[173,1,173,2],[173,3,173,5],[174,1,174,2],[174,3,174,5],[141,4,141,5],[142,4,142,5],[143,4,143,5],[144,4,144,5],[145,2,145,5],[171,1,171,2],[171,3,171,5],[137,1,137,2],[137,3,137,5],[138,1,138,2],[138,3,138,5],[139,1,139,2],[139,3,139,5],[106,4,106,5],[107,4,107,5],[108,4,108,5],[109,4,109,5],[110,2,110,5],[136,1,136,2],[136,3,136,5],[102,1,102,2],[102,3,102,5],[103,1,103,2],[103,3,103,5],[104,1,104,2],[104,3,104,5],[71,4,71,5],[72,4,72,5],[73,4,73,5],[74,4,74,5],[75,2,75,5],[101,1,101,2],[101,3,101,5],[67,1,67,2],[67,3,67,5],[68,1,68,2],[68,3,68,5],[69,1,69,2],[69,3,69,5],[36,4,36,5],[37,4,37,5],[38,4,38,5],[39,4,39,5],[40,2,40,5],[66,1,66,2],[66,3,66,5],[32,1,32,2],[32,3,32,5],[33,1,33,2],[33,3,33,5],[34,1,34,2],[34,3,34,5],[1,4,1,5],[2,4,2,5],[3,4,3,5],[4,4,4,5],[5,2,5,5],[31,1,31,2],[31,3,31,5]]}
[]
[null,"رقم الفاتورة",100,"المندوب",2]
[null,"التاريخ","2018-08-01","المشرف",2]
[null,"نوع السند","بالحساب","الفئة الاساسية",{"$f":"IFERROR(VLOOKUP(C5,ورقة1!$B$2:$G$1048576,5,0),)","v":"محلات"}]
[null,"كود العميل",100,"الفئة الفرعية",{"$f":"IFERROR(VLOOKUP(C5,ورقة1!$B$2:$G$1048576,6,0),)","v":"محلات"}]
[null,"العميل",{"$f":"IFERROR(VLOOKUP(C5,ورقة1!$B$3:$G$1048576,2,0),)","v":"محل 1"}]
[null,"الكود","الصنف","السعر ","الكمية","الاجمالى"]
[null,1013,{"$f":"IFERROR(VLOOKUP(B8,ورقة1!$I$3:$K$1048576,2,0),)","v":"الصنف رقم 14"},{"$f":"IFERROR(VLOOKUP(B8,ورقة1!$I$3:$K$1048576,3,0),0)","v":10.5},3,{"$f":"D8*E8","v":31.5}]
[null,1015,{"$f":"IFERROR(VLOOKUP(B9,ورقة1!$I$3:$K$1048576,2,0),)","v":"الصنف رقم 16"},{"$f":"IFERROR(VLOOKUP(B9,ورقة1!$I$3:$K$1048576,3,0),0)","v":2.75},2,{"$f":"D9*E9","v":5.5}]
[null,null,{"$f":"IFERROR(VLOOKUP(B10,ورقة1!$I$3:$K$1048576,2,0),)","v":0},{"$f":"IFERROR(VLOOKUP(B10,ورقة1!$I$3:$K$1048576,3,0),0)","v":0},null,0]
[null,null,{"$f":"IFERROR(VLOOKUP(B11,ورقة1!$I$3:$K$1048576,2,0),)","v":0},{"$f":"IFERROR(VLOOKUP(B11,ورقة1!$I$3:$K$1048576,3,0),0)","v":0},null,0]
[null,null,{"$f":"IFERROR(VLOOKUP(B12,ورقة1!$I$3:$K$1048576,2,0),)","v":0},{"$f":"IFERROR(VLOOKUP(B12,ورقة1!$I$3:$K$1048576,3,0),0)","v":0},null,0]
[null,null,{"$f":"IFERROR(VLOOKUP(B13,ورقة1!$I$3:$K$1048576,2,0),)","v":0},{"$f":"IFERROR(VLOOKUP(B13,ورقة1!$I$3:$K$1048576,3,0),0)","v":0},null,0]
[null,null,{"$f":"IFERROR(VLOOKUP(B14,ورقة1!$I$3:$K$1048576,2,0),)","v":0},{"$f":"IFERROR(VLOOKUP(B14,ورقة1!$I$3:$K$1048576,3,0),0)","v":0},null,0]
[null,null,{"$f":"IFERROR(VLOOKUP(B15,ورقة1!$I$3:$K$1048576,2,0),)","v":0},{"$f":"IFERROR(VLOOKUP(B15,ورقة1!$I$3:$K$1048576,3,0),0)","v":0},null,0]
[null,null,{"$f":"IFERROR(VLOOKUP(B16,ورقة1!$I$3:$K$1048576,2,0),)","v":0},{"$f":"IFERROR(VLOOKUP(B16,ورقة1!$I$3:$K$1048576,3,0),0)","v":0},null,0]
[null,null,{"$f":"IFERROR(VLOOKUP(B17,ورقة1!$I$3:$K$1048576,2,0),)","v":0},{"$f":"IFERROR(VLOOKUP(B17,ورقة1!$I$3:$K$1048576,3,0),0)","v":0},null,0]
[null,null,{"$f":"IFERROR(VLOOKUP(B18,ورقة1!$I$3:$K$1048576,2,0),)","v":0},{"$f":"IFERROR(VLOOKUP(B18,ورقة1!$I$3:$K$1048576,3,0),0)","v":0},null,0]
[null,null,{"$f":"IFERROR(VLOOKUP(B19,ورقة1!$I$3:$K$1048576,2,0),)","v":0},{"$f":"IFERROR(VLOOKUP(B19,ورقة1!$I$3:$K$1048576,3,0),0)","v":0},null,0]
[null,null,{"$f":"IFERROR(VLOOKUP(B20,ورقة1!$I$3:$K$1048576,2,0),)","v":0},{"$f":"IFERROR(VLOOKUP(B20,ورقة1!$I$3:$K$1048576,3,0),0)","v":0},null,0]
[null,null,{"$f":"IFERROR(VLOOKUP(B21,ورقة1!$I$3:$K$1048576,2,0),)","v":0},{"$f":"IFERROR(VLOOKUP(B21,ورقة1!$I$3:$K$1048576,3,0),0)","v":0},null,0]
[null,null,{"$f":"IFERROR(VLOOKUP(B22,ورقة1!$I$3:$K$1048576,2,0),)","v":0},{"$f":"IFERROR(VLOOKUP(B22,ورقة1!$I$3:$K$1048576,3,0),0)","v":0},null,0]
[null,null,{"$f":"IFERROR(VLOOKUP(B23,ورقة1!$I$3:$K$1048576,2,0),)","v":0},{"$f":"IFERROR(VLOOKUP(B23,ورقة1!$I$3:$K$1048576,3,0),0)","v":0},null,0]
[null,null,{"$f":"IFERROR(VLOOKUP(B24,ورقة1!$I$3:$K$1048576,2,0),)","v":0},{"$f":"IFERROR(VLOOKUP(B24,ورقة1!$I$3:$K$1048576,3,0),0)","v":0},null,0]
[null,null,{"$f":"IFERROR(VLOOKUP(B25,ورقة1!$I$3:$K$1048576,2,0),)","v":0},{"$f":"IFERROR(VLOOKUP(B25,ورقة1!$I$3:$K$1048576,3,0),0)","v":0},null,0]
[null,null,{"$f":"IFERROR(VLOOKUP(B26,ورقة1!$I$3:$K$1048576,2,0),)","v":0},{"$f":"IFERROR(VLOOKUP(B26,ورقة1!$I$3:$K$1048576,3,0),0)","v":0},null,0]
[null,null,{"$f":"IFERROR(VLOOKUP(B27,ورقة1!$I$3:$K$1048576,2,0),)","v":0},{"$f":"IFERROR(VLOOKUP(B27,ورقة1!$I$3:$K$1048576,3,0),0)","v":0},null,0]
[null,null,{"$f":"IFERROR(VLOOKUP(B28,ورقة1!$I$3:$K$1048576,2,0),)","v":0},{"$f":"IFERROR(VLOOKUP(B28,ورقة1!$I$3:$K$1048576,3,0),0)","v":0},null,0]
[null,null,{"$f":"IFERROR(VLOOKUP(B29,ورقة1!$I$3:$K$1048576,2,0),)","v":0},{"$f":"IFERROR(VLOOKUP(B29,ورقة1!$I$3:$K$1048576,3,0),0)","v":0},null,0]
[null,null,{"$f":"IFERROR(VLOOKUP(B30,ورقة1!$I$3:$K$1048576,2,0),)","v":0},{"$f":"IFERROR(VLOOKUP(B30,ورقة1!$I$3:$K$1048576,3,0),0)","v":0},null,0]
[null,null,{"$f":"IFERROR(VLOOKUP(B31,ورقة1!$I$3:$K$1048576,2,0),)","v":0},{"$f":"IFERROR(VLOOKUP(B31,ورقة1!$I$3:$K$1048576,3,0),0)","v":0},null,0]
[null,"إجمالى الفاتورة",null,{"$f":"SUM(F8:F31)","v":37}]
[null,"معدل الخصم",null,{"$f":"D34/D32","v":0}]
[null,"قيمة الخصم"]
[null,"صافى قيمة الفاتورة",null,{"$f":"D32-D34","v":37}]
[]
[null,"رقم الفاتورة",{"$f":"C2+1","v":101},"المندوب",{"$f":"IFERROR(VLOOKUP(C40,ورقة1!$B$2:$G$1048576,3,0),)","v":1}]
[null,"التاريخ","2018-08-01","المشرف",{"$f":"IFERROR(VLOOKUP(C40,ورقة1!$B$2:$G$1048576,4,0),)","v":1}]
[null,"نوع السند","بالحساب","الفئة الاساسية",{"$f":"IFERROR(VLOOKUP(C40,ورقة1!$B$2:$G$1048576,5,0),)","v":"محلات"}]
[null,"كود العميل",100,"الفئة الفرعية",{"$f":"IFERROR(VLOOKUP(C40,ورقة1!$B$2:$G$1048576,6,0),)","v":"محلات"}]
[null,"العميل",{"$f":"IFERROR(VLOOKUP(C40,ورقة1!$B$3:$G$1048576,2,0),)","v":"محل 1"}]
[null,"الكود","الصنف","السعر ","الكمية","الاجمالى"]
[null,1000,{"$f":"IFERROR(VLOOKUP(B43,ورقة1!$I$3:$K$1048576,2,0),)","v":"الصنف رقم 1"},{"$f":"IFERROR(VLOOKUP(B43,ورقة1!$I$3:$K$1048576,3,0),0)","v":14.75},1,{"$f":"D43*E43","v":14.75}]
[null,1004,{"$f":"IFERROR(VLOOKUP(B44,ورقة1!$I$3:$K$1048576,2,0),)","v":"الصنف رقم 5"},{"$f":"IFERROR(VLOOKUP(B44,ورقة1!$I$3:$K$1048576,3,0),0)","v":39},1,{"$f":"D44*E44","v":39}]
[null,1002,{"$f":"IFERROR(VLOOKUP(B45,ورقة1!$I$3:$K$1048576,2,0),)","v":"الصنف رقم 3"},{"$f":"IFERROR(VLOOKUP(B45,ورقة1!$I$3:$K$1048576,3,0),0)","v":8.1},1,8.1]
[null,null,{"$f":"IFERROR(VLOOKUP(B46,ورقة1!$I$3:$K$1048576,2,0),)","v":0},{"$f":"IFERROR(VLOOKUP(B46,ورقة1!$I$3:$K$1048576,3,0),0)","v":0},null,0]
[null,null,{"$f":"IFERROR(VLOOKUP(B47,ورقة1!$I$3:$K$1048576,2,0),)","v":0},{"$f":"IFERROR(VLOOKUP(B47,ورقة1!$I$3:$K$1048576,3,0),0)","v":0},null,0]
[null,null,{"$f":"IFERROR(VLOOKUP(B48,ورقة1!$I$3:$K$1048576,2,0),)","v":0},{"$f":"IFERROR(VLOOKUP(B48,ورقة1!$I$3:$K$1048576,3,0),0)","v":0},null,0]
[null,null,{"$f":"IFERROR(VLOOKUP(B49,ورقة1!$I$3:$K$1048576,2,0),)","v":0},{"$f":"IFERROR(VLOOKUP(B49,ورقة1!$I$3:$K$1048576,3,0),0)","v":0},null,0]
[null,null,{"$f":"IFERROR(VLOOKUP(B50,ورقة1!$I$3:$K$1048576,2,0),)","v":0},{"$f":"IFERROR(VLOOKUP(B50,ورقة1!$I$3:$K$1048576,3,0),0)","v":0},null,0]
[null,null,{"$f":"IFERROR(VLOOKUP(B51,ورقة1!$I$3:$K$1048576,2,0),)","v":0},{"$f":"IFERROR(VLOOKUP(B51,ورقة1!$I$3:$K$1048576,3,0),0)","v":0},null,0]
[null,null,{"$f":"IFERROR(VLOOKUP(B52,ورقة1!$I$3:$K$1048576,2,0),)","v":0},{"$f":"IFERROR(VLOOKUP(B52,ورقة1!$I$3:$K$1048576,3,0),0)","v":0},null,0]
[null,null,{"$f":"IFERROR(VLOOKUP(B53,ورقة1!$I$3:$K$1048576,2,0),)","v":0},{"$f":"IFERROR(VLOOKUP(B53,ورقة1!$I$3:$K$1048576,3,0),0)","v":0},null,0]
[null,null,{"$f":"IFERROR(VLOOKUP(B54,ورقة1!$I$3:$K$1048576,2,0),)","v":0},{"$f":"IFERROR(VLOOKUP(B54,ورقة1!$I$3:$K$1048576,3,0),0)","v":0},null,0]
[null,null,{"$f":"IFERROR(VLOOKUP(B55,ورقة1!$I$3:$K$1048576,2,0),)","v":0},{"$f":"IFERROR(VLOOKUP(B55,ورقة1!$I$3:$K$1048576,3,0),0)","v":0},null,0]
[null,null,{"$f":"IFERROR(VLOOKUP(B56,ورقة1!$I$3:$K$1048576,2,0),)","v":0},{"$f":"IFERROR(VLOOKUP(B56,ورقة1!$I$3:$K$1048576,3,0),0)","v":0},null,0]
[null,null,{"$f":"IFERROR(VLOOKUP(B57,ورقة1!$I$3:$K$1048576,2,0),)","v":0},{"$f":"IFERROR(VLOOKUP(B57,ورقة1!$I$3:$K$1048576,3,0),0)","v":0},null,0]
[null,null,{"$f":"IFERROR(VLOOKUP(B58,ورقة1!$I$3:$K$1048576,2,0),)","v":0},{"$f":"IFERROR(VLOOKUP(B58,ورقة1!$I$3:$K$1048576,3,0),0)","v":0},null,0]
[null,null,{"$f":"IFERROR(VLOOKUP(B59,ورقة1!$I$3:$K$1048576,2,0),)","v":0},{"$f":"IFERROR(VLOOKUP(B59,ورقة1!$I$3:$K$1048576,3,0),0)","v":0},null,0]
[null,null,{"$f":"IFERROR(VLOOKUP(B60,ورقة1!$I$3:$K$1048576,2,0),)","v":0},{"$f":"IFERROR(VLOOKUP(B60,ورقة1!$I$3:$K$1048576,3,0),0)","v":0},null,0]
[null,null,{"$f":"IFERROR(VLOOKUP(B61,ورقة1!$I$3:$K$1048576,2,0),)","v":0},{"$f":"IFERROR(VLOOKUP(B61,ورقة1!$I$3:$K$1048576,3,0),0)","v":0},null,0]
[null,null,{"$f":"IFERROR(VLOOKUP(B62,ورقة1!$I$3:$K$1048576,2,0),)","v":0},{"$f":"IFERROR(VLOOKUP(B62,ورقة1!$I$3:$K$1048576,3,0),0)","v":0},null,0]
[null,null,{"$f":"IFERROR(VLOOKUP(B63,ورقة1!$I$3:$K$1048576,2,0),)","v":0},{"$f":"IFERROR(VLOOKUP(B63,ورقة1!$I$3:$K$1048576,3,0),0)","v":0},null,0]
[null,null,{"$f":"IFERROR(VLOOKUP(B64,ورقة1!$I$3:$K$1048576,2,0),)","v":0},{"$f":"IFERROR(VLOOKUP(B64,ورقة1!$I$3:$K$1048576,3,0),0)","v":0},null,0]
[null,null,{"$f":"IFERROR(VLOOKUP(B65,ورقة1!$I$3:$K$1048576,2,0),)","v":0},{"$f":"IFERROR(VLOOKUP(B65,ورقة1!$I$3:$K$1048576,3,0),0)","v":0},null,0]
[null,null,{"$f":"IFERROR(VLOOKUP(B66,ورقة1!$I$3:$K$1048576,2,0),)","v":0},{"$f":"IFERROR(VLOOKUP(B66,ورقة1!$I$3:$K$1048576,3,0),0)","v":0},null,0]
[null,"إجمالى الفاتورة",null,{"$f":"SUM(F43:F66)","v":61.85}]
[null,"معدل الخصم",null,{"$f":"D69/D67","v":0}]
[null,"قيمة الخصم"]
[null,"صافى قيمة الفاتورة",null,{"$f":"D67-D69","v":61.85}]
[]
[null,"رقم الفاتورة",{"$f":"C37+1","v":102},"المندوب",{"$f":"IFERROR(VLOOKUP(C75,ورقة1!$B$2:$G$1048576,3,0),)","v":0}]
[null,"التاريخ",null,"المشرف",{"$f":"IFERROR(VLOOKUP(C75,ورقة1!$B$2:$G$1048576,4,0),)","v":0}]
[null,"نوع السند",null,"الفئة الاساسية",{"$f":"IFERROR(VLOOKUP(C75,ورقة1!$B$2:$G$1048576,5,0),)","v":0}]
[null,"كود العميل",null,"الفئة الفرعية",{"$f":"IFERROR(VLOOKUP(C75,ورقة1!$B$2:$G$1048576,6,0),)","v":0}]
[null,"العميل",{"$f":"IFERROR(VLOOKUP(C75,ورقة1!$B$3:$G$1048576,2,0),)","v":0}]
[null,"الكود","الصنف","السعر ","الكمية","الاجمالى"]
[null,null,{"$f":"IFERROR(VLOOKUP(B78,ورقة1!$I$3:$K$1048576,2,0),)","v":0},{"$f":"IFERROR(VLOOKUP(B78,ورقة1!$I$3:$K$1048576,3,0),0)","v":0},null,{"$f":"D78*E78","v":0}]
[null,null,{"$f":"IFERROR(VLOOKUP(B79,ورقة1!$I$3:$K$1048576,2,0),)","v":0},{"$f":"IFERROR(VLOOKUP(B79,ورقة1!$I$3:$K$1048576,3,0),0)","v":0},null,{"$f":"D79*E79","v":0}]
[null,null,{"$f":"IFERROR(VLOOKUP(B80,ورقة1!$I$3:$K$1048576,2,0),)","v":0},{"$f":"IFERROR(VLOOKUP(B80,ورقة1!$I$3:$K$1048576,3,0),0)","v":0},null,0]
[null,null,{"$f":"IFERROR(VLOOKUP(B81,ورقة1!$I$3:$K$1048576,2,0),)","v":0},{"$f":"IFERROR(VLOOKUP(B81,ورقة1!$I$3:$K$1048576,3,0),0)","v":0},null,0]
[null,null,{"$f":"IFERROR(VLOOKUP(B82,ورقة1!$I$3:$K$1048576,2,0),)","v":0},{"$f":"IFERROR(VLOOKUP(B82,ورقة1!$I$3:$K$1048576,3,0),0)","v":0},null,0]
[null,null,{"$f":"IFERROR(VLOOKUP(B83,ورقة1!$I$3:$K$1048576,2,0),)","v":0},{"$f":"IFERROR(VLOOKUP(B83,ورقة1!$I$3:$K$1048576,3,0),0)","v":0},null,0]
[null,null,{"$f":"IFERROR(VLOOKUP(B84,ورقة1!$I$3:$K$1048576,2,0),)","v":0},{"$f":"IFERROR(VLOOKUP(B84,ورقة1!$I$3:$K$1048576,3,0),0)","v":0},null,0]
[null,null,{"$f":"IFERROR(VLOOKUP(B85,ورقة1!$I$3:$K$1048576,2,0),)","v":0},{"$f":"IFERROR(VLOOKUP(B85,ورقة1!$I$3:$K$1048576,3,0),0)","v":0},null,0]
[null,null,{"$f":"IFERROR(VLOOKUP(B86,ورقة1!$I$3:$K$1048576,2,0),)","v":0},{"$f":"IFERROR(VLOOKUP(B86,ورقة1!$I$3:$K$1048576,3,0),0)","v":0},null,0]
[null,null,{"$f":"IFERROR(VLOOKUP(B87,ورقة1!$I$3:$K$1048576,2,0),)","v":0},{"$f":"IFERROR(VLOOKUP(B87,ورقة1!$I$3:$K$1048576,3,0),0)","v":0},null,0]
[null,null,{"$f":"IFERROR(VLOOKUP(B88,ورقة1!$I$3:$K$1048576,2,0),)","v":0},{"$f":"IFERROR(VLOOKUP(B88,ورقة1!$I$3:$K$1048576,3,0),0)","v":0},null,0]
[null,null,{"$f":"IFERROR(VLOOKUP(B89,ورقة1!$I$3:$K$1048576,2,0),)","v":0},{"$f":"IFERROR(VLOOKUP(B89,ورقة1!$I$3:$K$1048576,3,0),0)","v":0},null,0]
[null,null,{"$f":"IFERROR(VLOOKUP(B90,ورقة1!$I$3:$K$1048576,2,0),)","v":0},{"$f":"IFERROR(VLOOKUP(B90,ورقة1!$I$3:$K$1048576,3,0),0)","v":0},null,0]
[null,null,{"$f":"IFERROR(VLOOKUP(B91,ورقة1!$I$3:$K$1048576,2,0),)","v":0},{"$f":"IFERROR(VLOOKUP(B91,ورقة1!$I$3:$K$1048576,3,0),0)","v":0},null,0]
[null,null,{"$f":"IFERROR(VLOOKUP(B92,ورقة1!$I$3:$K$1048576,2,0),)","v":0},{"$f":"IFERROR(VLOOKUP(B92,ورقة1!$I$3:$K$1048576,3,0),0)","v":0},null,0]
[null,null,{"$f":"IFERROR(VLOOKUP(B93,ورقة1!$I$3:$K$1048576,2,0),)","v":0},{"$f":"IFERROR(VLOOKUP(B93,ورقة1!$I$3:$K$1048576,3,0),0)","v":0},null,0]
[null,null,{"$f":"IFERROR(VLOOKUP(B94,ورقة1!$I$3:$K$1048576,2,0),)","v":0},{"$f":"IFERROR(VLOOKUP(B94,ورقة1!$I$3:$K$1048576,3,0),0)","v":0},null,0]
[null,null,{"$f":"IFERROR(VLOOKUP(B95,ورقة1!$I$3:$K$1048576,2,0),)","v":0},{"$f":"IFERROR(VLOOKUP(B95,ورقة1!$I$3:$K$1048576,3,0),0)","v":0},null,0]
[null,null,{"$f":"IFERROR(VLOOKUP(B96,ورقة1!$I$3:$K$1048576,2,0),)","v":0},{"$f":"IFERROR(VLOOKUP(B96,ورقة1!$I$3:$K$1048576,3,0),0)","v":0},null,0]
[null,null,{"$f":"IFERROR(VLOOKUP(B97,ورقة1!$I$3:$K$1048576,2,0),)","v":0},{"$f":"IFERROR(VLOOKUP(B97,ورقة1!$I$3:$K$1048576,3,0),0)","v":0},null,0]
[null,null,{"$f":"IFERROR(VLOOKUP(B98,ورقة1!$I$3:$K$1048576,2,0),)","v":0},{"$f":"IFERROR(VLOOKUP(B98,ورقة1!$I$3:$K$1048576,3,0),0)","v":0},null,0]
[null,null,{"$f":"IFERROR(VLOOKUP(B99,ورقة1!$I$3:$K$1048576,2,0),)","v":0},{"$f":"IFERROR(VLOOKUP(B99,ورقة1!$I$3:$K$1048576,3,0),0)","v":0},null,0]
[null,null,{"$f":"IFERROR(VLOOKUP(B100,ورقة1!$I$3:$K$1048576,2,0),)","v":0},{"$f":"IFERROR(VLOOKUP(B100,ورقة1!$I$3:$K$1048576,3,0),0)","v":0},null,0]
[null,null,{"$f":"IFERROR(VLOOKUP(B101,ورقة1!$I$3:$K$1048576,2,0),)","v":0},{"$f":"IFERROR(VLOOKUP(B101,ورقة1!$I$3:$K$1048576,3,0),0)","v":0},null,0]
[null,"إجمالى الفاتورة",null,{"$f":"SUM(F78:F101)","v":0}]
[null,"معدل الخصم",null,{"$f":"D104/D102","v":{"$error":"#DIV/0!"}}]
[null,"قيمة الخصم"]
[null,"صافى قيمة الفاتورة",null,{"$f":"D102-D104","v":0}]
[]
[null,"رقم الفاتورة",{"$f":"C72+1","v":103},"المندوب",{"$f":"IFERROR(VLOOKUP(C110,ورقة1!$B$2:$G$1048576,3,0),)","v":0}]
[null,"التاريخ",null,"المشرف",{"$f":"IFERROR(VLOOKUP(C110,ورقة1!$B$2:$G$1048576,4,0),)","v":0}]
[null,"نوع السند",null,"الفئة الاساسية",{"$f":"IFERROR(VLOOKUP(C110,ورقة1!$B$2:$G$1048576,5,0),)","v":0}]
[null,"كود العميل",null,"الفئة الفرعية",{"$f":"IFERROR(VLOOKUP(C110,ورقة1!$B$2:$G$1048576,6,0),)","v":0}]
[null,"العميل",{"$f":"IFERROR(VLOOKUP(C110,ورقة1!$B$3:$G$1048576,2,0),)","v":0}]
[null,"الكود","الصنف","السعر ","الكمية","الاجمالى"]
[null,null,{"$f":"IFERROR(VLOOKUP(B113,ورقة1!$I$3:$K$1048576,2,0),)","v":0},{"$f":"IFERROR(VLOOKUP(B113,ورقة1!$I$3:$K$1048576,3,0),0)","v":0},null,{"$f":"D113*E113","v":0}]
[null,null,{"$f":"IFERROR(VLOOKUP(B114,ورقة1!$I$3:$K$1048576,2,0),)","v":0},{"$f":"IFERROR(VLOOKUP(B114,ورقة1!$I$3:$K$1048576,3,0),0)","v":0},null,{"$f":"D114*E114","v":0}]
[null,null,{"$f":"IFERROR(VLOOKUP(B115,ورقة1!$I$3:$K$1048576,2,0),)","v":0},{"$f":"IFERROR(VLOOKUP(B115,ورقة1!$I$3:$K$1048576,3,0),0)","v":0},null,0]
[null,null,{"$f":"IFERROR(VLOOKUP(B116,ورقة1!$I$3:$K$1048576,2,0),)","v":0},{"$f":"IFERROR(VLOOKUP(B116,ورقة1!$I$3:$K$1048576,3,0),0)","v":0},null,0]
[null,null,{"$f":"IFERROR(VLOOKUP(B117,ورقة1!$I$3:$K$1048576,2,0),)","v":0},{"$f":"IFERROR(VLOOKUP(B117,ورقة1!$I$3:$K$1048576,3,0),0)","v":0},null,0]
[null,null,{"$f":"IFERROR(VLOOKUP(B118,ورقة1!$I$3:$K$1048576,2,0),)","v":0},{"$f":"IFERROR(VLOOKUP(B118,ورقة1!$I$3:$K$1048576,3,0),0)","v":0},null,0]
[null,null,{"$f":"IFERROR(VLOOKUP(B119,ورقة1!$I$3:$K$1048576,2,0),)","v":0},{"$f":"IFERROR(VLOOKUP(B119,ورقة1!$I$3:$K$1048576,3,0),0)","v":0},null,0]
[null,null,{"$f":"IFERROR(VLOOKUP(B120,ورقة1!$I$3:$K$1048576,2,0),)","v":0},{"$f":"IFERROR(VLOOKUP(B120,ورقة1!$I$3:$K$1048576,3,0),0)","v":0},null,0]
[null,null,{"$f":"IFERROR(VLOOKUP(B121,ورقة1!$I$3:$K$1048576,2,0),)","v":0},{"$f":"IFERROR(VLOOKUP(B121,ورقة1!$I$3:$K$1048576,3,0),0)","v":0},null,0]
[null,null,{"$f":"IFERROR(VLOOKUP(B122,ورقة1!$I$3:$K$1048576,2,0),)","v":0},{"$f":"IFERROR(VLOOKUP(B122,ورقة1!$I$3:$K$1048576,3,0),0)","v":0},null,0]
[null,null,{"$f":"IFERROR(VLOOKUP(B123,ورقة1!$I$3:$K$1048576,2,0),)","v":0},{"$f":"IFERROR(VLOOKUP(B123,ورقة1!$I$3:$K$1048576,3,0),0)","v":0},null,0]
[null,null,{"$f":"IFERROR(VLOOKUP(B124,ورقة1!$I$3:$K$1048576,2,0),)","v":0},{"$f":"IFERROR(VLOOKUP(B124,ورقة1!$I$3:$K$1048576,3,0),0)","v":0},null,0]
[null,null,{"$f":"IFERROR(VLOOKUP(B125,ورقة1!$I$3:$K$1048576,2,0),)","v":0},{"$f":"IFERROR(VLOOKUP(B125,ورقة1!$I$3:$K$1048576,3,0),0)","v":0},null,0]
[null,null,{"$f":"IFERROR(VLOOKUP(B126,ورقة1!$I$3:$K$1048576,2,0),)","v":0},{"$f":"IFERROR(VLOOKUP(B126,ورقة1!$I$3:$K$1048576,3,0),0)","v":0},null,0]
[null,null,{"$f":"IFERROR(VLOOKUP(B127,ورقة1!$I$3:$K$1048576,2,0),)","v":0},{"$f":"IFERROR(VLOOKUP(B127,ورقة1!$I$3:$K$1048576,3,0),0)","v":0},null,0]
[null,null,{"$f":"IFERROR(VLOOKUP(B128,ورقة1!$I$3:$K$1048576,2,0),)","v":0},{"$f":"IFERROR(VLOOKUP(B128,ورقة1!$I$3:$K$1048576,3,0),0)","v":0},null,0]
[null,null,{"$f":"IFERROR(VLOOKUP(B129,ورقة1!$I$3:$K$1048576,2,0),)","v":0},{"$f":"IFERROR(VLOOKUP(B129,ورقة1!$I$3:$K$1048576,3,0),0)","v":0},null,0]
[null,null,{"$f":"IFERROR(VLOOKUP(B130,ورقة1!$I$3:$K$1048576,2,0),)","v":0},{"$f":"IFERROR(VLOOKUP(B130,ورقة1!$I$3:$K$1048576,3,0),0)","v":0},null,0]
[null,null,{"$f":"IFERROR(VLOOKUP(B131,ورقة1!$I$3:$K$1048576,2,0),)","v":0},{"$f":"IFERROR(VLOOKUP(B131,ورقة1!$I$3:$K$1048576,3,0),0)","v":0},null,0]
[null,null,{"$f":"IFERROR(VLOOKUP(B132,ورقة1!$I$3:$K$1048576,2,0),)","v":0},{"$f":"IFERROR(VLOOKUP(B132,ورقة1!$I$3:$K$1048576,3,0),0)","v":0},null,0]
[null,null,{"$f":"IFERROR(VLOOKUP(B133,ورقة1!$I$3:$K$1048576,2,0),)","v":0},{"$f":"IFERROR(VLOOKUP(B133,ورقة1!$I$3:$K$1048576,3,0),0)","v":0},null,0]
[null,null,{"$f":"IFERROR(VLOOKUP(B134,ورقة1!$I$3:$K$1048576,2,0),)","v":0},{"$f":"IFERROR(VLOOKUP(B134,ورقة1!$I$3:$K$1048576,3,0),0)","v":0},null,0]
[null,null,{"$f":"IFERROR(VLOOKUP(B135,ورقة1!$I$3:$K$1048576,2,0),)","v":0},{"$f":"IFERROR(VLOOKUP(B135,ورقة1!$I$3:$K$1048576,3,0),0)","v":0},null,0]
[null,null,{"$f":"IFERROR(VLOOKUP(B136,ورقة1!$I$3:$K$1048576,2,0),)","v":0},{"$f":"IFERROR(VLOOKUP(B136,ورقة1!$I$3:$K$1048576,3,0),0)","v":0},null,0]
[null,"إجمالى الفاتورة",null,{"$f":"SUM(F113:F136)","v":0}]
[null,"معدل الخصم",null,{"$f":"D139/D137","v":{"$error":"#DIV/0!"}}]
[null,"قيمة الخصم"]
[null,"صافى قيمة الفاتورة",null,{"$f":"D137-D139","v":0}]
[]
[null,"رقم الفاتورة",{"$f":"C107+1","v":104},"المندوب",{"$f":"IFERROR(VLOOKUP(C145,ورقة1!$B$2:$G$1048576,3,0),)","v":0}]
[null,"التاريخ",null,"المشرف",{"$f":"IFERROR(VLOOKUP(C145,ورقة1!$B$2:$G$1048576,4,0),)","v":0}]
[null,"نوع السند",null,"الفئة الاساسية",{"$f":"IFERROR(VLOOKUP(C145,ورقة1!$B$2:$G$1048576,5,0),)","v":0}]
[null,"كود العميل",null,"الفئة الفرعية",{"$f":"IFERROR(VLOOKUP(C145,ورقة1!$B$2:$G$1048576,6,0),)","v":0}]
[null,"العميل",{"$f":"IFERROR(VLOOKUP(C145,ورقة1!$B$3:$G$1048576,2,0),)","v":0}]
[null,"الكود","الصنف","السعر ","الكمية","الاجمالى"]
[null,null,{"$f":"IFERROR(VLOOKUP(B148,ورقة1!$I$3:$K$1048576,2,0),)","v":0},{"$f":"IFERROR(VLOOKUP(B148,ورقة1!$I$3:$K$1048576,3,0),0)","v":0},null,{"$f":"D148*E148","v":0}]
[null,null,{"$f":"IFERROR(VLOOKUP(B149,ورقة1!$I$3:$K$1048576,2,0),)","v":0},{"$f":"IFERROR(VLOOKUP(B149,ورقة1!$I$3:$K$1048576,3,0),0)","v":0},null,{"$f":"D149*E149","v":0}]
[null,null,{"$f":"IFERROR(VLOOKUP(B150,ورقة1!$I$3:$K$1048576,2,0),)","v":0},{"$f":"IFERROR(VLOOKUP(B150,ورقة1!$I$3:$K$1048576,3,0),0)","v":0},null,0]
[null,null,{"$f":"IFERROR(VLOOKUP(B151,ورقة1!$I$3:$K$1048576,2,0),)","v":0},{"$f":"IFERROR(VLOOKUP(B151,ورقة1!$I$3:$K$1048576,3,0),0)","v":0},null,0]
[null,null,{"$f":"IFERROR(VLOOKUP(B152,ورقة1!$I$3:$K$1048576,2,0),)","v":0},{"$f":"IFERROR(VLOOKUP(B152,ورقة1!$I$3:$K$1048576,3,0),0)","v":0},null,0]
[null,null,{"$f":"IFERROR(VLOOKUP(B153,ورقة1!$I$3:$K$1048576,2,0),)","v":0},{"$f":"IFERROR(VLOOKUP(B153,ورقة1!$I$3:$K$1048576,3,0),0)","v":0},null,0]
[null,null,{"$f":"IFERROR(VLOOKUP(B154,ورقة1!$I$3:$K$1048576,2,0),)","v":0},{"$f":"IFERROR(VLOOKUP(B154,ورقة1!$I$3:$K$1048576,3,0),0)","v":0},null,0]
[null,null,{"$f":"IFERROR(VLOOKUP(B155,ورقة1!$I$3:$K$1048576,2,0),)","v":0},{"$f":"IFERROR(VLOOKUP(B155,ورقة1!$I$3:$K$1048576,3,0),0)","v":0},null,0]
[null,null,{"$f":"IFERROR(VLOOKUP(B156,ورقة1!$I$3:$K$1048576,2,0),)","v":0},{"$f":"IFERROR(VLOOKUP(B156,ورقة1!$I$3:$K$1048576,3,0),0)","v":0},null,0]
[null,null,{"$f":"IFERROR(VLOOKUP(B157,ورقة1!$I$3:$K$1048576,2,0),)","v":0},{"$f":"IFERROR(VLOOKUP(B157,ورقة1!$I$3:$K$1048576,3,0),0)","v":0},null,0]
[null,null,{"$f":"IFERROR(VLOOKUP(B158,ورقة1!$I$3:$K$1048576,2,0),)","v":0},{"$f":"IFERROR(VLOOKUP(B158,ورقة1!$I$3:$K$1048576,3,0),0)","v":0},null,0]
[null,null,{"$f":"IFERROR(VLOOKUP(B159,ورقة1!$I$3:$K$1048576,2,0),)","v":0},{"$f":"IFERROR(VLOOKUP(B159,ورقة1!$I$3:$K$1048576,3,0),0)","v":0},null,0]
[null,null,{"$f":"IFERROR(VLOOKUP(B160,ورقة1!$I$3:$K$1048576,2,0),)","v":0},{"$f":"IFERROR(VLOOKUP(B160,ورقة1!$I$3:$K$1048576,3,0),0)","v":0},null,0]
[null,null,{"$f":"IFERROR(VLOOKUP(B161,ورقة1!$I$3:$K$1048576,2,0),)","v":0},{"$f":"IFERROR(VLOOKUP(B161,ورقة1!$I$3:$K$1048576,3,0),0)","v":0},null,0]
[null,null,{"$f":"IFERROR(VLOOKUP(B162,ورقة1!$I$3:$K$1048576,2,0),)","v":0},{"$f":"IFERROR(VLOOKUP(B162,ورقة1!$I$3:$K$1048576,3,0),0)","v":0},null,0]
[null,null,{"$f":"IFERROR(VLOOKUP(B163,ورقة1!$I$3:$K$1048576,2,0),)","v":0},{"$f":"IFERROR(VLOOKUP(B163,ورقة1!$I$3:$K$1048576,3,0),0)","v":0},null,0]
[null,null,{"$f":"IFERROR(VLOOKUP(B164,ورقة1!$I$3:$K$1048576,2,0),)","v":0},{"$f":"IFERROR(VLOOKUP(B164,ورقة1!$I$3:$K$1048576,3,0),0)","v":0},null,0]
[null,null,{"$f":"IFERROR(VLOOKUP(B165,ورقة1!$I$3:$K$1048576,2,0),)","v":0},{"$f":"IFERROR(VLOOKUP(B165,ورقة1!$I$3:$K$1048576,3,0),0)","v":0},null,0]
[null,null,{"$f":"IFERROR(VLOOKUP(B166,ورقة1!$I$3:$K$1048576,2,0),)","v":0},{"$f":"IFERROR(VLOOKUP(B166,ورقة1!$I$3:$K$1048576,3,0),0)","v":0},null,0]
[null,null,{"$f":"IFERROR(VLOOKUP(B167,ورقة1!$I$3:$K$1048576,2,0),)","v":0},{"$f":"IFERROR(VLOOKUP(B167,ورقة1!$I$3:$K$1048576,3,0),0)","v":0},null,0]
[null,null,{"$f":"IFERROR(VLOOKUP(B168,ورقة1!$I$3:$K$1048576,2,0),)","v":0},{"$f":"IFERROR(VLOOKUP(B168,ورقة1!$I$3:$K$1048576,3,0),0)","v":0},null,0]
[null,null,{"$f":"IFERROR(VLOOKUP(B169,ورقة1!$I$3:$K$1048576,2,0),)","v":0},{"$f":"IFERROR(VLOOKUP(B169,ورقة1!$I$3:$K$1048576,3,0),0)","v":0},null,0]
[null,null,{"$f":"IFERROR(VLOOKUP(B170,ورقة1!$I$3:$K$1048576,2,0),)","v":0},{"$f":"IFERROR(VLOOKUP(B170,ورقة1!$I$3:$K$1048576,3,0),0)","v":0},null,0]
[null,null,{"$f":"IFERROR(VLOOKUP(B171,ورقة1!$I$3:$K$1048576,2,0),)","v":0},{"$f":"IFERROR(VLOOKUP(B171,ورقة1!$I$3:$K$1048576,3,0),0)","v":0},null,0]
[null,"إجمالى الفاتورة",null,{"$f":"SUM(F148:F171)","v":0}]
[null,"معدل الخصم",null,{"$f":"D174/D172","v":{"$error":"#DIV/0!"}}]
[null,"قيمة الخصم"]
[null,"صافى قيمة الفاتورة",null,{"$f":"D172-D174","v":0}]
[]
[null,"رقم الفاتورة",{"$f":"C142+1","v":105},"المندوب",{"$f":"IFERROR(VLOOKUP(C180,ورقة1!$B$2:$G$1048576,3,0),)","v":0}]
[null,"التاريخ",null,"المشرف",{"$f":"IFERROR(VLOOKUP(C180,ورقة1!$B$2:$G$1048576,4,0),)","v":0}]
[null,"نوع السند",null,"الفئة الاساسية",{"$f":"IFERROR(VLOOKUP(C180,ورقة1!$B$2:$G$1048576,5,0),)","v":0}]
[null,"كود العميل",null,"الفئة الفرعية",{"$f":"IFERROR(VLOOKUP(C180,ورقة1!$B$2:$G$1048576,6,0),)","v":0}]
[null,"العميل",{"$f":"IFERROR(VLOOKUP(C180,ورقة1!$B$3:$G$1048576,2,0),)","v":0}]
[null,"الكود","الصنف","السعر ","الكمية","الاجمالى"]
[null,null,{"$f":"IFERROR(VLOOKUP(B183,ورقة1!$I$3:$K$1048576,2,0),)","v":0},{"$f":"IFERROR(VLOOKUP(B183,ورقة1!$I$3:$K$1048576,3,0),0)","v":0},null,{"$f":"D183*E183","v":0}]
[null,null,{"$f":"IFERROR(VLOOKUP(B184,ورقة1!$I$3:$K$1048576,2,0),)","v":0},{"$f":"IFERROR(VLOOKUP(B184,ورقة1!$I$3:$K$1048576,3,0),0)","v":0},null,{"$f":"D184*E184","v":0}]
[null,null,{"$f":"IFERROR(VLOOKUP(B185,ورقة1!$I$3:$K$1048576,2,0),)","v":0},{"$f":"IFERROR(VLOOKUP(B185,ورقة1!$I$3:$K$1048576,3,0),0)","v":0},null,0]
[null,null,{"$f":"IFERROR(VLOOKUP(B186,ورقة1!$I$3:$K$1048576,2,0),)","v":0},{"$f":"IFERROR(VLOOKUP(B186,ورقة1!$I$3:$K$1048576,3,0),0)","v":0},null,0]
[null,null,{"$f":"IFERROR(VLOOKUP(B187,ورقة1!$I$3:$K$1048576,2,0),)","v":0},{"$f":"IFERROR(VLOOKUP(B187,ورقة1!$I$3:$K$1048576,3,0),0)","v":0},null,0]
[null,null,{"$f":"IFERROR(VLOOKUP(B188,ورقة1!$I$3:$K$1048576,2,0),)","v":0},{"$f":"IFERROR(VLOOKUP(B188,ورقة1!$I$3:$K$1048576,3,0),0)","v":0},null,0]
[null,null,{"$f":"IFERROR(VLOOKUP(B189,ورقة1!$I$3:$K$1048576,2,0),)","v":0},{"$f":"IFERROR(VLOOKUP(B189,ورقة1!$I$3:$K$1048576,3,0),0)","v":0},null,0]
[null,null,{"$f":"IFERROR(VLOOKUP(B190,ورقة1!$I$3:$K$1048576,2,0),)","v":0},{"$f":"IFERROR(VLOOKUP(B190,ورقة1!$I$3:$K$1048576,3,0),0)","v":0},null,0]
[null,null,{"$f":"IFERROR(VLOOKUP(B191,ورقة1!$I$3:$K$1048576,2,0),)","v":0},{"$f":"IFERROR(VLOOKUP(B191,ورقة1!$I$3:$K$1048576,3,0),0)","v":0},null,0]
[null,null,{"$f":"IFERROR(VLOOKUP(B192,ورقة1!$I$3:$K$1048576,2,0),)","v":0},{"$f":"IFERROR(VLOOKUP(B192,ورقة1!$I$3:$K$1048576,3,0),0)","v":0},null,0]
[null,null,{"$f":"IFERROR(VLOOKUP(B193,ورقة1!$I$3:$K$1048576,2,0),)","v":0},{"$f":"IFERROR(VLOOKUP(B193,ورقة1!$I$3:$K$1048576,3,0),0)","v":0},null,0]
[null,null,{"$f":"IFERROR(VLOOKUP(B194,ورقة1!$I$3:$K$1048576,2,0),)","v":0},{"$f":"IFERROR(VLOOKUP(B194,ورقة1!$I$3:$K$1048576,3,0),0)","v":0},null,0]
[null,null,{"$f":"IFERROR(VLOOKUP(B195,ورقة1!$I$3:$K$1048576,2,0),)","v":0},{"$f":"IFERROR(VLOOKUP(B195,ورقة1!$I$3:$K$1048576,3,0),0)","v":0},null,0]
[null,null,{"$f":"IFERROR(VLOOKUP(B196,ورقة1!$I$3:$K$1048576,2,0),)","v":0},{"$f":"IFERROR(VLOOKUP(B196,ورقة1!$I$3:$K$1048576,3,0),0)","v":0},null,0]
[null,null,{"$f":"IFERROR(VLOOKUP(B197,ورقة1!$I$3:$K$1048576,2,0),)","v":0},{"$f":"IFERROR(VLOOKUP(B197,ورقة1!$I$3:$K$1048576,3,0),0)","v":0},null,0]
[null,null,{"$f":"IFERROR(VLOOKUP(B198,ورقة1!$I$3:$K$1048576,2,0),)","v":0},{"$f":"IFERROR(VLOOKUP(B198,ورقة1!$I$3:$K$1048576,3,0),0)","v":0},null,0]
[null,null,{"$f":"IFERROR(VLOOKUP(B199,ورقة1!$I$3:$K$1048576,2,0),)","v":0},{"$f":"IFERROR(VLOOKUP(B199,ورقة1!$I$3:$K$1048576,3,0),0)","v":0},null,0]
[null,null,{"$f":"IFERROR(VLOOKUP(B200,ورقة1!$I$3:$K$1048576,2,0),)","v":0},{"$f":"IFERROR(VLOOKUP(B200,ورقة1!$I$3:$K$1048576,3,0),0)","v":0},null,0]
[null,null,{"$f":"IFERROR(VLOOKUP(B201,ورقة1!$I$3:$K$1048576,2,0),)","v":0},{"$f":"IFERROR(VLOOKUP(B201,ورقة1!$I$3:$K$1048576,3,0),0)","v":0},null,0]
[null,null,{"$f":"IFERROR(VLOOKUP(B202,ورقة1!$I$3:$K$1048576,2,0),)","v":0},{"$f":"IFERROR(VLOOKUP(B202,ورقة1!$I$3:$K$1048576,3,0),0)","v":0},null,0]
[null,null,{"$f":"IFERROR(VLOOKUP(B203,ورقة1!$I$3:$K$1048576,2,0),)","v":0},{"$f":"IFERROR(VLOOKUP(B203,ورقة1!$I$3:$K$1048576,3,0),0)","v":0},null,0]
[null,null,{"$f":"IFERROR(VLOOKUP(B204,ورقة1!$I$3:$K$1048576,2,0),)","v":0},{"$f":"IFERROR(VLOOKUP(B204,ورقة1!$I$3:$K$1048576,3,0),0)","v":0},null,0]
[null,null,{"$f":"IFERROR(VLOOKUP(B205,ورقة1!$I$3:$K$1048576,2,0),)","v":0},{"$f":"IFERROR(VLOOKUP(B205,ورقة1!$I$3:$K$1048576,3,0),0)","v":0},null,0]
[null,null,{"$f":"IFERROR(VLOOKUP(B206,ورقة1!$I$3:$K$1048576,2,0),)","v":0},{"$f":"IFERROR(VLOOKUP(B206,ورقة1!$I$3:$K$1048576,3,0),0)","v":0},null,0]
[null,"إجمالى الفاتورة",null,{"$f":"SUM(F183:F206)","v":0}]
[null,"معدل الخصم",null,{"$f":"D209/D207","v":{"$error":"#DIV/0!"}}]
[null,"قيمة الخصم"]
[null,"صافى قيمة الفاتورة",null,{"$f":"D207-D209","v":0}]
[]
[null,"رقم الفاتورة",{"$f":"C177+1","v":106},"المندوب",{"$f":"IFERROR(VLOOKUP(C215,ورقة1!$B$2:$G$1048576,3,0),)","v":0}]
[null,"التاريخ",null,"المشرف",{"$f":"IFERROR(VLOOKUP(C215,ورقة1!$B$2:$G$1048576,4,0),)","v":0}]
[null,"نوع السند",null,"الفئة الاساسية",{"$f":"IFERROR(VLOOKUP(C215,ورقة1!$B$2:$G$1048576,5,0),)","v":0}]
[null,"كود العميل",null,"الفئة الفرعية",{"$f":"IFERROR(VLOOKUP(C215,ورقة1!$B$2:$G$1048576,6,0),)","v":0}]
[null,"العميل",{"$f":"IFERROR(VLOOKUP(C215,ورقة1!$B$3:$G$1048576,2,0),)","v":0}]
[null,"الكود","الصنف","السعر ","الكمية","الاجمالى"]
[null,null,{"$f":"IFERROR(VLOOKUP(B218,ورقة1!$I$3:$K$1048576,2,0),)","v":0},{"$f":"IFERROR(VLOOKUP(B218,ورقة1!$I$3:$K$1048576,3,0),0)","v":0},null,{"$f":"D218*E218","v":0}]
[null,null,{"$f":"IFERROR(VLOOKUP(B219,ورقة1!$I$3:$K$1048576,2,0),)","v":0},{"$f":"IFERROR(VLOOKUP(B219,ورقة1!$I$3:$K$1048576,3,0),0)","v":0},null,{"$f":"D219*E219","v":0}]
[null,null,{"$f":"IFERROR(VLOOKUP(B220,ورقة1!$I$3:$K$1048576,2,0),)","v":0},{"$f":"IFERROR(VLOOKUP(B220,ورقة1!$I$3:$K$1048576,3,0),0)","v":0},null,0]
[null,null,{"$f":"IFERROR(VLOOKUP(B221,ورقة1!$I$3:$K$1048576,2,0),)","v":0},{"$f":"IFERROR(VLOOKUP(B221,ورقة1!$I$3:$K$1048576,3,0),0)","v":0},null,0]
[null,null,{"$f":"IFERROR(VLOOKUP(B222,ورقة1!$I$3:$K$1048576,2,0),)","v":0},{"$f":"IFERROR(VLOOKUP(B222,ورقة1!$I$3:$K$1048576,3,0),0)","v":0},null,0]
[null,null,{"$f":"IFERROR(VLOOKUP(B223,ورقة1!$I$3:$K$1048576,2,0),)","v":0},{"$f":"IFERROR(VLOOKUP(B223,ورقة1!$I$3:$K$1048576,3,0),0)","v":0},null,0]
[null,null,{"$f":"IFERROR(VLOOKUP(B224,ورقة1!$I$3:$K$1048576,2,0),)","v":0},{"$f":"IFERROR(VLOOKUP(B224,ورقة1!$I$3:$K$1048576,3,0),0)","v":0},null,0]
[null,null,{"$f":"IFERROR(VLOOKUP(B225,ورقة1!$I$3:$K$1048576,2,0),)","v":0},{"$f":"IFERROR(VLOOKUP(B225,ورقة1!$I$3:$K$1048576,3,0),0)","v":0},null,0]
[null,null,{"$f":"IFERROR(VLOOKUP(B226,ورقة1!$I$3:$K$1048576,2,0),)","v":0},{"$f":"IFERROR(VLOOKUP(B226,ورقة1!$I$3:$K$1048576,3,0),0)","v":0},null,0]
[null,null,{"$f":"IFERROR(VLOOKUP(B227,ورقة1!$I$3:$K$1048576,2,0),)","v":0},{"$f":"IFERROR(VLOOKUP(B227,ورقة1!$I$3:$K$1048576,3,0),0)","v":0},null,0]
[null,null,{"$f":"IFERROR(VLOOKUP(B228,ورقة1!$I$3:$K$1048576,2,0),)","v":0},{"$f":"IFERROR(VLOOKUP(B228,ورقة1!$I$3:$K$1048576,3,0),0)","v":0},null,0]
[null,null,{"$f":"IFERROR(VLOOKUP(B229,ورقة1!$I$3:$K$1048576,2,0),)","v":0},{"$f":"IFERROR(VLOOKUP(B229,ورقة1!$I$3:$K$1048576,3,0),0)","v":0},null,0]
[null,null,{"$f":"IFERROR(VLOOKUP(B230,ورقة1!$I$3:$K$1048576,2,0),)","v":0},{"$f":"IFERROR(VLOOKUP(B230,ورقة1!$I$3:$K$1048576,3,0),0)","v":0},null,0]
[null,null,{"$f":"IFERROR(VLOOKUP(B231,ورقة1!$I$3:$K$1048576,2,0),)","v":0},{"$f":"IFERROR(VLOOKUP(B231,ورقة1!$I$3:$K$1048576,3,0),0)","v":0},null,0]
[null,null,{"$f":"IFERROR(VLOOKUP(B232,ورقة1!$I$3:$K$1048576,2,0),)","v":0},{"$f":"IFERROR(VLOOKUP(B232,ورقة1!$I$3:$K$1048576,3,0),0)","v":0},null,0]
[null,null,{"$f":"IFERROR(VLOOKUP(B233,ورقة1!$I$3:$K$1048576,2,0),)","v":0},{"$f":"IFERROR(VLOOKUP(B233,ورقة1!$I$3:$K$1048576,3,0),0)","v":0},null,0]
[null,null,{"$f":"IFERROR(VLOOKUP(B234,ورقة1!$I$3:$K$1048576,2,0),)","v":0},{"$f":"IFERROR(VLOOKUP(B234,ورقة1!$I$3:$K$1048576,3,0),0)","v":0},null,0]
[null,null,{"$f":"IFERROR(VLOOKUP(B235,ورقة1!$I$3:$K$1048576,2,0),)","v":0},{"$f":"IFERROR(VLOOKUP(B235,ورقة1!$I$3:$K$1048576,3,0),0)","v":0},null,0]
[null,null,{"$f":"IFERROR(VLOOKUP(B236,ورقة1!$I$3:$K$1048576,2,0),)","v":0},{"$f":"IFERROR(VLOOKUP(B236,ورقة1!$I$3:$K$1048576,3,0),0)","v":0},null,0]
[null,null,{"$f":"IFERROR(VLOOKUP(B237,ورقة1!$I$3:$K$1048576,2,0),)","v":0},{"$f":"IFERROR(VLOOKUP(B237,ورقة1!$I$3:$K$1048576,3,0),0)","v":0},null,0]
[null,null,{"$f":"IFERROR(VLOOKUP(B238,ورقة1!$I$3:$K$1048576,2,0),)","v":0},{"$f":"IFERROR(VLOOKUP(B238,ورقة1!$I$3:$K$1048576,3,0),0)","v":0},null,0]
[null,null,{"$f":"IFERROR(VLOOKUP(B239,ورقة1!$I$3:$K$1048576,2,0),)","v":0},{"$f":"IFERROR(VLOOKUP(B239,ورقة1!$I$3:$K$1048576,3,0),0)","v":0},null,0]
[null,null,{"$f":"IFERROR(VLOOKUP(B240,ورقة1!$I$3:$K$1048576,2,0),)","v":0},{"$f":"IFERROR(VLOOKUP(B240,ورقة1!$I$3:$K$1048576,3,0),0)","v":0},null,0]
[null,null,{"$f":"IFERROR(VLOOKUP(B241,ورقة1!$I$3:$K$1048576,2,0),)","v":0},{"$f":"IFERROR(VLOOKUP(B241,ورقة1!$I$3:$K$1048576,3,0),0)","v":0},null,0]
[null,"إجمالى الفاتورة",null,{"$f":"SUM(F218:F241)","v":0}]
[null,"معدل الخصم",null,{"$f":"D244/D242","v":{"$error":"#DIV/0!"}}]
[null,"قيمة الخصم"]
[null,"صافى قيمة الفاتورة",null,{"$f":"D242-D244","v":0}]
[]
[null,"رقم الفاتورة",{"$f":"C212+1","v":107},"المندوب",{"$f":"IFERROR(VLOOKUP(C250,ورقة1!$B$2:$G$1048576,3,0),)","v":0}]
[null,"التاريخ",null,"المشرف",{"$f":"IFERROR(VLOOKUP(C250,ورقة1!$B$2:$G$1048576,4,0),)","v":0}]
[null,"نوع السند",null,"الفئة الاساسية",{"$f":"IFERROR(VLOOKUP(C250,ورقة1!$B$2:$G$1048576,5,0),)","v":0}]
[null,"كود العميل",null,"الفئة الفرعية",{"$f":"IFERROR(VLOOKUP(C250,ورقة1!$B$2:$G$1048576,6,0),)","v":0}]
[null,"العميل",{"$f":"IFERROR(VLOOKUP(C250,ورقة1!$B$3:$G$1048576,2,0),)","v":0}]
[null,"الكود","الصنف","السعر ","الكمية","الاجمالى"]
[null,null,{"$f":"IFERROR(VLOOKUP(B253,ورقة1!$I$3:$K$1048576,2,0),)","v":0},{"$f":"IFERROR(VLOOKUP(B253,ورقة1!$I$3:$K$1048576,3,0),0)","v":0},null,{"$f":"D253*E253","v":0}]
[null,null,{"$f":"IFERROR(VLOOKUP(B254,ورقة1!$I$3:$K$1048576,2,0),)","v":0},{"$f":"IFERROR(VLOOKUP(B254,ورقة1!$I$3:$K$1048576,3,0),0)","v":0},null,{"$f":"D254*E254","v":0}]
[null,null,{"$f":"IFERROR(VLOOKUP(B255,ورقة1!$I$3:$K$1048576,2,0),)","v":0},{"$f":"IFERROR(VLOOKUP(B255,ورقة1!$I$3:$K$1048576,3,0),0)","v":0},null,0]
[null,null,{"$f":"IFERROR(VLOOKUP(B256,ورقة1!$I$3:$K$1048576,2,0),)","v":0},{"$f":"IFERROR(VLOOKUP(B256,ورقة1!$I$3:$K$1048576,3,0),0)","v":0},null,0]
[null,null,{"$f":"IFERROR(VLOOKUP(B257,ورقة1!$I$3:$K$1048576,2,0),)","v":0},{"$f":"IFERROR(VLOOKUP(B257,ورقة1!$I$3:$K$1048576,3,0),0)","v":0},null,0]
[null,null,{"$f":"IFERROR(VLOOKUP(B258,ورقة1!$I$3:$K$1048576,2,0),)","v":0},{"$f":"IFERROR(VLOOKUP(B258,ورقة1!$I$3:$K$1048576,3,0),0)","v":0},null,0]
[null,null,{"$f":"IFERROR(VLOOKUP(B259,ورقة1!$I$3:$K$1048576,2,0),)","v":0},{"$f":"IFERROR(VLOOKUP(B259,ورقة1!$I$3:$K$1048576,3,0),0)","v":0},null,0]
[null,null,{"$f":"IFERROR(VLOOKUP(B260,ورقة1!$I$3:$K$1048576,2,0),)","v":0},{"$f":"IFERROR(VLOOKUP(B260,ورقة1!$I$3:$K$1048576,3,0),0)","v":0},null,0]
[null,null,{"$f":"IFERROR(VLOOKUP(B261,ورقة1!$I$3:$K$1048576,2,0),)","v":0},{"$f":"IFERROR(VLOOKUP(B261,ورقة1!$I$3:$K$1048576,3,0),0)","v":0},null,0]
[null,null,{"$f":"IFERROR(VLOOKUP(B262,ورقة1!$I$3:$K$1048576,2,0),)","v":0},{"$f":"IFERROR(VLOOKUP(B262,ورقة1!$I$3:$K$1048576,3,0),0)","v":0},null,0]
[null,null,{"$f":"IFERROR(VLOOKUP(B263,ورقة1!$I$3:$K$1048576,2,0),)","v":0},{"$f":"IFERROR(VLOOKUP(B263,ورقة1!$I$3:$K$1048576,3,0),0)","v":0},null,0]
[null,null,{"$f":"IFERROR(VLOOKUP(B264,ورقة1!$I$3:$K$1048576,2,0),)","v":0},{"$f":"IFERROR(VLOOKUP(B264,ورقة1!$I$3:$K$1048576,3,0),0)","v":0},null,0]
[null,null,{"$f":"IFERROR(VLOOKUP(B265,ورقة1!$I$3:$K$1048576,2,0),)","v":0},{"$f":"IFERROR(VLOOKUP(B265,ورقة1!$I$3:$K$1048576,3,0),0)","v":0},null,0]
[null,null,{"$f":"IFERROR(VLOOKUP(B266,ورقة1!$I$3:$K$1048576,2,0),)","v":0},{"$f":"IFERROR(VLOOKUP(B266,ورقة1!$I$3:$K$1048576,3,0),0)","v":0},null,0]
[null,null,{"$f":"IFERROR(VLOOKUP(B267,ورقة1!$I$3:$K$1048576,2,0),)","v":0},{"$f":"IFERROR(VLOOKUP(B267,ورقة1!$I$3:$K$1048576,3,0),0)","v":0},null,0]
[null,null,{"$f":"IFERROR(VLOOKUP(B268,ورقة1!$I$3:$K$1048576,2,0),)","v":0},{"$f":"IFERROR(VLOOKUP(B268,ورقة1!$I$3:$K$1048576,3,0),0)","v":0},null,0]
[null,null,{"$f":"IFERROR(VLOOKUP(B269,ورقة1!$I$3:$K$1048576,2,0),)","v":0},{"$f":"IFERROR(VLOOKUP(B269,ورقة1!$I$3:$K$1048576,3,0),0)","v":0},null,0]
[null,null,{"$f":"IFERROR(VLOOKUP(B270,ورقة1!$I$3:$K$1048576,2,0),)","v":0},{"$f":"IFERROR(VLOOKUP(B270,ورقة1!$I$3:$K$1048576,3,0),0)","v":0},null,0]
[null,null,{"$f":"IFERROR(VLOOKUP(B271,ورقة1!$I$3:$K$1048576,2,0),)","v":0},{"$f":"IFERROR(VLOOKUP(B271,ورقة1!$I$3:$K$1048576,3,0),0)","v":0},null,0]
[null,null,{"$f":"IFERROR(VLOOKUP(B272,ورقة1!$I$3:$K$1048576,2,0),)","v":0},{"$f":"IFERROR(VLOOKUP(B272,ورقة1!$I$3:$K$1048576,3,0),0)","v":0},null,0]
[null,null,{"$f":"IFERROR(VLOOKUP(B273,ورقة1!$I$3:$K$1048576,2,0),)","v":0},{"$f":"IFERROR(VLOOKUP(B273,ورقة1!$I$3:$K$1048576,3,0),0)","v":0},null,0]
[null,null,{"$f":"IFERROR(VLOOKUP(B274,ورقة1!$I$3:$K$1048576,2,0),)","v":0},{"$f":"IFERROR(VLOOKUP(B274,ورقة1!$I$3:$K$1048576,3,0),0)","v":0},null,0]
[null,null,{"$f":"IFERROR(VLOOKUP(B275,ورقة1!$I$3:$K$1048576,2,0),)","v":0},{"$f":"IFERROR(VLOOKUP(B275,ورقة1!$I$3:$K$1048576,3,0),0)","v":0},null,0]
[null,null,{"$f":"IFERROR(VLOOKUP(B276,ورقة1!$I$3:$K$1048576,2,0),)","v":0},{"$f":"IFERROR(VLOOKUP(B276,ورقة1!$I$3:$K$1048576,3,0),0)","v":0},null,0]
[null,"إجمالى الفاتورة",null,{"$f":"SUM(F253:F276)","v":0}]
[null,"معدل الخصم",null,{"$f":"D279/D277","v":{"$error":"#DIV/0!"}}]
[null,"قيمة الخصم"]
[null,"صافى قيمة الفاتورة",null,{"$f":"D277-D279","v":0}]
[]
[null,"رقم الفاتورة",{"$f":"C247+1","v":108},"المندوب",{"$f":"IFERROR(VLOOKUP(C285,ورقة1!$B$2:$G$1048576,3,0),)","v":0}]
[null,"التاريخ",null,"المشرف",{"$f":"IFERROR(VLOOKUP(C285,ورقة1!$B$2:$G$1048576,4,0),)","v":0}]
[null,"نوع السند",null,"الفئة الاساسية",{"$f":"IFERROR(VLOOKUP(C285,ورقة1!$B$2:$G$1048576,5,0),)","v":0}]
[null,"كود العميل",null,"الفئة الفرعية",{"$f":"IFERROR(VLOOKUP(C285,ورقة1!$B$2:$G$1048576,6,0),)","v":0}]
[null,"العميل",{"$f":"IFERROR(VLOOKUP(C285,ورقة1!$B$3:$G$1048576,2,0),)","v":0}]
[null,"الكود","الصنف","السعر ","الكمية","الاجمالى"]
[null,null,{"$f":"IFERROR(VLOOKUP(B288,ورقة1!$I$3:$K$1048576,2,0),)","v":0},{"$f":"IFERROR(VLOOKUP(B288,ورقة1!$I$3:$K$1048576,3,0),0)","v":0},null,{"$f":"D288*E288","v":0}]
[null,null,{"$f":"IFERROR(VLOOKUP(B289,ورقة1!$I$3:$K$1048576,2,0),)","v":0},{"$f":"IFERROR(VLOOKUP(B289,ورقة1!$I$3:$K$1048576,3,0),0)","v":0},null,{"$f":"D289*E289","v":0}]
[null,null,{"$f":"IFERROR(VLOOKUP(B290,ورقة1!$I$3:$K$1048576,2,0),)","v":0},{"$f":"IFERROR(VLOOKUP(B290,ورقة1!$I$3:$K$1048576,3,0),0)","v":0},null,0]
[null,null,{"$f":"IFERROR(VLOOKUP(B291,ورقة1!$I$3:$K$1048576,2,0),)","v":0},{"$f":"IFERROR(VLOOKUP(B291,ورقة1!$I$3:$K$1048576,3,0),0)","v":0},null,0]
[null,null,{"$f":"IFERROR(VLOOKUP(B292,ورقة1!$I$3:$K$1048576,2,0),)","v":0},{"$f":"IFERROR(VLOOKUP(B292,ورقة1!$I$3:$K$1048576,3,0),0)","v":0},null,0]
[null,null,{"$f":"IFERROR(VLOOKUP(B293,ورقة1!$I$3:$K$1048576,2,0),)","v":0},{"$f":"IFERROR(VLOOKUP(B293,ورقة1!$I$3:$K$1048576,3,0),0)","v":0},null,0]
[null,null,{"$f":"IFERROR(VLOOKUP(B294,ورقة1!$I$3:$K$1048576,2,0),)","v":0},{"$f":"IFERROR(VLOOKUP(B294,ورقة1!$I$3:$K$1048576,3,0),0)","v":0},null,0]
[null,null,{"$f":"IFERROR(VLOOKUP(B295,ورقة1!$I$3:$K$1048576,2,0),)","v":0},{"$f":"IFERROR(VLOOKUP(B295,ورقة1!$I$3:$K$1048576,3,0),0)","v":0},null,0]
[null,null,{"$f":"IFERROR(VLOOKUP(B296,ورقة1!$I$3:$K$1048576,2,0),)","v":0},{"$f":"IFERROR(VLOOKUP(B296,ورقة1!$I$3:$K$1048576,3,0),0)","v":0},null,0]
[null,null,{"$f":"IFERROR(VLOOKUP(B297,ورقة1!$I$3:$K$1048576,2,0),)","v":0},{"$f":"IFERROR(VLOOKUP(B297,ورقة1!$I$3:$K$1048576,3,0),0)","v":0},null,0]
[null,null,{"$f":"IFERROR(VLOOKUP(B298,ورقة1!$I$3:$K$1048576,2,0),)","v":0},{"$f":"IFERROR(VLOOKUP(B298,ورقة1!$I$3:$K$1048576,3,0),0)","v":0},null,0]
[null,null,{"$f":"IFERROR(VLOOKUP(B299,ورقة1!$I$3:$K$1048576,2,0),)","v":0},{"$f":"IFERROR(VLOOKUP(B299,ورقة1!$I$3:$K$1048576,3,0),0)","v":0},null,0]
[null,null,{"$f":"IFERROR(VLOOKUP(B300,ورقة1!$I$3:$K$1048576,2,0),)","v":0},{"$f":"IFERROR(VLOOKUP(B300,ورقة1!$I$3:$K$1048576,3,0),0)","v":0},null,0]
[null,null,{"$f":"IFERROR(VLOOKUP(B301,ورقة1!$I$3:$K$1048576,2,0),)","v":0},{"$f":"IFERROR(VLOOKUP(B301,ورقة1!$I$3:$K$1048576,3,0),0)","v":0},null,0]
[null,null,{"$f":"IFERROR(VLOOKUP(B302,ورقة1!$I$3:$K$1048576,2,0),)","v":0},{"$f":"IFERROR(VLOOKUP(B302,ورقة1!$I$3:$K$1048576,3,0),0)","v":0},null,0]
[null,null,{"$f":"IFERROR(VLOOKUP(B303,ورقة1!$I$3:$K$1048576,2,0),)","v":0},{"$f":"IFERROR(VLOOKUP(B303,ورقة1!$I$3:$K$1048576,3,0),0)","v":0},null,0]
[null,null,{"$f":"IFERROR(VLOOKUP(B304,ورقة1!$I$3:$K$1048576,2,0),)","v":0},{"$f":"IFERROR(VLOOKUP(B304,ورقة1!$I$3:$K$1048576,3,0),0)","v":0},null,0]
[null,null,{"$f":"IFERROR(VLOOKUP(B305,ورقة1!$I$3:$K$1048576,2,0),)","v":0},{"$f":"IFERROR(VLOOKUP(B305,ورقة1!$I$3:$K$1048576,3,0),0)","v":0},null,0]
[null,null,{"$f":"IFERROR(VLOOKUP(B306,ورقة1!$I$3:$K$1048576,2,0),)","v":0},{"$f":"IFERROR(VLOOKUP(B306,ورقة1!$I$3:$K$1048576,3,0),0)","v":0},null,0]
[null,null,{"$f":"IFERROR(VLOOKUP(B307,ورقة1!$I$3:$K$1048576,2,0),)","v":0},{"$f":"IFERROR(VLOOKUP(B307,ورقة1!$I$3:$K$1048576,3,0),0)","v":0},null,0]
[null,null,{"$f":"IFERROR(VLOOKUP(B308,ورقة1!$I$3:$K$1048576,2,0),)","v":0},{"$f":"IFERROR(VLOOKUP(B308,ورقة1!$I$3:$K$1048576,3,0),0)","v":0},null,0]
[null,null,{"$f":"IFERROR(VLOOKUP(B309,ورقة1!$I$3:$K$1048576,2,0),)","v":0},{"$f":"IFERROR(VLOOKUP(B309,ورقة1!$I$3:$K$1048576,3,0),0)","v":0},null,0]
[null,null,{"$f":"IFERROR(VLOOKUP(B310,ورقة1!$I$3:$K$1048576,2,0),)","v":0},{"$f":"IFERROR(VLOOKUP(B310,ورقة1!$I$3:$K$1048576,3,0),0)","v":0},null,0]
[null,null,{"$f":"IFERROR(VLOOKUP(B311,ورقة1!$I$3:$K$1048576,2,0),)","v":0},{"$f":"IFERROR(VLOOKUP(B311,ورقة1!$I$3:$K$1048576,3,0),0)","v":0},null,0]
[null,"إجمالى الفاتورة",null,{"$f":"SUM(F288:F311)","v":0}]
[null,"معدل الخصم",null,{"$f":"D314/D312","v":{"$error":"#DIV/0!"}}]
[null,"قيمة الخصم"]
[null,"صافى قيمة الفاتورة",null,{"$f":"D312-D314","v":0}]
[]
[null,"رقم الفاتورة",{"$f":"C282+1","v":109},"المندوب",{"$f":"IFERROR(VLOOKUP(C320,ورقة1!$B$2:$G$1048576,3,0),)","v":0}]
[null,"التاريخ",null,"المشرف",{"$f":"IFERROR(VLOOKUP(C320,ورقة1!$B$2:$G$1048576,4,0),)","v":0}]
[null,"نوع السند",null,"الفئة الاساسية",{"$f":"IFERROR(VLOOKUP(C320,ورقة1!$B$2:$G$1048576,5,0),)","v":0}]
[null,"كود العميل",null,"الفئة الفرعية",{"$f":"IFERROR(VLOOKUP(C320,ورقة1!$B$2:$G$1048576,6,0),)","v":0}]
[null,"العميل",{"$f":"IFERROR(VLOOKUP(C320,ورقة1!$B$3:$G$1048576,2,0),)","v":0}]
[null,"الكود","الصنف","السعر ","الكمية","الاجمالى"]
[null,null,{"$f":"IFERROR(VLOOKUP(B323,ورقة1!$I$3:$K$1048576,2,0),)","v":0},{"$f":"IFERROR(VLOOKUP(B323,ورقة1!$I$3:$K$1048576,3,0),0)","v":0},null,{"$f":"D323*E323","v":0}]
[null,null,{"$f":"IFERROR(VLOOKUP(B324,ورقة1!$I$3:$K$1048576,2,0),)","v":0},{"$f":"IFERROR(VLOOKUP(B324,ورقة1!$I$3:$K$1048576,3,0),0)","v":0},null,{"$f":"D324*E324","v":0}]
[null,null,{"$f":"IFERROR(VLOOKUP(B325,ورقة1!$I$3:$K$1048576,2,0),)","v":0},{"$f":"IFERROR(VLOOKUP(B325,ورقة1!$I$3:$K$1048576,3,0),0)","v":0},null,0]
[null,null,{"$f":"IFERROR(VLOOKUP(B326,ورقة1!$I$3:$K$1048576,2,0),)","v":0},{"$f":"IFERROR(VLOOKUP(B326,ورقة1!$I$3:$K$1048576,3,0),0)","v":0},null,0]
[null,null,{"$f":"IFERROR(VLOOKUP(B327,ورقة1!$I$3:$K$1048576,2,0),)","v":0},{"$f":"IFERROR(VLOOKUP(B327,ورقة1!$I$3:$K$1048576,3,0),0)","v":0},null,0]
[null,null,{"$f":"IFERROR(VLOOKUP(B328,ورقة1!$I$3:$K$1048576,2,0),)","v":0},{"$f":"IFERROR(VLOOKUP(B328,ورقة1!$I$3:$K$1048576,3,0),0)","v":0},null,0]
[null,null,{"$f":"IFERROR(VLOOKUP(B329,ورقة1!$I$3:$K$1048576,2,0),)","v":0},{"$f":"IFERROR(VLOOKUP(B329,ورقة1!$I$3:$K$1048576,3,0),0)","v":0},null,0]
[null,null,{"$f":"IFERROR(VLOOKUP(B330,ورقة1!$I$3:$K$1048576,2,0),)","v":0},{"$f":"IFERROR(VLOOKUP(B330,ورقة1!$I$3:$K$1048576,3,0),0)","v":0},null,0]
[null,null,{"$f":"IFERROR(VLOOKUP(B331,ورقة1!$I$3:$K$1048576,2,0),)","v":0},{"$f":"IFERROR(VLOOKUP(B331,ورقة1!$I$3:$K$1048576,3,0),0)","v":0},null,0]
[null,null,{"$f":"IFERROR(VLOOKUP(B332,ورقة1!$I$3:$K$1048576,2,0),)","v":0},{"$f":"IFERROR(VLOOKUP(B332,ورقة1!$I$3:$K$1048576,3,0),0)","v":0},null,0]
[null,null,{"$f":"IFERROR(VLOOKUP(B333,ورقة1!$I$3:$K$1048576,2,0),)","v":0},{"$f":"IFERROR(VLOOKUP(B333,ورقة1!$I$3:$K$1048576,3,0),0)","v":0},null,0]
[null,null,{"$f":"IFERROR(VLOOKUP(B334,ورقة1!$I$3:$K$1048576,2,0),)","v":0},{"$f":"IFERROR(VLOOKUP(B334,ورقة1!$I$3:$K$1048576,3,0),0)","v":0},null,0]
[null,null,{"$f":"IFERROR(VLOOKUP(B335,ورقة1!$I$3:$K$1048576,2,0),)","v":0},{"$f":"IFERROR(VLOOKUP(B335,ورقة1!$I$3:$K$1048576,3,0),0)","v":0},null,0]
[null,null,{"$f":"IFERROR(VLOOKUP(B336,ورقة1!$I$3:$K$1048576,2,0),)","v":0},{"$f":"IFERROR(VLOOKUP(B336,ورقة1!$I$3:$K$1048576,3,0),0)","v":0},null,0]
[null,null,{"$f":"IFERROR(VLOOKUP(B337,ورقة1!$I$3:$K$1048576,2,0),)","v":0},{"$f":"IFERROR(VLOOKUP(B337,ورقة1!$I$3:$K$1048576,3,0),0)","v":0},null,0]
[null,null,{"$f":"IFERROR(VLOOKUP(B338,ورقة1!$I$3:$K$1048576,2,0),)","v":0},{"$f":"IFERROR(VLOOKUP(B338,ورقة1!$I$3:$K$1048576,3,0),0)","v":0},null,0]
[null,null,{"$f":"IFERROR(VLOOKUP(B339,ورقة1!$I$3:$K$1048576,2,0),)","v":0},{"$f":"IFERROR(VLOOKUP(B339,ورقة1!$I$3:$K$1048576,3,0),0)","v":0},null,0]
[null,null,{"$f":"IFERROR(VLOOKUP(B340,ورقة1!$I$3:$K$1048576,2,0),)","v":0},{"$f":"IFERROR(VLOOKUP(B340,ورقة1!$I$3:$K$1048576,3,0),0)","v":0},null,0]
[null,null,{"$f":"IFERROR(VLOOKUP(B341,ورقة1!$I$3:$K$1048576,2,0),)","v":0},{"$f":"IFERROR(VLOOKUP(B341,ورقة1!$I$3:$K$1048576,3,0),0)","v":0},null,0]
[null,null,{"$f":"IFERROR(VLOOKUP(B342,ورقة1!$I$3:$K$1048576,2,0),)","v":0},{"$f":"IFERROR(VLOOKUP(B342,ورقة1!$I$3:$K$1048576,3,0),0)","v":0},null,0]
[null,null,{"$f":"IFERROR(VLOOKUP(B343,ورقة1!$I$3:$K$1048576,2,0),)","v":0},{"$f":"IFERROR(VLOOKUP(B343,ورقة1!$I$3:$K$1048576,3,0),0)","v":0},null,0]
[null,null,{"$f":"IFERROR(VLOOKUP(B344,ورقة1!$I$3:$K$1048576,2,0),)","v":0},{"$f":"IFERROR(VLOOKUP(B344,ورقة1!$I$3:$K$1048576,3,0),0)","v":0},null,0]
[null,null,{"$f":"IFERROR(VLOOKUP(B345,ورقة1!$I$3:$K$1048576,2,0),)","v":0},{"$f":"IFERROR(VLOOKUP(B345,ورقة1!$I$3:$K$1048576,3,0),0)","v":0},null,0]
[null,null,{"$f":"IFERROR(VLOOKUP(B346,ورقة1!$I$3:$K$1048576,2,0),)","v":0},{"$f":"IFERROR(VLOOKUP(B346,ورقة1!$I$3:$K$1048576,3,0),0)","v":0},null,0]
[null,"إجمالى الفاتورة",null,{"$f":"SUM(F323:F346)","v":0}]
[null,"معدل الخصم",null,{"$f":"D349/D347","v":{"$error":"#DIV/0!"}}]
[null,"قيمة الخصم"]
[null,"صافى قيمة الفاتورة",null,{"$f":"D347-D349","v":0}]

{"sheet":"Return)1(","index":4,"n_rows":16,"n_cols":14,"rows_kept":16,"cut":false,"hidden":false,"merged":[[13,4,13,5],[13,6,13,7],[14,4,14,5],[14,6,14,7],[15,4,15,5],[15,6,15,7]]}
[]
[null,"التاريخ","رقم الفاتورة","نوع الفاتورة","المشرف","المندوب","كود العميل","العميل","صافى الفاتورة"," الخصم","الاجمالى","الفئة الاساسية","الفئة الفرعية","اسم الصفحة"]
[null,{"$f":"Return!C3","v":"2018-08-01"},{"$f":"Return!C2","v":100},{"$f":"Return!C4","v":"بالحساب"},{"$f":"Return!E3","v":2},{"$f":"Return!E2","v":2},{"$f":"Return!C5","v":100},{"$f":"Return!C6","v":"محل 1"},{"$f":"Return!D35","v":37},{"$f":"Return!D34","v":0},{"$f":"Return!D32","v":37},{"$f":"Return!E4","v":"محلات"},{"$f":"Return!E5","v":"محلات"},"Return)1("]
[null,{"$f":"Return!C38","v":"2018-08-01"},{"$f":"Return!C37","v":101},{"$f":"Return!C39","v":"بالحساب"},{"$f":"Return!E38","v":1},{"$f":"Return!E37","v":1},{"$f":"Return!C40","v":100},{"$f":"Return!C41","v":"محل 1"},{"$f":"Return!D70","v":61.85},{"$f":"Return!D69","v":0},{"$f":"Return!D67","v":61.85},{"$f":"Return!E39","v":"محلات"},{"$f":"Return!E40","v":"محلات"},"Return)1("]
[null,{"$f":"Return!C73","v":"00:00:00"},{"$f":"Return!C72","v":102},{"$f":"Return!C74","v":0},{"$f":"Return!E73","v":0},{"$f":"Return!E72","v":0},{"$f":"Return!C75","v":0},{"$f":"Return!C76","v":0},{"$f":"Return!D105","v":0},{"$f":"Return!D104","v":0},{"$f":"Return!D102","v":0},{"$f":"Return!E74","v":0},{"$f":"Return!E75","v":0},"Return)1("]
[null,{"$f":"Return!C108","v":"00:00:00"},{"$f":"Return!C107","v":103},{"$f":"Return!C109","v":0},{"$f":"Return!E108","v":0},{"$f":"Return!E107","v":0},{"$f":"Return!C110","v":0},{"$f":"Return!C111","v":0},{"$f":"Return!D140","v":0},{"$f":"Return!D139","v":0},{"$f":"Return!D137","v":0},{"$f":"Return!E109","v":0},{"$f":"Return!E110","v":0},"Return)1("]
[null,{"$f":"Return!C143","v":"00:00:00"},{"$f":"Return!C142","v":104},{"$f":"Return!C144","v":0},{"$f":"Return!E143","v":0},{"$f":"Return!E142","v":0},{"$f":"Return!C145","v":0},{"$f":"Return!C146","v":0},{"$f":"Return!D175","v":0},{"$f":"Return!D174","v":0},{"$f":"Return!D172","v":0},{"$f":"Return!E144","v":0},{"$f":"Return!E145","v":0},"Return)1("]
[null,{"$f":"Return!C178","v":"00:00:00"},{"$f":"Return!C177","v":105},{"$f":"Return!C179","v":0},{"$f":"Return!E178","v":0},{"$f":"Return!E177","v":0},{"$f":"Return!C180","v":0},{"$f":"Return!C181","v":0},{"$f":"Return!D210","v":0},{"$f":"Return!D209","v":0},{"$f":"Return!D207","v":0},{"$f":"Return!E179","v":0},{"$f":"Return!E180","v":0},"Return)1("]
[null,{"$f":"Return!C213","v":"00:00:00"},{"$f":"Return!C212","v":106},{"$f":"Return!C214","v":0},{"$f":"Return!E213","v":0},{"$f":"Return!E212","v":0},{"$f":"Return!C215","v":0},{"$f":"Return!C216","v":0},{"$f":"Return!D245","v":0},{"$f":"Return!D244","v":0},{"$f":"Return!D242","v":0},{"$f":"Return!E214","v":0},{"$f":"Return!E215","v":0},"Return)1("]
[null,{"$f":"Return!C248","v":"00:00:00"},{"$f":"Return!C247","v":107},{"$f":"Return!C249","v":0},{"$f":"Return!E248","v":0},{"$f":"Return!E247","v":0},{"$f":"Return!C250","v":0},{"$f":"Return!C251","v":0},{"$f":"Return!D280","v":0},{"$f":"Return!D279","v":0},{"$f":"Return!D277","v":0},{"$f":"Return!E249","v":0},{"$f":"Return!E250","v":0},"Return)1("]
[null,{"$f":"Return!C283","v":"00:00:00"},{"$f":"Return!C282","v":108},{"$f":"Return!C284","v":0},{"$f":"Return!E283","v":0},{"$f":"Return!E282","v":0},{"$f":"Return!C285","v":0},{"$f":"Return!C286","v":0},{"$f":"Return!D315","v":0},{"$f":"Return!D314","v":0},{"$f":"Return!D312","v":0},{"$f":"Return!E284","v":0},{"$f":"Return!E285","v":0},"Return)1("]
[null,{"$f":"Return!C318","v":"00:00:00"},{"$f":"Return!C317","v":109},{"$f":"Return!C319","v":0},{"$f":"Return!E318","v":0},{"$f":"Return!E317","v":0},{"$f":"Return!C320","v":0},{"$f":"Return!C321","v":0},{"$f":"Return!D350","v":0},{"$f":"Return!D349","v":0},{"$f":"Return!D347","v":0},{"$f":"Return!E319","v":0},{"$f":"Return!E320","v":0},"Return)1("]
[]
[null,null,null,null,"الاجمالى",null,{"$f":"SUM(K3:K12)","v":98.85}]
[null,null,null,null," الخصم",null,{"$f":"SUM(J3:J12)","v":0}]
[null,null,null,null,"صافى الفواتير",null,{"$f":"SUM(I3:I12)","v":98.85}]

{"sheet":"Search","index":5,"n_rows":7,"n_cols":14,"rows_kept":7,"cut":false,"hidden":false,"merged":[]}
[]
[null,"التاريخ","رقم الفاتورة","نوع الفاتورة","المشرف","المندوب","كود العميل","العميل"]
[null,"2018-08-01",100,"بالحساب",2,2,100,{"$f":"IFERROR(VLOOKUP(G3,ورقة1!$B$3:$C$122,2,0),\"\")","v":"محل 1"}]
[]
[null,"التاريخ","رقم الفاتورة","نوع الفاتورة","المشرف","المندوب","كود العميل","العميل","صافى الفاتورة"," الخصم","الاجمالى","الفئة الاساسية","الفئة الفرعية","اسم الصفحة"]
[null,"2018-08-01",100,"بالحساب",2,2,100,"محل 1",2037.05,0,2037.05,"محلات","محلات","sales(1)"]
[null,"2018-08-01",100,"بالحساب",2,2,100,"محل 1",37,0,37,"محلات","محلات","Return)1("]

{"sheet":"Setting","index":6,"n_rows":68,"n_cols":4,"rows_kept":68,"cut":false,"hidden":true,"merged":[]}
["التاريخ","رقم الفاتورة","كود العميل","العميل"]
[{"$f":"IFERROR(IF(ISERROR(INDEX('sales(1)'!$B$3:$B$53,MATCH(0,IF('sales(1)'!$B$3:$B$53<>\"\",COUNTIF($A$1:A1,'sales(1)'!$B$3:$B$53),1),0))),INDEX('Return)1('!$B$3:$B$12,MATCH(0,IF('Return)1('!$B$3:$B$12<>\"\",COUNTIF($A$1:A1,'Return)1('!$B$3:$B$12),1),0)),INDEX('sales(1)'!$B$3:$B$53,MATCH(0,IF('sales(1)'!$B$3:$B$53<>\"\",COUNTIF($A$1:A1,'sales(1)'!$B$3:$B$53),1),0))),\"\")","v":"2018-08-01"},{"$f":"IFERROR(IF(ISERROR(INDEX('sales(1)'!$C$3:$C$53,MATCH(0,IF('sales(1)'!$C$3:$C$53<>\"\",COUNTIF($B$1:B1,'sales(1)'!$C$3:$C$53),1),0))),INDEX('Return)1('!$C$3:$C$12,MATCH(0,IF('Return)1('!$C$3:$C$12<>\"\",COUNTIF($B$1:B1,'Return)1('!$C$3:$C$12),1),0)),INDEX('sales(1)'!$C$3:$C$53,MATCH(0,IF('sales(1)'!$C$3:$C$53<>\"\",COUNTIF($B$1:B1,'sales(1)'!$C$3:$C$53),1),0))),\"\")","v":100},{"$f":"IFERROR(IF(ISERROR(INDEX('sales(1)'!$G$3:$G$53,MATCH(0,IF('sales(1)'!$G$3:$G$53<>\"\",COUNTIF($C$1:C1,'sales(1)'!$G$3:$G$53),1),0))),INDEX('Return)1('!$G$3:$G$12,MATCH(0,IF('Return)1('!$G$3:$G$12<>\"\",COUNTIF($C$1:C1,'Return)1('!$G$3:$G$12),1),0)),INDEX('sales(1)'!$G$3:$G$53,MATCH(0,IF('sales(1)'!$G$3:$G$53<>\"\",COUNTIF($C$1:C1,'sales(1)'!$G$3:$G$53),1),0))),\"\")","v":100},{"$f":"IFERROR(IF(ISERROR(INDEX('sales(1)'!$H$3:$H$53,MATCH(0,IF('sales(1)'!$H$3:$H$53<>\"\",COUNTIF($D$1:D1,'sales(1)'!$H$3:$H$53),1),0))),INDEX('Return)1('!$H$3:$H$12,MATCH(0,IF('Return)1('!$H$3:$H$12<>\"\",COUNTIF($D$1:D1,'Return)1('!$H$3:$H$12),1),0)),INDEX('sales(1)'!$H$3:$H$53,MATCH(0,IF('sales(1)'!$H$3:$H$53<>\"\",COUNTIF($D$1:D1,'sales(1)'!$H$3:$H$53),1),0))),\"\")","v":"محل 1"}]
[{"$f":"IFERROR(IF(ISERROR(INDEX('sales(1)'!$B$3:$B$53,MATCH(0,IF('sales(1)'!$B$3:$B$53<>\"\",COUNTIF($A$1:A2,'sales(1)'!$B$3:$B$53),1),0))),INDEX('Return)1('!$B$3:$B$12,MATCH(0,IF('Return)1('!$B$3:$B$12<>\"\",COUNTIF($A$1:A2,'Return)1('!$B$3:$B$12),1),0)),INDEX('sales(1)'!$B$3:$B$53,MATCH(0,IF('sales(1)'!$B$3:$B$53<>\"\",COUNTIF($A$1:A2,'sales(1)'!$B$3:$B$53),1),0))),\"\")","v":"1900-01-05"},{"$f":"IFERROR(IF(ISERROR(INDEX('sales(1)'!$C$3:$C$53,MATCH(0,IF('sales(1)'!$C$3:$C$53<>\"\",COUNTIF($B$1:B2,'sales(1)'!$C$3:$C$53),1),0))),INDEX('Return)1('!$C$3:$C$12,MATCH(0,IF('Return)1('!$C$3:$C$12<>\"\",COUNTIF($B$1:B2,'Return)1('!$C$3:$C$12),1),0)),INDEX('sales(1)'!$C$3:$C$53,MATCH(0,IF('sales(1)'!$C$3:$C$53<>\"\",COUNTIF($B$1:B2,'sales(1)'!$C$3:$C$53),1),0))),\"\")","v":101},{"$f":"IFERROR(IF(ISERROR(INDEX('sales(1)'!$G$3:$G$53,MATCH(0,IF('sales(1)'!$G$3:$G$53<>\"\",COUNTIF($C$1:C2,'sales(1)'!$G$3:$G$53),1),0))),INDEX('Return)1('!$G$3:$G$12,MATCH(0,IF('Return)1('!$G$3:$G$12<>\"\",COUNTIF($C$1:C2,'Return)1('!$G$3:$G$12),1),0)),INDEX('sales(1)'!$G$3:$G$53,MATCH(0,IF('sales(1)'!$G$3:$G$53<>\"\",COUNTIF($C$1:C2,'sales(1)'!$G$3:$G$53),1),0))),\"\")","v":150},{"$f":"IFERROR(IF(ISERROR(INDEX('sales(1)'!$H$3:$H$53,MATCH(0,IF('sales(1)'!$H$3:$H$53<>\"\",COUNTIF($D$1:D2,'sales(1)'!$H$3:$H$53),1),0))),INDEX('Return)1('!$H$3:$H$12,MATCH(0,IF('Return)1('!$H$3:$H$12<>\"\",COUNTIF($D$1:D2,'Return)1('!$H$3:$H$12),1),0)),INDEX('sales(1)'!$H$3:$H$53,MATCH(0,IF('sales(1)'!$H$3:$H$53<>\"\",COUNTIF($D$1:D2,'sales(1)'!$H$3:$H$53),1),0))),\"\")","v":0}]
[{"$f":"IFERROR(IF(ISERROR(INDEX('sales(1)'!$B$3:$B$53,MATCH(0,IF('sales(1)'!$B$3:$B$53<>\"\",COUNTIF($A$1:A3,'sales(1)'!$B$3:$B$53),1),0))),INDEX('Return)1('!$B$3:$B$12,MATCH(0,IF('Return)1('!$B$3:$B$12<>\"\",COUNTIF($A$1:A3,'Return)1('!$B$3:$B$12),1),0)),INDEX('sales(1)'!$B$3:$B$53,MATCH(0,IF('sales(1)'!$B$3:$B$53<>\"\",COUNTIF($A$1:A3,'sales(1)'!$B$3:$B$53),1),0))),\"\")","v":"00:00:00"},{"$f":"IFERROR(IF(ISERROR(INDEX('sales(1)'!$C$3:$C$53,MATCH(0,IF('sales(1)'!$C$3:$C$53<>\"\",COUNTIF($B$1:B3,'sales(1)'!$C$3:$C$53),1),0))),INDEX('Return)1('!$C$3:$C$12,MATCH(0,IF('Return)1('!$C$3:$C$12<>\"\",COUNTIF($B$1:B3,'Return)1('!$C$3:$C$12),1),0)),INDEX('sales(1)'!$C$3:$C$53,MATCH(0,IF('sales(1)'!$C$3:$C$53<>\"\",COUNTIF($B$1:B3,'sales(1)'!$C$3:$C$53),1),0))),\"\")","v":102},{"$f":"IFERROR(IF(ISERROR(INDEX('sales(1)'!$G$3:$G$53,MATCH(0,IF('sales(1)'!$G$3:$G$53<>\"\",COUNTIF($C$1:C3,'sales(1)'!$G$3:$G$53),1),0))),INDEX('Return)1('!$G$3:$G$12,MATCH(0,IF('Return)1('!$G$3:$G$12<>\"\",COUNTIF($C$1:C3,'Return)1('!$G$3:$G$12),1),0)),INDEX('sales(1)'!$G$3:$G$53,MATCH(0,IF('sales(1)'!$G$3:$G$53<>\"\",COUNTIF($C$1:C3,'sales(1)'!$G$3:$G$53),1),0))),\"\")","v":0},{"$f":"IFERROR(IF(ISERROR(INDEX('sales(1)'!$H$3:$H$53,MATCH(0,IF('sales(1)'!$H$3:$H$53<>\"\",COUNTIF($D$1:D3,'sales(1)'!$H$3:$H$53),1),0))),INDEX('Return)1('!$H$3:$H$12,MATCH(0,IF('Return)1('!$H$3:$H$12<>\"\",COUNTIF($D$1:D3,'Return)1('!$H$3:$H$12),1),0)),INDEX('sales(1)'!$H$3:$H$53,MATCH(0,IF('sales(1)'!$H$3:$H$53<>\"\",COUNTIF($D$1:D3,'sales(1)'!$H$3:$H$53),1),0))),\"\")","v":""}]
[{"$f":"IFERROR(IF(ISERROR(INDEX('sales(1)'!$B$3:$B$53,MATCH(0,IF('sales(1)'!$B$3:$B$53<>\"\",COUNTIF($A$1:A4,'sales(1)'!$B$3:$B$53),1),0))),INDEX('Return)1('!$B$3:$B$12,MATCH(0,IF('Return)1('!$B$3:$B$12<>\"\",COUNTIF($A$1:A4,'Return)1('!$B$3:$B$12),1),0)),INDEX('sales(1)'!$B$3:$B$53,MATCH(0,IF('sales(1)'!$B$3:$B$53<>\"\",COUNTIF($A$1:A4,'sales(1)'!$B$3:$B$53),1),0))),\"\")","v":""},{"$f":"IFERROR(IF(ISERROR(INDEX('sales(1)'!$C$3:$C$53,MATCH(0,IF('sales(1)'!$C$3:$C$53<>\"\",COUNTIF($B$1:B4,'sales(1)'!$C$3:$C$53),1),0))),INDEX('Return)1('!$C$3:$C$12,MATCH(0,IF('Return)1('!$C$3:$C$12<>\"\",COUNTIF($B$1:B4,'Return)1('!$C$3:$C$12),1),0)),INDEX('sales(1)'!$C$3:$C$53,MATCH(0,IF('sales(1)'!$C$3:$C$53<>\"\",COUNTIF($B$1:B4,'sales(1)'!$C$3:$C$53),1),0))),\"\")","v":103},{"$f":"IFERROR(IF(ISERROR(INDEX('sales(1)'!$G$3:$G$53,MATCH(0,IF('sales(1)'!$G$3:$G$53<>\"\",COUNTIF($C$1:C4,'sales(1)'!$G$3:$G$53),1),0))),INDEX('Return)1('!$G$3:$G$12,MATCH(0,IF('Return)1('!$G$3:$G$12<>\"\",COUNTIF($C$1:C4,'Return)1('!$G$3:$G$12),1),0)),INDEX('sales(1)'!$G$3:$G$53,MATCH(0,IF('sales(1)'!$G$3:$G$53<>\"\",COUNTIF($C$1:C4,'sales(1)'!$G$3:$G$53),1),0))),\"\")","v":""},{"$f":"IFERROR(IF(ISERROR(INDEX('sales(1)'!$H$3:$H$53,MATCH(0,IF('sales(1)'!$H$3:$H$53<>\"\",COUNTIF($D$1:D4,'sales(1)'!$H$3:$H$53),1),0))),INDEX('Return)1('!$H$3:$H$12,MATCH(0,IF('Return)1('!$H$3:$H$12<>\"\",COUNTIF($D$1:D4,'Return)1('!$H$3:$H$12),1),0)),INDEX('sales(1)'!$H$3:$H$53,MATCH(0,IF('sales(1)'!$H$3:$H$53<>\"\",COUNTIF($D$1:D4,'sales(1)'!$H$3:$H$53),1),0))),\"\")","v":""}]
[{"$f":"IFERROR(IF(ISERROR(INDEX('sales(1)'!$B$3:$B$53,MATCH(0,IF('sales(1)'!$B$3:$B$53<>\"\",COUNTIF($A$1:A5,'sales(1)'!$B$3:$B$53),1),0))),INDEX('Return)1('!$B$3:$B$12,MATCH(0,IF('Return)1('!$B$3:$B$12<>\"\",COUNTIF($A$1:A5,'Return)1('!$B$3:$B$12),1),0)),INDEX('sales(1)'!$B$3:$B$53,MATCH(0,IF('sales(1)'!$B$3:$B$53<>\"\",COUNTIF($A$1:A5,'sales(1)'!$B$3:$B$53),1),0))),\"\")","v":""},{"$f":"IFERROR(IF(ISERROR(INDEX('sales(1)'!$C$3:$C$53,MATCH(0,IF('sales(1)'!$C$3:$C$53<>\"\",COUNTIF($B$1:B5,'sales(1)'!$C$3:$C$53),1),0))),INDEX('Return)1('!$C$3:$C$12,MATCH(0,IF('Return)1('!$C$3:$C$12<>\"\",COUNTIF($B$1:B5,'Return)1('!$C$3:$C$12),1),0)),INDEX('sales(1)'!$C$3:$C$53,MATCH(0,IF('sales(1)'!$C$3:$C$53<>\"\",COUNTIF($B$1:B5,'sales(1)'!$C$3:$C$53),1),0))),\"\")","v":104},{"$f":"IFERROR(IF(ISERROR(INDEX('sales(1)'!$G$3:$G$53,MATCH(0,IF('sales(1)'!$G$3:$G$53<>\"\",COUNTIF($C$1:C5,'sales(1)'!$G$3:$G$53),1),0))),INDEX('Return)1('!$G$3:$G$12,MATCH(0,IF('Return)1('!$G$3:$G$12<>\"\",COUNTIF($C$1:C5,'Return)1('!$G$3:$G$12),1),0)),INDEX('sales(1)'!$G$3:$G$53,MATCH(0,IF('sales(1)'!$G$3:$G$53<>\"\",COUNTIF($C$1:C5,'sales(1)'!$G$3:$G$53),1),0))),\"\")","v":""},{"$f":"IFERROR(IF(ISERROR(INDEX('sales(1)'!$H$3:$H$53,MATCH(0,IF('sales(1)'!$H$3:$H$53<>\"\",COUNTIF($D$1:D5,'sales(1)'!$H$3:$H$53),1),0))),INDEX('Return)1('!$H$3:$H$12,MATCH(0,IF('Return)1('!$H$3:$H$12<>\"\",COUNTIF($D$1:D5,'Return)1('!$H$3:$H$12),1),0)),INDEX('sales(1)'!$H$3:$H$53,MATCH(0,IF('sales(1)'!$H$3:$H$53<>\"\",COUNTIF($D$1:D5,'sales(1)'!$H$3:$H$53),1),0))),\"\")","v":""}]
[{"$f":"IFERROR(IF(ISERROR(INDEX('sales(1)'!$B$3:$B$53,MATCH(0,IF('sales(1)'!$B$3:$B$53<>\"\",COUNTIF($A$1:A6,'sales(1)'!$B$3:$B$53),1),0))),INDEX('Return)1('!$B$3:$B$12,MATCH(0,IF('Return)1('!$B$3:$B$12<>\"\",COUNTIF($A$1:A6,'Return)1('!$B$3:$B$12),1),0)),INDEX('sales(1)'!$B$3:$B$53,MATCH(0,IF('sales(1)'!$B$3:$B$53<>\"\",COUNTIF($A$1:A6,'sales(1)'!$B$3:$B$53),1),0))),\"\")","v":""},{"$f":"IFERROR(IF(ISERROR(INDEX('sales(1)'!$C$3:$C$53,MATCH(0,IF('sales(1)'!$C$3:$C$53<>\"\",COUNTIF($B$1:B6,'sales(1)'!$C$3:$C$53),1),0))),INDEX('Return)1('!$C$3:$C$12,MATCH(0,IF('Return)1('!$C$3:$C$12<>\"\",COUNTIF($B$1:B6,'Return)1('!$C$3:$C$12),1),0)),INDEX('sales(1)'!$C$3:$C$53,MATCH(0,IF('sales(1)'!$C$3:$C$53<>\"\",COUNTIF($B$1:B6,'sales(1)'!$C$3:$C$53),1),0))),\"\")","v":105},{"$f":"IFERROR(IF(ISERROR(INDEX('sales(1)'!$G$3:$G$53,MATCH(0,IF('sales(1)'!$G$3:$G$53<>\"\",COUNTIF($C$1:C6,'sales(1)'!$G$3:$G$53),1),0))),INDEX('Return)1('!$G$3:$G$12,MATCH(0,IF('Return)1('!$G$3:$G$12<>\"\",COUNTIF($C$1:C6,'Return)1('!$G$3:$G$12),1),0)),INDEX('sales(1)'!$G$3:$G$53,MATCH(0,IF('sales(1)'!$G$3:$G$53<>\"\",COUNTIF($C$1:C6,'sales(1)'!$G$3:$G$53),1),0))),\"\")","v":""},{"$f":"IFERROR(IF(ISERROR(INDEX('sales(1)'!$H$3:$H$53,MATCH(0,IF('sales(1)'!$H$3:$H$53<>\"\",COUNTIF($D$1:D6,'sales(1)'!$H$3:$H$53),1),0))),INDEX('Return)1('!$H$3:$H$12,MATCH(0,IF('Return)1('!$H$3:$H$12<>\"\",COUNTIF($D$1:D6,'Return)1('!$H$3:$H$12),1),0)),INDEX('sales(1)'!$H$3:$H$53,MATCH(0,IF('sales(1)'!$H$3:$H$53<>\"\",COUNTIF($D$1:D6,'sales(1)'!$H$3:$H$53),1),0))),\"\")","v":""}]
[{"$f":"IFERROR(IF(ISERROR(INDEX('sales(1)'!$B$3:$B$53,MATCH(0,IF('sales(1)'!$B$3:$B$53<>\"\",COUNTIF($A$1:A7,'sales(1)'!$B$3:$B$53),1),0))),INDEX('Return)1('!$B$3:$B$12,MATCH(0,IF('Return)1('!$B$3:$B$12<>\"\",COUNTIF($A$1:A7,'Return)1('!$B$3:$B$12),1),0)),INDEX('sales(1)'!$B$3:$B$53,MATCH(0,IF('sales(1)'!$B$3:$B$53<>\"\",COUNTIF($A$1:A7,'sales(1)'!$B$3:$B$53),1),0))),\"\")","v":""},{"$f":"IFERROR(IF(ISERROR(INDEX('sales(1)'!$C$3:$C$53,MATCH(0,IF('sales(1)'!$C$3:$C$53<>\"\",COUNTIF($B$1:B7,'sales(1)'!$C$3:$C$53),1),0))),INDEX('Return)1('!$C$3:$C$12,MATCH(0,IF('Return)1('!$C$3:$C$12<>\"\",COUNTIF($B$1:B7,'Return)1('!$C$3:$C$12),1),0)),INDEX('sales(1)'!$C$3:$C$53,MATCH(0,IF('sales(1)'!$C$3:$C$53<>\"\",COUNTIF($B$1:B7,'sales(1)'!$C$3:$C$53),1),0))),\"\")","v":106},{"$f":"IFERROR(IF(ISERROR(INDEX('sales(1)'!$G$3:$G$53,MATCH(0,IF('sales(1)'!$G$3:$G$53<>\"\",COUNTIF($C$1:C7,'sales(1)'!$G$3:$G$53),1),0))),INDEX('Return)1('!$G$3:$G$12,MATCH(0,IF('Return)1('!$G$3:$G$12<>\"\",COUNTIF($C$1:C7,'Return)1('!$G$3:$G$12),1),0)),INDEX('sales(1)'!$G$3:$G$53,MATCH(0,IF('sales(1)'!$G$3:$G$53<>\"\",COUNTIF($C$1:C7,'sales(1)'!$G$3:$G$53),1),0))),\"\")","v":""},{"$f":"IFERROR(IF(ISERROR(INDEX('sales(1)'!$H$3:$H$53,MATCH(0,IF('sales(1)'!$H$3:$H$53<>\"\",COUNTIF($D$1:D7,'sales(1)'!$H$3:$H$53),1),0))),INDEX('Return)1('!$H$3:$H$12,MATCH(0,IF('Return)1('!$H$3:$H$12<>\"\",COUNTIF($D$1:D7,'Return)1('!$H$3:$H$12),1),0)),INDEX('sales(1)'!$H$3:$H$53,MATCH(0,IF('sales(1)'!$H$3:$H$53<>\"\",COUNTIF($D$1:D7,'sales(1)'!$H$3:$H$53),1),0))),\"\")","v":""}]
[{"$f":"IFERROR(IF(ISERROR(INDEX('sales(1)'!$B$3:$B$53,MATCH(0,IF('sales(1)'!$B$3:$B$53<>\"\",COUNTIF($A$1:A8,'sales(1)'!$B$3:$B$53),1),0))),INDEX('Return)1('!$B$3:$B$12,MATCH(0,IF('Return)1('!$B$3:$B$12<>\"\",COUNTIF($A$1:A8,'Return)1('!$B$3:$B$12),1),0)),INDEX('sales(1)'!$B$3:$B$53,MATCH(0,IF('sales(1)'!$B$3:$B$53<>\"\",COUNTIF($A$1:A8,'sales(1)'!$B$3:$B$53),1),0))),\"\")","v":""},{"$f":"IFERROR(IF(ISERROR(INDEX('sales(1)'!$C$3:$C$53,MATCH(0,IF('sales(1)'!$C$3:$C$53<>\"\",COUNTIF($B$1:B8,'sales(1)'!$C$3:$C$53),1),0))),INDEX('Return)1('!$C$3:$C$12,MATCH(0,IF('Return)1('!$C$3:$C$12<>\"\",COUNTIF($B$1:B8,'Return)1('!$C$3:$C$12),1),0)),INDEX('sales(1)'!$C$3:$C$53,MATCH(0,IF('sales(1)'!$C$3:$C$53<>\"\",COUNTIF($B$1:B8,'sales(1)'!$C$3:$C$53),1),0))),\"\")","v":107},{"$f":"IFERROR(IF(ISERROR(INDEX('sales(1)'!$G$3:$G$53,MATCH(0,IF('sales(1)'!$G$3:$G$53<>\"\",COUNTIF($C$1:C8,'sales(1)'!$G$3:$G$53),1),0))),INDEX('Return)1('!$G$3:$G$12,MATCH(0,IF('Return)1('!$G$3:$G$12<>\"\",COUNTIF($C$1:C8,'Return)1('!$G$3:$G$12),1),0)),INDEX('sales(1)'!$G$3:$G$53,MATCH(0,IF('sales(1)'!$G$3:$G$53<>\"\",COUNTIF($C$1:C8,'sales(1)'!$G$3:$G$53),1),0))),\"\")","v":""},{"$f":"IFERROR(IF(ISERROR(INDEX('sales(1)'!$H$3:$H$53,MATCH(0,IF('sales(1)'!$H$3:$H$53<>\"\",COUNTIF($D$1:D8,'sales(1)'!$H$3:$H$53),1),0))),INDEX('Return)1('!$H$3:$H$12,MATCH(0,IF('Return)1('!$H$3:$H$12<>\"\",COUNTIF($D$1:D8,'Return)1('!$H$3:$H$12),1),0)),INDEX('sales(1)'!$H$3:$H$53,MATCH(0,IF('sales(1)'!$H$3:$H$53<>\"\",COUNTIF($D$1:D8,'sales(1)'!$H$3:$H$53),1),0))),\"\")","v":""}]
[{"$f":"IFERROR(IF(ISERROR(INDEX('sales(1)'!$B$3:$B$53,MATCH(0,IF('sales(1)'!$B$3:$B$53<>\"\",COUNTIF($A$1:A9,'sales(1)'!$B$3:$B$53),1),0))),INDEX('Return)1('!$B$3:$B$12,MATCH(0,IF('Return)1('!$B$3:$B$12<>\"\",COUNTIF($A$1:A9,'Return)1('!$B$3:$B$12),1),0)),INDEX('sales(1)'!$B$3:$B$53,MATCH(0,IF('sales(1)'!$B$3:$B$53<>\"\",COUNTIF($A$1:A9,'sales(1)'!$B$3:$B$53),1),0))),\"\")","v":""},{"$f":"IFERROR(IF(ISERROR(INDEX('sales(1)'!$C$3:$C$53,MATCH(0,IF('sales(1)'!$C$3:$C$53<>\"\",COUNTIF($B$1:B9,'sales(1)'!$C$3:$C$53),1),0))),INDEX('Return)1('!$C$3:$C$12,MATCH(0,IF('Return)1('!$C$3:$C$12<>\"\",COUNTIF($B$1:B9,'Return)1('!$C$3:$C$12),1),0)),INDEX('sales(1)'!$C$3:$C$53,MATCH(0,IF('sales(1)'!$C$3:$C$53<>\"\",COUNTIF($B$1:B9,'sales(1)'!$C$3:$C$53),1),0))),\"\")","v":108},{"$f":"IFERROR(IF(ISERROR(INDEX('sales(1)'!$G$3:$G$53,MATCH(0,IF('sales(1)'!$G$3:$G$53<>\"\",COUNTIF($C$1:C9,'sales(1)'!$G$3:$G$53),1),0))),INDEX('Return)1('!$G$3:$G$12,MATCH(0,IF('Return)1('!$G$3:$G$12<>\"\",COUNTIF($C$1:C9,'Return)1('!$G$3:$G$12),1),0)),INDEX('sales(1)'!$G$3:$G$53,MATCH(0,IF('sales(1)'!$G$3:$G$53<>\"\",COUNTIF($C$1:C9,'sales(1)'!$G$3:$G$53),1),0))),\"\")","v":""},{"$f":"IFERROR(IF(ISERROR(INDEX('sales(1)'!$H$3:$H$53,MATCH(0,IF('sales(1)'!$H$3:$H$53<>\"\",COUNTIF($D$1:D9,'sales(1)'!$H$3:$H$53),1),0))),INDEX('Return)1('!$H$3:$H$12,MATCH(0,IF('Return)1('!$H$3:$H$12<>\"\",COUNTIF($D$1:D9,'Return)1('!$H$3:$H$12),1),0)),INDEX('sales(1)'!$H$3:$H$53,MATCH(0,IF('sales(1)'!$H$3:$H$53<>\"\",COUNTIF($D$1:D9,'sales(1)'!$H$3:$H$53),1),0))),\"\")","v":""}]
[{"$f":"IFERROR(IF(ISERROR(INDEX('sales(1)'!$B$3:$B$53,MATCH(0,IF('sales(1)'!$B$3:$B$53<>\"\",COUNTIF($A$1:A10,'sales(1)'!$B$3:$B$53),1),0))),INDEX('Return)1('!$B$3:$B$12,MATCH(0,IF('Return)1('!$B$3:$B$12<>\"\",COUNTIF($A$1:A10,'Return)1('!$B$3:$B$12),1),0)),INDEX('sales(1)'!$B$3:$B$53,MATCH(0,IF('sales(1)'!$B$3:$B$53<>\"\",COUNTIF($A$1:A10,'sales(1)'!$B$3:$B$53),1),0))),\"\")","v":""},{"$f":"IFERROR(IF(ISERROR(INDEX('sales(1)'!$C$3:$C$53,MATCH(0,IF('sales(1)'!$C$3:$C$53<>\"\",COUNTIF($B$1:B10,'sales(1)'!$C$3:$C$53),1),0))),INDEX('Return)1('!$C$3:$C$12,MATCH(0,IF('Return)1('!$C$3:$C$12<>\"\",COUNTIF($B$1:B10,'Return)1('!$C$3:$C$12),1),0)),INDEX('sales(1)'!$C$3:$C$53,MATCH(0,IF('sales(1)'!$C$3:$C$53<>\"\",COUNTIF($B$1:B10,'sales(1)'!$C$3:$C$53),1),0))),\"\")","v":109},{"$f":"IFERROR(IF(ISERROR(INDEX('sales(1)'!$G$3:$G$53,MATCH(0,IF('sales(1)'!$G$3:$G$53<>\"\",COUNTIF($C$1:C10,'sales(1)'!$G$3:$G$53),1),0))),INDEX('Return)1('!$G$3:$G$12,MATCH(0,IF('Return)1('!$G$3:$G$12<>\"\",COUNTIF($C$1:C10,'Return)1('!$G$3:$G$12),1),0)),INDEX('sales(1)'!$G$3:$G$53,MATCH(0,IF('sales(1)'!$G$3:$G$53<>\"\",COUNTIF($C$1:C10,'sales(1)'!$G$3:$G$53),1),0))),\"\")","v":""},{"$f":"IFERROR(IF(ISERROR(INDEX('sales(1)'!$H$3:$H$53,MATCH(0,IF('sales(1)'!$H$3:$H$53<>\"\",COUNTIF($D$1:D10,'sales(1)'!$H$3:$H$53),1),0))),INDEX('Return)1('!$H$3:$H$12,MATCH(0,IF('Return)1('!$H$3:$H$12<>\"\",COUNTIF($D$1:D10,'Return)1('!$H$3:$H$12),1),0)),INDEX('sales(1)'!$H$3:$H$53,MATCH(0,IF('sales(1)'!$H$3:$H$53<>\"\",COUNTIF($D$1:D10,'sales(1)'!$H$3:$H$53),1),0))),\"\")","v":""}]
[{"$f":"IFERROR(IF(ISERROR(INDEX('sales(1)'!$B$3:$B$53,MATCH(0,IF('sales(1)'!$B$3:$B$53<>\"\",COUNTIF($A$1:A11,'sales(1)'!$B$3:$B$53),1),0))),INDEX('Return)1('!$B$3:$B$12,MATCH(0,IF('Return)1('!$B$3:$B$12<>\"\",COUNTIF($A$1:A11,'Return)1('!$B$3:$B$12),1),0)),INDEX('sales(1)'!$B$3:$B$53,MATCH(0,IF('sales(1)'!$B$3:$B$53<>\"\",COUNTIF($A$1:A11,'sales(1)'!$B$3:$B$53),1),0))),\"\")","v":""},{"$f":"IFERROR(IF(ISERROR(INDEX('sales(1)'!$C$3:$C$53,MATCH(0,IF('sales(1)'!$C$3:$C$53<>\"\",COUNTIF($B$1:B11,'sales(1)'!$C$3:$C$53),1),0))),INDEX('Return)1('!$C$3:$C$12,MATCH(0,IF('Return)1('!$C$3:$C$12<>\"\",COUNTIF($B$1:B11,'Return)1('!$C$3:$C$12),1),0)),INDEX('sales(1)'!$C$3:$C$53,MATCH(0,IF('sales(1)'!$C$3:$C$53<>\"\",COUNTIF($B$1:B11,'sales(1)'!$C$3:$C$53),1),0))),\"\")","v":110},{"$f":"IFERROR(IF(ISERROR(INDEX('sales(1)'!$G$3:$G$53,MATCH(0,IF('sales(1)'!$G$3:$G$53<>\"\",COUNTIF($C$1:C11,'sales(1)'!$G$3:$G$53),1),0))),INDEX('Return)1('!$G$3:$G$12,MATCH(0,IF('Return)1('!$G$3:$G$12<>\"\",COUNTIF($C$1:C11,'Return)1('!$G$3:$G$12),1),0)),INDEX('sales(1)'!$G$3:$G$53,MATCH(0,IF('sales(1)'!$G$3:$G$53<>\"\",COUNTIF($C$1:C11,'sales(1)'!$G$3:$G$53),1),0))),\"\")","v":""},{"$f":"IFERROR(IF(ISERROR(INDEX('sales(1)'!$H$3:$H$53,MATCH(0,IF('sales(1)'!$H$3:$H$53<>\"\",COUNTIF($D$1:D11,'sales(1)'!$H$3:$H$53),1),0))),INDEX('Return)1('!$H$3:$H$12,MATCH(0,IF('Return)1('!$H$3:$H$12<>\"\",COUNTIF($D$1:D11,'Return)1('!$H$3:$H$12),1),0)),INDEX('sales(1)'!$H$3:$H$53,MATCH(0,IF('sales(1)'!$H$3:$H$53<>\"\",COUNTIF($D$1:D11,'sales(1)'!$H$3:$H$53),1),0))),\"\")","v":""}]
[{"$f":"IFERROR(IF(ISERROR(INDEX('sales(1)'!$B$3:$B$53,MATCH(0,IF('sales(1)'!$B$3:$B$53<>\"\",COUNTIF($A$1:A12,'sales(1)'!$B$3:$B$53),1),0))),INDEX('Return)1('!$B$3:$B$12,MATCH(0,IF('Return)1('!$B$3:$B$12<>\"\",COUNTIF($A$1:A12,'Return)1('!$B$3:$B$12),1),0)),INDEX('sales(1)'!$B$3:$B$53,MATCH(0,IF('sales(1)'!$B$3:$B$53<>\"\",COUNTIF($A$1:A12,'sales(1)'!$B$3:$B$53),1),0))),\"\")","v":""},{"$f":"IFERROR(IF(ISERROR(INDEX('sales(1)'!$C$3:$C$53,MATCH(0,IF('sales(1)'!$C$3:$C$53<>\"\",COUNTIF($B$1:B12,'sales(1)'!$C$3:$C$53),1),0))),INDEX('Return)1('!$C$3:$C$12,MATCH(0,IF('Return)1('!$C$3:$C$12<>\"\",COUNTIF($B$1:B12,'Return)1('!$C$3:$C$12),1),0)),INDEX('sales(1)'!$C$3:$C$53,MATCH(0,IF('sales(1)'!$C$3:$C$53<>\"\",COUNTIF($B$1:B12,'sales(1)'!$C$3:$C$53),1),0))),\"\")","v":111},{"$f":"IFERROR(IF(ISERROR(INDEX('sales(1)'!$G$3:$G$53,MATCH(0,IF('sales(1)'!$G$3:$G$53<>\"\",COUNTIF($C$1:C12,'sales(1)'!$G$3:$G$53),1),0))),INDEX('Return)1('!$G$3:$G$12,MATCH(0,IF('Return)1('!$G$3:$G$12<>\"\",COUNTIF($C$1:C12,'Return)1('!$G$3:$G$12),1),0)),INDEX('sales(1)'!$G$3:$G$53,MATCH(0,IF('sales(1)'!$G$3:$G$53<>\"\",COUNTIF($C$1:C12,'sales(1)'!$G$3:$G$53),1),0))),\"\")","v":""},{"$f":"IFERROR(IF(ISERROR(INDEX('sales(1)'!$H$3:$H$53,MATCH(0,IF('sales(1)'!$H$3:$H$53<>\"\",COUNTIF($D$1:D12,'sales(1)'!$H$3:$H$53),1),0))),INDEX('Return)1('!$H$3:$H$12,MATCH(0,IF('Return)1('!$H$3:$H$12<>\"\",COUNTIF($D$1:D12,'Return)1('!$H$3:$H$12),1),0)),INDEX('sales(1)'!$H$3:$H$53,MATCH(0,IF('sales(1)'!$H$3:$H$53<>\"\",COUNTIF($D$1:D12,'sales(1)'!$H$3:$H$53),1),0))),\"\")","v":""}]
[{"$f":"IFERROR(IF(ISERROR(INDEX('sales(1)'!$B$3:$B$53,MATCH(0,IF('sales(1)'!$B$3:$B$53<>\"\",COUNTIF($A$1:A13,'sales(1)'!$B$3:$B$53),1),0))),INDEX('Return)1('!$B$3:$B$12,MATCH(0,IF('Return)1('!$B$3:$B$12<>\"\",COUNTIF($A$1:A13,'Return)1('!$B$3:$B$12),1),0)),INDEX('sales(1)'!$B$3:$B$53,MATCH(0,IF('sales(1)'!$B$3:$B$53<>\"\",COUNTIF($A$1:A13,'sales(1)'!$B$3:$B$53),1),0))),\"\")","v":""},{"$f":"IFERROR(IF(ISERROR(INDEX('sales(1)'!$C$3:$C$53,MATCH(0,IF('sales(1)'!$C$3:$C$53<>\"\",COUNTIF($B$1:B13,'sales(1)'!$C$3:$C$53),1),0))),INDEX('Return)1('!$C$3:$C$12,MATCH(0,IF('Return)1('!$C$3:$C$12<>\"\",COUNTIF($B$1:B13,'Return)1('!$C$3:$C$12),1),0)),INDEX('sales(1)'!$C$3:$C$53,MATCH(0,IF('sales(1)'!$C$3:$C$53<>\"\",COUNTIF($B$1:B13,'sales(1)'!$C$3:$C$53),1),0))),\"\")","v":112},{"$f":"IFERROR(IF(ISERROR(INDEX('sales(1)'!$G$3:$G$53,MATCH(0,IF('sales(1)'!$G$3:$G$53<>\"\",COUNTIF($C$1:C13,'sales(1)'!$G$3:$G$53),1),0))),INDEX('Return)1('!$G$3:$G$12,MATCH(0,IF('Return)1('!$G$3:$G$12<>\"\",COUNTIF($C$1:C13,'Return)1('!$G$3:$G$12),1),0)),INDEX('sales(1)'!$G$3:$G$53,MATCH(0,IF('sales(1)'!$G$3:$G$53<>\"\",COUNTIF($C$1:C13,'sales(1)'!$G$3:$G$53),1),0))),\"\")","v":""},{"$f":"IFERROR(IF(ISERROR(INDEX('sales(1)'!$H$3:$H$53,MATCH(0,IF('sales(1)'!$H$3:$H$53<>\"\",COUNTIF($D$1:D13,'sales(1)'!$H$3:$H$53),1),0))),INDEX('Return)1('!$H$3:$H$12,MATCH(0,IF('Return)1('!$H$3:$H$12<>\"\",COUNTIF($D$1:D13,'Return)1('!$H$3:$H$12),1),0)),INDEX('sales(1)'!$H$3:$H$53,MATCH(0,IF('sales(1)'!$H$3:$H$53<>\"\",COUNTIF($D$1:D13,'sales(1)'!$H$3:$H$53),1),0))),\"\")","v":""}]
[{"$f":"IFERROR(IF(ISERROR(INDEX('sales(1)'!$B$3:$B$53,MATCH(0,IF('sales(1)'!$B$3:$B$53<>\"\",COUNTIF($A$1:A14,'sales(1)'!$B$3:$B$53),1),0))),INDEX('Return)1('!$B$3:$B$12,MATCH(0,IF('Return)1('!$B$3:$B$12<>\"\",COUNTIF($A$1:A14,'Return)1('!$B$3:$B$12),1),0)),INDEX('sales(1)'!$B$3:$B$53,MATCH(0,IF('sales(1)'!$B$3:$B$53<>\"\",COUNTIF($A$1:A14,'sales(1)'!$B$3:$B$53),1),0))),\"\")","v":""},{"$f":"IFERROR(IF(ISERROR(INDEX('sales(1)'!$C$3:$C$53,MATCH(0,IF('sales(1)'!$C$3:$C$53<>\"\",COUNTIF($B$1:B14,'sales(1)'!$C$3:$C$53),1),0))),INDEX('Return)1('!$C$3:$C$12,MATCH(0,IF('Return)1('!$C$3:$C$12<>\"\",COUNTIF($B$1:B14,'Return)1('!$C$3:$C$12),1),0)),INDEX('sales(1)'!$C$3:$C$53,MATCH(0,IF('sales(1)'!$C$3:$C$53<>\"\",COUNTIF($B$1:B14,'sales(1)'!$C$3:$C$53),1),0))),\"\")","v":113},{"$f":"IFERROR(IF(ISERROR(INDEX('sales(1)'!$G$3:$G$53,MATCH(0,IF('sales(1)'!$G$3:$G$53<>\"\",COUNTIF($C$1:C14,'sales(1)'!$G$3:$G$53),1),0))),INDEX('Return)1('!$G$3:$G$12,MATCH(0,IF('Return)1('!$G$3:$G$12<>\"\",COUNTIF($C$1:C14,'Return)1('!$G$3:$G$12),1),0)),INDEX('sales(1)'!$G$3:$G$53,MATCH(0,IF('sales(1)'!$G$3:$G$53<>\"\",COUNTIF($C$1:C14,'sales(1)'!$G$3:$G$53),1),0))),\"\")","v":""},{"$f":"IFERROR(IF(ISERROR(INDEX('sales(1)'!$H$3:$H$53,MATCH(0,IF('sales(1)'!$H$3:$H$53<>\"\",COUNTIF($D$1:D14,'sales(1)'!$H$3:$H$53),1),0))),INDEX('Return)1('!$H$3:$H$12,MATCH(0,IF('Return)1('!$H$3:$H$12<>\"\",COUNTIF($D$1:D14,'Return)1('!$H$3:$H$12),1),0)),INDEX('sales(1)'!$H$3:$H$53,MATCH(0,IF('sales(1)'!$H$3:$H$53<>\"\",COUNTIF($D$1:D14,'sales(1)'!$H$3:$H$53),1),0))),\"\")","v":""}]
[{"$f":"IFERROR(IF(ISERROR(INDEX('sales(1)'!$B$3:$B$53,MATCH(0,IF('sales(1)'!$B$3:$B$53<>\"\",COUNTIF($A$1:A15,'sales(1)'!$B$3:$B$53),1),0))),INDEX('Return)1('!$B$3:$B$12,MATCH(0,IF('Return)1('!$B$3:$B$12<>\"\",COUNTIF($A$1:A15,'Return)1('!$B$3:$B$12),1),0)),INDEX('sales(1)'!$B$3:$B$53,MATCH(0,IF('sales(1)'!$B$3:$B$53<>\"\",COUNTIF($A$1:A15,'sales(1)'!$B$3:$B$53),1),0))),\"\")","v":""},{"$f":"IFERROR(IF(ISERROR(INDEX('sales(1)'!$C$3:$C$53,MATCH(0,IF('sales(1)'!$C$3:$C$53<>\"\",COUNTIF($B$1:B15,'sales(1)'!$C$3:$C$53),1),0))),INDEX('Return)1('!$C$3:$C$12,MATCH(0,IF('Return)1('!$C$3:$C$12<>\"\",COUNTIF($B$1:B15,'Return)1('!$C$3:$C$12),1),0)),INDEX('sales(1)'!$C$3:$C$53,MATCH(0,IF('sales(1)'!$C$3:$C$53<>\"\",COUNTIF($B$1:B15,'sales(1)'!$C$3:$C$53),1),0))),\"\")","v":114},{"$f":"IFERROR(IF(ISERROR(INDEX('sales(1)'!$G$3:$G$53,MATCH(0,IF('sales(1)'!$G$3:$G$53<>\"\",COUNTIF($C$1:C15,'sales(1)'!$G$3:$G$53),1),0))),INDEX('Return)1('!$G$3:$G$12,MATCH(0,IF('Return)1('!$G$3:$G$12<>\"\",COUNTIF($C$1:C15,'Return)1('!$G$3:$G$12),1),0)),INDEX('sales(1)'!$G$3:$G$53,MATCH(0,IF('sales(1)'!$G$3:$G$53<>\"\",COUNTIF($C$1:C15,'sales(1)'!$G$3:$G$53),1),0))),\"\")","v":""},{"$f":"IFERROR(IF(ISERROR(INDEX('sales(1)'!$H$3:$H$53,MATCH(0,IF('sales(1)'!$H$3:$H$53<>\"\",COUNTIF($D$1:D15,'sales(1)'!$H$3:$H$53),1),0))),INDEX('Return)1('!$H$3:$H$12,MATCH(0,IF('Return)1('!$H$3:$H$12<>\"\",COUNTIF($D$1:D15,'Return)1('!$H$3:$H$12),1),0)),INDEX('sales(1)'!$H$3:$H$53,MATCH(0,IF('sales(1)'!$H$3:$H$53<>\"\",COUNTIF($D$1:D15,'sales(1)'!$H$3:$H$53),1),0))),\"\")","v":""}]
[{"$f":"IFERROR(IF(ISERROR(INDEX('sales(1)'!$B$3:$B$53,MATCH(0,IF('sales(1)'!$B$3:$B$53<>\"\",COUNTIF($A$1:A16,'sales(1)'!$B$3:$B$53),1),0))),INDEX('Return)1('!$B$3:$B$12,MATCH(0,IF('Return)1('!$B$3:$B$12<>\"\",COUNTIF($A$1:A16,'Return)1('!$B$3:$B$12),1),0)),INDEX('sales(1)'!$B$3:$B$53,MATCH(0,IF('sales(1)'!$B$3:$B$53<>\"\",COUNTIF($A$1:A16,'sales(1)'!$B$3:$B$53),1),0))),\"\")","v":""},{"$f":"IFERROR(IF(ISERROR(INDEX('sales(1)'!$C$3:$C$53,MATCH(0,IF('sales(1)'!$C$3:$C$53<>\"\",COUNTIF($B$1:B16,'sales(1)'!$C$3:$C$53),1),0))),INDEX('Return)1('!$C$3:$C$12,MATCH(0,IF('Return)1('!$C$3:$C$12<>\"\",COUNTIF($B$1:B16,'Return)1('!$C$3:$C$12),1),0)),INDEX('sales(1)'!$C$3:$C$53,MATCH(0,IF('sales(1)'!$C$3:$C$53<>\"\",COUNTIF($B$1:B16,'sales(1)'!$C$3:$C$53),1),0))),\"\")","v":115},{"$f":"IFERROR(IF(ISERROR(INDEX('sales(1)'!$G$3:$G$53,MATCH(0,IF('sales(1)'!$G$3:$G$53<>\"\",COUNTIF($C$1:C16,'sales(1)'!$G$3:$G$53),1),0))),INDEX('Return)1('!$G$3:$G$12,MATCH(0,IF('Return)1('!$G$3:$G$12<>\"\",COUNTIF($C$1:C16,'Return)1('!$G$3:$G$12),1),0)),INDEX('sales(1)'!$G$3:$G$53,MATCH(0,IF('sales(1)'!$G$3:$G$53<>\"\",COUNTIF($C$1:C16,'sales(1)'!$G$3:$G$53),1),0))),\"\")","v":""},{"$f":"IFERROR(IF(ISERROR(INDEX('sales(1)'!$H$3:$H$53,MATCH(0,IF('sales(1)'!$H$3:$H$53<>\"\",COUNTIF($D$1:D16,'sales(1)'!$H$3:$H$53),1),0))),INDEX('Return)1('!$H$3:$H$12,MATCH(0,IF('Return)1('!$H$3:$H$12<>\"\",COUNTIF($D$1:D16,'Return)1('!$H$3:$H$12),1),0)),INDEX('sales(1)'!$H$3:$H$53,MATCH(0,IF('sales(1)'!$H$3:$H$53<>\"\",COUNTIF($D$1:D16,'sales(1)'!$H$3:$H$53),1),0))),\"\")","v":""}]
[{"$f":"IFERROR(IF(ISERROR(INDEX('sales(1)'!$B$3:$B$53,MATCH(0,IF('sales(1)'!$B$3:$B$53<>\"\",COUNTIF($A$1:A17,'sales(1)'!$B$3:$B$53),1),0))),INDEX('Return)1('!$B$3:$B$12,MATCH(0,IF('Return)1('!$B$3:$B$12<>\"\",COUNTIF($A$1:A17,'Return)1('!$B$3:$B$12),1),0)),INDEX('sales(1)'!$B$3:$B$53,MATCH(0,IF('sales(1)'!$B$3:$B$53<>\"\",COUNTIF($A$1:A17,'sales(1)'!$B$3:$B$53),1),0))),\"\")","v":""},{"$f":"IFERROR(IF(ISERROR(INDEX('sales(1)'!$C$3:$C$53,MATCH(0,IF('sales(1)'!$C$3:$C$53<>\"\",COUNTIF($B$1:B17,'sales(1)'!$C$3:$C$53),1),0))),INDEX('Return)1('!$C$3:$C$12,MATCH(0,IF('Return)1('!$C$3:$C$12<>\"\",COUNTIF($B$1:B17,'Return)1('!$C$3:$C$12),1),0)),INDEX('sales(1)'!$C$3:$C$53,MATCH(0,IF('sales(1)'!$C$3:$C$53<>\"\",COUNTIF($B$1:B17,'sales(1)'!$C$3:$C$53),1),0))),\"\")","v":116},{"$f":"IFERROR(IF(ISERROR(INDEX('sales(1)'!$G$3:$G$53,MATCH(0,IF('sales(1)'!$G$3:$G$53<>\"\",COUNTIF($C$1:C17,'sales(1)'!$G$3:$G$53),1),0))),INDEX('Return)1('!$G$3:$G$12,MATCH(0,IF('Return)1('!$G$3:$G$12<>\"\",COUNTIF($C$1:C17,'Return)1('!$G$3:$G$12),1),0)),INDEX('sales(1)'!$G$3:$G$53,MATCH(0,IF('sales(1)'!$G$3:$G$53<>\"\",COUNTIF($C$1:C17,'sales(1)'!$G$3:$G$53),1),0))),\"\")","v":""},{"$f":"IFERROR(IF(ISERROR(INDEX('sales(1)'!$H$3:$H$53,MATCH(0,IF('sales(1)'!$H$3:$H$53<>\"\",COUNTIF($D$1:D17,'sales(1)'!$H$3:$H$53),1),0))),INDEX('Return)1('!$H$3:$H$12,MATCH(0,IF('Return)1('!$H$3:$H$12<>\"\",COUNTIF($D$1:D17,'Return)1('!$H$3:$H$12),1),0)),INDEX('sales(1)'!$H$3:$H$53,MATCH(0,IF('sales(1)'!$H$3:$H$53<>\"\",COUNTIF($D$1:D17,'sales(1)'!$H$3:$H$53),1),0))),\"\")","v":""}]
[{"$f":"IFERROR(IF(ISERROR(INDEX('sales(1)'!$B$3:$B$53,MATCH(0,IF('sales(1)'!$B$3:$B$53<>\"\",COUNTIF($A$1:A18,'sales(1)'!$B$3:$B$53),1),0))),INDEX('Return)1('!$B$3:$B$12,MATCH(0,IF('Return)1('!$B$3:$B$12<>\"\",COUNTIF($A$1:A18,'Return)1('!$B$3:$B$12),1),0)),INDEX('sales(1)'!$B$3:$B$53,MATCH(0,IF('sales(1)'!$B$3:$B$53<>\"\",COUNTIF($A$1:A18,'sales(1)'!$B$3:$B$53),1),0))),\"\")","v":""},{"$f":"IFERROR(IF(ISERROR(INDEX('sales(1)'!$C$3:$C$53,MATCH(0,IF('sales(1)'!$C$3:$C$53<>\"\",COUNTIF($B$1:B18,'sales(1)'!$C$3:$C$53),1),0))),INDEX('Return)1('!$C$3:$C$12,MATCH(0,IF('Return)1('!$C$3:$C$12<>\"\",COUNTIF($B$1:B18,'Return)1('!$C$3:$C$12),1),0)),INDEX('sales(1)'!$C$3:$C$53,MATCH(0,IF('sales(1)'!$C$3:$C$53<>\"\",COUNTIF($B$1:B18,'sales(1)'!$C$3:$C$53),1),0))),\"\")","v":117},{"$f":"IFERROR(IF(ISERROR(INDEX('sales(1)'!$G$3:$G$53,MATCH(0,IF('sales(1)'!$G$3:$G$53<>\"\",COUNTIF($C$1:C18,'sales(1)'!$G$3:$G$53),1),0))),INDEX('Return)1('!$G$3:$G$12,MATCH(0,IF('Return)1('!$G$3:$G$12<>\"\",COUNTIF($C$1:C18,'Return)1('!$G$3:$G$12),1),0)),INDEX('sales(1)'!$G$3:$G$53,MATCH(0,IF('sales(1)'!$G$3:$G$53<>\"\",COUNTIF($C$1:C18,'sales(1)'!$G$3:$G$53),1),0))),\"\")","v":""},{"$f":"IFERROR(IF(ISERROR(INDEX('sales(1)'!$H$3:$H$53,MATCH(0,IF('sales(1)'!$H$3:$H$53<>\"\",COUNTIF($D$1:D18,'sales(1)'!$H$3:$H$53),1),0))),INDEX('Return)1('!$H$3:$H$12,MATCH(0,IF('Return)1('!$H$3:$H$12<>\"\",COUNTIF($D$1:D18,'Return)1('!$H$3:$H$12),1),0)),INDEX('sales(1)'!$H$3:$H$53,MATCH(0,IF('sales(1)'!$H$3:$H$53<>\"\",COUNTIF($D$1:D18,'sales(1)'!$H$3:$H$53),1),0))),\"\")","v":""}]
[{"$f":"IFERROR(IF(ISERROR(INDEX('sales(1)'!$B$3:$B$53,MATCH(0,IF('sales(1)'!$B$3:$B$53<>\"\",COUNTIF($A$1:A19,'sales(1)'!$B$3:$B$53),1),0))),INDEX('Return)1('!$B$3:$B$12,MATCH(0,IF('Return)1('!$B$3:$B$12<>\"\",COUNTIF($A$1:A19,'Return)1('!$B$3:$B$12),1),0)),INDEX('sales(1)'!$B$3:$B$53,MATCH(0,IF('sales(1)'!$B$3:$B$53<>\"\",COUNTIF($A$1:A19,'sales(1)'!$B$3:$B$53),1),0))),\"\")","v":""},{"$f":"IFERROR(IF(ISERROR(INDEX('sales(1)'!$C$3:$C$53,MATCH(0,IF('sales(1)'!$C$3:$C$53<>\"\",COUNTIF($B$1:B19,'sales(1)'!$C$3:$C$53),1),0))),INDEX('Return)1('!$C$3:$C$12,MATCH(0,IF('Return)1('!$C$3:$C$12<>\"\",COUNTIF($B$1:B19,'Return)1('!$C$3:$C$12),1),0)),INDEX('sales(1)'!$C$3:$C$53,MATCH(0,IF('sales(1)'!$C$3:$C$53<>\"\",COUNTIF($B$1:B19,'sales(1)'!$C$3:$C$53),1),0))),\"\")","v":118},{"$f":"IFERROR(IF(ISERROR(INDEX('sales(1)'!$G$3:$G$53,MATCH(0,IF('sales(1)'!$G$3:$G$53<>\"\",COUNTIF($C$1:C19,'sales(1)'!$G$3:$G$53),1),0))),INDEX('Return)1('!$G$3:$G$12,MATCH(0,IF('Return)1('!$G$3:$G$12<>\"\",COUNTIF($C$1:C19,'Return)1('!$G$3:$G$12),1),0)),INDEX('sales(1)'!$G$3:$G$53,MATCH(0,IF('sales(1)'!$G$3:$G$53<>\"\",COUNTIF($C$1:C19,'sales(1)'!$G$3:$G$53),1),0))),\"\")","v":""},{"$f":"IFERROR(IF(ISERROR(INDEX('sales(1)'!$H$3:$H$53,MATCH(0,IF('sales(1)'!$H$3:$H$53<>\"\",COUNTIF($D$1:D19,'sales(1)'!$H$3:$H$53),1),0))),INDEX('Return)1('!$H$3:$H$12,MATCH(0,IF('Return)1('!$H$3:$H$12<>\"\",COUNTIF($D$1:D19,'Return)1('!$H$3:$H$12),1),0)),INDEX('sales(1)'!$H$3:$H$53,MATCH(0,IF('sales(1)'!$H$3:$H$53<>\"\",COUNTIF($D$1:D19,'sales(1)'!$H$3:$H$53),1),0))),\"\")","v":""}]
[{"$f":"IFERROR(IF(ISERROR(INDEX('sales(1)'!$B$3:$B$53,MATCH(0,IF('sales(1)'!$B$3:$B$53<>\"\",COUNTIF($A$1:A20,'sales(1)'!$B$3:$B$53),1),0))),INDEX('Return)1('!$B$3:$B$12,MATCH(0,IF('Return)1('!$B$3:$B$12<>\"\",COUNTIF($A$1:A20,'Return)1('!$B$3:$B$12),1),0)),INDEX('sales(1)'!$B$3:$B$53,MATCH(0,IF('sales(1)'!$B$3:$B$53<>\"\",COUNTIF($A$1:A20,'sales(1)'!$B$3:$B$53),1),0))),\"\")","v":""},{"$f":"IFERROR(IF(ISERROR(INDEX('sales(1)'!$C$3:$C$53,MATCH(0,IF('sales(1)'!$C$3:$C$53<>\"\",COUNTIF($B$1:B20,'sales(1)'!$C$3:$C$53),1),0))),INDEX('Return)1('!$C$3:$C$12,MATCH(0,IF('Return)1('!$C$3:$C$12<>\"\",COUNTIF($B$1:B20,'Return)1('!$C$3:$C$12),1),0)),INDEX('sales(1)'!$C$3:$C$53,MATCH(0,IF('sales(1)'!$C$3:$C$53<>\"\",COUNTIF($B$1:B20,'sales(1)'!$C$3:$C$53),1),0))),\"\")","v":119},{"$f":"IFERROR(IF(ISERROR(INDEX('sales(1)'!$G$3:$G$53,MATCH(0,IF('sales(1)'!$G$3:$G$53<>\"\",COUNTIF($C$1:C20,'sales(1)'!$G$3:$G$53),1),0))),INDEX('Return)1('!$G$3:$G$12,MATCH(0,IF('Return)1('!$G$3:$G$12<>\"\",COUNTIF($C$1:C20,'Return)1('!$G$3:$G$12),1),0)),INDEX('sales(1)'!$G$3:$G$53,MATCH(0,IF('sales(1)'!$G$3:$G$53<>\"\",COUNTIF($C$1:C20,'sales(1)'!$G$3:$G$53),1),0))),\"\")","v":""},{"$f":"IFERROR(IF(ISERROR(INDEX('sales(1)'!$H$3:$H$53,MATCH(0,IF('sales(1)'!$H$3:$H$53<>\"\",COUNTIF($D$1:D20,'sales(1)'!$H$3:$H$53),1),0))),INDEX('Return)1('!$H$3:$H$12,MATCH(0,IF('Return)1('!$H$3:$H$12<>\"\",COUNTIF($D$1:D20,'Return)1('!$H$3:$H$12),1),0)),INDEX('sales(1)'!$H$3:$H$53,MATCH(0,IF('sales(1)'!$H$3:$H$53<>\"\",COUNTIF($D$1:D20,'sales(1)'!$H$3:$H$53),1),0))),\"\")","v":""}]
[{"$f":"IFERROR(IF(ISERROR(INDEX('sales(1)'!$B$3:$B$53,MATCH(0,IF('sales(1)'!$B$3:$B$53<>\"\",COUNTIF($A$1:A21,'sales(1)'!$B$3:$B$53),1),0))),INDEX('Return)1('!$B$3:$B$12,MATCH(0,IF('Return)1('!$B$3:$B$12<>\"\",COUNTIF($A$1:A21,'Return)1('!$B$3:$B$12),1),0)),INDEX('sales(1)'!$B$3:$B$53,MATCH(0,IF('sales(1)'!$B$3:$B$53<>\"\",COUNTIF($A$1:A21,'sales(1)'!$B$3:$B$53),1),0))),\"\")","v":""},{"$f":"IFERROR(IF(ISERROR(INDEX('sales(1)'!$C$3:$C$53,MATCH(0,IF('sales(1)'!$C$3:$C$53<>\"\",COUNTIF($B$1:B21,'sales(1)'!$C$3:$C$53),1),0))),INDEX('Return)1('!$C$3:$C$12,MATCH(0,IF('Return)1('!$C$3:$C$12<>\"\",COUNTIF($B$1:B21,'Return)1('!$C$3:$C$12),1),0)),INDEX('sales(1)'!$C$3:$C$53,MATCH(0,IF('sales(1)'!$C$3:$C$53<>\"\",COUNTIF($B$1:B21,'sales(1)'!$C$3:$C$53),1),0))),\"\")","v":120},{"$f":"IFERROR(IF(ISERROR(INDEX('sales(1)'!$G$3:$G$53,MATCH(0,IF('sales(1)'!$G$3:$G$53<>\"\",COUNTIF($C$1:C21,'sales(1)'!$G$3:$G$53),1),0))),INDEX('Return)1('!$G$3:$G$12,MATCH(0,IF('Return)1('!$G$3:$G$12<>\"\",COUNTIF($C$1:C21,'Return)1('!$G$3:$G$12),1),0)),INDEX('sales(1)'!$G$3:$G$53,MATCH(0,IF('sales(1)'!$G$3:$G$53<>\"\",COUNTIF($C$1:C21,'sales(1)'!$G$3:$G$53),1),0))),\"\")","v":""},{"$f":"IFERROR(IF(ISERROR(INDEX('sales(1)'!$H$3:$H$53,MATCH(0,IF('sales(1)'!$H$3:$H$53<>\"\",COUNTIF($D$1:D21,'sales(1)'!$H$3:$H$53),1),0))),INDEX('Return)1('!$H$3:$H$12,MATCH(0,IF('Return)1('!$H$3:$H$12<>\"\",COUNTIF($D$1:D21,'Return)1('!$H$3:$H$12),1),0)),INDEX('sales(1)'!$H$3:$H$53,MATCH(0,IF('sales(1)'!$H$3:$H$53<>\"\",COUNTIF($D$1:D21,'sales(1)'!$H$3:$H$53),1),0))),\"\")","v":""}]
[{"$f":"IFERROR(IF(ISERROR(INDEX('sales(1)'!$B$3:$B$53,MATCH(0,IF('sales(1)'!$B$3:$B$53<>\"\",COUNTIF($A$1:A22,'sales(1)'!$B$3:$B$53),1),0))),INDEX('Return)1('!$B$3:$B$12,MATCH(0,IF('Return)1('!$B$3:$B$12<>\"\",COUNTIF($A$1:A22,'Return)1('!$B$3:$B$12),1),0)),INDEX('sales(1)'!$B$3:$B$53,MATCH(0,IF('sales(1)'!$B$3:$B$53<>\"\",COUNTIF($A$1:A22,'sales(1)'!$B$3:$B$53),1),0))),\"\")","v":""},{"$f":"IFERROR(IF(ISERROR(INDEX('sales(1)'!$C$3:$C$53,MATCH(0,IF('sales(1)'!$C$3:$C$53<>\"\",COUNTIF($B$1:B22,'sales(1)'!$C$3:$C$53),1),0))),INDEX('Return)1('!$C$3:$C$12,MATCH(0,IF('Return)1('!$C$3:$C$12<>\"\",COUNTIF($B$1:B22,'Return)1('!$C$3:$C$12),1),0)),INDEX('sales(1)'!$C$3:$C$53,MATCH(0,IF('sales(1)'!$C$3:$C$53<>\"\",COUNTIF($B$1:B22,'sales(1)'!$C$3:$C$53),1),0))),\"\")","v":121},{"$f":"IFERROR(IF(ISERROR(INDEX('sales(1)'!$G$3:$G$53,MATCH(0,IF('sales(1)'!$G$3:$G$53<>\"\",COUNTIF($C$1:C22,'sales(1)'!$G$3:$G$53),1),0))),INDEX('Return)1('!$G$3:$G$12,MATCH(0,IF('Return)1('!$G$3:$G$12<>\"\",COUNTIF($C$1:C22,'Return)1('!$G$3:$G$12),1),0)),INDEX('sales(1)'!$G$3:$G$53,MATCH(0,IF('sales(1)'!$G$3:$G$53<>\"\",COUNTIF($C$1:C22,'sales(1)'!$G$3:$G$53),1),0))),\"\")","v":""},{"$f":"IFERROR(IF(ISERROR(INDEX('sales(1)'!$H$3:$H$53,MATCH(0,IF('sales(1)'!$H$3:$H$53<>\"\",COUNTIF($D$1:D22,'sales(1)'!$H$3:$H$53),1),0))),INDEX('Return)1('!$H$3:$H$12,MATCH(0,IF('Return)1('!$H$3:$H$12<>\"\",COUNTIF($D$1:D22,'Return)1('!$H$3:$H$12),1),0)),INDEX('sales(1)'!$H$3:$H$53,MATCH(0,IF('sales(1)'!$H$3:$H$53<>\"\",COUNTIF($D$1:D22,'sales(1)'!$H$3:$H$53),1),0))),\"\")","v":""}]
[{"$f":"IFERROR(IF(ISERROR(INDEX('sales(1)'!$B$3:$B$53,MATCH(0,IF('sales(1)'!$B$3:$B$53<>\"\",COUNTIF($A$1:A23,'sales(1)'!$B$3:$B$53),1),0))),INDEX('Return)1('!$B$3:$B$12,MATCH(0,IF('Return)1('!$B$3:$B$12<>\"\",COUNTIF($A$1:A23,'Return)1('!$B$3:$B$12),1),0)),INDEX('sales(1)'!$B$3:$B$53,MATCH(0,IF('sales(1)'!$B$3:$B$53<>\"\",COUNTIF($A$1:A23,'sales(1)'!$B$3:$B$53),1),0))),\"\")","v":""},{"$f":"IFERROR(IF(ISERROR(INDEX('sales(1)'!$C$3:$C$53,MATCH(0,IF('sales(1)'!$C$3:$C$53<>\"\",COUNTIF($B$1:B23,'sales(1)'!$C$3:$C$53),1),0))),INDEX('Return)1('!$C$3:$C$12,MATCH(0,IF('Return)1('!$C$3:$C$12<>\"\",COUNTIF($B$1:B23,'Return)1('!$C$3:$C$12),1),0)),INDEX('sales(1)'!$C$3:$C$53,MATCH(0,IF('sales(1)'!$C$3:$C$53<>\"\",COUNTIF($B$1:B23,'sales(1)'!$C$3:$C$53),1),0))),\"\")","v":122},{"$f":"IFERROR(IF(ISERROR(INDEX('sales(1)'!$G$3:$G$53,MATCH(0,IF('sales(1)'!$G$3:$G$53<>\"\",COUNTIF($C$1:C23,'sales(1)'!$G$3:$G$53),1),0))),INDEX('Return)1('!$G$3:$G$12,MATCH(0,IF('Return)1('!$G$3:$G$12<>\"\",COUNTIF($C$1:C23,'Return)1('!$G$3:$G$12),1),0)),INDEX('sales(1)'!$G$3:$G$53,MATCH(0,IF('sales(1)'!$G$3:$G$53<>\"\",COUNTIF($C$1:C23,'sales(1)'!$G$3:$G$53),1),0))),\"\")","v":""},{"$f":"IFERROR(IF(ISERROR(INDEX('sales(1)'!$H$3:$H$53,MATCH(0,IF('sales(1)'!$H$3:$H$53<>\"\",COUNTIF($D$1:D23,'sales(1)'!$H$3:$H$53),1),0))),INDEX('Return)1('!$H$3:$H$12,MATCH(0,IF('Return)1('!$H$3:$H$12<>\"\",COUNTIF($D$1:D23,'Return)1('!$H$3:$H$12),1),0)),INDEX('sales(1)'!$H$3:$H$53,MATCH(0,IF('sales(1)'!$H$3:$H$53<>\"\",COUNTIF($D$1:D23,'sales(1)'!$H$3:$H$53),1),0))),\"\")","v":""}]
[{"$f":"IFERROR(IF(ISERROR(INDEX('sales(1)'!$B$3:$B$53,MATCH(0,IF('sales(1)'!$B$3:$B$53<>\"\",COUNTIF($A$1:A24,'sales(1)'!$B$3:$B$53),1),0))),INDEX('Return)1('!$B$3:$B$12,MATCH(0,IF('Return)1('!$B$3:$B$12<>\"\",COUNTIF($A$1:A24,'Return)1('!$B$3:$B$12),1),0)),INDEX('sales(1)'!$B$3:$B$53,MATCH(0,IF('sales(1)'!$B$3:$B$53<>\"\",COUNTIF($A$1:A24,'sales(1)'!$B$3:$B$53),1),0))),\"\")","v":""},{"$f":"IFERROR(IF(ISERROR(INDEX('sales(1)'!$C$3:$C$53,MATCH(0,IF('sales(1)'!$C$3:$C$53<>\"\",COUNTIF($B$1:B24,'sales(1)'!$C$3:$C$53),1),0))),INDEX('Return)1('!$C$3:$C$12,MATCH(0,IF('Return)1('!$C$3:$C$12<>\"\",COUNTIF($B$1:B24,'Return)1('!$C$3:$C$12),1),0)),INDEX('sales(1)'!$C$3:$C$53,MATCH(0,IF('sales(1)'!$C$3:$C$53<>\"\",COUNTIF($B$1:B24,'sales(1)'!$C$3:$C$53),1),0))),\"\")","v":123},{"$f":"IFERROR(IF(ISERROR(INDEX('sales(1)'!$G$3:$G$53,MATCH(0,IF('sales(1)'!$G$3:$G$53<>\"\",COUNTIF($C$1:C24,'sales(1)'!$G$3:$G$53),1),0))),INDEX('Return)1('!$G$3:$G$12,MATCH(0,IF('Return)1('!$G$3:$G$12<>\"\",COUNTIF($C$1:C24,'Return)1('!$G$3:$G$12),1),0)),INDEX('sales(1)'!$G$3:$G$53,MATCH(0,IF('sales(1)'!$G$3:$G$53<>\"\",COUNTIF($C$1:C24,'sales(1)'!$G$3:$G$53),1),0))),\"\")","v":""},{"$f":"IFERROR(IF(ISERROR(INDEX('sales(1)'!$H$3:$H$53,MATCH(0,IF('sales(1)'!$H$3:$H$53<>\"\",COUNTIF($D$1:D24,'sales(1)'!$H$3:$H$53),1),0))),INDEX('Return)1('!$H$3:$H$12,MATCH(0,IF('Return)1('!$H$3:$H$12<>\"\",COUNTIF($D$1:D24,'Return)1('!$H$3:$H$12),1),0)),INDEX('sales(1)'!$H$3:$H$53,MATCH(0,IF('sales(1)'!$H$3:$H$53<>\"\",COUNTIF($D$1:D24,'sales(1)'!$H$3:$H$53),1),0))),\"\")","v":""}]
[{"$f":"IFERROR(IF(ISERROR(INDEX('sales(1)'!$B$3:$B$53,MATCH(0,IF('sales(1)'!$B$3:$B$53<>\"\",COUNTIF($A$1:A25,'sales(1)'!$B$3:$B$53),1),0))),INDEX('Return)1('!$B$3:$B$12,MATCH(0,IF('Return)1('!$B$3:$B$12<>\"\",COUNTIF($A$1:A25,'Return)1('!$B$3:$B$12),1),0)),INDEX('sales(1)'!$B$3:$B$53,MATCH(0,IF('sales(1)'!$B$3:$B$53<>\"\",COUNTIF($A$1:A25,'sales(1)'!$B$3:$B$53),1),0))),\"\")","v":""},{"$f":"IFERROR(IF(ISERROR(INDEX('sales(1)'!$C$3:$C$53,MATCH(0,IF('sales(1)'!$C$3:$C$53<>\"\",COUNTIF($B$1:B25,'sales(1)'!$C$3:$C$53),1),0))),INDEX('Return)1('!$C$3:$C$12,MATCH(0,IF('Return)1('!$C$3:$C$12<>\"\",COUNTIF($B$1:B25,'Return)1('!$C$3:$C$12),1),0)),INDEX('sales(1)'!$C$3:$C$53,MATCH(0,IF('sales(1)'!$C$3:$C$53<>\"\",COUNTIF($B$1:B25,'sales(1)'!$C$3:$C$53),1),0))),\"\")","v":124},{"$f":"IFERROR(IF(ISERROR(INDEX('sales(1)'!$G$3:$G$53,MATCH(0,IF('sales(1)'!$G$3:$G$53<>\"\",COUNTIF($C$1:C25,'sales(1)'!$G$3:$G$53),1),0))),INDEX('Return)1('!$G$3:$G$12,MATCH(0,IF('Return)1('!$G$3:$G$12<>\"\",COUNTIF($C$1:C25,'Return)1('!$G$3:$G$12),1),0)),INDEX('sales(1)'!$G$3:$G$53,MATCH(0,IF('sales(1)'!$G$3:$G$53<>\"\",COUNTIF($C$1:C25,'sales(1)'!$G$3:$G$53),1),0))),\"\")","v":""},{"$f":"IFERROR(IF(ISERROR(INDEX('sales(1)'!$H$3:$H$53,MATCH(0,IF('sales(1)'!$H$3:$H$53<>\"\",COUNTIF($D$1:D25,'sales(1)'!$H$3:$H$53),1),0))),INDEX('Return)1('!$H$3:$H$12,MATCH(0,IF('Return)1('!$H$3:$H$12<>\"\",COUNTIF($D$1:D25,'Return)1('!$H$3:$H$12),1),0)),INDEX('sales(1)'!$H$3:$H$53,MATCH(0,IF('sales(1)'!$H$3:$H$53<>\"\",COUNTIF($D$1:D25,'sales(1)'!$H$3:$H$53),1),0))),\"\")","v":""}]
[{"$f":"IFERROR(IF(ISERROR(INDEX('sales(1)'!$B$3:$B$53,MATCH(0,IF('sales(1)'!$B$3:$B$53<>\"\",COUNTIF($A$1:A26,'sales(1)'!$B$3:$B$53),1),0))),INDEX('Return)1('!$B$3:$B$12,MATCH(0,IF('Return)1('!$B$3:$B$12<>\"\",COUNTIF($A$1:A26,'Return)1('!$B$3:$B$12),1),0)),INDEX('sales(1)'!$B$3:$B$53,MATCH(0,IF('sales(1)'!$B$3:$B$53<>\"\",COUNTIF($A$1:A26,'sales(1)'!$B$3:$B$53),1),0))),\"\")","v":""},{"$f":"IFERROR(IF(ISERROR(INDEX('sales(1)'!$C$3:$C$53,MATCH(0,IF('sales(1)'!$C$3:$C$53<>\"\",COUNTIF($B$1:B26,'sales(1)'!$C$3:$C$53),1),0))),INDEX('Return)1('!$C$3:$C$12,MATCH(0,IF('Return)1('!$C$3:$C$12<>\"\",COUNTIF($B$1:B26,'Return)1('!$C$3:$C$12),1),0)),INDEX('sales(1)'!$C$3:$C$53,MATCH(0,IF('sales(1)'!$C$3:$C$53<>\"\",COUNTIF($B$1:B26,'sales(1)'!$C$3:$C$53),1),0))),\"\")","v":125},{"$f":"IFERROR(IF(ISERROR(INDEX('sales(1)'!$G$3:$G$53,MATCH(0,IF('sales(1)'!$G$3:$G$53<>\"\",COUNTIF($C$1:C26,'sales(1)'!$G$3:$G$53),1),0))),INDEX('Return)1('!$G$3:$G$12,MATCH(0,IF('Return)1('!$G$3:$G$12<>\"\",COUNTIF($C$1:C26,'Return)1('!$G$3:$G$12),1),0)),INDEX('sales(1)'!$G$3:$G$53,MATCH(0,IF('sales(1)'!$G$3:$G$53<>\"\",COUNTIF($C$1:C26,'sales(1)'!$G$3:$G$53),1),0))),\"\")","v":""},{"$f":"IFERROR(IF(ISERROR(INDEX('sales(1)'!$H$3:$H$53,MATCH(0,IF('sales(1)'!$H$3:$H$53<>\"\",COUNTIF($D$1:D26,'sales(1)'!$H$3:$H$53),1),0))),INDEX('Return)1('!$H$3:$H$12,MATCH(0,IF('Return)1('!$H$3:$H$12<>\"\",COUNTIF($D$1:D26,'Return)1('!$H$3:$H$12),1),0)),INDEX('sales(1)'!$H$3:$H$53,MATCH(0,IF('sales(1)'!$H$3:$H$53<>\"\",COUNTIF($D$1:D26,'sales(1)'!$H$3:$H$53),1),0))),\"\")","v":""}]
[{"$f":"IFERROR(IF(ISERROR(INDEX('sales(1)'!$B$3:$B$53,MATCH(0,IF('sales(1)'!$B$3:$B$53<>\"\",COUNTIF($A$1:A27,'sales(1)'!$B$3:$B$53),1),0))),INDEX('Return)1('!$B$3:$B$12,MATCH(0,IF('Return)1('!$B$3:$B$12<>\"\",COUNTIF($A$1:A27,'Return)1('!$B$3:$B$12),1),0)),INDEX('sales(1)'!$B$3:$B$53,MATCH(0,IF('sales(1)'!$B$3:$B$53<>\"\",COUNTIF($A$1:A27,'sales(1)'!$B$3:$B$53),1),0))),\"\")","v":""},{"$f":"IFERROR(IF(ISERROR(INDEX('sales(1)'!$C$3:$C$53,MATCH(0,IF('sales(1)'!$C$3:$C$53<>\"\",COUNTIF($B$1:B27,'sales(1)'!$C$3:$C$53),1),0))),INDEX('Return)1('!$C$3:$C$12,MATCH(0,IF('Return)1('!$C$3:$C$12<>\"\",COUNTIF($B$1:B27,'Return)1('!$C$3:$C$12),1),0)),INDEX('sales(1)'!$C$3:$C$53,MATCH(0,IF('sales(1)'!$C$3:$C$53<>\"\",COUNTIF($B$1:B27,'sales(1)'!$C$3:$C$53),1),0))),\"\")","v":126},{"$f":"IFERROR(IF(ISERROR(INDEX('sales(1)'!$G$3:$G$53,MATCH(0,IF('sales(1)'!$G$3:$G$53<>\"\",COUNTIF($C$1:C27,'sales(1)'!$G$3:$G$53),1),0))),INDEX('Return)1('!$G$3:$G$12,MATCH(0,IF('Return)1('!$G$3:$G$12<>\"\",COUNTIF($C$1:C27,'Return)1('!$G$3:$G$12),1),0)),INDEX('sales(1)'!$G$3:$G$53,MATCH(0,IF('sales(1)'!$G$3:$G$53<>\"\",COUNTIF($C$1:C27,'sales(1)'!$G$3:$G$53),1),0))),\"\")","v":""},{"$f":"IFERROR(IF(ISERROR(INDEX('sales(1)'!$H$3:$H$53,MATCH(0,IF('sales(1)'!$H$3:$H$53<>\"\",COUNTIF($D$1:D27,'sales(1)'!$H$3:$H$53),1),0))),INDEX('Return)1('!$H$3:$H$12,MATCH(0,IF('Return)1('!$H$3:$H$12<>\"\",COUNTIF($D$1:D27,'Return)1('!$H$3:$H$12),1),0)),INDEX('sales(1)'!$H$3:$H$53,MATCH(0,IF('sales(1)'!$H$3:$H$53<>\"\",COUNTIF($D$1:D27,'sales(1)'!$H$3:$H$53),1),0))),\"\")","v":""}]
[{"$f":"IFERROR(IF(ISERROR(INDEX('sales(1)'!$B$3:$B$53,MATCH(0,IF('sales(1)'!$B$3:$B$53<>\"\",COUNTIF($A$1:A28,'sales(1)'!$B$3:$B$53),1),0))),INDEX('Return)1('!$B$3:$B$12,MATCH(0,IF('Return)1('!$B$3:$B$12<>\"\",COUNTIF($A$1:A28,'Return)1('!$B$3:$B$12),1),0)),INDEX('sales(1)'!$B$3:$B$53,MATCH(0,IF('sales(1)'!$B$3:$B$53<>\"\",COUNTIF($A$1:A28,'sales(1)'!$B$3:$B$53),1),0))),\"\")","v":""},{"$f":"IFERROR(IF(ISERROR(INDEX('sales(1)'!$C$3:$C$53,MATCH(0,IF('sales(1)'!$C$3:$C$53<>\"\",COUNTIF($B$1:B28,'sales(1)'!$C$3:$C$53),1),0))),INDEX('Return)1('!$C$3:$C$12,MATCH(0,IF('Return)1('!$C$3:$C$12<>\"\",COUNTIF($B$1:B28,'Return)1('!$C$3:$C$12),1),0)),INDEX('sales(1)'!$C$3:$C$53,MATCH(0,IF('sales(1)'!$C$3:$C$53<>\"\",COUNTIF($B$1:B28,'sales(1)'!$C$3:$C$53),1),0))),\"\")","v":127},{"$f":"IFERROR(IF(ISERROR(INDEX('sales(1)'!$G$3:$G$53,MATCH(0,IF('sales(1)'!$G$3:$G$53<>\"\",COUNTIF($C$1:C28,'sales(1)'!$G$3:$G$53),1),0))),INDEX('Return)1('!$G$3:$G$12,MATCH(0,IF('Return)1('!$G$3:$G$12<>\"\",COUNTIF($C$1:C28,'Return)1('!$G$3:$G$12),1),0)),INDEX('sales(1)'!$G$3:$G$53,MATCH(0,IF('sales(1)'!$G$3:$G$53<>\"\",COUNTIF($C$1:C28,'sales(1)'!$G$3:$G$53),1),0))),\"\")","v":""},{"$f":"IFERROR(IF(ISERROR(INDEX('sales(1)'!$H$3:$H$53,MATCH(0,IF('sales(1)'!$H$3:$H$53<>\"\",COUNTIF($D$1:D28,'sales(1)'!$H$3:$H$53),1),0))),INDEX('Return)1('!$H$3:$H$12,MATCH(0,IF('Return)1('!$H$3:$H$12<>\"\",COUNTIF($D$1:D28,'Return)1('!$H$3:$H$12),1),0)),INDEX('sales(1)'!$H$3:$H$53,MATCH(0,IF('sales(1)'!$H$3:$H$53<>\"\",COUNTIF($D$1:D28,'sales(1)'!$H$3:$H$53),1),0))),\"\")","v":""}]
[{"$f":"IFERROR(IF(ISERROR(INDEX('sales(1)'!$B$3:$B$53,MATCH(0,IF('sales(1)'!$B$3:$B$53<>\"\",COUNTIF($A$1:A29,'sales(1)'!$B$3:$B$53),1),0))),INDEX('Return)1('!$B$3:$B$12,MATCH(0,IF('Return)1('!$B$3:$B$12<>\"\",COUNTIF($A$1:A29,'Return)1('!$B$3:$B$12),1),0)),INDEX('sales(1)'!$B$3:$B$53,MATCH(0,IF('sales(1)'!$B$3:$B$53<>\"\",COUNTIF($A$1:A29,'sales(1)'!$B$3:$B$53),1),0))),\"\")","v":""},{"$f":"IFERROR(IF(ISERROR(INDEX('sales(1)'!$C$3:$C$53,MATCH(0,IF('sales(1)'!$C$3:$C$53<>\"\",COUNTIF($B$1:B29,'sales(1)'!$C$3:$C$53),1),0))),INDEX('Return)1('!$C$3:$C$12,MATCH(0,IF('Return)1('!$C$3:$C$12<>\"\",COUNTIF($B$1:B29,'Return)1('!$C$3:$C$12),1),0)),INDEX('sales(1)'!$C$3:$C$53,MATCH(0,IF('sales(1)'!$C$3:$C$53<>\"\",COUNTIF($B$1:B29,'sales(1)'!$C$3:$C$53),1),0))),\"\")","v":128},{"$f":"IFERROR(IF(ISERROR(INDEX('sales(1)'!$G$3:$G$53,MATCH(0,IF('sales(1)'!$G$3:$G$53<>\"\",COUNTIF($C$1:C29,'sales(1)'!$G$3:$G$53),1),0))),INDEX('Return)1('!$G$3:$G$12,MATCH(0,IF('Return)1('!$G$3:$G$12<>\"\",COUNTIF($C$1:C29,'Return)1('!$G$3:$G$12),1),0)),INDEX('sales(1)'!$G$3:$G$53,MATCH(0,IF('sales(1)'!$G$3:$G$53<>\"\",COUNTIF($C$1:C29,'sales(1)'!$G$3:$G$53),1),0))),\"\")","v":""},{"$f":"IFERROR(IF(ISERROR(INDEX('sales(1)'!$H$3:$H$53,MATCH(0,IF('sales(1)'!$H$3:$H$53<>\"\",COUNTIF($D$1:D29,'sales(1)'!$H$3:$H$53),1),0))),INDEX('Return)1('!$H$3:$H$12,MATCH(0,IF('Return)1('!$H$3:$H$12<>\"\",COUNTIF($D$1:D29,'Return)1('!$H$3:$H$12),1),0)),INDEX('sales(1)'!$H$3:$H$53,MATCH(0,IF('sales(1)'!$H$3:$H$53<>\"\",COUNTIF($D$1:D29,'sales(1)'!$H$3:$H$53),1),0))),\"\")","v":""}]
[{"$f":"IFERROR(IF(ISERROR(INDEX('sales(1)'!$B$3:$B$53,MATCH(0,IF('sales(1)'!$B$3:$B$53<>\"\",COUNTIF($A$1:A30,'sales(1)'!$B$3:$B$53),1),0))),INDEX('Return)1('!$B$3:$B$12,MATCH(0,IF('Return)1('!$B$3:$B$12<>\"\",COUNTIF($A$1:A30,'Return)1('!$B$3:$B$12),1),0)),INDEX('sales(1)'!$B$3:$B$53,MATCH(0,IF('sales(1)'!$B$3:$B$53<>\"\",COUNTIF($A$1:A30,'sales(1)'!$B$3:$B$53),1),0))),\"\")","v":""},{"$f":"IFERROR(IF(ISERROR(INDEX('sales(1)'!$C$3:$C$53,MATCH(0,IF('sales(1)'!$C$3:$C$53<>\"\",COUNTIF($B$1:B30,'sales(1)'!$C$3:$C$53),1),0))),INDEX('Return)1('!$C$3:$C$12,MATCH(0,IF('Return)1('!$C$3:$C$12<>\"\",COUNTIF($B$1:B30,'Return)1('!$C$3:$C$12),1),0)),INDEX('sales(1)'!$C$3:$C$53,MATCH(0,IF('sales(1)'!$C$3:$C$53<>\"\",COUNTIF($B$1:B30,'sales(1)'!$C$3:$C$53),1),0))),\"\")","v":129},{"$f":"IFERROR(IF(ISERROR(INDEX('sales(1)'!$G$3:$G$53,MATCH(0,IF('sales(1)'!$G$3:$G$53<>\"\",COUNTIF($C$1:C30,'sales(1)'!$G$3:$G$53),1),0))),INDEX('Return)1('!$G$3:$G$12,MATCH(0,IF('Return)1('!$G$3:$G$12<>\"\",COUNTIF($C$1:C30,'Return)1('!$G$3:$G$12),1),0)),INDEX('sales(1)'!$G$3:$G$53,MATCH(0,IF('sales(1)'!$G$3:$G$53<>\"\",COUNTIF($C$1:C30,'sales(1)'!$G$3:$G$53),1),0))),\"\")","v":""},{"$f":"IFERROR(IF(ISERROR(INDEX('sales(1)'!$H$3:$H$53,MATCH(0,IF('sales(1)'!$H$3:$H$53<>\"\",COUNTIF($D$1:D30,'sales(1)'!$H$3:$H$53),1),0))),INDEX('Return)1('!$H$3:$H$12,MATCH(0,IF('Return)1('!$H$3:$H$12<>\"\",COUNTIF($D$1:D30,'Return)1('!$H$3:$H$12),1),0)),INDEX('sales(1)'!$H$3:$H$53,MATCH(0,IF('sales(1)'!$H$3:$H$53<>\"\",COUNTIF($D$1:D30,'sales(1)'!$H$3:$H$53),1),0))),\"\")","v":""}]
[{"$f":"IFERROR(IF(ISERROR(INDEX('sales(1)'!$B$3:$B$53,MATCH(0,IF('sales(1)'!$B$3:$B$53<>\"\",COUNTIF($A$1:A31,'sales(1)'!$B$3:$B$53),1),0))),INDEX('Return)1('!$B$3:$B$12,MATCH(0,IF('Return)1('!$B$3:$B$12<>\"\",COUNTIF($A$1:A31,'Return)1('!$B$3:$B$12),1),0)),INDEX('sales(1)'!$B$3:$B$53,MATCH(0,IF('sales(1)'!$B$3:$B$53<>\"\",COUNTIF($A$1:A31,'sales(1)'!$B$3:$B$53),1),0))),\"\")","v":""},{"$f":"IFERROR(IF(ISERROR(INDEX('sales(1)'!$C$3:$C$53,MATCH(0,IF('sales(1)'!$C$3:$C$53<>\"\",COUNTIF($B$1:B31,'sales(1)'!$C$3:$C$53),1),0))),INDEX('Return)1('!$C$3:$C$12,MATCH(0,IF('Return)1('!$C$3:$C$12<>\"\",COUNTIF($B$1:B31,'Return)1('!$C$3:$C$12),1),0)),INDEX('sales(1)'!$C$3:$C$53,MATCH(0,IF('sales(1)'!$C$3:$C$53<>\"\",COUNTIF($B$1:B31,'sales(1)'!$C$3:$C$53),1),0))),\"\")","v":130},{"$f":"IFERROR(IF(ISERROR(INDEX('sales(1)'!$G$3:$G$53,MATCH(0,IF('sales(1)'!$G$3:$G$53<>\"\",COUNTIF($C$1:C31,'sales(1)'!$G$3:$G$53),1),0))),INDEX('Return)1('!$G$3:$G$12,MATCH(0,IF('Return)1('!$G$3:$G$12<>\"\",COUNTIF($C$1:C31,'Return)1('!$G$3:$G$12),1),0)),INDEX('sales(1)'!$G$3:$G$53,MATCH(0,IF('sales(1)'!$G$3:$G$53<>\"\",COUNTIF($C$1:C31,'sales(1)'!$G$3:$G$53),1),0))),\"\")","v":""},{"$f":"IFERROR(IF(ISERROR(INDEX('sales(1)'!$H$3:$H$53,MATCH(0,IF('sales(1)'!$H$3:$H$53<>\"\",COUNTIF($D$1:D31,'sales(1)'!$H$3:$H$53),1),0))),INDEX('Return)1('!$H$3:$H$12,MATCH(0,IF('Return)1('!$H$3:$H$12<>\"\",COUNTIF($D$1:D31,'Return)1('!$H$3:$H$12),1),0)),INDEX('sales(1)'!$H$3:$H$53,MATCH(0,IF('sales(1)'!$H$3:$H$53<>\"\",COUNTIF($D$1:D31,'sales(1)'!$H$3:$H$53),1),0))),\"\")","v":""}]
[{"$f":"IFERROR(IF(ISERROR(INDEX('sales(1)'!$B$3:$B$53,MATCH(0,IF('sales(1)'!$B$3:$B$53<>\"\",COUNTIF($A$1:A32,'sales(1)'!$B$3:$B$53),1),0))),INDEX('Return)1('!$B$3:$B$12,MATCH(0,IF('Return)1('!$B$3:$B$12<>\"\",COUNTIF($A$1:A32,'Return)1('!$B$3:$B$12),1),0)),INDEX('sales(1)'!$B$3:$B$53,MATCH(0,IF('sales(1)'!$B$3:$B$53<>\"\",COUNTIF($A$1:A32,'sales(1)'!$B$3:$B$53),1),0))),\"\")","v":""},{"$f":"IFERROR(IF(ISERROR(INDEX('sales(1)'!$C$3:$C$53,MATCH(0,IF('sales(1)'!$C$3:$C$53<>\"\",COUNTIF($B$1:B32,'sales(1)'!$C$3:$C$53),1),0))),INDEX('Return)1('!$C$3:$C$12,MATCH(0,IF('Return)1('!$C$3:$C$12<>\"\",COUNTIF($B$1:B32,'Return)1('!$C$3:$C$12),1),0)),INDEX('sales(1)'!$C$3:$C$53,MATCH(0,IF('sales(1)'!$C$3:$C$53<>\"\",COUNTIF($B$1:B32,'sales(1)'!$C$3:$C$53),1),0))),\"\")","v":131},{"$f":"IFERROR(IF(ISERROR(INDEX('sales(1)'!$G$3:$G$53,MATCH(0,IF('sales(1)'!$G$3:$G$53<>\"\",COUNTIF($C$1:C32,'sales(1)'!$G$3:$G$53),1),0))),INDEX('Return)1('!$G$3:$G$12,MATCH(0,IF('Return)1('!$G$3:$G$12<>\"\",COUNTIF($C$1:C32,'Return)1('!$G$3:$G$12),1),0)),INDEX('sales(1)'!$G$3:$G$53,MATCH(0,IF('sales(1)'!$G$3:$G$53<>\"\",COUNTIF($C$1:C32,'sales(1)'!$G$3:$G$53),1),0))),\"\")","v":""},{"$f":"IFERROR(IF(ISERROR(INDEX('sales(1)'!$H$3:$H$53,MATCH(0,IF('sales(1)'!$H$3:$H$53<>\"\",COUNTIF($D$1:D32,'sales(1)'!$H$3:$H$53),1),0))),INDEX('Return)1('!$H$3:$H$12,MATCH(0,IF('Return)1('!$H$3:$H$12<>\"\",COUNTIF($D$1:D32,'Return)1('!$H$3:$H$12),1),0)),INDEX('sales(1)'!$H$3:$H$53,MATCH(0,IF('sales(1)'!$H$3:$H$53<>\"\",COUNTIF($D$1:D32,'sales(1)'!$H$3:$H$53),1),0))),\"\")","v":""}]
[{"$f":"IFERROR(IF(ISERROR(INDEX('sales(1)'!$B$3:$B$53,MATCH(0,IF('sales(1)'!$B$3:$B$53<>\"\",COUNTIF($A$1:A33,'sales(1)'!$B$3:$B$53),1),0))),INDEX('Return)1('!$B$3:$B$12,MATCH(0,IF('Return)1('!$B$3:$B$12<>\"\",COUNTIF($A$1:A33,'Return)1('!$B$3:$B$12),1),0)),INDEX('sales(1)'!$B$3:$B$53,MATCH(0,IF('sales(1)'!$B$3:$B$53<>\"\",COUNTIF($A$1:A33,'sales(1)'!$B$3:$B$53),1),0))),\"\")","v":""},{"$f":"IFERROR(IF(ISERROR(INDEX('sales(1)'!$C$3:$C$53,MATCH(0,IF('sales(1)'!$C$3:$C$53<>\"\",COUNTIF($B$1:B33,'sales(1)'!$C$3:$C$53),1),0))),INDEX('Return)1('!$C$3:$C$12,MATCH(0,IF('Return)1('!$C$3:$C$12<>\"\",COUNTIF($B$1:B33,'Return)1('!$C$3:$C$12),1),0)),INDEX('sales(1)'!$C$3:$C$53,MATCH(0,IF('sales(1)'!$C$3:$C$53<>\"\",COUNTIF($B$1:B33,'sales(1)'!$C$3:$C$53),1),0))),\"\")","v":132},{"$f":"IFERROR(IF(ISERROR(INDEX('sales(1)'!$G$3:$G$53,MATCH(0,IF('sales(1)'!$G$3:$G$53<>\"\",COUNTIF($C$1:C33,'sales(1)'!$G$3:$G$53),1),0))),INDEX('Return)1('!$G$3:$G$12,MATCH(0,IF('Return)1('!$G$3:$G$12<>\"\",COUNTIF($C$1:C33,'Return)1('!$G$3:$G$12),1),0)),INDEX('sales(1)'!$G$3:$G$53,MATCH(0,IF('sales(1)'!$G$3:$G$53<>\"\",COUNTIF($C$1:C33,'sales(1)'!$G$3:$G$53),1),0))),\"\")","v":""},{"$f":"IFERROR(IF(ISERROR(INDEX('sales(1)'!$H$3:$H$53,MATCH(0,IF('sales(1)'!$H$3:$H$53<>\"\",COUNTIF($D$1:D33,'sales(1)'!$H$3:$H$53),1),0))),INDEX('Return)1('!$H$3:$H$12,MATCH(0,IF('Return)1('!$H$3:$H$12<>\"\",COUNTIF($D$1:D33,'Return)1('!$H$3:$H$12),1),0)),INDEX('sales(1)'!$H$3:$H$53,MATCH(0,IF('sales(1)'!$H$3:$H$53<>\"\",COUNTIF($D$1:D33,'sales(1)'!$H$3:$H$53),1),0))),\"\")","v":""}]
[{"$f":"IFERROR(IF(ISERROR(INDEX('sales(1)'!$B$3:$B$53,MATCH(0,IF('sales(1)'!$B$3:$B$53<>\"\",COUNTIF($A$1:A34,'sales(1)'!$B$3:$B$53),1),0))),INDEX('Return)1('!$B$3:$B$12,MATCH(0,IF('Return)1('!$B$3:$B$12<>\"\",COUNTIF($A$1:A34,'Return)1('!$B$3:$B$12),1),0)),INDEX('sales(1)'!$B$3:$B$53,MATCH(0,IF('sales(1)'!$B$3:$B$53<>\"\",COUNTIF($A$1:A34,'sales(1)'!$B$3:$B$53),1),0))),\"\")","v":""},{"$f":"IFERROR(IF(ISERROR(INDEX('sales(1)'!$C$3:$C$53,MATCH(0,IF('sales(1)'!$C$3:$C$53<>\"\",COUNTIF($B$1:B34,'sales(1)'!$C$3:$C$53),1),0))),INDEX('Return)1('!$C$3:$C$12,MATCH(0,IF('Return)1('!$C$3:$C$12<>\"\",COUNTIF($B$1:B34,'Return)1('!$C$3:$C$12),1),0)),INDEX('sales(1)'!$C$3:$C$53,MATCH(0,IF('sales(1)'!$C$3:$C$53<>\"\",COUNTIF($B$1:B34,'sales(1)'!$C$3:$C$53),1),0))),\"\")","v":133},{"$f":"IFERROR(IF(ISERROR(INDEX('sales(1)'!$G$3:$G$53,MATCH(0,IF('sales(1)'!$G$3:$G$53<>\"\",COUNTIF($C$1:C34,'sales(1)'!$G$3:$G$53),1),0))),INDEX('Return)1('!$G$3:$G$12,MATCH(0,IF('Return)1('!$G$3:$G$12<>\"\",COUNTIF($C$1:C34,'Return)1('!$G$3:$G$12),1),0)),INDEX('sales(1)'!$G$3:$G$53,MATCH(0,IF('sales(1)'!$G$3:$G$53<>\"\",COUNTIF($C$1:C34,'sales(1)'!$G$3:$G$53),1),0))),\"\")","v":""},{"$f":"IFERROR(IF(ISERROR(INDEX('sales(1)'!$H$3:$H$53,MATCH(0,IF('sales(1)'!$H$3:$H$53<>\"\",COUNTIF($D$1:D34,'sales(1)'!$H$3:$H$53),1),0))),INDEX('Return)1('!$H$3:$H$12,MATCH(0,IF('Return)1('!$H$3:$H$12<>\"\",COUNTIF($D$1:D34,'Return)1('!$H$3:$H$12),1),0)),INDEX('sales(1)'!$H$3:$H$53,MATCH(0,IF('sales(1)'!$H$3:$H$53<>\"\",COUNTIF($D$1:D34,'sales(1)'!$H$3:$H$53),1),0))),\"\")","v":""}]
[{"$f":"IFERROR(IF(ISERROR(INDEX('sales(1)'!$B$3:$B$53,MATCH(0,IF('sales(1)'!$B$3:$B$53<>\"\",COUNTIF($A$1:A35,'sales(1)'!$B$3:$B$53),1),0))),INDEX('Return)1('!$B$3:$B$12,MATCH(0,IF('Return)1('!$B$3:$B$12<>\"\",COUNTIF($A$1:A35,'Return)1('!$B$3:$B$12),1),0)),INDEX('sales(1)'!$B$3:$B$53,MATCH(0,IF('sales(1)'!$B$3:$B$53<>\"\",COUNTIF($A$1:A35,'sales(1)'!$B$3:$B$53),1),0))),\"\")","v":""},{"$f":"IFERROR(IF(ISERROR(INDEX('sales(1)'!$C$3:$C$53,MATCH(0,IF('sales(1)'!$C$3:$C$53<>\"\",COUNTIF($B$1:B35,'sales(1)'!$C$3:$C$53),1),0))),INDEX('Return)1('!$C$3:$C$12,MATCH(0,IF('Return)1('!$C$3:$C$12<>\"\",COUNTIF($B$1:B35,'Return)1('!$C$3:$C$12),1),0)),INDEX('sales(1)'!$C$3:$C$53,MATCH(0,IF('sales(1)'!$C$3:$C$53<>\"\",COUNTIF($B$1:B35,'sales(1)'!$C$3:$C$53),1),0))),\"\")","v":134},{"$f":"IFERROR(IF(ISERROR(INDEX('sales(1)'!$G$3:$G$53,MATCH(0,IF('sales(1)'!$G$3:$G$53<>\"\",COUNTIF($C$1:C35,'sales(1)'!$G$3:$G$53),1),0))),INDEX('Return)1('!$G$3:$G$12,MATCH(0,IF('Return)1('!$G$3:$G$12<>\"\",COUNTIF($C$1:C35,'Return)1('!$G$3:$G$12),1),0)),INDEX('sales(1)'!$G$3:$G$53,MATCH(0,IF('sales(1)'!$G$3:$G$53<>\"\",COUNTIF($C$1:C35,'sales(1)'!$G$3:$G$53),1),0))),\"\")","v":""},{"$f":"IFERROR(IF(ISERROR(INDEX('sales(1)'!$H$3:$H$53,MATCH(0,IF('sales(1)'!$H$3:$H$53<>\"\",COUNTIF($D$1:D35,'sales(1)'!$H$3:$H$53),1),0))),INDEX('Return)1('!$H$3:$H$12,MATCH(0,IF('Return)1('!$H$3:$H$12<>\"\",COUNTIF($D$1:D35,'Return)1('!$H$3:$H$12),1),0)),INDEX('sales(1)'!$H$3:$H$53,MATCH(0,IF('sales(1)'!$H$3:$H$53<>\"\",COUNTIF($D$1:D35,'sales(1)'!$H$3:$H$53),1),0))),\"\")","v":""}]
[{"$f":"IFERROR(IF(ISERROR(INDEX('sales(1)'!$B$3:$B$53,MATCH(0,IF('sales(1)'!$B$3:$B$53<>\"\",COUNTIF($A$1:A36,'sales(1)'!$B$3:$B$53),1),0))),INDEX('Return)1('!$B$3:$B$12,MATCH(0,IF('Return)1('!$B$3:$B$12<>\"\",COUNTIF($A$1:A36,'Return)1('!$B$3:$B$12),1),0)),INDEX('sales(1)'!$B$3:$B$53,MATCH(0,IF('sales(1)'!$B$3:$B$53<>\"\",COUNTIF($A$1:A36,'sales(1)'!$B$3:$B$53),1),0))),\"\")","v":""},{"$f":"IFERROR(IF(ISERROR(INDEX('sales(1)'!$C$3:$C$53,MATCH(0,IF('sales(1)'!$C$3:$C$53<>\"\",COUNTIF($B$1:B36,'sales(1)'!$C$3:$C$53),1),0))),INDEX('Return)1('!$C$3:$C$12,MATCH(0,IF('Return)1('!$C$3:$C$12<>\"\",COUNTIF($B$1:B36,'Return)1('!$C$3:$C$12),1),0)),INDEX('sales(1)'!$C$3:$C$53,MATCH(0,IF('sales(1)'!$C$3:$C$53<>\"\",COUNTIF($B$1:B36,'sales(1)'!$C$3:$C$53),1),0))),\"\")","v":135},{"$f":"IFERROR(IF(ISERROR(INDEX('sales(1)'!$G$3:$G$53,MATCH(0,IF('sales(1)'!$G$3:$G$53<>\"\",COUNTIF($C$1:C36,'sales(1)'!$G$3:$G$53),1),0))),INDEX('Return)1('!$G$3:$G$12,MATCH(0,IF('Return)1('!$G$3:$G$12<>\"\",COUNTIF($C$1:C36,'Return)1('!$G$3:$G$12),1),0)),INDEX('sales(1)'!$G$3:$G$53,MATCH(0,IF('sales(1)'!$G$3:$G$53<>\"\",COUNTIF($C$1:C36,'sales(1)'!$G$3:$G$53),1),0))),\"\")","v":""},{"$f":"IFERROR(IF(ISERROR(INDEX('sales(1)'!$H$3:$H$53,MATCH(0,IF('sales(1)'!$H$3:$H$53<>\"\",COUNTIF($D$1:D36,'sales(1)'!$H$3:$H$53),1),0))),INDEX('Return)1('!$H$3:$H$12,MATCH(0,IF('Return)1('!$H$3:$H$12<>\"\",COUNTIF($D$1:D36,'Return)1('!$H$3:$H$12),1),0)),INDEX('sales(1)'!$H$3:$H$53,MATCH(0,IF('sales(1)'!$H$3:$H$53<>\"\",COUNTIF($D$1:D36,'sales(1)'!$H$3:$H$53),1),0))),\"\")","v":""}]
[{"$f":"IFERROR(IF(ISERROR(INDEX('sales(1)'!$B$3:$B$53,MATCH(0,IF('sales(1)'!$B$3:$B$53<>\"\",COUNTIF($A$1:A37,'sales(1)'!$B$3:$B$53),1),0))),INDEX('Return)1('!$B$3:$B$12,MATCH(0,IF('Return)1('!$B$3:$B$12<>\"\",COUNTIF($A$1:A37,'Return)1('!$B$3:$B$12),1),0)),INDEX('sales(1)'!$B$3:$B$53,MATCH(0,IF('sales(1)'!$B$3:$B$53<>\"\",COUNTIF($A$1:A37,'sales(1)'!$B$3:$B$53),1),0))),\"\")","v":""},{"$f":"IFERROR(IF(ISERROR(INDEX('sales(1)'!$C$3:$C$53,MATCH(0,IF('sales(1)'!$C$3:$C$53<>\"\",COUNTIF($B$1:B37,'sales(1)'!$C$3:$C$53),1),0))),INDEX('Return)1('!$C$3:$C$12,MATCH(0,IF('Return)1('!$C$3:$C$12<>\"\",COUNTIF($B$1:B37,'Return)1('!$C$3:$C$12),1),0)),INDEX('sales(1)'!$C$3:$C$53,MATCH(0,IF('sales(1)'!$C$3:$C$53<>\"\",COUNTIF($B$1:B37,'sales(1)'!$C$3:$C$53),1),0))),\"\")","v":136},{"$f":"IFERROR(IF(ISERROR(INDEX('sales(1)'!$G$3:$G$53,MATCH(0,IF('sales(1)'!$G$3:$G$53<>\"\",COUNTIF($C$1:C37,'sales(1)'!$G$3:$G$53),1),0))),INDEX('Return)1('!$G$3:$G$12,MATCH(0,IF('Return)1('!$G$3:$G$12<>\"\",COUNTIF($C$1:C37,'Return)1('!$G$3:$G$12),1),0)),INDEX('sales(1)'!$G$3:$G$53,MATCH(0,IF('sales(1)'!$G$3:$G$53<>\"\",COUNTIF($C$1:C37,'sales(1)'!$G$3:$G$53),1),0))),\"\")","v":""},{"$f":"IFERROR(IF(ISERROR(INDEX('sales(1)'!$H$3:$H$53,MATCH(0,IF('sales(1)'!$H$3:$H$53<>\"\",COUNTIF($D$1:D37,'sales(1)'!$H$3:$H$53),1),0))),INDEX('Return)1('!$H$3:$H$12,MATCH(0,IF('Return)1('!$H$3:$H$12<>\"\",COUNTIF($D$1:D37,'Return)1('!$H$3:$H$12),1),0)),INDEX('sales(1)'!$H$3:$H$53,MATCH(0,IF('sales(1)'!$H$3:$H$53<>\"\",COUNTIF($D$1:D37,'sales(1)'!$H$3:$H$53),1),0))),\"\")","v":""}]
[{"$f":"IFERROR(IF(ISERROR(INDEX('sales(1)'!$B$3:$B$53,MATCH(0,IF('sales(1)'!$B$3:$B$53<>\"\",COUNTIF($A$1:A38,'sales(1)'!$B$3:$B$53),1),0))),INDEX('Return)1('!$B$3:$B$12,MATCH(0,IF('Return)1('!$B$3:$B$12<>\"\",COUNTIF($A$1:A38,'Return)1('!$B$3:$B$12),1),0)),INDEX('sales(1)'!$B$3:$B$53,MATCH(0,IF('sales(1)'!$B$3:$B$53<>\"\",COUNTIF($A$1:A38,'sales(1)'!$B$3:$B$53),1),0))),\"\")","v":""},{"$f":"IFERROR(IF(ISERROR(INDEX('sales(1)'!$C$3:$C$53,MATCH(0,IF('sales(1)'!$C$3:$C$53<>\"\",COUNTIF($B$1:B38,'sales(1)'!$C$3:$C$53),1),0))),INDEX('Return)1('!$C$3:$C$12,MATCH(0,IF('Return)1('!$C$3:$C$12<>\"\",COUNTIF($B$1:B38,'Return)1('!$C$3:$C$12),1),0)),INDEX('sales(1)'!$C$3:$C$53,MATCH(0,IF('sales(1)'!$C$3:$C$53<>\"\",COUNTIF($B$1:B38,'sales(1)'!$C$3:$C$53),1),0))),\"\")","v":137},{"$f":"IFERROR(IF(ISERROR(INDEX('sales(1)'!$G$3:$G$53,MATCH(0,IF('sales(1)'!$G$3:$G$53<>\"\",COUNTIF($C$1:C38,'sales(1)'!$G$3:$G$53),1),0))),INDEX('Return)1('!$G$3:$G$12,MATCH(0,IF('Return)1('!$G$3:$G$12<>\"\",COUNTIF($C$1:C38,'Return)1('!$G$3:$G$12),1),0)),INDEX('sales(1)'!$G$3:$G$53,MATCH(0,IF('sales(1)'!$G$3:$G$53<>\"\",COUNTIF($C$1:C38,'sales(1)'!$G$3:$G$53),1),0))),\"\")","v":""},{"$f":"IFERROR(IF(ISERROR(INDEX('sales(1)'!$H$3:$H$53,MATCH(0,IF('sales(1)'!$H$3:$H$53<>\"\",COUNTIF($D$1:D38,'sales(1)'!$H$3:$H$53),1),0))),INDEX('Return)1('!$H$3:$H$12,MATCH(0,IF('Return)1('!$H$3:$H$12<>\"\",COUNTIF($D$1:D38,'Return)1('!$H$3:$H$12),1),0)),INDEX('sales(1)'!$H$3:$H$53,MATCH(0,IF('sales(1)'!$H$3:$H$53<>\"\",COUNTIF($D$1:D38,'sales(1)'!$H$3:$H$53),1),0))),\"\")","v":""}]
[{"$f":"IFERROR(IF(ISERROR(INDEX('sales(1)'!$B$3:$B$53,MATCH(0,IF('sales(1)'!$B$3:$B$53<>\"\",COUNTIF($A$1:A39,'sales(1)'!$B$3:$B$53),1),0))),INDEX('Return)1('!$B$3:$B$12,MATCH(0,IF('Return)1('!$B$3:$B$12<>\"\",COUNTIF($A$1:A39,'Return)1('!$B$3:$B$12),1),0)),INDEX('sales(1)'!$B$3:$B$53,MATCH(0,IF('sales(1)'!$B$3:$B$53<>\"\",COUNTIF($A$1:A39,'sales(1)'!$B$3:$B$53),1),0))),\"\")","v":""},{"$f":"IFERROR(IF(ISERROR(INDEX('sales(1)'!$C$3:$C$53,MATCH(0,IF('sales(1)'!$C$3:$C$53<>\"\",COUNTIF($B$1:B39,'sales(1)'!$C$3:$C$53),1),0))),INDEX('Return)1('!$C$3:$C$12,MATCH(0,IF('Return)1('!$C$3:$C$12<>\"\",COUNTIF($B$1:B39,'Return)1('!$C$3:$C$12),1),0)),INDEX('sales(1)'!$C$3:$C$53,MATCH(0,IF('sales(1)'!$C$3:$C$53<>\"\",COUNTIF($B$1:B39,'sales(1)'!$C$3:$C$53),1),0))),\"\")","v":138},{"$f":"IFERROR(IF(ISERROR(INDEX('sales(1)'!$G$3:$G$53,MATCH(0,IF('sales(1)'!$G$3:$G$53<>\"\",COUNTIF($C$1:C39,'sales(1)'!$G$3:$G$53),1),0))),INDEX('Return)1('!$G$3:$G$12,MATCH(0,IF('Return)1('!$G$3:$G$12<>\"\",COUNTIF($C$1:C39,'Return)1('!$G$3:$G$12),1),0)),INDEX('sales(1)'!$G$3:$G$53,MATCH(0,IF('sales(1)'!$G$3:$G$53<>\"\",COUNTIF($C$1:C39,'sales(1)'!$G$3:$G$53),1),0))),\"\")","v":""},{"$f":"IFERROR(IF(ISERROR(INDEX('sales(1)'!$H$3:$H$53,MATCH(0,IF('sales(1)'!$H$3:$H$53<>\"\",COUNTIF($D$1:D39,'sales(1)'!$H$3:$H$53),1),0))),INDEX('Return)1('!$H$3:$H$12,MATCH(0,IF('Return)1('!$H$3:$H$12<>\"\",COUNTIF($D$1:D39,'Return)1('!$H$3:$H$12),1),0)),INDEX('sales(1)'!$H$3:$H$53,MATCH(0,IF('sales(1)'!$H$3:$H$53<>\"\",COUNTIF($D$1:D39,'sales(1)'!$H$3:$H$53),1),0))),\"\")","v":""}]
[{"$f":"IFERROR(IF(ISERROR(INDEX('sales(1)'!$B$3:$B$53,MATCH(0,IF('sales(1)'!$B$3:$B$53<>\"\",COUNTIF($A$1:A40,'sales(1)'!$B$3:$B$53),1),0))),INDEX('Return)1('!$B$3:$B$12,MATCH(0,IF('Return)1('!$B$3:$B$12<>\"\",COUNTIF($A$1:A40,'Return)1('!$B$3:$B$12),1),0)),INDEX('sales(1)'!$B$3:$B$53,MATCH(0,IF('sales(1)'!$B$3:$B$53<>\"\",COUNTIF($A$1:A40,'sales(1)'!$B$3:$B$53),1),0))),\"\")","v":""},{"$f":"IFERROR(IF(ISERROR(INDEX('sales(1)'!$C$3:$C$53,MATCH(0,IF('sales(1)'!$C$3:$C$53<>\"\",COUNTIF($B$1:B40,'sales(1)'!$C$3:$C$53),1),0))),INDEX('Return)1('!$C$3:$C$12,MATCH(0,IF('Return)1('!$C$3:$C$12<>\"\",COUNTIF($B$1:B40,'Return)1('!$C$3:$C$12),1),0)),INDEX('sales(1)'!$C$3:$C$53,MATCH(0,IF('sales(1)'!$C$3:$C$53<>\"\",COUNTIF($B$1:B40,'sales(1)'!$C$3:$C$53),1),0))),\"\")","v":139},{"$f":"IFERROR(IF(ISERROR(INDEX('sales(1)'!$G$3:$G$53,MATCH(0,IF('sales(1)'!$G$3:$G$53<>\"\",COUNTIF($C$1:C40,'sales(1)'!$G$3:$G$53),1),0))),INDEX('Return)1('!$G$3:$G$12,MATCH(0,IF('Return)1('!$G$3:$G$12<>\"\",COUNTIF($C$1:C40,'Return)1('!$G$3:$G$12),1),0)),INDEX('sales(1)'!$G$3:$G$53,MATCH(0,IF('sales(1)'!$G$3:$G$53<>\"\",COUNTIF($C$1:C40,'sales(1)'!$G$3:$G$53),1),0))),\"\")","v":""},{"$f":"IFERROR(IF(ISERROR(INDEX('sales(1)'!$H$3:$H$53,MATCH(0,IF('sales(1)'!$H$3:$H$53<>\"\",COUNTIF($D$1:D40,'sales(1)'!$H$3:$H$53),1),0))),INDEX('Return)1('!$H$3:$H$12,MATCH(0,IF('Return)1('!$H$3:$H$12<>\"\",COUNTIF($D$1:D40,'Return)1('!$H$3:$H$12),1),0)),INDEX('sales(1)'!$H$3:$H$53,MATCH(0,IF('sales(1)'!$H$3:$H$53<>\"\",COUNTIF($D$1:D40,'sales(1)'!$H$3:$H$53),1),0))),\"\")","v":""}]
[{"$f":"IFERROR(IF(ISERROR(INDEX('sales(1)'!$B$3:$B$53,MATCH(0,IF('sales(1)'!$B$3:$B$53<>\"\",COUNTIF($A$1:A41,'sales(1)'!$B$3:$B$53),1),0))),INDEX('Return)1('!$B$3:$B$12,MATCH(0,IF('Return)1('!$B$3:$B$12<>\"\",COUNTIF($A$1:A41,'Return)1('!$B$3:$B$12),1),0)),INDEX('sales(1)'!$B$3:$B$53,MATCH(0,IF('sales(1)'!$B$3:$B$53<>\"\",COUNTIF($A$1:A41,'sales(1)'!$B$3:$B$53),1),0))),\"\")","v":""},{"$f":"IFERROR(IF(ISERROR(INDEX('sales(1)'!$C$3:$C$53,MATCH(0,IF('sales(1)'!$C$3:$C$53<>\"\",COUNTIF($B$1:B41,'sales(1)'!$C$3:$C$53),1),0))),INDEX('Return)1('!$C$3:$C$12,MATCH(0,IF('Return)1('!$C$3:$C$12<>\"\",COUNTIF($B$1:B41,'Return)1('!$C$3:$C$12),1),0)),INDEX('sales(1)'!$C$3:$C$53,MATCH(0,IF('sales(1)'!$C$3:$C$53<>\"\",COUNTIF($B$1:B41,'sales(1)'!$C$3:$C$53),1),0))),\"\")","v":140},{"$f":"IFERROR(IF(ISERROR(INDEX('sales(1)'!$G$3:$G$53,MATCH(0,IF('sales(1)'!$G$3:$G$53<>\"\",COUNTIF($C$1:C41,'sales(1)'!$G$3:$G$53),1),0))),INDEX('Return)1('!$G$3:$G$12,MATCH(0,IF('Return)1('!$G$3:$G$12<>\"\",COUNTIF($C$1:C41,'Return)1('!$G$3:$G$12),1),0)),INDEX('sales(1)'!$G$3:$G$53,MATCH(0,IF('sales(1)'!$G$3:$G$53<>\"\",COUNTIF($C$1:C41,'sales(1)'!$G$3:$G$53),1),0))),\"\")","v":""},{"$f":"IFERROR(IF(ISERROR(INDEX('sales(1)'!$H$3:$H$53,MATCH(0,IF('sales(1)'!$H$3:$H$53<>\"\",COUNTIF($D$1:D41,'sales(1)'!$H$3:$H$53),1),0))),INDEX('Return)1('!$H$3:$H$12,MATCH(0,IF('Return)1('!$H$3:$H$12<>\"\",COUNTIF($D$1:D41,'Return)1('!$H$3:$H$12),1),0)),INDEX('sales(1)'!$H$3:$H$53,MATCH(0,IF('sales(1)'!$H$3:$H$53<>\"\",COUNTIF($D$1:D41,'sales(1)'!$H$3:$H$53),1),0))),\"\")","v":""}]
[{"$f":"IFERROR(IF(ISERROR(INDEX('sales(1)'!$B$3:$B$53,MATCH(0,IF('sales(1)'!$B$3:$B$53<>\"\",COUNTIF($A$1:A42,'sales(1)'!$B$3:$B$53),1),0))),INDEX('Return)1('!$B$3:$B$12,MATCH(0,IF('Return)1('!$B$3:$B$12<>\"\",COUNTIF($A$1:A42,'Return)1('!$B$3:$B$12),1),0)),INDEX('sales(1)'!$B$3:$B$53,MATCH(0,IF('sales(1)'!$B$3:$B$53<>\"\",COUNTIF($A$1:A42,'sales(1)'!$B$3:$B$53),1),0))),\"\")","v":""},{"$f":"IFERROR(IF(ISERROR(INDEX('sales(1)'!$C$3:$C$53,MATCH(0,IF('sales(1)'!$C$3:$C$53<>\"\",COUNTIF($B$1:B42,'sales(1)'!$C$3:$C$53),1),0))),INDEX('Return)1('!$C$3:$C$12,MATCH(0,IF('Return)1('!$C$3:$C$12<>\"\",COUNTIF($B$1:B42,'Return)1('!$C$3:$C$12),1),0)),INDEX('sales(1)'!$C$3:$C$53,MATCH(0,IF('sales(1)'!$C$3:$C$53<>\"\",COUNTIF($B$1:B42,'sales(1)'!$C$3:$C$53),1),0))),\"\")","v":141},{"$f":"IFERROR(IF(ISERROR(INDEX('sales(1)'!$G$3:$G$53,MATCH(0,IF('sales(1)'!$G$3:$G$53<>\"\",COUNTIF($C$1:C42,'sales(1)'!$G$3:$G$53),1),0))),INDEX('Return)1('!$G$3:$G$12,MATCH(0,IF('Return)1('!$G$3:$G$12<>\"\",COUNTIF($C$1:C42,'Return)1('!$G$3:$G$12),1),0)),INDEX('sales(1)'!$G$3:$G$53,MATCH(0,IF('sales(1)'!$G$3:$G$53<>\"\",COUNTIF($C$1:C42,'sales(1)'!$G$3:$G$53),1),0))),\"\")","v":""},{"$f":"IFERROR(IF(ISERROR(INDEX('sales(1)'!$H$3:$H$53,MATCH(0,IF('sales(1)'!$H$3:$H$53<>\"\",COUNTIF($D$1:D42,'sales(1)'!$H$3:$H$53),1),0))),INDEX('Return)1('!$H$3:$H$12,MATCH(0,IF('Return)1('!$H$3:$H$12<>\"\",COUNTIF($D$1:D42,'Return)1('!$H$3:$H$12),1),0)),INDEX('sales(1)'!$H$3:$H$53,MATCH(0,IF('sales(1)'!$H$3:$H$53<>\"\",COUNTIF($D$1:D42,'sales(1)'!$H$3:$H$53),1),0))),\"\")","v":""}]
[{"$f":"IFERROR(IF(ISERROR(INDEX('sales(1)'!$B$3:$B$53,MATCH(0,IF('sales(1)'!$B$3:$B$53<>\"\",COUNTIF($A$1:A43,'sales(1)'!$B$3:$B$53),1),0))),INDEX('Return)1('!$B$3:$B$12,MATCH(0,IF('Return)1('!$B$3:$B$12<>\"\",COUNTIF($A$1:A43,'Return)1('!$B$3:$B$12),1),0)),INDEX('sales(1)'!$B$3:$B$53,MATCH(0,IF('sales(1)'!$B$3:$B$53<>\"\",COUNTIF($A$1:A43,'sales(1)'!$B$3:$B$53),1),0))),\"\")","v":""},{"$f":"IFERROR(IF(ISERROR(INDEX('sales(1)'!$C$3:$C$53,MATCH(0,IF('sales(1)'!$C$3:$C$53<>\"\",COUNTIF($B$1:B43,'sales(1)'!$C$3:$C$53),1),0))),INDEX('Return)1('!$C$3:$C$12,MATCH(0,IF('Return)1('!$C$3:$C$12<>\"\",COUNTIF($B$1:B43,'Return)1('!$C$3:$C$12),1),0)),INDEX('sales(1)'!$C$3:$C$53,MATCH(0,IF('sales(1)'!$C$3:$C$53<>\"\",COUNTIF($B$1:B43,'sales(1)'!$C$3:$C$53),1),0))),\"\")","v":142},{"$f":"IFERROR(IF(ISERROR(INDEX('sales(1)'!$G$3:$G$53,MATCH(0,IF('sales(1)'!$G$3:$G$53<>\"\",COUNTIF($C$1:C43,'sales(1)'!$G$3:$G$53),1),0))),INDEX('Return)1('!$G$3:$G$12,MATCH(0,IF('Return)1('!$G$3:$G$12<>\"\",COUNTIF($C$1:C43,'Return)1('!$G$3:$G$12),1),0)),INDEX('sales(1)'!$G$3:$G$53,MATCH(0,IF('sales(1)'!$G$3:$G$53<>\"\",COUNTIF($C$1:C43,'sales(1)'!$G$3:$G$53),1),0))),\"\")","v":""},{"$f":"IFERROR(IF(ISERROR(INDEX('sales(1)'!$H$3:$H$53,MATCH(0,IF('sales(1)'!$H$3:$H$53<>\"\",COUNTIF($D$1:D43,'sales(1)'!$H$3:$H$53),1),0))),INDEX('Return)1('!$H$3:$H$12,MATCH(0,IF('Return)1('!$H$3:$H$12<>\"\",COUNTIF($D$1:D43,'Return)1('!$H$3:$H$12),1),0)),INDEX('sales(1)'!$H$3:$H$53,MATCH(0,IF('sales(1)'!$H$3:$H$53<>\"\",COUNTIF($D$1:D43,'sales(1)'!$H$3:$H$53),1),0))),\"\")","v":""}]
[{"$f":"IFERROR(IF(ISERROR(INDEX('sales(1)'!$B$3:$B$53,MATCH(0,IF('sales(1)'!$B$3:$B$53<>\"\",COUNTIF($A$1:A44,'sales(1)'!$B$3:$B$53),1),0))),INDEX('Return)1('!$B$3:$B$12,MATCH(0,IF('Return)1('!$B$3:$B$12<>\"\",COUNTIF($A$1:A44,'Return)1('!$B$3:$B$12),1),0)),INDEX('sales(1)'!$B$3:$B$53,MATCH(0,IF('sales(1)'!$B$3:$B$53<>\"\",COUNTIF($A$1:A44,'sales(1)'!$B$3:$B$53),1),0))),\"\")","v":""},{"$f":"IFERROR(IF(ISERROR(INDEX('sales(1)'!$C$3:$C$53,MATCH(0,IF('sales(1)'!$C$3:$C$53<>\"\",COUNTIF($B$1:B44,'sales(1)'!$C$3:$C$53),1),0))),INDEX('Return)1('!$C$3:$C$12,MATCH(0,IF('Return)1('!$C$3:$C$12<>\"\",COUNTIF($B$1:B44,'Return)1('!$C$3:$C$12),1),0)),INDEX('sales(1)'!$C$3:$C$53,MATCH(0,IF('sales(1)'!$C$3:$C$53<>\"\",COUNTIF($B$1:B44,'sales(1)'!$C$3:$C$53),1),0))),\"\")","v":143},{"$f":"IFERROR(IF(ISERROR(INDEX('sales(1)'!$G$3:$G$53,MATCH(0,IF('sales(1)'!$G$3:$G$53<>\"\",COUNTIF($C$1:C44,'sales(1)'!$G$3:$G$53),1),0))),INDEX('Return)1('!$G$3:$G$12,MATCH(0,IF('Return)1('!$G$3:$G$12<>\"\",COUNTIF($C$1:C44,'Return)1('!$G$3:$G$12),1),0)),INDEX('sales(1)'!$G$3:$G$53,MATCH(0,IF('sales(1)'!$G$3:$G$53<>\"\",COUNTIF($C$1:C44,'sales(1)'!$G$3:$G$53),1),0))),\"\")","v":""},{"$f":"IFERROR(IF(ISERROR(INDEX('sales(1)'!$H$3:$H$53,MATCH(0,IF('sales(1)'!$H$3:$H$53<>\"\",COUNTIF($D$1:D44,'sales(1)'!$H$3:$H$53),1),0))),INDEX('Return)1('!$H$3:$H$12,MATCH(0,IF('Return)1('!$H$3:$H$12<>\"\",COUNTIF($D$1:D44,'Return)1('!$H$3:$H$12),1),0)),INDEX('sales(1)'!$H$3:$H$53,MATCH(0,IF('sales(1)'!$H$3:$H$53<>\"\",COUNTIF($D$1:D44,'sales(1)'!$H$3:$H$53),1),0))),\"\")","v":""}]
[{"$f":"IFERROR(IF(ISERROR(INDEX('sales(1)'!$B$3:$B$53,MATCH(0,IF('sales(1)'!$B$3:$B$53<>\"\",COUNTIF($A$1:A45,'sales(1)'!$B$3:$B$53),1),0))),INDEX('Return)1('!$B$3:$B$12,MATCH(0,IF('Return)1('!$B$3:$B$12<>\"\",COUNTIF($A$1:A45,'Return)1('!$B$3:$B$12),1),0)),INDEX('sales(1)'!$B$3:$B$53,MATCH(0,IF('sales(1)'!$B$3:$B$53<>\"\",COUNTIF($A$1:A45,'sales(1)'!$B$3:$B$53),1),0))),\"\")","v":""},{"$f":"IFERROR(IF(ISERROR(INDEX('sales(1)'!$C$3:$C$53,MATCH(0,IF('sales(1)'!$C$3:$C$53<>\"\",COUNTIF($B$1:B45,'sales(1)'!$C$3:$C$53),1),0))),INDEX('Return)1('!$C$3:$C$12,MATCH(0,IF('Return)1('!$C$3:$C$12<>\"\",COUNTIF($B$1:B45,'Return)1('!$C$3:$C$12),1),0)),INDEX('sales(1)'!$C$3:$C$53,MATCH(0,IF('sales(1)'!$C$3:$C$53<>\"\",COUNTIF($B$1:B45,'sales(1)'!$C$3:$C$53),1),0))),\"\")","v":144},{"$f":"IFERROR(IF(ISERROR(INDEX('sales(1)'!$G$3:$G$53,MATCH(0,IF('sales(1)'!$G$3:$G$53<>\"\",COUNTIF($C$1:C45,'sales(1)'!$G$3:$G$53),1),0))),INDEX('Return)1('!$G$3:$G$12,MATCH(0,IF('Return)1('!$G$3:$G$12<>\"\",COUNTIF($C$1:C45,'Return)1('!$G$3:$G$12),1),0)),INDEX('sales(1)'!$G$3:$G$53,MATCH(0,IF('sales(1)'!$G$3:$G$53<>\"\",COUNTIF($C$1:C45,'sales(1)'!$G$3:$G$53),1),0))),\"\")","v":""},{"$f":"IFERROR(IF(ISERROR(INDEX('sales(1)'!$H$3:$H$53,MATCH(0,IF('sales(1)'!$H$3:$H$53<>\"\",COUNTIF($D$1:D45,'sales(1)'!$H$3:$H$53),1),0))),INDEX('Return)1('!$H$3:$H$12,MATCH(0,IF('Return)1('!$H$3:$H$12<>\"\",COUNTIF($D$1:D45,'Return)1('!$H$3:$H$12),1),0)),INDEX('sales(1)'!$H$3:$H$53,MATCH(0,IF('sales(1)'!$H$3:$H$53<>\"\",COUNTIF($D$1:D45,'sales(1)'!$H$3:$H$53),1),0))),\"\")","v":""}]
[{"$f":"IFERROR(IF(ISERROR(INDEX('sales(1)'!$B$3:$B$53,MATCH(0,IF('sales(1)'!$B$3:$B$53<>\"\",COUNTIF($A$1:A46,'sales(1)'!$B$3:$B$53),1),0))),INDEX('Return)1('!$B$3:$B$12,MATCH(0,IF('Return)1('!$B$3:$B$12<>\"\",COUNTIF($A$1:A46,'Return)1('!$B$3:$B$12),1),0)),INDEX('sales(1)'!$B$3:$B$53,MATCH(0,IF('sales(1)'!$B$3:$B$53<>\"\",COUNTIF($A$1:A46,'sales(1)'!$B$3:$B$53),1),0))),\"\")","v":""},{"$f":"IFERROR(IF(ISERROR(INDEX('sales(1)'!$C$3:$C$53,MATCH(0,IF('sales(1)'!$C$3:$C$53<>\"\",COUNTIF($B$1:B46,'sales(1)'!$C$3:$C$53),1),0))),INDEX('Return)1('!$C$3:$C$12,MATCH(0,IF('Return)1('!$C$3:$C$12<>\"\",COUNTIF($B$1:B46,'Return)1('!$C$3:$C$12),1),0)),INDEX('sales(1)'!$C$3:$C$53,MATCH(0,IF('sales(1)'!$C$3:$C$53<>\"\",COUNTIF($B$1:B46,'sales(1)'!$C$3:$C$53),1),0))),\"\")","v":145},{"$f":"IFERROR(IF(ISERROR(INDEX('sales(1)'!$G$3:$G$53,MATCH(0,IF('sales(1)'!$G$3:$G$53<>\"\",COUNTIF($C$1:C46,'sales(1)'!$G$3:$G$53),1),0))),INDEX('Return)1('!$G$3:$G$12,MATCH(0,IF('Return)1('!$G$3:$G$12<>\"\",COUNTIF($C$1:C46,'Return)1('!$G$3:$G$12),1),0)),INDEX('sales(1)'!$G$3:$G$53,MATCH(0,IF('sales(1)'!$G$3:$G$53<>\"\",COUNTIF($C$1:C46,'sales(1)'!$G$3:$G$53),1),0))),\"\")","v":""},{"$f":"IFERROR(IF(ISERROR(INDEX('sales(1)'!$H$3:$H$53,MATCH(0,IF('sales(1)'!$H$3:$H$53<>\"\",COUNTIF($D$1:D46,'sales(1)'!$H$3:$H$53),1),0))),INDEX('Return)1('!$H$3:$H$12,MATCH(0,IF('Return)1('!$H$3:$H$12<>\"\",COUNTIF($D$1:D46,'Return)1('!$H$3:$H$12),1),0)),INDEX('sales(1)'!$H$3:$H$53,MATCH(0,IF('sales(1)'!$H$3:$H$53<>\"\",COUNTIF($D$1:D46,'sales(1)'!$H$3:$H$53),1),0))),\"\")","v":""}]
[{"$f":"IFERROR(IF(ISERROR(INDEX('sales(1)'!$B$3:$B$53,MATCH(0,IF('sales(1)'!$B$3:$B$53<>\"\",COUNTIF($A$1:A47,'sales(1)'!$B$3:$B$53),1),0))),INDEX('Return)1('!$B$3:$B$12,MATCH(0,IF('Return)1('!$B$3:$B$12<>\"\",COUNTIF($A$1:A47,'Return)1('!$B$3:$B$12),1),0)),INDEX('sales(1)'!$B$3:$B$53,MATCH(0,IF('sales(1)'!$B$3:$B$53<>\"\",COUNTIF($A$1:A47,'sales(1)'!$B$3:$B$53),1),0))),\"\")","v":""},{"$f":"IFERROR(IF(ISERROR(INDEX('sales(1)'!$C$3:$C$53,MATCH(0,IF('sales(1)'!$C$3:$C$53<>\"\",COUNTIF($B$1:B47,'sales(1)'!$C$3:$C$53),1),0))),INDEX('Return)1('!$C$3:$C$12,MATCH(0,IF('Return)1('!$C$3:$C$12<>\"\",COUNTIF($B$1:B47,'Return)1('!$C$3:$C$12),1),0)),INDEX('sales(1)'!$C$3:$C$53,MATCH(0,IF('sales(1)'!$C$3:$C$53<>\"\",COUNTIF($B$1:B47,'sales(1)'!$C$3:$C$53),1),0))),\"\")","v":146},{"$f":"IFERROR(IF(ISERROR(INDEX('sales(1)'!$G$3:$G$53,MATCH(0,IF('sales(1)'!$G$3:$G$53<>\"\",COUNTIF($C$1:C47,'sales(1)'!$G$3:$G$53),1),0))),INDEX('Return)1('!$G$3:$G$12,MATCH(0,IF('Return)1('!$G$3:$G$12<>\"\",COUNTIF($C$1:C47,'Return)1('!$G$3:$G$12),1),0)),INDEX('sales(1)'!$G$3:$G$53,MATCH(0,IF('sales(1)'!$G$3:$G$53<>\"\",COUNTIF($C$1:C47,'sales(1)'!$G$3:$G$53),1),0))),\"\")","v":""},{"$f":"IFERROR(IF(ISERROR(INDEX('sales(1)'!$H$3:$H$53,MATCH(0,IF('sales(1)'!$H$3:$H$53<>\"\",COUNTIF($D$1:D47,'sales(1)'!$H$3:$H$53),1),0))),INDEX('Return)1('!$H$3:$H$12,MATCH(0,IF('Return)1('!$H$3:$H$12<>\"\",COUNTIF($D$1:D47,'Return)1('!$H$3:$H$12),1),0)),INDEX('sales(1)'!$H$3:$H$53,MATCH(0,IF('sales(1)'!$H$3:$H$53<>\"\",COUNTIF($D$1:D47,'sales(1)'!$H$3:$H$53),1),0))),\"\")","v":""}]
[{"$f":"IFERROR(IF(ISERROR(INDEX('sales(1)'!$B$3:$B$53,MATCH(0,IF('sales(1)'!$B$3:$B$53<>\"\",COUNTIF($A$1:A48,'sales(1)'!$B$3:$B$53),1),0))),INDEX('Return)1('!$B$3:$B$12,MATCH(0,IF('Return)1('!$B$3:$B$12<>\"\",COUNTIF($A$1:A48,'Return)1('!$B$3:$B$12),1),0)),INDEX('sales(1)'!$B$3:$B$53,MATCH(0,IF('sales(1)'!$B$3:$B$53<>\"\",COUNTIF($A$1:A48,'sales(1)'!$B$3:$B$53),1),0))),\"\")","v":""},{"$f":"IFERROR(IF(ISERROR(INDEX('sales(1)'!$C$3:$C$53,MATCH(0,IF('sales(1)'!$C$3:$C$53<>\"\",COUNTIF($B$1:B48,'sales(1)'!$C$3:$C$53),1),0))),INDEX('Return)1('!$C$3:$C$12,MATCH(0,IF('Return)1('!$C$3:$C$12<>\"\",COUNTIF($B$1:B48,'Return)1('!$C$3:$C$12),1),0)),INDEX('sales(1)'!$C$3:$C$53,MATCH(0,IF('sales(1)'!$C$3:$C$53<>\"\",COUNTIF($B$1:B48,'sales(1)'!$C$3:$C$53),1),0))),\"\")","v":147},{"$f":"IFERROR(IF(ISERROR(INDEX('sales(1)'!$G$3:$G$53,MATCH(0,IF('sales(1)'!$G$3:$G$53<>\"\",COUNTIF($C$1:C48,'sales(1)'!$G$3:$G$53),1),0))),INDEX('Return)1('!$G$3:$G$12,MATCH(0,IF('Return)1('!$G$3:$G$12<>\"\",COUNTIF($C$1:C48,'Return)1('!$G$3:$G$12),1),0)),INDEX('sales(1)'!$G$3:$G$53,MATCH(0,IF('sales(1)'!$G$3:$G$53<>\"\",COUNTIF($C$1:C48,'sales(1)'!$G$3:$G$53),1),0))),\"\")","v":""},{"$f":"IFERROR(IF(ISERROR(INDEX('sales(1)'!$H$3:$H$53,MATCH(0,IF('sales(1)'!$H$3:$H$53<>\"\",COUNTIF($D$1:D48,'sales(1)'!$H$3:$H$53),1),0))),INDEX('Return)1('!$H$3:$H$12,MATCH(0,IF('Return)1('!$H$3:$H$12<>\"\",COUNTIF($D$1:D48,'Return)1('!$H$3:$H$12),1),0)),INDEX('sales(1)'!$H$3:$H$53,MATCH(0,IF('sales(1)'!$H$3:$H$53<>\"\",COUNTIF($D$1:D48,'sales(1)'!$H$3:$H$53),1),0))),\"\")","v":""}]
[{"$f":"IFERROR(IF(ISERROR(INDEX('sales(1)'!$B$3:$B$53,MATCH(0,IF('sales(1)'!$B$3:$B$53<>\"\",COUNTIF($A$1:A49,'sales(1)'!$B$3:$B$53),1),0))),INDEX('Return)1('!$B$3:$B$12,MATCH(0,IF('Return)1('!$B$3:$B$12<>\"\",COUNTIF($A$1:A49,'Return)1('!$B$3:$B$12),1),0)),INDEX('sales(1)'!$B$3:$B$53,MATCH(0,IF('sales(1)'!$B$3:$B$53<>\"\",COUNTIF($A$1:A49,'sales(1)'!$B$3:$B$53),1),0))),\"\")","v":""},{"$f":"IFERROR(IF(ISERROR(INDEX('sales(1)'!$C$3:$C$53,MATCH(0,IF('sales(1)'!$C$3:$C$53<>\"\",COUNTIF($B$1:B49,'sales(1)'!$C$3:$C$53),1),0))),INDEX('Return)1('!$C$3:$C$12,MATCH(0,IF('Return)1('!$C$3:$C$12<>\"\",COUNTIF($B$1:B49,'Return)1('!$C$3:$C$12),1),0)),INDEX('sales(1)'!$C$3:$C$53,MATCH(0,IF('sales(1)'!$C$3:$C$53<>\"\",COUNTIF($B$1:B49,'sales(1)'!$C$3:$C$53),1),0))),\"\")","v":148},{"$f":"IFERROR(IF(ISERROR(INDEX('sales(1)'!$G$3:$G$53,MATCH(0,IF('sales(1)'!$G$3:$G$53<>\"\",COUNTIF($C$1:C49,'sales(1)'!$G$3:$G$53),1),0))),INDEX('Return)1('!$G$3:$G$12,MATCH(0,IF('Return)1('!$G$3:$G$12<>\"\",COUNTIF($C$1:C49,'Return)1('!$G$3:$G$12),1),0)),INDEX('sales(1)'!$G$3:$G$53,MATCH(0,IF('sales(1)'!$G$3:$G$53<>\"\",COUNTIF($C$1:C49,'sales(1)'!$G$3:$G$53),1),0))),\"\")","v":""},{"$f":"IFERROR(IF(ISERROR(INDEX('sales(1)'!$H$3:$H$53,MATCH(0,IF('sales(1)'!$H$3:$H$53<>\"\",COUNTIF($D$1:D49,'sales(1)'!$H$3:$H$53),1),0))),INDEX('Return)1('!$H$3:$H$12,MATCH(0,IF('Return)1('!$H$3:$H$12<>\"\",COUNTIF($D$1:D49,'Return)1('!$H$3:$H$12),1),0)),INDEX('sales(1)'!$H$3:$H$53,MATCH(0,IF('sales(1)'!$H$3:$H$53<>\"\",COUNTIF($D$1:D49,'sales(1)'!$H$3:$H$53),1),0))),\"\")","v":""}]
[{"$f":"IFERROR(IF(ISERROR(INDEX('sales(1)'!$B$3:$B$53,MATCH(0,IF('sales(1)'!$B$3:$B$53<>\"\",COUNTIF($A$1:A50,'sales(1)'!$B$3:$B$53),1),0))),INDEX('Return)1('!$B$3:$B$12,MATCH(0,IF('Return)1('!$B$3:$B$12<>\"\",COUNTIF($A$1:A50,'Return)1('!$B$3:$B$12),1),0)),INDEX('sales(1)'!$B$3:$B$53,MATCH(0,IF('sales(1)'!$B$3:$B$53<>\"\",COUNTIF($A$1:A50,'sales(1)'!$B$3:$B$53),1),0))),\"\")","v":""},{"$f":"IFERROR(IF(ISERROR(INDEX('sales(1)'!$C$3:$C$53,MATCH(0,IF('sales(1)'!$C$3:$C$53<>\"\",COUNTIF($B$1:B50,'sales(1)'!$C$3:$C$53),1),0))),INDEX('Return)1('!$C$3:$C$12,MATCH(0,IF('Return)1('!$C$3:$C$12<>\"\",COUNTIF($B$1:B50,'Return)1('!$C$3:$C$12),1),0)),INDEX('sales(1)'!$C$3:$C$53,MATCH(0,IF('sales(1)'!$C$3:$C$53<>\"\",COUNTIF($B$1:B50,'sales(1)'!$C$3:$C$53),1),0))),\"\")","v":149},{"$f":"IFERROR(IF(ISERROR(INDEX('sales(1)'!$G$3:$G$53,MATCH(0,IF('sales(1)'!$G$3:$G$53<>\"\",COUNTIF($C$1:C50,'sales(1)'!$G$3:$G$53),1),0))),INDEX('Return)1('!$G$3:$G$12,MATCH(0,IF('Return)1('!$G$3:$G$12<>\"\",COUNTIF($C$1:C50,'Return)1('!$G$3:$G$12),1),0)),INDEX('sales(1)'!$G$3:$G$53,MATCH(0,IF('sales(1)'!$G$3:$G$53<>\"\",COUNTIF($C$1:C50,'sales(1)'!$G$3:$G$53),1),0))),\"\")","v":""},{"$f":"IFERROR(IF(ISERROR(INDEX('sales(1)'!$H$3:$H$53,MATCH(0,IF('sales(1)'!$H$3:$H$53<>\"\",COUNTIF($D$1:D50,'sales(1)'!$H$3:$H$53),1),0))),INDEX('Return)1('!$H$3:$H$12,MATCH(0,IF('Return)1('!$H$3:$H$12<>\"\",COUNTIF($D$1:D50,'Return)1('!$H$3:$H$12),1),0)),INDEX('sales(1)'!$H$3:$H$53,MATCH(0,IF('sales(1)'!$H$3:$H$53<>\"\",COUNTIF($D$1:D50,'sales(1)'!$H$3:$H$53),1),0))),\"\")","v":""}]
[{"$f":"IFERROR(IF(ISERROR(INDEX('sales(1)'!$B$3:$B$53,MATCH(0,IF('sales(1)'!$B$3:$B$53<>\"\",COUNTIF($A$1:A51,'sales(1)'!$B$3:$B$53),1),0))),INDEX('Return)1('!$B$3:$B$12,MATCH(0,IF('Return)1('!$B$3:$B$12<>\"\",COUNTIF($A$1:A51,'Return)1('!$B$3:$B$12),1),0)),INDEX('sales(1)'!$B$3:$B$53,MATCH(0,IF('sales(1)'!$B$3:$B$53<>\"\",COUNTIF($A$1:A51,'sales(1)'!$B$3:$B$53),1),0))),\"\")","v":""},{"$f":"IFERROR(IF(ISERROR(INDEX('sales(1)'!$C$3:$C$53,MATCH(0,IF('sales(1)'!$C$3:$C$53<>\"\",COUNTIF($B$1:B51,'sales(1)'!$C$3:$C$53),1),0))),INDEX('Return)1('!$C$3:$C$12,MATCH(0,IF('Return)1('!$C$3:$C$12<>\"\",COUNTIF($B$1:B51,'Return)1('!$C$3:$C$12),1),0)),INDEX('sales(1)'!$C$3:$C$53,MATCH(0,IF('sales(1)'!$C$3:$C$53<>\"\",COUNTIF($B$1:B51,'sales(1)'!$C$3:$C$53),1),0))),\"\")","v":150},{"$f":"IFERROR(IF(ISERROR(INDEX('sales(1)'!$G$3:$G$53,MATCH(0,IF('sales(1)'!$G$3:$G$53<>\"\",COUNTIF($C$1:C51,'sales(1)'!$G$3:$G$53),1),0))),INDEX('Return)1('!$G$3:$G$12,MATCH(0,IF('Return)1('!$G$3:$G$12<>\"\",COUNTIF($C$1:C51,'Return)1('!$G$3:$G$12),1),0)),INDEX('sales(1)'!$G$3:$G$53,MATCH(0,IF('sales(1)'!$G$3:$G$53<>\"\",COUNTIF($C$1:C51,'sales(1)'!$G$3:$G$53),1),0))),\"\")","v":""},{"$f":"IFERROR(IF(ISERROR(INDEX('sales(1)'!$H$3:$H$53,MATCH(0,IF('sales(1)'!$H$3:$H$53<>\"\",COUNTIF($D$1:D51,'sales(1)'!$H$3:$H$53),1),0))),INDEX('Return)1('!$H$3:$H$12,MATCH(0,IF('Return)1('!$H$3:$H$12<>\"\",COUNTIF($D$1:D51,'Return)1('!$H$3:$H$12),1),0)),INDEX('sales(1)'!$H$3:$H$53,MATCH(0,IF('sales(1)'!$H$3:$H$53<>\"\",COUNTIF($D$1:D51,'sales(1)'!$H$3:$H$53),1),0))),\"\")","v":""}]
[{"$f":"IFERROR(IF(ISERROR(INDEX('sales(1)'!$B$3:$B$53,MATCH(0,IF('sales(1)'!$B$3:$B$53<>\"\",COUNTIF($A$1:A52,'sales(1)'!$B$3:$B$53),1),0))),INDEX('Return)1('!$B$3:$B$12,MATCH(0,IF('Return)1('!$B$3:$B$12<>\"\",COUNTIF($A$1:A52,'Return)1('!$B$3:$B$12),1),0)),INDEX('sales(1)'!$B$3:$B$53,MATCH(0,IF('sales(1)'!$B$3:$B$53<>\"\",COUNTIF($A$1:A52,'sales(1)'!$B$3:$B$53),1),0))),\"\")","v":""},{"$f":"IFERROR(IF(ISERROR(INDEX('sales(1)'!$C$3:$C$53,MATCH(0,IF('sales(1)'!$C$3:$C$53<>\"\",COUNTIF($B$1:B52,'sales(1)'!$C$3:$C$53),1),0))),INDEX('Return)1('!$C$3:$C$12,MATCH(0,IF('Return)1('!$C$3:$C$12<>\"\",COUNTIF($B$1:B52,'Return)1('!$C$3:$C$12),1),0)),INDEX('sales(1)'!$C$3:$C$53,MATCH(0,IF('sales(1)'!$C$3:$C$53<>\"\",COUNTIF($B$1:B52,'sales(1)'!$C$3:$C$53),1),0))),\"\")","v":""},{"$f":"IFERROR(IF(ISERROR(INDEX('sales(1)'!$G$3:$G$53,MATCH(0,IF('sales(1)'!$G$3:$G$53<>\"\",COUNTIF($C$1:C52,'sales(1)'!$G$3:$G$53),1),0))),INDEX('Return)1('!$G$3:$G$12,MATCH(0,IF('Return)1('!$G$3:$G$12<>\"\",COUNTIF($C$1:C52,'Return)1('!$G$3:$G$12),1),0)),INDEX('sales(1)'!$G$3:$G$53,MATCH(0,IF('sales(1)'!$G$3:$G$53<>\"\",COUNTIF($C$1:C52,'sales(1)'!$G$3:$G$53),1),0))),\"\")","v":""},{"$f":"IFERROR(IF(ISERROR(INDEX('sales(1)'!$H$3:$H$53,MATCH(0,IF('sales(1)'!$H$3:$H$53<>\"\",COUNTIF($D$1:D52,'sales(1)'!$H$3:$H$53),1),0))),INDEX('Return)1('!$H$3:$H$12,MATCH(0,IF('Return)1('!$H$3:$H$12<>\"\",COUNTIF($D$1:D52,'Return)1('!$H$3:$H$12),1),0)),INDEX('sales(1)'!$H$3:$H$53,MATCH(0,IF('sales(1)'!$H$3:$H$53<>\"\",COUNTIF($D$1:D52,'sales(1)'!$H$3:$H$53),1),0))),\"\")","v":""}]
[{"$f":"IFERROR(IF(ISERROR(INDEX('sales(1)'!$B$3:$B$53,MATCH(0,IF('sales(1)'!$B$3:$B$53<>\"\",COUNTIF($A$1:A53,'sales(1)'!$B$3:$B$53),1),0))),INDEX('Return)1('!$B$3:$B$12,MATCH(0,IF('Return)1('!$B$3:$B$12<>\"\",COUNTIF($A$1:A53,'Return)1('!$B$3:$B$12),1),0)),INDEX('sales(1)'!$B$3:$B$53,MATCH(0,IF('sales(1)'!$B$3:$B$53<>\"\",COUNTIF($A$1:A53,'sales(1)'!$B$3:$B$53),1),0))),\"\")","v":""},{"$f":"IFERROR(IF(ISERROR(INDEX('sales(1)'!$C$3:$C$53,MATCH(0,IF('sales(1)'!$C$3:$C$53<>\"\",COUNTIF($B$1:B53,'sales(1)'!$C$3:$C$53),1),0))),INDEX('Return)1('!$C$3:$C$12,MATCH(0,IF('Return)1('!$C$3:$C$12<>\"\",COUNTIF($B$1:B53,'Return)1('!$C$3:$C$12),1),0)),INDEX('sales(1)'!$C$3:$C$53,MATCH(0,IF('sales(1)'!$C$3:$C$53<>\"\",COUNTIF($B$1:B53,'sales(1)'!$C$3:$C$53),1),0))),\"\")","v":""},{"$f":"IFERROR(IF(ISERROR(INDEX('sales(1)'!$G$3:$G$53,MATCH(0,IF('sales(1)'!$G$3:$G$53<>\"\",COUNTIF($C$1:C53,'sales(1)'!$G$3:$G$53),1),0))),INDEX('Return)1('!$G$3:$G$12,MATCH(0,IF('Return)1('!$G$3:$G$12<>\"\",COUNTIF($C$1:C53,'Return)1('!$G$3:$G$12),1),0)),INDEX('sales(1)'!$G$3:$G$53,MATCH(0,IF('sales(1)'!$G$3:$G$53<>\"\",COUNTIF($C$1:C53,'sales(1)'!$G$3:$G$53),1),0))),\"\")","v":""},{"$f":"IFERROR(IF(ISERROR(INDEX('sales(1)'!$H$3:$H$53,MATCH(0,IF('sales(1)'!$H$3:$H$53<>\"\",COUNTIF($D$1:D53,'sales(1)'!$H$3:$H$53),1),0))),INDEX('Return)1('!$H$3:$H$12,MATCH(0,IF('Return)1('!$H$3:$H$12<>\"\",COUNTIF($D$1:D53,'Return)1('!$H$3:$H$12),1),0)),INDEX('sales(1)'!$H$3:$H$53,MATCH(0,IF('sales(1)'!$H$3:$H$53<>\"\",COUNTIF($D$1:D53,'sales(1)'!$H$3:$H$53),1),0))),\"\")","v":""}]
[{"$f":"IFERROR(IF(ISERROR(INDEX('sales(1)'!$B$3:$B$53,MATCH(0,IF('sales(1)'!$B$3:$B$53<>\"\",COUNTIF($A$1:A54,'sales(1)'!$B$3:$B$53),1),0))),INDEX('Return)1('!$B$3:$B$12,MATCH(0,IF('Return)1('!$B$3:$B$12<>\"\",COUNTIF($A$1:A54,'Return)1('!$B$3:$B$12),1),0)),INDEX('sales(1)'!$B$3:$B$53,MATCH(0,IF('sales(1)'!$B$3:$B$53<>\"\",COUNTIF($A$1:A54,'sales(1)'!$B$3:$B$53),1),0))),\"\")","v":""},{"$f":"IFERROR(IF(ISERROR(INDEX('sales(1)'!$C$3:$C$53,MATCH(0,IF('sales(1)'!$C$3:$C$53<>\"\",COUNTIF($B$1:B54,'sales(1)'!$C$3:$C$53),1),0))),INDEX('Return)1('!$C$3:$C$12,MATCH(0,IF('Return)1('!$C$3:$C$12<>\"\",COUNTIF($B$1:B54,'Return)1('!$C$3:$C$12),1),0)),INDEX('sales(1)'!$C$3:$C$53,MATCH(0,IF('sales(1)'!$C$3:$C$53<>\"\",COUNTIF($B$1:B54,'sales(1)'!$C$3:$C$53),1),0))),\"\")","v":""},{"$f":"IFERROR(IF(ISERROR(INDEX('sales(1)'!$G$3:$G$53,MATCH(0,IF('sales(1)'!$G$3:$G$53<>\"\",COUNTIF($C$1:C54,'sales(1)'!$G$3:$G$53),1),0))),INDEX('Return)1('!$G$3:$G$12,MATCH(0,IF('Return)1('!$G$3:$G$12<>\"\",COUNTIF($C$1:C54,'Return)1('!$G$3:$G$12),1),0)),INDEX('sales(1)'!$G$3:$G$53,MATCH(0,IF('sales(1)'!$G$3:$G$53<>\"\",COUNTIF($C$1:C54,'sales(1)'!$G$3:$G$53),1),0))),\"\")","v":""},{"$f":"IFERROR(IF(ISERROR(INDEX('sales(1)'!$H$3:$H$53,MATCH(0,IF('sales(1)'!$H$3:$H$53<>\"\",COUNTIF($D$1:D54,'sales(1)'!$H$3:$H$53),1),0))),INDEX('Return)1('!$H$3:$H$12,MATCH(0,IF('Return)1('!$H$3:$H$12<>\"\",COUNTIF($D$1:D54,'Return)1('!$H$3:$H$12),1),0)),INDEX('sales(1)'!$H$3:$H$53,MATCH(0,IF('sales(1)'!$H$3:$H$53<>\"\",COUNTIF($D$1:D54,'sales(1)'!$H$3:$H$53),1),0))),\"\")","v":""}]
[{"$f":"IFERROR(IF(ISERROR(INDEX('sales(1)'!$B$3:$B$53,MATCH(0,IF('sales(1)'!$B$3:$B$53<>\"\",COUNTIF($A$1:A55,'sales(1)'!$B$3:$B$53),1),0))),INDEX('Return)1('!$B$3:$B$12,MATCH(0,IF('Return)1('!$B$3:$B$12<>\"\",COUNTIF($A$1:A55,'Return)1('!$B$3:$B$12),1),0)),INDEX('sales(1)'!$B$3:$B$53,MATCH(0,IF('sales(1)'!$B$3:$B$53<>\"\",COUNTIF($A$1:A55,'sales(1)'!$B$3:$B$53),1),0))),\"\")","v":""},{"$f":"IFERROR(IF(ISERROR(INDEX('sales(1)'!$C$3:$C$53,MATCH(0,IF('sales(1)'!$C$3:$C$53<>\"\",COUNTIF($B$1:B55,'sales(1)'!$C$3:$C$53),1),0))),INDEX('Return)1('!$C$3:$C$12,MATCH(0,IF('Return)1('!$C$3:$C$12<>\"\",COUNTIF($B$1:B55,'Return)1('!$C$3:$C$12),1),0)),INDEX('sales(1)'!$C$3:$C$53,MATCH(0,IF('sales(1)'!$C$3:$C$53<>\"\",COUNTIF($B$1:B55,'sales(1)'!$C$3:$C$53),1),0))),\"\")","v":""},{"$f":"IFERROR(IF(ISERROR(INDEX('sales(1)'!$G$3:$G$53,MATCH(0,IF('sales(1)'!$G$3:$G$53<>\"\",COUNTIF($C$1:C55,'sales(1)'!$G$3:$G$53),1),0))),INDEX('Return)1('!$G$3:$G$12,MATCH(0,IF('Return)1('!$G$3:$G$12<>\"\",COUNTIF($C$1:C55,'Return)1('!$G$3:$G$12),1),0)),INDEX('sales(1)'!$G$3:$G$53,MATCH(0,IF('sales(1)'!$G$3:$G$53<>\"\",COUNTIF($C$1:C55,'sales(1)'!$G$3:$G$53),1),0))),\"\")","v":""},{"$f":"IFERROR(IF(ISERROR(INDEX('sales(1)'!$H$3:$H$53,MATCH(0,IF('sales(1)'!$H$3:$H$53<>\"\",COUNTIF($D$1:D55,'sales(1)'!$H$3:$H$53),1),0))),INDEX('Return)1('!$H$3:$H$12,MATCH(0,IF('Return)1('!$H$3:$H$12<>\"\",COUNTIF($D$1:D55,'Return)1('!$H$3:$H$12),1),0)),INDEX('sales(1)'!$H$3:$H$53,MATCH(0,IF('sales(1)'!$H$3:$H$53<>\"\",COUNTIF($D$1:D55,'sales(1)'!$H$3:$H$53),1),0))),\"\")","v":""}]
[{"$f":"IFERROR(IF(ISERROR(INDEX('sales(1)'!$B$3:$B$53,MATCH(0,IF('sales(1)'!$B$3:$B$53<>\"\",COUNTIF($A$1:A56,'sales(1)'!$B$3:$B$53),1),0))),INDEX('Return)1('!$B$3:$B$12,MATCH(0,IF('Return)1('!$B$3:$B$12<>\"\",COUNTIF($A$1:A56,'Return)1('!$B$3:$B$12),1),0)),INDEX('sales(1)'!$B$3:$B$53,MATCH(0,IF('sales(1)'!$B$3:$B$53<>\"\",COUNTIF($A$1:A56,'sales(1)'!$B$3:$B$53),1),0))),\"\")","v":""},{"$f":"IFERROR(IF(ISERROR(INDEX('sales(1)'!$C$3:$C$53,MATCH(0,IF('sales(1)'!$C$3:$C$53<>\"\",COUNTIF($B$1:B56,'sales(1)'!$C$3:$C$53),1),0))),INDEX('Return)1('!$C$3:$C$12,MATCH(0,IF('Return)1('!$C$3:$C$12<>\"\",COUNTIF($B$1:B56,'Return)1('!$C$3:$C$12),1),0)),INDEX('sales(1)'!$C$3:$C$53,MATCH(0,IF('sales(1)'!$C$3:$C$53<>\"\",COUNTIF($B$1:B56,'sales(1)'!$C$3:$C$53),1),0))),\"\")","v":""},{"$f":"IFERROR(IF(ISERROR(INDEX('sales(1)'!$G$3:$G$53,MATCH(0,IF('sales(1)'!$G$3:$G$53<>\"\",COUNTIF($C$1:C56,'sales(1)'!$G$3:$G$53),1),0))),INDEX('Return)1('!$G$3:$G$12,MATCH(0,IF('Return)1('!$G$3:$G$12<>\"\",COUNTIF($C$1:C56,'Return)1('!$G$3:$G$12),1),0)),INDEX('sales(1)'!$G$3:$G$53,MATCH(0,IF('sales(1)'!$G$3:$G$53<>\"\",COUNTIF($C$1:C56,'sales(1)'!$G$3:$G$53),1),0))),\"\")","v":""},{"$f":"IFERROR(IF(ISERROR(INDEX('sales(1)'!$H$3:$H$53,MATCH(0,IF('sales(1)'!$H$3:$H$53<>\"\",COUNTIF($D$1:D56,'sales(1)'!$H$3:$H$53),1),0))),INDEX('Return)1('!$H$3:$H$12,MATCH(0,IF('Return)1('!$H$3:$H$12<>\"\",COUNTIF($D$1:D56,'Return)1('!$H$3:$H$12),1),0)),INDEX('sales(1)'!$H$3:$H$53,MATCH(0,IF('sales(1)'!$H$3:$H$53<>\"\",COUNTIF($D$1:D56,'sales(1)'!$H$3:$H$53),1),0))),\"\")","v":""}]
[{"$f":"IFERROR(IF(ISERROR(INDEX('sales(1)'!$B$3:$B$53,MATCH(0,IF('sales(1)'!$B$3:$B$53<>\"\",COUNTIF($A$1:A57,'sales(1)'!$B$3:$B$53),1),0))),INDEX('Return)1('!$B$3:$B$12,MATCH(0,IF('Return)1('!$B$3:$B$12<>\"\",COUNTIF($A$1:A57,'Return)1('!$B$3:$B$12),1),0)),INDEX('sales(1)'!$B$3:$B$53,MATCH(0,IF('sales(1)'!$B$3:$B$53<>\"\",COUNTIF($A$1:A57,'sales(1)'!$B$3:$B$53),1),0))),\"\")","v":""},{"$f":"IFERROR(IF(ISERROR(INDEX('sales(1)'!$C$3:$C$53,MATCH(0,IF('sales(1)'!$C$3:$C$53<>\"\",COUNTIF($B$1:B57,'sales(1)'!$C$3:$C$53),1),0))),INDEX('Return)1('!$C$3:$C$12,MATCH(0,IF('Return)1('!$C$3:$C$12<>\"\",COUNTIF($B$1:B57,'Return)1('!$C$3:$C$12),1),0)),INDEX('sales(1)'!$C$3:$C$53,MATCH(0,IF('sales(1)'!$C$3:$C$53<>\"\",COUNTIF($B$1:B57,'sales(1)'!$C$3:$C$53),1),0))),\"\")","v":""},{"$f":"IFERROR(IF(ISERROR(INDEX('sales(1)'!$G$3:$G$53,MATCH(0,IF('sales(1)'!$G$3:$G$53<>\"\",COUNTIF($C$1:C57,'sales(1)'!$G$3:$G$53),1),0))),INDEX('Return)1('!$G$3:$G$12,MATCH(0,IF('Return)1('!$G$3:$G$12<>\"\",COUNTIF($C$1:C57,'Return)1('!$G$3:$G$12),1),0)),INDEX('sales(1)'!$G$3:$G$53,MATCH(0,IF('sales(1)'!$G$3:$G$53<>\"\",COUNTIF($C$1:C57,'sales(1)'!$G$3:$G$53),1),0))),\"\")","v":""},{"$f":"IFERROR(IF(ISERROR(INDEX('sales(1)'!$H$3:$H$53,MATCH(0,IF('sales(1)'!$H$3:$H$53<>\"\",COUNTIF($D$1:D57,'sales(1)'!$H$3:$H$53),1),0))),INDEX('Return)1('!$H$3:$H$12,MATCH(0,IF('Return)1('!$H$3:$H$12<>\"\",COUNTIF($D$1:D57,'Return)1('!$H$3:$H$12),1),0)),INDEX('sales(1)'!$H$3:$H$53,MATCH(0,IF('sales(1)'!$H$3:$H$53<>\"\",COUNTIF($D$1:D57,'sales(1)'!$H$3:$H$53),1),0))),\"\")","v":""}]
[{"$f":"IFERROR(IF(ISERROR(INDEX('sales(1)'!$B$3:$B$53,MATCH(0,IF('sales(1)'!$B$3:$B$53<>\"\",COUNTIF($A$1:A58,'sales(1)'!$B$3:$B$53),1),0))),INDEX('Return)1('!$B$3:$B$12,MATCH(0,IF('Return)1('!$B$3:$B$12<>\"\",COUNTIF($A$1:A58,'Return)1('!$B$3:$B$12),1),0)),INDEX('sales(1)'!$B$3:$B$53,MATCH(0,IF('sales(1)'!$B$3:$B$53<>\"\",COUNTIF($A$1:A58,'sales(1)'!$B$3:$B$53),1),0))),\"\")","v":""},{"$f":"IFERROR(IF(ISERROR(INDEX('sales(1)'!$C$3:$C$53,MATCH(0,IF('sales(1)'!$C$3:$C$53<>\"\",COUNTIF($B$1:B58,'sales(1)'!$C$3:$C$53),1),0))),INDEX('Return)1('!$C$3:$C$12,MATCH(0,IF('Return)1('!$C$3:$C$12<>\"\",COUNTIF($B$1:B58,'Return)1('!$C$3:$C$12),1),0)),INDEX('sales(1)'!$C$3:$C$53,MATCH(0,IF('sales(1)'!$C$3:$C$53<>\"\",COUNTIF($B$1:B58,'sales(1)'!$C$3:$C$53),1),0))),\"\")","v":""},{"$f":"IFERROR(IF(ISERROR(INDEX('sales(1)'!$G$3:$G$53,MATCH(0,IF('sales(1)'!$G$3:$G$53<>\"\",COUNTIF($C$1:C58,'sales(1)'!$G$3:$G$53),1),0))),INDEX('Return)1('!$G$3:$G$12,MATCH(0,IF('Return)1('!$G$3:$G$12<>\"\",COUNTIF($C$1:C58,'Return)1('!$G$3:$G$12),1),0)),INDEX('sales(1)'!$G$3:$G$53,MATCH(0,IF('sales(1)'!$G$3:$G$53<>\"\",COUNTIF($C$1:C58,'sales(1)'!$G$3:$G$53),1),0))),\"\")","v":""},{"$f":"IFERROR(IF(ISERROR(INDEX('sales(1)'!$H$3:$H$53,MATCH(0,IF('sales(1)'!$H$3:$H$53<>\"\",COUNTIF($D$1:D58,'sales(1)'!$H$3:$H$53),1),0))),INDEX('Return)1('!$H$3:$H$12,MATCH(0,IF('Return)1('!$H$3:$H$12<>\"\",COUNTIF($D$1:D58,'Return)1('!$H$3:$H$12),1),0)),INDEX('sales(1)'!$H$3:$H$53,MATCH(0,IF('sales(1)'!$H$3:$H$53<>\"\",COUNTIF($D$1:D58,'sales(1)'!$H$3:$H$53),1),0))),\"\")","v":""}]
[{"$f":"IFERROR(IF(ISERROR(INDEX('sales(1)'!$B$3:$B$53,MATCH(0,IF('sales(1)'!$B$3:$B$53<>\"\",COUNTIF($A$1:A59,'sales(1)'!$B$3:$B$53),1),0))),INDEX('Return)1('!$B$3:$B$12,MATCH(0,IF('Return)1('!$B$3:$B$12<>\"\",COUNTIF($A$1:A59,'Return)1('!$B$3:$B$12),1),0)),INDEX('sales(1)'!$B$3:$B$53,MATCH(0,IF('sales(1)'!$B$3:$B$53<>\"\",COUNTIF($A$1:A59,'sales(1)'!$B$3:$B$53),1),0))),\"\")","v":""},{"$f":"IFERROR(IF(ISERROR(INDEX('sales(1)'!$C$3:$C$53,MATCH(0,IF('sales(1)'!$C$3:$C$53<>\"\",COUNTIF($B$1:B59,'sales(1)'!$C$3:$C$53),1),0))),INDEX('Return)1('!$C$3:$C$12,MATCH(0,IF('Return)1('!$C$3:$C$12<>\"\",COUNTIF($B$1:B59,'Return)1('!$C$3:$C$12),1),0)),INDEX('sales(1)'!$C$3:$C$53,MATCH(0,IF('sales(1)'!$C$3:$C$53<>\"\",COUNTIF($B$1:B59,'sales(1)'!$C$3:$C$53),1),0))),\"\")","v":""},{"$f":"IFERROR(IF(ISERROR(INDEX('sales(1)'!$G$3:$G$53,MATCH(0,IF('sales(1)'!$G$3:$G$53<>\"\",COUNTIF($C$1:C59,'sales(1)'!$G$3:$G$53),1),0))),INDEX('Return)1('!$G$3:$G$12,MATCH(0,IF('Return)1('!$G$3:$G$12<>\"\",COUNTIF($C$1:C59,'Return)1('!$G$3:$G$12),1),0)),INDEX('sales(1)'!$G$3:$G$53,MATCH(0,IF('sales(1)'!$G$3:$G$53<>\"\",COUNTIF($C$1:C59,'sales(1)'!$G$3:$G$53),1),0))),\"\")","v":""},{"$f":"IFERROR(IF(ISERROR(INDEX('sales(1)'!$H$3:$H$53,MATCH(0,IF('sales(1)'!$H$3:$H$53<>\"\",COUNTIF($D$1:D59,'sales(1)'!$H$3:$H$53),1),0))),INDEX('Return)1('!$H$3:$H$12,MATCH(0,IF('Return)1('!$H$3:$H$12<>\"\",COUNTIF($D$1:D59,'Return)1('!$H$3:$H$12),1),0)),INDEX('sales(1)'!$H$3:$H$53,MATCH(0,IF('sales(1)'!$H$3:$H$53<>\"\",COUNTIF($D$1:D59,'sales(1)'!$H$3:$H$53),1),0))),\"\")","v":""}]
[{"$f":"IFERROR(IF(ISERROR(INDEX('sales(1)'!$B$3:$B$53,MATCH(0,IF('sales(1)'!$B$3:$B$53<>\"\",COUNTIF($A$1:A60,'sales(1)'!$B$3:$B$53),1),0))),INDEX('Return)1('!$B$3:$B$12,MATCH(0,IF('Return)1('!$B$3:$B$12<>\"\",COUNTIF($A$1:A60,'Return)1('!$B$3:$B$12),1),0)),INDEX('sales(1)'!$B$3:$B$53,MATCH(0,IF('sales(1)'!$B$3:$B$53<>\"\",COUNTIF($A$1:A60,'sales(1)'!$B$3:$B$53),1),0))),\"\")","v":""},{"$f":"IFERROR(IF(ISERROR(INDEX('sales(1)'!$C$3:$C$53,MATCH(0,IF('sales(1)'!$C$3:$C$53<>\"\",COUNTIF($B$1:B60,'sales(1)'!$C$3:$C$53),1),0))),INDEX('Return)1('!$C$3:$C$12,MATCH(0,IF('Return)1('!$C$3:$C$12<>\"\",COUNTIF($B$1:B60,'Return)1('!$C$3:$C$12),1),0)),INDEX('sales(1)'!$C$3:$C$53,MATCH(0,IF('sales(1)'!$C$3:$C$53<>\"\",COUNTIF($B$1:B60,'sales(1)'!$C$3:$C$53),1),0))),\"\")","v":""},{"$f":"IFERROR(IF(ISERROR(INDEX('sales(1)'!$G$3:$G$53,MATCH(0,IF('sales(1)'!$G$3:$G$53<>\"\",COUNTIF($C$1:C60,'sales(1)'!$G$3:$G$53),1),0))),INDEX('Return)1('!$G$3:$G$12,MATCH(0,IF('Return)1('!$G$3:$G$12<>\"\",COUNTIF($C$1:C60,'Return)1('!$G$3:$G$12),1),0)),INDEX('sales(1)'!$G$3:$G$53,MATCH(0,IF('sales(1)'!$G$3:$G$53<>\"\",COUNTIF($C$1:C60,'sales(1)'!$G$3:$G$53),1),0))),\"\")","v":""},{"$f":"IFERROR(IF(ISERROR(INDEX('sales(1)'!$H$3:$H$53,MATCH(0,IF('sales(1)'!$H$3:$H$53<>\"\",COUNTIF($D$1:D60,'sales(1)'!$H$3:$H$53),1),0))),INDEX('Return)1('!$H$3:$H$12,MATCH(0,IF('Return)1('!$H$3:$H$12<>\"\",COUNTIF($D$1:D60,'Return)1('!$H$3:$H$12),1),0)),INDEX('sales(1)'!$H$3:$H$53,MATCH(0,IF('sales(1)'!$H$3:$H$53<>\"\",COUNTIF($D$1:D60,'sales(1)'!$H$3:$H$53),1),0))),\"\")","v":""}]
[{"$f":"IFERROR(IF(ISERROR(INDEX('sales(1)'!$B$3:$B$53,MATCH(0,IF('sales(1)'!$B$3:$B$53<>\"\",COUNTIF($A$1:A61,'sales(1)'!$B$3:$B$53),1),0))),INDEX('Return)1('!$B$3:$B$12,MATCH(0,IF('Return)1('!$B$3:$B$12<>\"\",COUNTIF($A$1:A61,'Return)1('!$B$3:$B$12),1),0)),INDEX('sales(1)'!$B$3:$B$53,MATCH(0,IF('sales(1)'!$B$3:$B$53<>\"\",COUNTIF($A$1:A61,'sales(1)'!$B$3:$B$53),1),0))),\"\")","v":""},{"$f":"IFERROR(IF(ISERROR(INDEX('sales(1)'!$C$3:$C$53,MATCH(0,IF('sales(1)'!$C$3:$C$53<>\"\",COUNTIF($B$1:B61,'sales(1)'!$C$3:$C$53),1),0))),INDEX('Return)1('!$C$3:$C$12,MATCH(0,IF('Return)1('!$C$3:$C$12<>\"\",COUNTIF($B$1:B61,'Return)1('!$C$3:$C$12),1),0)),INDEX('sales(1)'!$C$3:$C$53,MATCH(0,IF('sales(1)'!$C$3:$C$53<>\"\",COUNTIF($B$1:B61,'sales(1)'!$C$3:$C$53),1),0))),\"\")","v":""},{"$f":"IFERROR(IF(ISERROR(INDEX('sales(1)'!$G$3:$G$53,MATCH(0,IF('sales(1)'!$G$3:$G$53<>\"\",COUNTIF($C$1:C61,'sales(1)'!$G$3:$G$53),1),0))),INDEX('Return)1('!$G$3:$G$12,MATCH(0,IF('Return)1('!$G$3:$G$12<>\"\",COUNTIF($C$1:C61,'Return)1('!$G$3:$G$12),1),0)),INDEX('sales(1)'!$G$3:$G$53,MATCH(0,IF('sales(1)'!$G$3:$G$53<>\"\",COUNTIF($C$1:C61,'sales(1)'!$G$3:$G$53),1),0))),\"\")","v":""},{"$f":"IFERROR(IF(ISERROR(INDEX('sales(1)'!$H$3:$H$53,MATCH(0,IF('sales(1)'!$H$3:$H$53<>\"\",COUNTIF($D$1:D61,'sales(1)'!$H$3:$H$53),1),0))),INDEX('Return)1('!$H$3:$H$12,MATCH(0,IF('Return)1('!$H$3:$H$12<>\"\",COUNTIF($D$1:D61,'Return)1('!$H$3:$H$12),1),0)),INDEX('sales(1)'!$H$3:$H$53,MATCH(0,IF('sales(1)'!$H$3:$H$53<>\"\",COUNTIF($D$1:D61,'sales(1)'!$H$3:$H$53),1),0))),\"\")","v":""}]
[{"$f":"IFERROR(IF(ISERROR(INDEX('sales(1)'!$B$3:$B$53,MATCH(0,IF('sales(1)'!$B$3:$B$53<>\"\",COUNTIF($A$1:A62,'sales(1)'!$B$3:$B$53),1),0))),INDEX('Return)1('!$B$3:$B$12,MATCH(0,IF('Return)1('!$B$3:$B$12<>\"\",COUNTIF($A$1:A62,'Return)1('!$B$3:$B$12),1),0)),INDEX('sales(1)'!$B$3:$B$53,MATCH(0,IF('sales(1)'!$B$3:$B$53<>\"\",COUNTIF($A$1:A62,'sales(1)'!$B$3:$B$53),1),0))),\"\")","v":""},{"$f":"IFERROR(IF(ISERROR(INDEX('sales(1)'!$C$3:$C$53,MATCH(0,IF('sales(1)'!$C$3:$C$53<>\"\",COUNTIF($A$1:B62,'sales(1)'!$C$3:$C$53),1),0))),INDEX('Return)1('!$C$3:$C$12,MATCH(0,IF('Return)1('!$C$3:$C$12<>\"\",COUNTIF($A$1:B62,'Return)1('!$C$3:$C$12),1),0)),INDEX('sales(1)'!$C$3:$C$53,MATCH(0,IF('sales(1)'!$C$3:$C$53<>\"\",COUNTIF($A$1:B62,'sales(1)'!$C$3:$C$53),1),0))),\"\")","v":""},{"$f":"IFERROR(IF(ISERROR(INDEX('sales(1)'!$G$3:$G$53,MATCH(0,IF('sales(1)'!$G$3:$G$53<>\"\",COUNTIF($C$1:C62,'sales(1)'!$G$3:$G$53),1),0))),INDEX('Return)1('!$G$3:$G$12,MATCH(0,IF('Return)1('!$G$3:$G$12<>\"\",COUNTIF($C$1:C62,'Return)1('!$G$3:$G$12),1),0)),INDEX('sales(1)'!$G$3:$G$53,MATCH(0,IF('sales(1)'!$G$3:$G$53<>\"\",COUNTIF($C$1:C62,'sales(1)'!$G$3:$G$53),1),0))),\"\")","v":""},{"$f":"IFERROR(IF(ISERROR(INDEX('sales(1)'!$H$3:$H$53,MATCH(0,IF('sales(1)'!$H$3:$H$53<>\"\",COUNTIF($D$1:D62,'sales(1)'!$H$3:$H$53),1),0))),INDEX('Return)1('!$H$3:$H$12,MATCH(0,IF('Return)1('!$H$3:$H$12<>\"\",COUNTIF($D$1:D62,'Return)1('!$H$3:$H$12),1),0)),INDEX('sales(1)'!$H$3:$H$53,MATCH(0,IF('sales(1)'!$H$3:$H$53<>\"\",COUNTIF($D$1:D62,'sales(1)'!$H$3:$H$53),1),0))),\"\")","v":""}]
[{"$f":"IFERROR(IF(ISERROR(INDEX('sales(1)'!$B$3:$B$53,MATCH(0,IF('sales(1)'!$B$3:$B$53<>\"\",COUNTIF($A$1:A63,'sales(1)'!$B$3:$B$53),1),0))),INDEX('Return)1('!$B$3:$B$12,MATCH(0,IF('Return)1('!$B$3:$B$12<>\"\",COUNTIF($A$1:A63,'Return)1('!$B$3:$B$12),1),0)),INDEX('sales(1)'!$B$3:$B$53,MATCH(0,IF('sales(1)'!$B$3:$B$53<>\"\",COUNTIF($A$1:A63,'sales(1)'!$B$3:$B$53),1),0))),\"\")","v":""},{"$f":"IFERROR(IF(ISERROR(INDEX('sales(1)'!$C$3:$C$53,MATCH(0,IF('sales(1)'!$C$3:$C$53<>\"\",COUNTIF($A$1:B63,'sales(1)'!$C$3:$C$53),1),0))),INDEX('Return)1('!$C$3:$C$12,MATCH(0,IF('Return)1('!$C$3:$C$12<>\"\",COUNTIF($A$1:B63,'Return)1('!$C$3:$C$12),1),0)),INDEX('sales(1)'!$C$3:$C$53,MATCH(0,IF('sales(1)'!$C$3:$C$53<>\"\",COUNTIF($A$1:B63,'sales(1)'!$C$3:$C$53),1),0))),\"\")","v":""},{"$f":"IFERROR(IF(ISERROR(INDEX('sales(1)'!$G$3:$G$53,MATCH(0,IF('sales(1)'!$G$3:$G$53<>\"\",COUNTIF($C$1:C63,'sales(1)'!$G$3:$G$53),1),0))),INDEX('Return)1('!$G$3:$G$12,MATCH(0,IF('Return)1('!$G$3:$G$12<>\"\",COUNTIF($C$1:C63,'Return)1('!$G$3:$G$12),1),0)),INDEX('sales(1)'!$G$3:$G$53,MATCH(0,IF('sales(1)'!$G$3:$G$53<>\"\",COUNTIF($C$1:C63,'sales(1)'!$G$3:$G$53),1),0))),\"\")","v":""},{"$f":"IFERROR(IF(ISERROR(INDEX('sales(1)'!$H$3:$H$53,MATCH(0,IF('sales(1)'!$H$3:$H$53<>\"\",COUNTIF($D$1:D63,'sales(1)'!$H$3:$H$53),1),0))),INDEX('Return)1('!$H$3:$H$12,MATCH(0,IF('Return)1('!$H$3:$H$12<>\"\",COUNTIF($D$1:D63,'Return)1('!$H$3:$H$12),1),0)),INDEX('sales(1)'!$H$3:$H$53,MATCH(0,IF('sales(1)'!$H$3:$H$53<>\"\",COUNTIF($D$1:D63,'sales(1)'!$H$3:$H$53),1),0))),\"\")","v":""}]
[{"$f":"IFERROR(IF(ISERROR(INDEX('sales(1)'!$B$3:$B$53,MATCH(0,IF('sales(1)'!$B$3:$B$53<>\"\",COUNTIF($A$1:A64,'sales(1)'!$B$3:$B$53),1),0))),INDEX('Return)1('!$B$3:$B$12,MATCH(0,IF('Return)1('!$B$3:$B$12<>\"\",COUNTIF($A$1:A64,'Return)1('!$B$3:$B$12),1),0)),INDEX('sales(1)'!$B$3:$B$53,MATCH(0,IF('sales(1)'!$B$3:$B$53<>\"\",COUNTIF($A$1:A64,'sales(1)'!$B$3:$B$53),1),0))),\"\")","v":""},{"$f":"IFERROR(IF(ISERROR(INDEX('sales(1)'!$C$3:$C$53,MATCH(0,IF('sales(1)'!$C$3:$C$53<>\"\",COUNTIF($A$1:B64,'sales(1)'!$C$3:$C$53),1),0))),INDEX('Return)1('!$C$3:$C$12,MATCH(0,IF('Return)1('!$C$3:$C$12<>\"\",COUNTIF($A$1:B64,'Return)1('!$C$3:$C$12),1),0)),INDEX('sales(1)'!$C$3:$C$53,MATCH(0,IF('sales(1)'!$C$3:$C$53<>\"\",COUNTIF($A$1:B64,'sales(1)'!$C$3:$C$53),1),0))),\"\")","v":""},{"$f":"IFERROR(IF(ISERROR(INDEX('sales(1)'!$G$3:$G$53,MATCH(0,IF('sales(1)'!$G$3:$G$53<>\"\",COUNTIF($C$1:C64,'sales(1)'!$G$3:$G$53),1),0))),INDEX('Return)1('!$G$3:$G$12,MATCH(0,IF('Return)1('!$G$3:$G$12<>\"\",COUNTIF($C$1:C64,'Return)1('!$G$3:$G$12),1),0)),INDEX('sales(1)'!$G$3:$G$53,MATCH(0,IF('sales(1)'!$G$3:$G$53<>\"\",COUNTIF($C$1:C64,'sales(1)'!$G$3:$G$53),1),0))),\"\")","v":""},{"$f":"IFERROR(IF(ISERROR(INDEX('sales(1)'!$H$3:$H$53,MATCH(0,IF('sales(1)'!$H$3:$H$53<>\"\",COUNTIF($D$1:D64,'sales(1)'!$H$3:$H$53),1),0))),INDEX('Return)1('!$H$3:$H$12,MATCH(0,IF('Return)1('!$H$3:$H$12<>\"\",COUNTIF($D$1:D64,'Return)1('!$H$3:$H$12),1),0)),INDEX('sales(1)'!$H$3:$H$53,MATCH(0,IF('sales(1)'!$H$3:$H$53<>\"\",COUNTIF($D$1:D64,'sales(1)'!$H$3:$H$53),1),0))),\"\")","v":""}]
[{"$f":"IFERROR(IF(ISERROR(INDEX('sales(1)'!$B$3:$B$53,MATCH(0,IF('sales(1)'!$B$3:$B$53<>\"\",COUNTIF($A$1:A65,'sales(1)'!$B$3:$B$53),1),0))),INDEX('Return)1('!$B$3:$B$12,MATCH(0,IF('Return)1('!$B$3:$B$12<>\"\",COUNTIF($A$1:A65,'Return)1('!$B$3:$B$12),1),0)),INDEX('sales(1)'!$B$3:$B$53,MATCH(0,IF('sales(1)'!$B$3:$B$53<>\"\",COUNTIF($A$1:A65,'sales(1)'!$B$3:$B$53),1),0))),\"\")","v":""},{"$f":"IFERROR(IF(ISERROR(INDEX('sales(1)'!$C$3:$C$53,MATCH(0,IF('sales(1)'!$C$3:$C$53<>\"\",COUNTIF($A$1:B65,'sales(1)'!$C$3:$C$53),1),0))),INDEX('Return)1('!$C$3:$C$12,MATCH(0,IF('Return)1('!$C$3:$C$12<>\"\",COUNTIF($A$1:B65,'Return)1('!$C$3:$C$12),1),0)),INDEX('sales(1)'!$C$3:$C$53,MATCH(0,IF('sales(1)'!$C$3:$C$53<>\"\",COUNTIF($A$1:B65,'sales(1)'!$C$3:$C$53),1),0))),\"\")","v":""},{"$f":"IFERROR(IF(ISERROR(INDEX('sales(1)'!$G$3:$G$53,MATCH(0,IF('sales(1)'!$G$3:$G$53<>\"\",COUNTIF($C$1:C65,'sales(1)'!$G$3:$G$53),1),0))),INDEX('Return)1('!$G$3:$G$12,MATCH(0,IF('Return)1('!$G$3:$G$12<>\"\",COUNTIF($C$1:C65,'Return)1('!$G$3:$G$12),1),0)),INDEX('sales(1)'!$G$3:$G$53,MATCH(0,IF('sales(1)'!$G$3:$G$53<>\"\",COUNTIF($C$1:C65,'sales(1)'!$G$3:$G$53),1),0))),\"\")","v":""},{"$f":"IFERROR(IF(ISERROR(INDEX('sales(1)'!$H$3:$H$53,MATCH(0,IF('sales(1)'!$H$3:$H$53<>\"\",COUNTIF($D$1:D65,'sales(1)'!$H$3:$H$53),1),0))),INDEX('Return)1('!$H$3:$H$12,MATCH(0,IF('Return)1('!$H$3:$H$12<>\"\",COUNTIF($D$1:D65,'Return)1('!$H$3:$H$12),1),0)),INDEX('sales(1)'!$H$3:$H$53,MATCH(0,IF('sales(1)'!$H$3:$H$53<>\"\",COUNTIF($D$1:D65,'sales(1)'!$H$3:$H$53),1),0))),\"\")","v":""}]
[{"$f":"IFERROR(IF(ISERROR(INDEX('sales(1)'!$B$3:$B$53,MATCH(0,IF('sales(1)'!$B$3:$B$53<>\"\",COUNTIF($A$1:A66,'sales(1)'!$B$3:$B$53),1),0))),INDEX('Return)1('!$B$3:$B$12,MATCH(0,IF('Return)1('!$B$3:$B$12<>\"\",COUNTIF($A$1:A66,'Return)1('!$B$3:$B$12),1),0)),INDEX('sales(1)'!$B$3:$B$53,MATCH(0,IF('sales(1)'!$B$3:$B$53<>\"\",COUNTIF($A$1:A66,'sales(1)'!$B$3:$B$53),1),0))),\"\")","v":""}]
[{"$f":"IFERROR(IF(ISERROR(INDEX('sales(1)'!$B$3:$B$53,MATCH(0,IF('sales(1)'!$B$3:$B$53<>\"\",COUNTIF($A$1:A67,'sales(1)'!$B$3:$B$53),1),0))),INDEX('Return)1('!$B$3:$B$12,MATCH(0,IF('Return)1('!$B$3:$B$12<>\"\",COUNTIF($A$1:A67,'Return)1('!$B$3:$B$12),1),0)),INDEX('sales(1)'!$B$3:$B$53,MATCH(0,IF('sales(1)'!$B$3:$B$53<>\"\",COUNTIF($A$1:A67,'sales(1)'!$B$3:$B$53),1),0))),\"\")","v":""}]