{"text_format":"1","workbook":"xlsx","n_sheets":21,"sheets":["الرئيسية","المديونية","1","المزرعة","ابو طارق","عبد المنعم الحوت","محمد سمبل","شحتة","على اسماعيل","محمد ابراهيم علوية","فكرى","سعيد العقيلى","عميل","محمد عبد الله","محمد على بدران","وليد فوزى","ابراهيم يوسف","احمد طنطاوى","Setting","ورقة1","عملاء مجمدون"],"not_rendered":{"charts":0,"images":0,"macros":1,"external_links":0,"defined_names":0,"comments":0,"pivot_tables":0},"unopened":[],"bounds":{"document_bytes":16777216,"sheet_cells":100000,"rows_first":2000,"rows_last":500,"rows_between":2000,"halvings":0,"cell_chars":16384,"cell_head_chars":4096},"cells_cut":0,"cells_raw":0,"read":"whole","date_system":"1900"}

{"sheet":"الرئيسية","index":0,"n_rows":0,"n_cols":0,"rows_kept":0,"cut":false,"hidden":false,"merged":[]}

{"sheet":"المديونية","index":1,"n_rows":101,"n_cols":5,"rows_kept":101,"cut":false,"hidden":false,"merged":[]}
["مسلسل","الاسم",{"$f":"SUM($C$2:$C$1000)","v":495237},{"$f":"SUM($D$2:$D$1000)","v":76350},{"$f":"SUM($E$2:$E$1000)","v":418899}]
[{"$f":"IF(B2=\"\",\"\",SUBTOTAL(3,$B$2:B2))","v":1},{"$f":"ورقة1!C3","v":"المزرعة"},{"$f":"ورقة1!D3","v":73202},{"$f":"ورقة1!E3","v":12830},{"$f":"ورقة1!F3","v":60372}]
[{"$f":"IF(B3=\"\",\"\",SUBTOTAL(3,$B$2:B3))","v":2},{"$f":"ورقة1!C4","v":"ابو طارق"},{"$f":"ورقة1!D4","v":22828},{"$f":"ورقة1!E4","v":5000},{"$f":"ورقة1!F4","v":17828}]
[{"$f":"IF(B4=\"\",\"\",SUBTOTAL(3,$B$2:B4))","v":3},{"$f":"ورقة1!C5","v":"عبد المنعم الحوت"},{"$f":"ورقة1!D5","v":24580},{"$f":"ورقة1!E5","v":10000},{"$f":"ورقة1!F5","v":14580}]
[{"$f":"IF(B5=\"\",\"\",SUBTOTAL(3,$B$2:B5))","v":4},{"$f":"ورقة1!C6","v":"محمد سمبل"},{"$f":"ورقة1!D6","v":46965},{"$f":"ورقة1!E6","v":11000},{"$f":"ورقة1!F6","v":35965}]
[{"$f":"IF(B6=\"\",\"\",SUBTOTAL(3,$B$2:B6))","v":5},{"$f":"ورقة1!C7","v":"شحتة"},{"$f":"ورقة1!D7","v":0},{"$f":"ورقة1!E7","v":0},{"$f":"ورقة1!F7","v":0}]
[{"$f":"IF(B7=\"\",\"\",SUBTOTAL(3,$B$2:B7))","v":6},{"$f":"ورقة1!C8","v":"على اسماعيل"},{"$f":"ورقة1!D8","v":26645},{"$f":"ورقة1!E8","v":8000},{"$f":"ورقة1!F8","v":18654}]
[{"$f":"IF(B8=\"\",\"\",SUBTOTAL(3,$B$2:B8))","v":7},{"$f":"ورقة1!C9","v":"محمد ابراهيم علوية"},{"$f":"ورقة1!D9","v":1735},{"$f":"ورقة1!E9","v":900},{"$f":"ورقة1!F9","v":835}]
[{"$f":"IF(B9=\"\",\"\",SUBTOTAL(3,$B$2:B9))","v":8},{"$f":"ورقة1!C10","v":"فكرى"},{"$f":"ورقة1!D10","v":15830},{"$f":"ورقة1!E10","v":0},{"$f":"ورقة1!F10","v":15830}]
[{"$f":"IF(B10=\"\",\"\",SUBTOTAL(3,$B$2:B10))","v":9},{"$f":"ورقة1!C11","v":"سعيد العقيلى"},{"$f":"ورقة1!D11","v":3420},{"$f":"ورقة1!E11","v":2000},{"$f":"ورقة1!F11","v":1420}]
[{"$f":"IF(B11=\"\",\"\",SUBTOTAL(3,$B$2:B11))","v":10},{"$f":"ورقة1!C12","v":"محمد عبد الله"},{"$f":"ورقة1!D12","v":34765},{"$f":"ورقة1!E12","v":20000},{"$f":"ورقة1!F12","v":14765}]
[{"$f":"IF(B12=\"\",\"\",SUBTOTAL(3,$B$2:B12))","v":11},{"$f":"ورقة1!C13","v":"محمد على بدران"},{"$f":"ورقة1!D13","v":1630},{"$f":"ورقة1!E13","v":1620},{"$f":"ورقة1!F13","v":10}]
[{"$f":"IF(B13=\"\",\"\",SUBTOTAL(3,$B$2:B13))","v":12},{"$f":"ورقة1!C14","v":"وليد فوزى"},{"$f":"ورقة1!D14","v":3295},{"$f":"ورقة1!E14","v":1600},{"$f":"ورقة1!F14","v":1695}]
[{"$f":"IF(B14=\"\",\"\",SUBTOTAL(3,$B$2:B14))","v":13},{"$f":"ورقة1!C15","v":"ابراهيم يوسف"},{"$f":"ورقة1!D15","v":0},{"$f":"ورقة1!E15","v":0},{"$f":"ورقة1!F15","v":0}]
[{"$f":"IF(B15=\"\",\"\",SUBTOTAL(3,$B$2:B15))","v":14},{"$f":"ورقة1!C16","v":"احمد طنطاوى"},{"$f":"ورقة1!D16","v":3650},{"$f":"ورقة1!E16","v":3400},{"$f":"ورقة1!F16","v":250}]
[{"$f":"IF(B16=\"\",\"\",SUBTOTAL(3,$B$2:B16))","v":15},{"$f":"ورقة1!C17","v":"عميل"},{"$f":"ورقة1!D17","v":0},{"$f":"ورقة1!E17","v":0},{"$f":"ورقة1!F17","v":0}]
[{"$f":"IF(B17=\"\",\"\",SUBTOTAL(3,$B$2:B17))","v":16},{"$f":"ورقة1!C18","v":"عملاء مجمدون"},{"$f":"ورقة1!D18","v":236692},{"$f":"ورقة1!E18","v":0},{"$f":"ورقة1!F18","v":236695}]
[{"$f":"IF(B18=\"\",\"\",SUBTOTAL(3,$B$2:B18))","v":17},{"$f":"ورقة1!C19","v":0},{"$f":"ورقة1!D19","v":0},{"$f":"ورقة1!E19","v":0},{"$f":"ورقة1!F19","v":0}]
[{"$f":"IF(B19=\"\",\"\",SUBTOTAL(3,$B$2:B19))","v":18},{"$f":"ورقة1!C20","v":0},{"$f":"ورقة1!D20","v":0},{"$f":"ورقة1!E20","v":0},{"$f":"ورقة1!F20","v":0}]
[{"$f":"IF(B20=\"\",\"\",SUBTOTAL(3,$B$2:B20))","v":19},{"$f":"ورقة1!C21","v":0},{"$f":"ورقة1!D21","v":0},{"$f":"ورقة1!E21","v":0},{"$f":"ورقة1!F21","v":0}]
[{"$f":"IF(B21=\"\",\"\",SUBTOTAL(3,$B$2:B21))","v":20},{"$f":"ورقة1!C22","v":0},{"$f":"ورقة1!D22","v":0},{"$f":"ورقة1!E22","v":0},{"$f":"ورقة1!F22","v":0}]
[{"$f":"IF(B22=\"\",\"\",SUBTOTAL(3,$B$2:B22))","v":""},null,{"$f":"IFERROR(#REF!*#REF!,\"\")","v":""},null,{"$f":"IFERROR(C22-D22,\"\")","v":""}]
[{"$f":"IF(B23=\"\",\"\",SUBTOTAL(3,$B$2:B23))","v":""},null,{"$f":"IFERROR(#REF!*#REF!,\"\")","v":""},null,""]
[{"$f":"IF(B24=\"\",\"\",SUBTOTAL(3,$B$2:B24))","v":""},null,{"$f":"IFERROR(#REF!*#REF!,\"\")","v":""},null,""]
[{"$f":"IF(B25=\"\",\"\",SUBTOTAL(3,$B$2:B25))","v":""},null,{"$f":"IFERROR(#REF!*#REF!,\"\")","v":""},null,""]
[{"$f":"IF(B26=\"\",\"\",SUBTOTAL(3,$B$2:B26))","v":""},null,{"$f":"IFERROR(#REF!*#REF!,\"\")","v":""},null,""]
[{"$f":"IF(B27=\"\",\"\",SUBTOTAL(3,$B$2:B27))","v":""},null,{"$f":"IFERROR(#REF!*#REF!,\"\")","v":""},null,""]
[{"$f":"IF(B28=\"\",\"\",SUBTOTAL(3,$B$2:B28))","v":""},null,{"$f":"IFERROR(#REF!*#REF!,\"\")","v":""},null,""]
[{"$f":"IF(B29=\"\",\"\",SUBTOTAL(3,$B$2:B29))","v":""},null,{"$f":"IFERROR(#REF!*#REF!,\"\")","v":""},null,""]
[{"$f":"IF(B30=\"\",\"\",SUBTOTAL(3,$B$2:B30))","v":""},null,{"$f":"IFERROR(#REF!*#REF!,\"\")","v":""},null,""]
[{"$f":"IF(B31=\"\",\"\",SUBTOTAL(3,$B$2:B31))","v":""},null,{"$f":"IFERROR(#REF!*#REF!,\"\")","v":""},null,""]
[{"$f":"IF(B32=\"\",\"\",SUBTOTAL(3,$B$2:B32))","v":""},null,{"$f":"IFERROR(#REF!*#REF!,\"\")","v":""},null,""]
[{"$f":"IF(B33=\"\",\"\",SUBTOTAL(3,$B$2:B33))","v":""},null,{"$f":"IFERROR(#REF!*#REF!,\"\")","v":""},null,""]
[{"$f":"IF(B34=\"\",\"\",SUBTOTAL(3,$B$2:B34))","v":""},null,{"$f":"IFERROR(#REF!*#REF!,\"\")","v":""},null,""]
[{"$f":"IF(B35=\"\",\"\",SUBTOTAL(3,$B$2:B35))","v":""},null,{"$f":"IFERROR(#REF!*#REF!,\"\")","v":""},null,""]
[{"$f":"IF(B36=\"\",\"\",SUBTOTAL(3,$B$2:B36))","v":""},null,{"$f":"IFERROR(#REF!*#REF!,\"\")","v":""},null,""]
[{"$f":"IF(B37=\"\",\"\",SUBTOTAL(3,$B$2:B37))","v":""},null,{"$f":"IFERROR(#REF!*#REF!,\"\")","v":""},null,""]
[{"$f":"IF(B38=\"\",\"\",SUBTOTAL(3,$B$2:B38))","v":""},null,{"$f":"IFERROR(#REF!*#REF!,\"\")","v":""},null,""]
[{"$f":"IF(B39=\"\",\"\",SUBTOTAL(3,$B$2:B39))","v":""},null,{"$f":"IFERROR(#REF!*#REF!,\"\")","v":""},null,""]
[{"$f":"IF(B40=\"\",\"\",SUBTOTAL(3,$B$2:B40))","v":""},null,{"$f":"IFERROR(#REF!*#REF!,\"\")","v":""},null,""]
[{"$f":"IF(B41=\"\",\"\",SUBTOTAL(3,$B$2:B41))","v":""},null,{"$f":"IFERROR(#REF!*#REF!,\"\")","v":""},null,""]
[{"$f":"IF(B42=\"\",\"\",SUBTOTAL(3,$B$2:B42))","v":""},null,{"$f":"IFERROR(#REF!*#REF!,\"\")","v":""},null,""]
[{"$f":"IF(B43=\"\",\"\",SUBTOTAL(3,$B$2:B43))","v":""},null,{"$f":"IFERROR(#REF!*#REF!,\"\")","v":""},null,""]
[{"$f":"IF(B44=\"\",\"\",SUBTOTAL(3,$B$2:B44))","v":""},null,{"$f":"IFERROR(#REF!*#REF!,\"\")","v":""},null,""]
[{"$f":"IF(B45=\"\",\"\",SUBTOTAL(3,$B$2:B45))","v":""},null,{"$f":"IFERROR(#REF!*#REF!,\"\")","v":""},null,""]
[{"$f":"IF(B46=\"\",\"\",SUBTOTAL(3,$B$2:B46))","v":""},null,{"$f":"IFERROR(#REF!*#REF!,\"\")","v":""},null,""]
[{"$f":"IF(B47=\"\",\"\",SUBTOTAL(3,$B$2:B47))","v":""},null,{"$f":"IFERROR(#REF!*#REF!,\"\")","v":""},null,""]
[{"$f":"IF(B48=\"\",\"\",SUBTOTAL(3,$B$2:B48))","v":""},null,{"$f":"IFERROR(#REF!*#REF!,\"\")","v":""},null,""]
[{"$f":"IF(B49=\"\",\"\",SUBTOTAL(3,$B$2:B49))","v":""},null,{"$f":"IFERROR(#REF!*#REF!,\"\")","v":""},null,""]
[{"$f":"IF(B50=\"\",\"\",SUBTOTAL(3,$B$2:B50))","v":""},null,{"$f":"IFERROR(#REF!*#REF!,\"\")","v":""},null,""]
[{"$f":"IF(B51=\"\",\"\",SUBTOTAL(3,$B$2:B51))","v":""},null,{"$f":"IFERROR(#REF!*#REF!,\"\")","v":""},null,""]
[{"$f":"IF(B52=\"\",\"\",SUBTOTAL(3,$B$2:B52))","v":""},null,{"$f":"IFERROR(#REF!*#REF!,\"\")","v":""},null,""]
[{"$f":"IF(B53=\"\",\"\",SUBTOTAL(3,$B$2:B53))","v":""},null,{"$f":"IFERROR(#REF!*#REF!,\"\")","v":""},null,""]
[{"$f":"IF(B54=\"\",\"\",SUBTOTAL(3,$B$2:B54))","v":""},null,{"$f":"IFERROR(#REF!*#REF!,\"\")","v":""},null,""]
[{"$f":"IF(B55=\"\",\"\",SUBTOTAL(3,$B$2:B55))","v":""},null,{"$f":"IFERROR(#REF!*#REF!,\"\")","v":""},null,""]
[{"$f":"IF(B56=\"\",\"\",SUBTOTAL(3,$B$2:B56))","v":""},null,{"$f":"IFERROR(#REF!*#REF!,\"\")","v":""},null,""]
[{"$f":"IF(B57=\"\",\"\",SUBTOTAL(3,$B$2:B57))","v":""},null,{"$f":"IFERROR(#REF!*#REF!,\"\")","v":""},null,""]
[{"$f":"IF(B58=\"\",\"\",SUBTOTAL(3,$B$2:B58))","v":""},null,{"$f":"IFERROR(#REF!*#REF!,\"\")","v":""},null,""]
[{"$f":"IF(B59=\"\",\"\",SUBTOTAL(3,$B$2:B59))","v":""},null,{"$f":"IFERROR(#REF!*#REF!,\"\")","v":""},null,""]
[{"$f":"IF(B60=\"\",\"\",SUBTOTAL(3,$B$2:B60))","v":""},null,{"$f":"IFERROR(#REF!*#REF!,\"\")","v":""},null,""]
[{"$f":"IF(B61=\"\",\"\",SUBTOTAL(3,$B$2:B61))","v":""},null,{"$f":"IFERROR(#REF!*#REF!,\"\")","v":""},null,""]
[{"$f":"IF(B62=\"\",\"\",SUBTOTAL(3,$B$2:B62))","v":""},null,{"$f":"IFERROR(#REF!*#REF!,\"\")","v":""},null,""]
[{"$f":"IF(B63=\"\",\"\",SUBTOTAL(3,$B$2:B63))","v":""},null,{"$f":"IFERROR(#REF!*#REF!,\"\")","v":""},null,""]
[{"$f":"IF(B64=\"\",\"\",SUBTOTAL(3,$B$2:B64))","v":""},null,{"$f":"IFERROR(#REF!*#REF!,\"\")","v":""},null,""]
[{"$f":"IF(B65=\"\",\"\",SUBTOTAL(3,$B$2:B65))","v":""},null,{"$f":"IFERROR(#REF!*#REF!,\"\")","v":""},null,""]
[{"$f":"IF(B66=\"\",\"\",SUBTOTAL(3,$B$2:B66))","v":""},null,{"$f":"IFERROR(#REF!*#REF!,\"\")","v":""},null,""]
[{"$f":"IF(B67=\"\",\"\",SUBTOTAL(3,$B$2:B67))","v":""},null,{"$f":"IFERROR(#REF!*#REF!,\"\")","v":""},null,{"$f":"IFERROR(C67-D67,\"\")","v":""}]
[{"$f":"IF(B68=\"\",\"\",SUBTOTAL(3,$B$2:B68))","v":""},null,{"$f":"IFERROR(#REF!*#REF!,\"\")","v":""},null,""]
[{"$f":"IF(B69=\"\",\"\",SUBTOTAL(3,$B$2:B69))","v":""},null,{"$f":"IFERROR(#REF!*#REF!,\"\")","v":""},null,""]
[{"$f":"IF(B70=\"\",\"\",SUBTOTAL(3,$B$2:B70))","v":""},null,{"$f":"IFERROR(#REF!*#REF!,\"\")","v":""},null,""]
[{"$f":"IF(B71=\"\",\"\",SUBTOTAL(3,$B$2:B71))","v":""},null,{"$f":"IFERROR(#REF!*#REF!,\"\")","v":""},null,""]
[{"$f":"IF(B72=\"\",\"\",SUBTOTAL(3,$B$2:B72))","v":""},null,{"$f":"IFERROR(#REF!*#REF!,\"\")","v":""},null,""]
[{"$f":"IF(B73=\"\",\"\",SUBTOTAL(3,$B$2:B73))","v":""},null,{"$f":"IFERROR(#REF!*#REF!,\"\")","v":""},null,""]
[{"$f":"IF(B74=\"\",\"\",SUBTOTAL(3,$B$2:B74))","v":""},null,{"$f":"IFERROR(#REF!*#REF!,\"\")","v":""},null,""]
[{"$f":"IF(B75=\"\",\"\",SUBTOTAL(3,$B$2:B75))","v":""},null,{"$f":"IFERROR(#REF!*#REF!,\"\")","v":""},null,""]
[{"$f":"IF(B76=\"\",\"\",SUBTOTAL(3,$B$2:B76))","v":""},null,{"$f":"IFERROR(#REF!*#REF!,\"\")","v":""},null,""]
[{"$f":"IF(B77=\"\",\"\",SUBTOTAL(3,$B$2:B77))","v":""},null,{"$f":"IFERROR(#REF!*#REF!,\"\")","v":""},null,""]
[{"$f":"IF(B78=\"\",\"\",SUBTOTAL(3,$B$2:B78))","v":""},null,{"$f":"IFERROR(#REF!*#REF!,\"\")","v":""},null,""]
[{"$f":"IF(B79=\"\",\"\",SUBTOTAL(3,$B$2:B79))","v":""},null,{"$f":"IFERROR(#REF!*#REF!,\"\")","v":""},null,""]
[{"$f":"IF(B80=\"\",\"\",SUBTOTAL(3,$B$2:B80))","v":""},null,{"$f":"IFERROR(#REF!*#REF!,\"\")","v":""},null,""]
[{"$f":"IF(B81=\"\",\"\",SUBTOTAL(3,$B$2:B81))","v":""},null,{"$f":"IFERROR(#REF!*#REF!,\"\")","v":""},null,""]
[{"$f":"IF(B82=\"\",\"\",SUBTOTAL(3,$B$2:B82))","v":""},null,{"$f":"IFERROR(#REF!*#REF!,\"\")","v":""},null,""]
[{"$f":"IF(B83=\"\",\"\",SUBTOTAL(3,$B$2:B83))","v":""},null,{"$f":"IFERROR(#REF!*#REF!,\"\")","v":""},null,""]
[{"$f":"IF(B84=\"\",\"\",SUBTOTAL(3,$B$2:B84))","v":""},null,{"$f":"IFERROR(#REF!*#REF!,\"\")","v":""},null,""]
[{"$f":"IF(B85=\"\",\"\",SUBTOTAL(3,$B$2:B85))","v":""},null,{"$f":"IFERROR(#REF!*#REF!,\"\")","v":""},null,""]
[{"$f":"IF(B86=\"\",\"\",SUBTOTAL(3,$B$2:B86))","v":""},null,{"$f":"IFERROR(#REF!*#REF!,\"\")","v":""},null,""]
[{"$f":"IF(B87=\"\",\"\",SUBTOTAL(3,$B$2:B87))","v":""},null,{"$f":"IFERROR(#REF!*#REF!,\"\")","v":""},null,""]
[{"$f":"IF(B88=\"\",\"\",SUBTOTAL(3,$B$2:B88))","v":""},null,{"$f":"IFERROR(#REF!*#REF!,\"\")","v":""},null,""]
[{"$f":"IF(B89=\"\",\"\",SUBTOTAL(3,$B$2:B89))","v":""},null,{"$f":"IFERROR(#REF!*#REF!,\"\")","v":""},null,""]
[{"$f":"IF(B90=\"\",\"\",SUBTOTAL(3,$B$2:B90))","v":""},null,{"$f":"IFERROR(#REF!*#REF!,\"\")","v":""},null,""]
[{"$f":"IF(B91=\"\",\"\",SUBTOTAL(3,$B$2:B91))","v":""},null,{"$f":"IFERROR(#REF!*#REF!,\"\")","v":""},null,""]
[{"$f":"IF(B92=\"\",\"\",SUBTOTAL(3,$B$2:B92))","v":""},null,{"$f":"IFERROR(#REF!*#REF!,\"\")","v":""},null,""]
[{"$f":"IF(B93=\"\",\"\",SUBTOTAL(3,$B$2:B93))","v":""},null,{"$f":"IFERROR(#REF!*#REF!,\"\")","v":""},null,""]
[{"$f":"IF(B94=\"\",\"\",SUBTOTAL(3,$B$2:B94))","v":""},null,{"$f":"IFERROR(#REF!*#REF!,\"\")","v":""},null,""]
[{"$f":"IF(B95=\"\",\"\",SUBTOTAL(3,$B$2:B95))","v":""},null,{"$f":"IFERROR(#REF!*#REF!,\"\")","v":""},null,""]
[{"$f":"IF(B96=\"\",\"\",SUBTOTAL(3,$B$2:B96))","v":""},null,{"$f":"IFERROR(#REF!*#REF!,\"\")","v":""},null,""]
[{"$f":"IF(B97=\"\",\"\",SUBTOTAL(3,$B$2:B97))","v":""},null,{"$f":"IFERROR(#REF!*#REF!,\"\")","v":""},null,""]
[{"$f":"IF(B98=\"\",\"\",SUBTOTAL(3,$B$2:B98))","v":""},null,{"$f":"IFERROR(#REF!*#REF!,\"\")","v":""},null,""]
[{"$f":"IF(B99=\"\",\"\",SUBTOTAL(3,$B$2:B99))","v":""},null,{"$f":"IFERROR(#REF!*#REF!,\"\")","v":""},null,""]
[{"$f":"IF(B100=\"\",\"\",SUBTOTAL(3,$B$2:B100))","v":""},null,{"$f":"IFERROR(#REF!*#REF!,\"\")","v":""},null,""]
[{"$f":"IF(B101=\"\",\"\",SUBTOTAL(3,$B$2:B101))","v":""},null,{"$f":"IFERROR(#REF!*#REF!,\"\")","v":""},null,""]

{"sheet":"1","index":2,"n_rows":93,"n_cols":9,"rows_kept":93,"cut":false,"hidden":false,"merged":[]}
["مسلسل","الوزن بالكيلو","الصنف","الاسم","السعر",{"$f":"SUM($F$2:$F$992)","v":22335},{"$f":"SUM($G$2:$G$992)","v":27500},{"$f":"SUM($H$2:$H$992)","v":-5165},"التاريخ"]
[{"$f":"IF(C2=\"\",\"\",SUBTOTAL(3,$C$2:C2))","v":1},1,"دواء فورمالين","شحتة",160,{"$f":"IFERROR(B2*E2,\"\")","v":160},27500,{"$f":"IFERROR(F2-G2,\"\")","v":-27340},{"$f":"IF(D2=\"\",\"\",TODAY())","v":"2018-09-29"}]
[{"$f":"IF(C3=\"\",\"\",SUBTOTAL(3,$C$2:C3))","v":2},1,"دواء بان فلور","شحتة",150,150,null,150,"2018-09-29"]
[{"$f":"IF(C4=\"\",\"\",SUBTOTAL(3,$C$2:C4))","v":3},2,"شكارة بادى 23","شحتة",355,710,null,710,"2018-09-29"]
[{"$f":"IF(C5=\"\",\"\",SUBTOTAL(3,$C$2:C5))","v":4},2,"شكارة بادى 23","شحتة",355,710,null,710,"2018-09-29"]
[{"$f":"IF(C6=\"\",\"\",SUBTOTAL(3,$C$2:C6))","v":5},2000,"تسمين","شحتة",7.25,14500,null,14500,"2018-09-29"]
[{"$f":"IF(C7=\"\",\"\",SUBTOTAL(3,$C$2:C7))","v":6},16,"شكارة بادى","شحتة",355,5680,null,5680,"2018-09-29"]
[{"$f":"IF(C8=\"\",\"\",SUBTOTAL(3,$C$2:C8))","v":7},1,"دواء هـ سيلنيم","شحتة",70,70,null,70,"2018-09-29"]
[{"$f":"IF(C9=\"\",\"\",SUBTOTAL(3,$C$2:C9))","v":8},1,"شكارة بادى","شحتة",355,355,null,355,"2018-09-29"]
[{"$f":"IF(C10=\"\",\"\",SUBTOTAL(3,$C$2:C10))","v":""},null,null,null,null,0,null,0,""]
[{"$f":"IF(C11=\"\",\"\",SUBTOTAL(3,$C$2:C11))","v":""},null,null,null,null,0,null,0,""]
[{"$f":"IF(C12=\"\",\"\",SUBTOTAL(3,$C$2:C12))","v":""},null,null,null,null,0,null,0,""]
[{"$f":"IF(C13=\"\",\"\",SUBTOTAL(3,$C$2:C13))","v":""},null,null,null,null,0,null,0,""]
[{"$f":"IF(C14=\"\",\"\",SUBTOTAL(3,$C$2:C14))","v":""},null,null,null,null,0,null,0,""]
[{"$f":"IF(C15=\"\",\"\",SUBTOTAL(3,$C$2:C15))","v":""},null,null,null,null,0,null,0,""]
[{"$f":"IF(C16=\"\",\"\",SUBTOTAL(3,$C$2:C16))","v":""},null,null,null,null,0,null,0,""]
[{"$f":"IF(C17=\"\",\"\",SUBTOTAL(3,$C$2:C17))","v":""},null,null,null,null,0,null,0,""]
[{"$f":"IF(C18=\"\",\"\",SUBTOTAL(3,$C$2:C18))","v":""},null,null,null,null,0,null,0,""]
[{"$f":"IF(C19=\"\",\"\",SUBTOTAL(3,$C$2:C19))","v":""},null,null,null,null,0,null,0,""]
[{"$f":"IF(C20=\"\",\"\",SUBTOTAL(3,$C$2:C20))","v":""},null,null,null,null,0,null,0,""]
[{"$f":"IF(C21=\"\",\"\",SUBTOTAL(3,$C$2:C21))","v":""},null,null,null,null,0,null,0,""]
[{"$f":"IF(C22=\"\",\"\",SUBTOTAL(3,$C$2:C22))","v":""},null,null,null,null,0,null,0,""]
[{"$f":"IF(C23=\"\",\"\",SUBTOTAL(3,$C$2:C23))","v":""},null,null,null,null,0,null,0,""]
[{"$f":"IF(C24=\"\",\"\",SUBTOTAL(3,$C$2:C24))","v":""},null,null,null,null,0,null,0,""]
[{"$f":"IF(C25=\"\",\"\",SUBTOTAL(3,$C$2:C25))","v":""},null,null,null,null,0,null,0,""]
[{"$f":"IF(C26=\"\",\"\",SUBTOTAL(3,$C$2:C26))","v":""},null,null,null,null,0,null,0,""]
[{"$f":"IF(C27=\"\",\"\",SUBTOTAL(3,$C$2:C27))","v":""},null,null,null,null,0,null,0,""]
[{"$f":"IF(C28=\"\",\"\",SUBTOTAL(3,$C$2:C28))","v":""},null,null,null,null,0,null,0,""]
[{"$f":"IF(C29=\"\",\"\",SUBTOTAL(3,$C$2:C29))","v":""},null,null,null,null,0,null,0,""]
[{"$f":"IF(C30=\"\",\"\",SUBTOTAL(3,$C$2:C30))","v":""},null,null,null,null,0,null,0,""]
[{"$f":"IF(C31=\"\",\"\",SUBTOTAL(3,$C$2:C31))","v":""},null,null,null,null,0,null,0,""]
[{"$f":"IF(C32=\"\",\"\",SUBTOTAL(3,$C$2:C32))","v":""},null,null,null,null,0,null,0,""]
[{"$f":"IF(C33=\"\",\"\",SUBTOTAL(3,$C$2:C33))","v":""},null,null,null,null,0,null,0,""]
[{"$f":"IF(C34=\"\",\"\",SUBTOTAL(3,$C$2:C34))","v":""},null,null,null,null,0,null,0,""]
[{"$f":"IF(C35=\"\",\"\",SUBTOTAL(3,$C$2:C35))","v":""},null,null,null,null,0,null,0,""]
[{"$f":"IF(C36=\"\",\"\",SUBTOTAL(3,$C$2:C36))","v":""},null,null,null,null,0,null,0,""]
[{"$f":"IF(C37=\"\",\"\",SUBTOTAL(3,$C$2:C37))","v":""},null,null,null,null,0,null,0,""]
[{"$f":"IF(C38=\"\",\"\",SUBTOTAL(3,$C$2:C38))","v":""},null,null,null,null,0,null,0,""]
[{"$f":"IF(C39=\"\",\"\",SUBTOTAL(3,$C$2:C39))","v":""},null,null,null,null,0,null,0,""]
[{"$f":"IF(C40=\"\",\"\",SUBTOTAL(3,$C$2:C40))","v":""},null,null,null,null,0,null,0,""]
[{"$f":"IF(C41=\"\",\"\",SUBTOTAL(3,$C$2:C41))","v":""},null,null,null,null,0,null,0,""]
[{"$f":"IF(C42=\"\",\"\",SUBTOTAL(3,$C$2:C42))","v":""},null,null,null,null,0,null,0,""]
[{"$f":"IF(C43=\"\",\"\",SUBTOTAL(3,$C$2:C43))","v":""},null,null,null,null,0,null,0,""]
[{"$f":"IF(C44=\"\",\"\",SUBTOTAL(3,$C$2:C44))","v":""},null,null,null,null,0,null,0,""]
[{"$f":"IF(C45=\"\",\"\",SUBTOTAL(3,$C$2:C45))","v":""},null,null,null,null,0,null,0,""]
[{"$f":"IF(C46=\"\",\"\",SUBTOTAL(3,$C$2:C46))","v":""},null,null,null,null,0,null,0,""]
[{"$f":"IF(C47=\"\",\"\",SUBTOTAL(3,$C$2:C47))","v":""},null,null,null,null,0,null,0,""]
[{"$f":"IF(C48=\"\",\"\",SUBTOTAL(3,$C$2:C48))","v":""},null,null,null,null,0,null,0,""]
[{"$f":"IF(C49=\"\",\"\",SUBTOTAL(3,$C$2:C49))","v":""},null,null,null,null,0,null,0,""]
[{"$f":"IF(C50=\"\",\"\",SUBTOTAL(3,$C$2:C50))","v":""},null,null,null,null,0,null,0,""]
[{"$f":"IF(C51=\"\",\"\",SUBTOTAL(3,$C$2:C51))","v":""},null,null,null,null,0,null,0,""]
[{"$f":"IF(C52=\"\",\"\",SUBTOTAL(3,$C$2:C52))","v":""},null,null,null,null,0,null,0,""]
[{"$f":"IF(C53=\"\",\"\",SUBTOTAL(3,$C$2:C53))","v":""},null,null,null,null,0,null,0,""]
[{"$f":"IF(C54=\"\",\"\",SUBTOTAL(3,$C$2:C54))","v":""},null,null,null,null,0,null,0,""]
[{"$f":"IF(C55=\"\",\"\",SUBTOTAL(3,$C$2:C55))","v":""},null,null,null,null,0,null,0,""]
[{"$f":"IF(C56=\"\",\"\",SUBTOTAL(3,$C$2:C56))","v":""},null,null,null,null,0,null,0,""]
[{"$f":"IF(C57=\"\",\"\",SUBTOTAL(3,$C$2:C57))","v":""},null,null,null,null,0,null,0,""]
[{"$f":"IF(C58=\"\",\"\",SUBTOTAL(3,$C$2:C58))","v":""},null,null,null,null,0,null,0,""]
[{"$f":"IF(C59=\"\",\"\",SUBTOTAL(3,$C$2:C59))","v":""},null,null,null,null,{"$f":"IFERROR(B59*E59,\"\")","v":0},null,{"$f":"IFERROR(F59-G59,\"\")","v":0},{"$f":"IF(D59=\"\",\"\",TODAY())","v":""}]
[{"$f":"IF(C60=\"\",\"\",SUBTOTAL(3,$C$2:C60))","v":""},null,null,null,null,0,null,0,""]
[{"$f":"IF(C61=\"\",\"\",SUBTOTAL(3,$C$2:C61))","v":""},null,null,null,null,0,null,0,""]
[{"$f":"IF(C62=\"\",\"\",SUBTOTAL(3,$C$2:C62))","v":""},null,null,null,null,0,null,0,""]
[{"$f":"IF(C63=\"\",\"\",SUBTOTAL(3,$C$2:C63))","v":""},null,null,null,null,0,null,0,""]
[{"$f":"IF(C64=\"\",\"\",SUBTOTAL(3,$C$2:C64))","v":""},null,null,null,null,0,null,0,""]
[{"$f":"IF(C65=\"\",\"\",SUBTOTAL(3,$C$2:C65))","v":""},null,null,null,null,0,null,0,""]
[{"$f":"IF(C66=\"\",\"\",SUBTOTAL(3,$C$2:C66))","v":""},null,null,null,null,0,null,0,""]
[{"$f":"IF(C67=\"\",\"\",SUBTOTAL(3,$C$2:C67))","v":""},null,null,null,null,0,null,0,""]
[{"$f":"IF(C68=\"\",\"\",SUBTOTAL(3,$C$2:C68))","v":""},null,null,null,null,0,null,0,""]
[{"$f":"IF(C69=\"\",\"\",SUBTOTAL(3,$C$2:C69))","v":""},null,null,null,null,0,null,0,""]
[{"$f":"IF(C70=\"\",\"\",SUBTOTAL(3,$C$2:C70))","v":""},null,null,null,null,0,null,0,""]
[{"$f":"IF(C71=\"\",\"\",SUBTOTAL(3,$C$2:C71))","v":""},null,null,null,null,0,null,0,""]
[{"$f":"IF(C72=\"\",\"\",SUBTOTAL(3,$C$2:C72))","v":""},null,null,null,null,0,null,0,""]
[{"$f":"IF(C73=\"\",\"\",SUBTOTAL(3,$C$2:C73))","v":""},null,null,null,null,0,null,0,""]
[{"$f":"IF(C74=\"\",\"\",SUBTOTAL(3,$C$2:C74))","v":""},null,null,null,null,0,null,0,""]
[{"$f":"IF(C75=\"\",\"\",SUBTOTAL(3,$C$2:C75))","v":""},null,null,null,null,0,null,0,""]
[{"$f":"IF(C76=\"\",\"\",SUBTOTAL(3,$C$2:C76))","v":""},null,null,null,null,0,null,0,""]
[{"$f":"IF(C77=\"\",\"\",SUBTOTAL(3,$C$2:C77))","v":""},null,null,null,null,0,null,0,""]
[{"$f":"IF(C78=\"\",\"\",SUBTOTAL(3,$C$2:C78))","v":""},null,null,null,null,0,null,0,""]
[{"$f":"IF(C79=\"\",\"\",SUBTOTAL(3,$C$2:C79))","v":""},null,null,null,null,0,null,0,""]
[{"$f":"IF(C80=\"\",\"\",SUBTOTAL(3,$C$2:C80))","v":""},null,null,null,null,0,null,0,""]
[{"$f":"IF(C81=\"\",\"\",SUBTOTAL(3,$C$2:C81))","v":""},null,null,null,null,0,null,0,""]
[{"$f":"IF(C82=\"\",\"\",SUBTOTAL(3,$C$2:C82))","v":""},null,null,null,null,0,null,0,""]
[{"$f":"IF(C83=\"\",\"\",SUBTOTAL(3,$C$2:C83))","v":""},null,null,null,null,0,null,0,""]
[{"$f":"IF(C84=\"\",\"\",SUBTOTAL(3,$C$2:C84))","v":""},null,null,null,null,0,null,0,""]
[{"$f":"IF(C85=\"\",\"\",SUBTOTAL(3,$C$2:C85))","v":""},null,null,null,null,0,null,0,""]
[{"$f":"IF(C86=\"\",\"\",SUBTOTAL(3,$C$2:C86))","v":""},null,null,null,null,0,null,0,""]
[{"$f":"IF(C87=\"\",\"\",SUBTOTAL(3,$C$2:C87))","v":""},null,null,null,null,0,null,0,""]
[{"$f":"IF(C88=\"\",\"\",SUBTOTAL(3,$C$2:C88))","v":""},null,null,null,null,0,null,0,""]
[{"$f":"IF(C89=\"\",\"\",SUBTOTAL(3,$C$2:C89))","v":""},null,null,null,null,0,null,0,""]
[{"$f":"IF(C90=\"\",\"\",SUBTOTAL(3,$C$2:C90))","v":""},null,null,null,null,0,null,0,""]
[{"$f":"IF(C91=\"\",\"\",SUBTOTAL(3,$C$2:C91))","v":""},null,null,null,null,0,null,0,""]
[{"$f":"IF(C92=\"\",\"\",SUBTOTAL(3,$C$2:C92))","v":""},null,null,null,null,0,null,0,""]
[{"$f":"IF(C93=\"\",\"\",SUBTOTAL(3,$C$2:C93))","v":""},null,null,null,null,0,null,0,""]

{"sheet":"المزرعة","index":3,"n_rows":2,"n_cols":9,"rows_kept":2,"cut":false,"hidden":false,"merged":[]}
["مسلسل","الوزن بالكيلو","الصنف","الاسم","السعر",{"$f":"SUM($F$2:$F$999)","v":73202},{"$f":"SUM($G$2:$G$999)","v":12830},{"$f":"SUM($H$2:$H$999)","v":60372},"التاريخ"]
[1,0,"المديونية","المزرعة",null,73202,12830,60372,"2018-09-24"]

{"sheet":"ابو طارق","index":4,"n_rows":2,"n_cols":9,"rows_kept":2,"cut":false,"hidden":false,"merged":[]}
["مسلسل","الوزن بالكيلو","الصنف","الاسم","السعر",{"$f":"SUM($F$2:$F$994)","v":22828},{"$f":"SUM($G$2:$G$994)","v":5000},{"$f":"SUM($H$2:$H$994)","v":17828},"التاريخ"]
[1,0,"حساب قديم","ابو طارق",null,22828,5000,17828,"2018-09-29"]

{"sheet":"عبد المنعم الحوت","index":5,"n_rows":2,"n_cols":9,"rows_kept":2,"cut":false,"hidden":false,"merged":[]}
["مسلسل","الوزن بالكيلو","الصنف","الاسم","السعر",{"$f":"SUM($F$2:$F$999)","v":24580},{"$f":"SUM($G$2:$G$999)","v":10000},{"$f":"SUM($H$2:$H$999)","v":14580},"التاريخ"]
[1,0,"صافى الحساب القديم","عبد المنعم الحوت",null,24580,10000,14580,"2018-09-24"]

{"sheet":"محمد سمبل","index":6,"n_rows":2,"n_cols":9,"rows_kept":2,"cut":false,"hidden":false,"merged":[]}
["مسلسل","الوزن بالكيلو","الصنف","الاسم","السعر",{"$f":"SUM($F$2:$F$999)","v":46965},{"$f":"SUM($G$2:$G$999)","v":11000},{"$f":"SUM($H$2:$H$999)","v":35965},"التاريخ"]
[1,0,"سداد","محمد سمبل",null,46965,11000,35965,"2018-09-05"]

{"sheet":"شحتة","index":7,"n_rows":1,"n_cols":9,"rows_kept":1,"cut":false,"hidden":false,"merged":[]}
["مسلسل","الوزن بالكيلو","الصنف","الاسم","السعر",{"$f":"SUM($F$2:$F$999)","v":0},{"$f":"SUM($G$2:$G$999)","v":0},{"$f":"SUM($H$2:$H$999)","v":0},"التاريخ"]

{"sheet":"على اسماعيل","index":8,"n_rows":9,"n_cols":11,"rows_kept":9,"cut":false,"hidden":false,"merged":[]}
["مسلسل","الوزن بالكيلو","الصنف","الاسم","السعر",{"$f":"SUM($F$2:$F$999)","v":26645},{"$f":"SUM($G$2:$G$999)","v":8000},{"$f":"SUM($H$2:$H$999)","v":18654},"التاريخ"]
[null,null,null,null,null,26645,8000,18654,"2018-09-01",null,"2018-09-19"]
[null,null,null,null,null,null,null,null,null,null,"2018-09-20"]
[null,null,null,null,null,null,null,null,null,null,"2018-09-20"]
[null,null,null,null,null,null,null,null,null,null,"2018-09-23"]
[null,null,null,null,null,null,null,null,null,null,"2018-09-23"]
[null,null,null,null,null,null,null,null,null,null,"2018-09-25"]
[null,null,null,null,null,null,null,null,null,null,"2018-09-25"]
[null,null,null,null,null,null,null,null,null,null,"2018-09-27"]

{"sheet":"محمد ابراهيم علوية","index":9,"n_rows":2,"n_cols":9,"rows_kept":2,"cut":false,"hidden":false,"merged":[]}
["مسلسل","الوزن بالكيلو","الصنف","الاسم","السعر",{"$f":"SUM($F$2:$F$1000)","v":1735},{"$f":"SUM($G$2:$G$1000)","v":900},{"$f":"SUM($H$2:$H$1000)","v":835},"التاريخ"]
[1,0,"سداد","محمد ابراهيم علوية",null,1735,900,835,"2018-09-22"]

{"sheet":"فكرى","index":10,"n_rows":2,"n_cols":9,"rows_kept":2,"cut":false,"hidden":false,"merged":[]}
["مسلسل","الوزن بالكيلو","الصنف","الاسم","السعر",{"$f":"SUM($F$2:$F$1000)","v":15830},{"$f":"SUM($G$2:$G$1000)","v":0},{"$f":"SUM($H$2:$H$1000)","v":15830},"التاريخ"]
[1,0,"صافى الحساب القديم","فكرى",null,15830,0,15830,"2018-09-23"]

{"sheet":"سعيد العقيلى","index":11,"n_rows":2,"n_cols":9,"rows_kept":2,"cut":false,"hidden":false,"merged":[]}
["مسلسل","الوزن بالكيلو","الصنف","الاسم","السعر",{"$f":"SUM($F$2:$F$1000)","v":3420},{"$f":"SUM($G$2:$G$1000)","v":2000},{"$f":"SUM($H$2:$H$1000)","v":1420},"التاريخ"]
[1,0,"سداد","سعيد العقيلى",null,3420,2000,1420,"2018-09-18"]

{"sheet":"عميل","index":12,"n_rows":1,"n_cols":9,"rows_kept":1,"cut":false,"hidden":false,"merged":[]}
["مسلسل","الوزن بالكيلو","الصنف","الاسم","السعر",{"$f":"SUM($F$2:$F$1000)","v":0},{"$f":"SUM($G$2:$G$1000)","v":0},{"$f":"SUM($H$2:$H$1000)","v":0},"التاريخ"]

{"sheet":"محمد عبد الله","index":13,"n_rows":2,"n_cols":9,"rows_kept":2,"cut":false,"hidden":false,"merged":[]}
["مسلسل","الوزن بالكيلو","الصنف","الاسم","السعر",{"$f":"SUM($F$2:$F$1000)","v":34765},{"$f":"SUM($G$2:$G$1000)","v":20000},{"$f":"SUM($H$2:$H$1000)","v":14765},"التاريخ"]
[1,0,"سداد","محمد عبد الله",null,34765,20000,14765,"2018-09-16"]

{"sheet":"محمد على بدران","index":14,"n_rows":2,"n_cols":9,"rows_kept":2,"cut":false,"hidden":false,"merged":[]}
["مسلسل","الوزن بالكيلو","الصنف","الاسم","السعر",{"$f":"SUM($F$2:$F$1000)","v":1630},{"$f":"SUM($G$2:$G$1000)","v":1620},{"$f":"SUM($H$2:$H$1000)","v":10},"التاريخ"]
[1,0,"سداد","محمد على بدران",null,1630,1620,10,"2018-09-17"]

{"sheet":"وليد فوزى","index":15,"n_rows":2,"n_cols":9,"rows_kept":2,"cut":false,"hidden":false,"merged":[]}
["مسلسل","الوزن بالكيلو","الصنف","الاسم","السعر",{"$f":"SUM($F$2:$F$1000)","v":3295},{"$f":"SUM($G$2:$G$1000)","v":1600},{"$f":"SUM($H$2:$H$1000)","v":1695},"التاريخ"]
[1,0,"سداد","وليد فوزى",null,3295,1600,1695,"32/9"]

{"sheet":"ابراهيم يوسف","index":16,"n_rows":1,"n_cols":9,"rows_kept":1,"cut":false,"hidden":false,"merged":[]}
["مسلسل","الوزن بالكيلو","الصنف","الاسم","السعر",{"$f":"SUM($F$2:$F$1000)","v":0},{"$f":"SUM($G$2:$G$1000)","v":0},{"$f":"SUM($H$2:$H$1000)","v":0},"التاريخ"]

{"sheet":"احمد طنطاوى","index":17,"n_rows":2,"n_cols":9,"rows_kept":2,"cut":false,"hidden":false,"merged":[]}
["مسلسل","الوزن بالكيلو","الصنف","الاسم","السعر",{"$f":"SUM($F$2:$F$1000)","v":3650},{"$f":"SUM($G$2:$G$1000)","v":3400},{"$f":"SUM($H$2:$H$1000)","v":250},"التاريخ"]
[1,0,"سداد","احمد طنطاوى",null,3650,3400,250,"2018-09-10"]

{"sheet":"Setting","index":18,"n_rows":21,"n_cols":5,"rows_kept":21,"cut":false,"hidden":true,"merged":[]}
["اسماء الأصناف","سعر الكيلو",null,null,"أسماء العملاء"]
["بلدى",2.5,null,null,"عميل رقم 1"]
["ساسو",3,null,null,"عميل رقم 2"]
["دقى",3.5,null,null,"عميل رقم 3"]
["فيومى",4,null,null,"عميل رقم 4"]
["دشيشة",4.5,null,null,"عميل رقم 5"]
["ردة",4.5,null,null,"عميل رقم 6"]
["علف بط",5,null,null,"عميل رقم 7"]
["بياض",5,null,null,"عميل رقم 8"]
["تسمين",6.5,null,null,"عميل رقم 9"]
["بادى نامى خشن",7,null,null,"عميل رقم 10"]
["بادى نامى ناعم",7,null,null,"عميل رقم 11"]
["نامى خشن",7,null,null,"عميل رقم 12"]
["بادى ناعم",7.5,null,null,"عميل رقم 13"]
["مولر",15,null,null,"عميل رقم 14"]
["موسكوفى",18,null,null,"عميل رقم 15"]
["رومى",30,null,null,"عميل رقم 16"]
[null,null,null,null,"عميل رقم 17"]
[null,null,null,null,"عميل رقم 18"]
[null,null,null,null,"عميل رقم 19"]
[null,null,null,null,"عميل رقم 20"]

{"sheet":"ورقة1","index":19,"n_rows":18,"n_cols":7,"rows_kept":18,"cut":false,"hidden":false,"merged":[]}
[]
[null,"م","اسم العميل"," اجمالى الحساب","سدد","باقى المديونية ","التاريخ"]
[null,1,"المزرعة",{"$f":"المزرعة!F1","v":73202},{"$f":"المزرعة!G1","v":12830},{"$f":"المزرعة!H1","v":60372}]
[null,2,"ابو طارق",{"$f":"'ابو طارق'!F1","v":22828},{"$f":"'ابو طارق'!G1","v":5000},{"$f":"'ابو طارق'!H1","v":17828}]
[null,3,"عبد المنعم الحوت",{"$f":"'عبد المنعم الحوت'!F1","v":24580},{"$f":"'عبد المنعم الحوت'!G1","v":10000},{"$f":"'عبد المنعم الحوت'!H1","v":14580}]
[null,4,"محمد سمبل",{"$f":"'محمد سمبل'!F1","v":46965},{"$f":"'محمد سمبل'!G1","v":11000},{"$f":"'محمد سمبل'!H1","v":35965}]
[null,5,"شحتة",{"$f":"شحتة!F1","v":0},{"$f":"شحتة!G1","v":0},{"$f":"شحتة!H1","v":0}]
[null,6,"على اسماعيل",{"$f":"'على اسماعيل'!F1","v":26645},{"$f":"'على اسماعيل'!G1","v":8000},{"$f":"'على اسماعيل'!H1","v":18654}]
[null,7,"محمد ابراهيم علوية",{"$f":"'محمد ابراهيم علوية'!F1","v":1735},{"$f":"'محمد ابراهيم علوية'!G1","v":900},{"$f":"'محمد ابراهيم علوية'!H1","v":835}]
[null,8,"فكرى",{"$f":"فكرى!F1","v":15830},{"$f":"فكرى!G1","v":0},{"$f":"فكرى!H1","v":15830}]
[null,9,"سعيد العقيلى",{"$f":"'سعيد العقيلى'!F1","v":3420},{"$f":"'سعيد العقيلى'!G1","v":2000},{"$f":"'سعيد العقيلى'!H1","v":1420}]
[null,10,"محمد عبد الله",{"$f":"'محمد عبد الله'!F1","v":34765},{"$f":"'محمد عبد الله'!G1","v":20000},{"$f":"'محمد عبد الله'!H1","v":14765}]
[null,11,"محمد على بدران",{"$f":"'محمد على بدران'!F1","v":1630},{"$f":"'محمد على بدران'!G1","v":1620},{"$f":"'محمد على بدران'!H1","v":10}]
[null,12,"وليد فوزى",{"$f":"'وليد فوزى'!F1","v":3295},{"$f":"'وليد فوزى'!G1","v":1600},{"$f":"'وليد فوزى'!H1","v":1695}]
[null,13,"ابراهيم يوسف",{"$f":"'ابراهيم يوسف'!F1","v":0},{"$f":"'ابراهيم يوسف'!G1","v":0},{"$f":"'ابراهيم يوسف'!H1","v":0}]
[null,14,"احمد طنطاوى",{"$f":"'احمد طنطاوى'!F1","v":3650},{"$f":"'احمد طنطاوى'!G1","v":3400},{"$f":"'احمد طنطاوى'!H1","v":250}]
[null,15,"عميل",{"$f":"عميل!F1","v":0},{"$f":"عميل!G1","v":0},{"$f":"عميل!H1","v":0}]
[null,null,"عملاء مجمدون",{"$f":"'عملاء مجمدون'!F1","v":236692},{"$f":"'عملاء مجمدون'!G1","v":0},{"$f":"'عملاء مجمدون'!H1","v":236695}]

{"sheet":"عملاء مجمدون","index":20,"n_rows":37,"n_cols":9,"rows_kept":37,"cut":false,"hidden":false,"merged":[]}
["مسلسل","الوزن بالكيلو","الصنف","الاسم","السعر",{"$f":"SUM($F$2:$F$1000)","v":236692},{"$f":"SUM($G$2:$G$1000)","v":0},{"$f":"SUM($H$2:$H$1000)","v":236695},"التاريخ"]
[null,null,null,"احمد عويس",null,6546,null,6546]
[null,null,null,"محمد حفناوى",null,250,null,250]
[null,null,null,"محمد اسماعيل الطويل",null,230,null,230]
[null,null,null,"السيد ابو احمد",null,"2036-11-21",null,50000]
[null,null,null,"حازم المظلوم",null,2335,null,2335]
[null,null,null,"كرم كراسيع",null,485,null,485]
[null,null,null,"عبده عبد السميع",null,2970,null,2970]
[null,null,null,"السيد برعى",null,6815,null,6818]
[null,null,null,"احمد المحامى",null,2300,null,2300]
[null,null,null,"احمد السيد احمد",null,2895,null,2895]
[null,null,null,"محمد حسن",null,4920,null,4920]
[null,null,null,"مصباح البس",null,1600,null,1600]
[null,null,null,"ابو حسن",null,1730,null,1730]
[null,null,null,"الشيخ محمد ",null,560,null,560]
[null,null,null,"وائل كسير",null,4115,null,4115]
[null,null,null,"سليمان علوية ",null,2720,null,2720]
[null,null,null,"الشيخ عوف",null,5070,null,5070]
[null,null,null,"احمد هيكل",null,1500,null,1500]
[null,null,null,"محمد العرينى",null,10000,null,10000]
[null,null,null,"ابو اهين",null,2300,null,2300]
[null,null,null,"فايز",null,2100,null,2100]
[null,null,null,"كمال القراض",null,1911,null,1911]
[null,null,null,"خالد الحاجر",null,13000,null,13000]
[null,null,null,"ابراهيم البعبولى",null,1970,null,1970]
[null,null,null,"السيد محمود",null,3000,null,3000]
[null,null,null,"محمد ابو النور",null,6000,null,6000]
[null,null,null,"محمد جمال",null,700,null,700]
[null,null,null,"احمد ساسو",null,1700,null,1700]
[null,null,null,"ابراهيم ساسو",null,565,null,565]
[null,null,null,"احمد الهادى",null,3475,null,3475]
[null,null,null,"ماهر البعبولى",null,3925,null,3925]
[null,null,null,"مجدى",null,17205,null,17205]
[null,null,null,"السيد عبد اللطيف",null,2000,null,2000]
[null,null,null,"ابراهيم عشماوى",null,7000,null,7000]
[null,null,null,"ابو اشرف",null,38900,null,38900]
[null,null,null,"كرم حجازى",null,23900,null,23900]