{"text_format":"1","workbook":"xlsx","n_sheets":17,"sheets":["الواجهة الرئيسية","صفحة البحث","أ س ن 6582","أ أ ب 9590","ب د ع 6193","أ أ ب 1018","أ ب أ 2134","ح ع ب 5265","ب م م 8162","أ ح ى 5848","أ م د 9021","أ ص ص 9225","كاتربيلر D398","كاتربيلر 6 سلندر","مولد باركينس","مولد الحراسة الليلية","Setting"],"not_rendered":{"charts":0,"images":0,"macros":1,"external_links":0,"defined_names":11,"comments":0,"pivot_tables":0},"unopened":[],"bounds":{"document_bytes":16777216,"sheet_cells":100000,"rows_first":2000,"rows_last":500,"rows_between":2000,"halvings":0,"cell_chars":16384,"cell_head_chars":4096},"cells_cut":0,"cells_raw":0,"read":"whole","date_system":"1900"}

{"sheet":"الواجهة الرئيسية","index":0,"n_rows":0,"n_cols":0,"rows_kept":0,"cut":false,"hidden":false,"merged":[]}

{"sheet":"صفحة البحث","index":1,"n_rows":17,"n_cols":7,"rows_kept":17,"cut":false,"hidden":false,"merged":[[12,0,12,1],[12,2,12,3],[12,5,12,6],[10,0,10,1],[10,2,10,3],[10,5,10,6],[11,0,11,1],[11,2,11,3],[11,5,11,6]]}
[]
[]
[]
["رقم اللوحة","أ أ ب 9590"]
[]
["من تاريخ","2018-01-01"]
[]
["الى تاريخ","2018-01-15"]
[]
[]
["رقم اللوحة",null,{"$f":"$B$4","v":"أ أ ب 9590"},null,"الموديل",{"$f":"IFERROR(VLOOKUP($C$11,Setting!$B$2:$G$1000,4,0),\"\")","v":2007}]
["نوع السيارة",null,{"$f":"IFERROR(VLOOKUP($C$11,Setting!$B$2:$G$1000,2,0),\"\")","v":"ايسوزو دينا - مغلقة"},null,"سنوات التشغيل",{"$f":"IFERROR(VLOOKUP($C$11,Setting!$B$2:$G$1000,5,0),\"\")","v":11}]
["اسم السائق",null,{"$f":"IFERROR(VLOOKUP($C$11,Setting!$B$2:$G$1000,3,0),\"\")","v":"بابلو شارما"},null,"نوع المحرك",{"$f":"IFERROR(VLOOKUP($C$11,Setting!$B$2:$G$1000,6,0),\"\")","v":"محرك ديزل"}]
[]
["م","التاريخ","وصف العمل","زيادة الشرح","عدد الليترات","قراءة العداد ","المسافة المقطوعة / كم"]
[1,"2018-01-04","GGGGG","NMJJJ",120,63250,180]
[2,"2018-01-07","ERFGG","JKMO",80,653098,170]

{"sheet":"أ س ن 6582","index":2,"n_rows":59,"n_cols":7,"rows_kept":59,"cut":false,"hidden":false,"merged":[[3,5,3,6],[4,5,4,6],[5,5,5,6],[1,2,1,5],[3,0,3,1],[4,0,4,1],[5,0,5,1],[3,2,3,3],[4,2,4,3],[5,2,5,3]]}
[]
[null,null,"تقرير تغيير زيت سيارة"]
[]
["رقم اللوحة",null,"أ س ن 6582",null,"الموديل",1997]
["نوع السيارة",null,"مرسيدس تريلا",null,"سنوات التشغيل",{"$f":"2018-F4","v":21}]
["اسم السائق",null,"عبدالغفور نور محمد",null,"نوع المحرك","محرك ديزل"]
[]
["م","التاريخ","وصف العمل","زيادة الشرح","عدد الليترات","قراءة العداد ","المسافة المقطوعة / كم"]
[1,"2018-01-01","BGVVVV","FDDDD",120,2153620,150]
[2,"2018-04-01","DDDD","SSSS",80,21653,170]
[3,"2018-01-15","ERFFF","ASXCV",90,32650,110]
[4]
[5]
[6]
[7]
[8]
[9]
[10]
[11]
[12]
[13]
[14]
[15]
[16]
[17]
[18]
[19]
[20]
[21]
[22]
[23]
[24]
[25]
[26]
[27]
[28]
[29]
[30]
[31]
[32]
[33]
[34]
[35]
[36]
[37]
[38]
[39]
[40]
[41]
[42]
[43]
[44]
[45]
[46]
[47]
[48]
[49]
[50]
[null,null,null,null,{"$f":"SUM(E9:E58)","v":290}]

{"sheet":"أ أ ب 9590","index":3,"n_rows":59,"n_cols":7,"rows_kept":59,"cut":false,"hidden":false,"merged":[[1,2,1,5],[5,0,5,1],[5,2,5,3],[5,5,5,6],[3,0,3,1],[3,2,3,3],[3,5,3,6],[4,0,4,1],[4,2,4,3],[4,5,4,6]]}
[]
[null,null,"بطاقة تغيير زيت سيارة "]
[]
["رقم اللوحة",null,"أ أ ب 9590",null,"الموديل",2007]
["نوع السيارة",null,"ايسوزو دينا - مغلقة",null,"سنوات التشغيل",{"$f":"2018-F4","v":11}]
["اسم السائق",null,"بابلو شارما",null,"نوع المحرك","محرك ديزل"]
[]
["م","التاريخ","وصف العمل","زيادة الشرح","عدد الليترات","قراءة العداد","المسافة المقطوعة / كم"]
[1,"2018-01-04","GGGGG","NMJJJ",120,63250,180]
[2,"2018-01-07","ERFGG","JKMO",80,653098,170]
[3]
[4]
[5]
[6]
[7]
[8]
[9]
[10]
[11]
[12]
[13]
[14]
[15]
[16]
[17]
[18]
[19]
[20]
[21]
[22]
[23]
[24]
[25]
[26]
[27]
[28]
[29]
[30]
[31]
[32]
[33]
[34]
[35]
[36]
[37]
[38]
[39]
[40]
[41]
[42]
[43]
[44]
[45]
[46]
[47]
[48]
[49]
[50]
[null,null,null,null,{"$f":"SUM(E9:E58)","v":200}]

{"sheet":"ب د ع 6193","index":4,"n_rows":59,"n_cols":7,"rows_kept":59,"cut":false,"hidden":false,"merged":[[1,2,1,5],[5,0,5,1],[5,2,5,3],[5,5,5,6],[3,0,3,1],[3,2,3,3],[3,5,3,6],[4,0,4,1],[4,2,4,3],[4,5,4,6]]}
[]
[null,null,"بطاقة تغيير زيت سيارة"]
[]
["رقم اللوحة",null,"ب د ع 6193",null,"الموديل",2017]
["نوع السيارة",null,"ايسوزو دينا - مكشوفة",null,"سنوات التشغيل",{"$f":"2018-F4","v":1}]
["اسم السائق",null,"زاهد حسين",null,"نوع المحرك","محرك ديزل"]
[]
["م","التاريخ","وصف العمل","زيادة الشرح","عدد الليترات","قراءة العداد","المسافة المقطوعة/كم"]
[1]
[2]
[3]
[4]
[5]
[6]
[7]
[8]
[9]
[10]
[11]
[12]
[13]
[14]
[15]
[16]
[17]
[18]
[19]
[20]
[21]
[22]
[23]
[24]
[25]
[26]
[27]
[28]
[29]
[30]
[31]
[32]
[33]
[34]
[35]
[36]
[37]
[38]
[39]
[40]
[41]
[42]
[43]
[44]
[45]
[46]
[47]
[48]
[49]
[50]
[null,null,null,null,{"$f":"SUM(E9:E58)","v":0}]

{"sheet":"أ أ ب 1018","index":5,"n_rows":59,"n_cols":7,"rows_kept":59,"cut":false,"hidden":false,"merged":[[1,2,1,5],[5,0,5,1],[5,2,5,3],[5,5,5,6],[3,0,3,1],[3,2,3,3],[3,5,3,6],[4,0,4,1],[4,2,4,3],[4,5,4,6]]}
[]
[null,null,"بطاقة تغيير زيت سيارة"]
[]
["رقم اللوحة",null,"أ أ ب 1018",null,"الموديل",2007]
["نوع السيارة",null,"ايسوزو دينا - مكشوفة",null,"سنوات التشغيل",{"$f":"2018-F4","v":11}]
["اسم السائق",null,null,null,"نوع المحرك","محرك ديزل"]
[]
["م","التاريخ","وصف العمل","زيادة الشرح","عدد الليترات","قراءة العداد","المسافة المقطوعة/كم"]
[1]
[2]
[3]
[4]
[5]
[6]
[7]
[8]
[9]
[10]
[11]
[12]
[13]
[14]
[15]
[16]
[17]
[18]
[19]
[20]
[21]
[22]
[23]
[24]
[25]
[26]
[27]
[28]
[29]
[30]
[31]
[32]
[33]
[34]
[35]
[36]
[37]
[38]
[39]
[40]
[41]
[42]
[43]
[44]
[45]
[46]
[47]
[48]
[49]
[50]
[null,null,null,null,{"$f":"SUM(E9:E58)","v":0}]

{"sheet":"أ ب أ 2134","index":6,"n_rows":59,"n_cols":7,"rows_kept":59,"cut":false,"hidden":false,"merged":[[1,2,1,5],[5,0,5,1],[5,2,5,3],[5,5,5,6],[3,0,3,1],[3,2,3,3],[3,5,3,6],[4,0,4,1],[4,2,4,3],[4,5,4,6]]}
[]
[null,null,"بطاقة تغيير زيت سيارة"]
[]
["رقم اللوحة",null,"أ ب أ 2134",null,"الموديل",2008]
["نوع السيارة",null,"باص - انترناشيونال",null,"سنوات التشغيل",{"$f":"2018-F4","v":10}]
["اسم السائق",null,"شاعر خان نبي غل",null,"نوع المحرك","محرك ديزل"]
[]
["م","التاريخ","وصف العمل","زيادة الشرح","عدد الليترات"," قراءة العداد","المسافة المقطوعة/كم"]
[1]
[2]
[3]
[4]
[5]
[6]
[7]
[8]
[9]
[10]
[11]
[12]
[13]
[14]
[15]
[16]
[17]
[18]
[19]
[20]
[21]
[22]
[23]
[24]
[25]
[26]
[27]
[28]
[29]
[30]
[31]
[32]
[33]
[34]
[35]
[36]
[37]
[38]
[39]
[40]
[41]
[42]
[43]
[44]
[45]
[46]
[47]
[48]
[49]
[50]
[null,null,null,null,{"$f":"SUM(E9:E58)","v":0}]

{"sheet":"ح ع ب 5265","index":7,"n_rows":59,"n_cols":7,"rows_kept":59,"cut":false,"hidden":false,"merged":[[1,2,1,5],[5,0,5,1],[5,2,5,3],[5,5,5,6],[3,0,3,1],[3,2,3,3],[3,5,3,6],[4,0,4,1],[4,2,4,3],[4,5,4,6]]}
[]
[null,null,"بطاقة تغيير زيت سيارة"]
[]
["رقم اللوحة",null,"ح ع ب 5265",null,"الموديل",2015]
["نوع السيارة",null,"نيسان صنى",null,"سنوات التشغيل",{"$f":"2018-F4","v":3}]
["اسم السائق",null,"مهندس / محمد علي",null,"نوع المحرك","محرك بنزين"]
[]
["م","التاريخ","وصف العمل","زيادة الشرح","عدد الليترات","قراءة العداد","المسافة المقطوعة/كم"]
[1]
[2]
[3]
[4]
[5]
[6]
[7]
[8]
[9]
[10]
[11]
[12]
[13]
[14]
[15]
[16]
[17]
[18]
[19]
[20]
[21]
[22]
[23]
[24]
[25]
[26]
[27]
[28]
[29]
[30]
[31]
[32]
[33]
[34]
[35]
[36]
[37]
[38]
[39]
[40]
[41]
[42]
[43]
[44]
[45]
[46]
[47]
[48]
[49]
[50]
[null,null,null,null,{"$f":"SUM(E9:E58)","v":0}]

{"sheet":"ب م م 8162","index":8,"n_rows":59,"n_cols":7,"rows_kept":59,"cut":false,"hidden":false,"merged":[[1,2,1,5],[5,0,5,1],[5,2,5,3],[5,5,5,6],[3,0,3,1],[3,2,3,3],[3,5,3,6],[4,0,4,1],[4,2,4,3],[4,5,4,6]]}
[]
[null,null,"بطاقة تغيير زيت سيارة"]
[]
["رقم اللوحة",null,"ب م م 8162",null,"الموديل",2012]
["نوع السيارة",null,"هيواندي النترا",null,"سنوات التشغيل",{"$f":"2018-F4","v":6}]
["اسم السائق",null,"مهندس / أسامة عبدالمجيد",null,"نوع المحرك","محرك بنزين"]
[]
["م","التاريخ","وصف العمل","زيادة الشرح","عدد الليترات","قراءة العداد","المسافة المقطوعة/كم"]
[1]
[2]
[3]
[4]
[5]
[6]
[7]
[8]
[9]
[10]
[11]
[12]
[13]
[14]
[15]
[16]
[17]
[18]
[19]
[20]
[21]
[22]
[23]
[24]
[25]
[26]
[27]
[28]
[29]
[30]
[31]
[32]
[33]
[34]
[35]
[36]
[37]
[38]
[39]
[40]
[41]
[42]
[43]
[44]
[45]
[46]
[47]
[48]
[49]
[50]
[null,null,null,null,{"$f":"SUM(E9:E58)","v":0}]

{"sheet":"أ ح ى 5848","index":9,"n_rows":59,"n_cols":7,"rows_kept":59,"cut":false,"hidden":false,"merged":[[1,2,1,5],[5,0,5,1],[5,2,5,3],[5,5,5,6],[3,0,3,1],[3,2,3,3],[3,5,3,6],[4,0,4,1],[4,2,4,3],[4,5,4,6]]}
[]
[null,null,"بطاقة تغيير زيت سيارة"]
[]
["رقم اللوحة",null,"أ ح ى 5848",null,"الموديل",2005]
["نوع السيارة",null,"ايسوزو وانيت",null,"سنوات التشغيل",{"$f":"2018-F4","v":13}]
["اسم السائق",null,"زبير حسين",null,"نوع المحرك","محرك ديزل"]
[]
["م","التاريخ","وصف العمل","زيادة الشرح","عدد الليترات","قراءة العداد","المسافة المقطوعة/كم"]
[1]
[2]
[3]
[4]
[5]
[6]
[7]
[8]
[9]
[10]
[11]
[12]
[13]
[14]
[15]
[16]
[17]
[18]
[19]
[20]
[21]
[22]
[23]
[24]
[25]
[26]
[27]
[28]
[29]
[30]
[31]
[32]
[33]
[34]
[35]
[36]
[37]
[38]
[39]
[40]
[41]
[42]
[43]
[44]
[45]
[46]
[47]
[48]
[49]
[50]
[null,null,null,null,{"$f":"SUM(E9:E58)","v":0}]

{"sheet":"أ م د 9021","index":10,"n_rows":59,"n_cols":7,"rows_kept":59,"cut":false,"hidden":false,"merged":[[1,2,1,5],[5,0,5,1],[5,2,5,3],[5,5,5,6],[3,0,3,1],[3,2,3,3],[3,5,3,6],[4,0,4,1],[4,2,4,3],[4,5,4,6]]}
[]
[null,null,"بطاقة تغيير زيت سيارة"]
[]
["رقم اللوحة",null,"أ م د 9021",null,"الموديل",2012]
["نوع السيارة",null,"ايسوزو وانيت",null,"سنوات التشغيل",{"$f":"2018-F4","v":6}]
["اسم السائق",null,"أمير عبدالجليل",null,"نوع المحرك","محرك ديزل"]
[]
["م","التاريخ","وصف العمل","زيادة الشرح","عدد الليترات","قراءة العداد","المسافة المقطوعة/كم"]
[1]
[2]
[3]
[4]
[5]
[6]
[7]
[8]
[9]
[10]
[11]
[12]
[13]
[14]
[15]
[16]
[17]
[18]
[19]
[20]
[21]
[22]
[23]
[24]
[25]
[26]
[27]
[28]
[29]
[30]
[31]
[32]
[33]
[34]
[35]
[36]
[37]
[38]
[39]
[40]
[41]
[42]
[43]
[44]
[45]
[46]
[47]
[48]
[49]
[50]
[null,null,null,null,{"$f":"SUM(E9:E58)","v":0}]

{"sheet":"أ ص ص 9225","index":11,"n_rows":59,"n_cols":7,"rows_kept":59,"cut":false,"hidden":false,"merged":[[1,2,1,5],[5,0,5,1],[5,2,5,3],[5,5,5,6],[3,0,3,1],[3,2,3,3],[3,5,3,6],[4,0,4,1],[4,2,4,3],[4,5,4,6]]}
[]
[null,null,"بطاقة تغيير زيت سيارة"]
[]
["رقم اللوحة",null,"أ ص ص 9225",null,"الموديل",1989]
["نوع السيارة",null,"باص جمس",null,"سنوات التشغيل",{"$f":"2018-F4","v":29}]
["اسم السائق",null,null,null,"نوع المحرك","محرك ديزل"]
[]
["م","التاريخ","وصف العمل","زيادة الشرح","عدد الليترات","قراءة العداد","المسافة المقطوعة/كم"]
[1]
[2]
[3]
[4]
[5]
[6]
[7]
[8]
[9]
[10]
[11]
[12]
[13]
[14]
[15]
[16]
[17]
[18]
[19]
[20]
[21]
[22]
[23]
[24]
[25]
[26]
[27]
[28]
[29]
[30]
[31]
[32]
[33]
[34]
[35]
[36]
[37]
[38]
[39]
[40]
[41]
[42]
[43]
[44]
[45]
[46]
[47]
[48]
[49]
[50]
[null,null,null,null,{"$f":"SUM(E9:E58)","v":0}]

{"sheet":"كاتربيلر D398","index":12,"n_rows":59,"n_cols":7,"rows_kept":59,"cut":false,"hidden":false,"merged":[[5,0,5,1],[5,2,5,3],[5,5,5,6],[1,2,1,4],[3,0,3,1],[3,2,3,3],[3,5,3,6],[4,0,4,1],[4,2,4,3],[4,5,4,6]]}
[]
[null,null,"بطاقة تغيير زيت سيارة"]
[]
["المولد",null,"مولد كارتبيلر D398",null,"الموديل"]
[null,null,null,null,"سنوات التشغيل"]
[null,null,null,null,"نوع المحرك","محرك ديزل"]
[]
["م","التاريخ","وصف العمل","زيادة الشرح","عدد الليترات","قراءة العداد","المسافة المقطوعة/كم"]
[1]
[2]
[3]
[4]
[5]
[6]
[7]
[8]
[9]
[10]
[11]
[12]
[13]
[14]
[15]
[16]
[17]
[18]
[19]
[20]
[21]
[22]
[23]
[24]
[25]
[26]
[27]
[28]
[29]
[30]
[31]
[32]
[33]
[34]
[35]
[36]
[37]
[38]
[39]
[40]
[41]
[42]
[43]
[44]
[45]
[46]
[47]
[48]
[49]
[50]
[null,null,null,null,{"$f":"SUM(E9:E58)","v":0}]

{"sheet":"كاتربيلر 6 سلندر","index":13,"n_rows":61,"n_cols":7,"rows_kept":61,"cut":false,"hidden":false,"merged":[[7,0,7,1],[7,2,7,3],[7,5,7,6],[3,2,3,4],[5,0,5,1],[5,2,5,3],[5,5,5,6],[6,0,6,1],[6,2,6,3],[6,5,6,6]]}
[]
[]
[]
[null,null,"بطاقة تغيير زيت معدة"]
[]
["المولد",null,"مولد كارتبيلر 6 سلندر",null,"الموديل"]
[null,null,null,null,"سنوات التشغيل"]
[null,null,null,null,"نوع المحرك","محرك ديزل"]
[]
["م","التاريخ","وصف العمل","زيادة الشرح","عدد الليترات","قراءة العداد","المسافة المقطوعة/كم"]
[1]
[2]
[3]
[4]
[5]
[6]
[7]
[8]
[9]
[10]
[11]
[12]
[13]
[14]
[15]
[16]
[17]
[18]
[19]
[20]
[21]
[22]
[23]
[24]
[25]
[26]
[27]
[28]
[29]
[30]
[31]
[32]
[33]
[34]
[35]
[36]
[37]
[38]
[39]
[40]
[41]
[42]
[43]
[44]
[45]
[46]
[47]
[48]
[49]
[50]
[null,null,null,null,{"$f":"SUM(E11:E60)","v":0}]

{"sheet":"مولد باركينس","index":14,"n_rows":59,"n_cols":7,"rows_kept":59,"cut":false,"hidden":false,"merged":[[5,0,5,1],[5,2,5,3],[5,5,5,6],[1,2,1,5],[3,0,3,1],[3,2,3,3],[3,5,3,6],[4,0,4,1],[4,2,4,3],[4,5,4,6]]}
[]
[null,null,"بطاقة تغيير زيت معدة"]
[]
["المولد",null,"مولد باركينس / مصنع الخشب",null,"الموديل"]
[null,null,null,null,"سنوات التشغيل"]
[null,null,null,null,"نوع المحرك","محرك ديزل"]
[]
["م","التاريخ","وصف العمل","زيادة الشرح","عدد الليترات","قراءة العداد","المسافة المقطوعة/كم"]
[1]
[2]
[3]
[4]
[5]
[6]
[7]
[8]
[9]
[10]
[11]
[12]
[13]
[14]
[15]
[16]
[17]
[18]
[19]
[20]
[21]
[22]
[23]
[24]
[25]
[26]
[27]
[28]
[29]
[30]
[31]
[32]
[33]
[34]
[35]
[36]
[37]
[38]
[39]
[40]
[41]
[42]
[43]
[44]
[45]
[46]
[47]
[48]
[49]
[50]
[null,null,null,null,{"$f":"SUM(E9:E58)","v":0}]

{"sheet":"مولد الحراسة الليلية","index":15,"n_rows":59,"n_cols":7,"rows_kept":59,"cut":false,"hidden":false,"merged":[[5,0,5,1],[5,2,5,3],[5,5,5,6],[1,2,1,5],[3,0,3,1],[3,2,3,3],[3,5,3,6],[4,0,4,1],[4,2,4,3],[4,5,4,6]]}
[]
[null,null,"بطاقة تغيير زيت معدة"]
[]
["المولد",null,"مولد الحراسة الليلية / كابوتا",null,"الموديل"]
[null,null,null,null,"سنوات التشغيل"]
[null,null,null,null,"نوع المحرك","محرك ديزل"]
[]
["م","التاريخ","وصف العمل","زيادة الشرح","عدد الليترات","قراءة العداد","المسافة المقطوعة/كم"]
[1]
[2]
[3]
[4]
[5]
[6]
[7]
[8]
[9]
[10]
[11]
[12]
[13]
[14]
[15]
[16]
[17]
[18]
[19]
[20]
[21]
[22]
[23]
[24]
[25]
[26]
[27]
[28]
[29]
[30]
[31]
[32]
[33]
[34]
[35]
[36]
[37]
[38]
[39]
[40]
[41]
[42]
[43]
[44]
[45]
[46]
[47]
[48]
[49]
[50]
[null,null,null,null,{"$f":"SUM(E9:E58)","v":0}]

{"sheet":"Setting","index":16,"n_rows":215,"n_cols":7,"rows_kept":215,"cut":false,"hidden":true,"merged":[]}
["م","رقم اللوحة","نوع السيارة","اسم السائق","الموديل","سنوات التشغيل","نوع المحرك"]
[{"$f":"IF(B2=\"\",\"\",SUBTOTAL(3,$B$2:B2))","v":1},"أ س ن 6582","مرسيدس تريلا","عبدالغفور نور محمد",1997,{"$f":"YEAR(TODAY())-E2","v":21},"محرك ديزل"]
[{"$f":"IF(B3=\"\",\"\",SUBTOTAL(3,$B$2:B3))","v":2},"أ أ ب 9590","ايسوزو دينا - مغلقة","بابلو شارما",2007,{"$f":"YEAR(TODAY())-E3","v":11},"محرك ديزل"]
[{"$f":"IF(B4=\"\",\"\",SUBTOTAL(3,$B$2:B4))","v":3},"ب د ع 6193","ايسوزو دينا - مكشوفة","زاهد حسين",2017,1,"محرك ديزل"]
[{"$f":"IF(B5=\"\",\"\",SUBTOTAL(3,$B$2:B5))","v":4},"أ أ ب 1018","ايسوزو دينا - مكشوفة",null,2007,11,"محرك ديزل"]
[{"$f":"IF(B6=\"\",\"\",SUBTOTAL(3,$B$2:B6))","v":5},"أ ب أ 2134","باص - انترناشيونال","شاعر خان نبي غل",2008,10,"محرك ديزل"]
[{"$f":"IF(B7=\"\",\"\",SUBTOTAL(3,$B$2:B7))","v":6},"ح ع ب 5265","نيسان صنى","مهندس / محمد علي",2015,3,"محرك بنزين"]
[{"$f":"IF(B8=\"\",\"\",SUBTOTAL(3,$B$2:B8))","v":7},"ب م م 8162","هيواندي النترا","مهندس / أسامة عبدالمجيد",2012,6,"محرك بنزين"]
[{"$f":"IF(B9=\"\",\"\",SUBTOTAL(3,$B$2:B9))","v":8},"أ ح ى 5848","ايسوزو وانيت","زبير حسين",2005,13,"محرك ديزل"]
[{"$f":"IF(B10=\"\",\"\",SUBTOTAL(3,$B$2:B10))","v":9},"أ م د 9021","ايسوزو وانيت","أمير عبدالجليل",2012,6,"محرك ديزل"]
[{"$f":"IF(B11=\"\",\"\",SUBTOTAL(3,$B$2:B11))","v":10},"أ ص ص 9225","باص جمس",null,1989,29,"محرك ديزل"]
[{"$f":"IF(B12=\"\",\"\",SUBTOTAL(3,$B$2:B12))","v":""}]
[{"$f":"IF(B13=\"\",\"\",SUBTOTAL(3,$B$2:B13))","v":""}]
[{"$f":"IF(B14=\"\",\"\",SUBTOTAL(3,$B$2:B14))","v":""}]
[{"$f":"IF(B15=\"\",\"\",SUBTOTAL(3,$B$2:B15))","v":""}]
[{"$f":"IF(B16=\"\",\"\",SUBTOTAL(3,$B$2:B16))","v":""}]
[{"$f":"IF(B17=\"\",\"\",SUBTOTAL(3,$B$2:B17))","v":""}]
[{"$f":"IF(B18=\"\",\"\",SUBTOTAL(3,$B$2:B18))","v":""}]
[{"$f":"IF(B19=\"\",\"\",SUBTOTAL(3,$B$2:B19))","v":""}]
[{"$f":"IF(B20=\"\",\"\",SUBTOTAL(3,$B$2:B20))","v":""}]
[{"$f":"IF(B21=\"\",\"\",SUBTOTAL(3,$B$2:B21))","v":""}]
[{"$f":"IF(B22=\"\",\"\",SUBTOTAL(3,$B$2:B22))","v":""}]
[{"$f":"IF(B23=\"\",\"\",SUBTOTAL(3,$B$2:B23))","v":""}]
[{"$f":"IF(B24=\"\",\"\",SUBTOTAL(3,$B$2:B24))","v":""}]
[{"$f":"IF(B25=\"\",\"\",SUBTOTAL(3,$B$2:B25))","v":""}]
[{"$f":"IF(B26=\"\",\"\",SUBTOTAL(3,$B$2:B26))","v":""}]
[{"$f":"IF(B27=\"\",\"\",SUBTOTAL(3,$B$2:B27))","v":""}]
[{"$f":"IF(B28=\"\",\"\",SUBTOTAL(3,$B$2:B28))","v":""}]
[{"$f":"IF(B29=\"\",\"\",SUBTOTAL(3,$B$2:B29))","v":""}]
[{"$f":"IF(B30=\"\",\"\",SUBTOTAL(3,$B$2:B30))","v":""}]
[{"$f":"IF(B31=\"\",\"\",SUBTOTAL(3,$B$2:B31))","v":""}]
[{"$f":"IF(B32=\"\",\"\",SUBTOTAL(3,$B$2:B32))","v":""}]
[{"$f":"IF(B33=\"\",\"\",SUBTOTAL(3,$B$2:B33))","v":""}]
[{"$f":"IF(B34=\"\",\"\",SUBTOTAL(3,$B$2:B34))","v":""}]
[{"$f":"IF(B35=\"\",\"\",SUBTOTAL(3,$B$2:B35))","v":""}]
[{"$f":"IF(B36=\"\",\"\",SUBTOTAL(3,$B$2:B36))","v":""}]
[{"$f":"IF(B37=\"\",\"\",SUBTOTAL(3,$B$2:B37))","v":""}]
[{"$f":"IF(B38=\"\",\"\",SUBTOTAL(3,$B$2:B38))","v":""}]
[{"$f":"IF(B39=\"\",\"\",SUBTOTAL(3,$B$2:B39))","v":""}]
[{"$f":"IF(B40=\"\",\"\",SUBTOTAL(3,$B$2:B40))","v":""}]
[{"$f":"IF(B41=\"\",\"\",SUBTOTAL(3,$B$2:B41))","v":""}]
[{"$f":"IF(B42=\"\",\"\",SUBTOTAL(3,$B$2:B42))","v":""}]
[{"$f":"IF(B43=\"\",\"\",SUBTOTAL(3,$B$2:B43))","v":""}]
[{"$f":"IF(B44=\"\",\"\",SUBTOTAL(3,$B$2:B44))","v":""}]
[{"$f":"IF(B45=\"\",\"\",SUBTOTAL(3,$B$2:B45))","v":""}]
[{"$f":"IF(B46=\"\",\"\",SUBTOTAL(3,$B$2:B46))","v":""}]
[{"$f":"IF(B47=\"\",\"\",SUBTOTAL(3,$B$2:B47))","v":""}]
[{"$f":"IF(B48=\"\",\"\",SUBTOTAL(3,$B$2:B48))","v":""}]
[{"$f":"IF(B49=\"\",\"\",SUBTOTAL(3,$B$2:B49))","v":""}]
[{"$f":"IF(B50=\"\",\"\",SUBTOTAL(3,$B$2:B50))","v":""}]
[{"$f":"IF(B51=\"\",\"\",SUBTOTAL(3,$B$2:B51))","v":""}]
[{"$f":"IF(B52=\"\",\"\",SUBTOTAL(3,$B$2:B52))","v":""}]
[{"$f":"IF(B53=\"\",\"\",SUBTOTAL(3,$B$2:B53))","v":""}]
[{"$f":"IF(B54=\"\",\"\",SUBTOTAL(3,$B$2:B54))","v":""}]
[{"$f":"IF(B55=\"\",\"\",SUBTOTAL(3,$B$2:B55))","v":""}]
[{"$f":"IF(B56=\"\",\"\",SUBTOTAL(3,$B$2:B56))","v":""}]
[{"$f":"IF(B57=\"\",\"\",SUBTOTAL(3,$B$2:B57))","v":""}]
[{"$f":"IF(B58=\"\",\"\",SUBTOTAL(3,$B$2:B58))","v":""}]
[{"$f":"IF(B59=\"\",\"\",SUBTOTAL(3,$B$2:B59))","v":""}]
[{"$f":"IF(B60=\"\",\"\",SUBTOTAL(3,$B$2:B60))","v":""}]
[{"$f":"IF(B61=\"\",\"\",SUBTOTAL(3,$B$2:B61))","v":""}]
[{"$f":"IF(B62=\"\",\"\",SUBTOTAL(3,$B$2:B62))","v":""}]
[{"$f":"IF(B63=\"\",\"\",SUBTOTAL(3,$B$2:B63))","v":""}]
[{"$f":"IF(B64=\"\",\"\",SUBTOTAL(3,$B$2:B64))","v":""}]
[{"$f":"IF(B65=\"\",\"\",SUBTOTAL(3,$B$2:B65))","v":""}]
[{"$f":"IF(B66=\"\",\"\",SUBTOTAL(3,$B$2:B66))","v":""}]
[{"$f":"IF(B67=\"\",\"\",SUBTOTAL(3,$B$2:B67))","v":""}]
[{"$f":"IF(B68=\"\",\"\",SUBTOTAL(3,$B$2:B68))","v":""}]
[{"$f":"IF(B69=\"\",\"\",SUBTOTAL(3,$B$2:B69))","v":""}]
[{"$f":"IF(B70=\"\",\"\",SUBTOTAL(3,$B$2:B70))","v":""}]
[{"$f":"IF(B71=\"\",\"\",SUBTOTAL(3,$B$2:B71))","v":""}]
[{"$f":"IF(B72=\"\",\"\",SUBTOTAL(3,$B$2:B72))","v":""}]
[{"$f":"IF(B73=\"\",\"\",SUBTOTAL(3,$B$2:B73))","v":""}]
[{"$f":"IF(B74=\"\",\"\",SUBTOTAL(3,$B$2:B74))","v":""}]
[{"$f":"IF(B75=\"\",\"\",SUBTOTAL(3,$B$2:B75))","v":""}]
[{"$f":"IF(B76=\"\",\"\",SUBTOTAL(3,$B$2:B76))","v":""}]
[{"$f":"IF(B77=\"\",\"\",SUBTOTAL(3,$B$2:B77))","v":""}]
[{"$f":"IF(B78=\"\",\"\",SUBTOTAL(3,$B$2:B78))","v":""}]
[{"$f":"IF(B79=\"\",\"\",SUBTOTAL(3,$B$2:B79))","v":""}]
[{"$f":"IF(B80=\"\",\"\",SUBTOTAL(3,$B$2:B80))","v":""}]
[{"$f":"IF(B81=\"\",\"\",SUBTOTAL(3,$B$2:B81))","v":""}]
[{"$f":"IF(B82=\"\",\"\",SUBTOTAL(3,$B$2:B82))","v":""}]
[{"$f":"IF(B83=\"\",\"\",SUBTOTAL(3,$B$2:B83))","v":""}]
[{"$f":"IF(B84=\"\",\"\",SUBTOTAL(3,$B$2:B84))","v":""}]
[{"$f":"IF(B85=\"\",\"\",SUBTOTAL(3,$B$2:B85))","v":""}]
[{"$f":"IF(B86=\"\",\"\",SUBTOTAL(3,$B$2:B86))","v":""}]
[{"$f":"IF(B87=\"\",\"\",SUBTOTAL(3,$B$2:B87))","v":""}]
[{"$f":"IF(B88=\"\",\"\",SUBTOTAL(3,$B$2:B88))","v":""}]
[{"$f":"IF(B89=\"\",\"\",SUBTOTAL(3,$B$2:B89))","v":""}]
[{"$f":"IF(B90=\"\",\"\",SUBTOTAL(3,$B$2:B90))","v":""}]
[{"$f":"IF(B91=\"\",\"\",SUBTOTAL(3,$B$2:B91))","v":""}]
[{"$f":"IF(B92=\"\",\"\",SUBTOTAL(3,$B$2:B92))","v":""}]
[{"$f":"IF(B93=\"\",\"\",SUBTOTAL(3,$B$2:B93))","v":""}]
[{"$f":"IF(B94=\"\",\"\",SUBTOTAL(3,$B$2:B94))","v":""}]
[{"$f":"IF(B95=\"\",\"\",SUBTOTAL(3,$B$2:B95))","v":""}]
[{"$f":"IF(B96=\"\",\"\",SUBTOTAL(3,$B$2:B96))","v":""}]
[{"$f":"IF(B97=\"\",\"\",SUBTOTAL(3,$B$2:B97))","v":""}]
[{"$f":"IF(B98=\"\",\"\",SUBTOTAL(3,$B$2:B98))","v":""}]
[{"$f":"IF(B99=\"\",\"\",SUBTOTAL(3,$B$2:B99))","v":""}]
[{"$f":"IF(B100=\"\",\"\",SUBTOTAL(3,$B$2:B100))","v":""}]
[{"$f":"IF(B101=\"\",\"\",SUBTOTAL(3,$B$2:B101))","v":""}]
[{"$f":"IF(B102=\"\",\"\",SUBTOTAL(3,$B$2:B102))","v":""}]
[{"$f":"IF(B103=\"\",\"\",SUBTOTAL(3,$B$2:B103))","v":""}]
[{"$f":"IF(B104=\"\",\"\",SUBTOTAL(3,$B$2:B104))","v":""}]
[{"$f":"IF(B105=\"\",\"\",SUBTOTAL(3,$B$2:B105))","v":""}]
[{"$f":"IF(B106=\"\",\"\",SUBTOTAL(3,$B$2:B106))","v":""}]
[{"$f":"IF(B107=\"\",\"\",SUBTOTAL(3,$B$2:B107))","v":""}]
[{"$f":"IF(B108=\"\",\"\",SUBTOTAL(3,$B$2:B108))","v":""}]
[{"$f":"IF(B109=\"\",\"\",SUBTOTAL(3,$B$2:B109))","v":""}]
[{"$f":"IF(B110=\"\",\"\",SUBTOTAL(3,$B$2:B110))","v":""}]
[{"$f":"IF(B111=\"\",\"\",SUBTOTAL(3,$B$2:B111))","v":""}]
[{"$f":"IF(B112=\"\",\"\",SUBTOTAL(3,$B$2:B112))","v":""}]
[{"$f":"IF(B113=\"\",\"\",SUBTOTAL(3,$B$2:B113))","v":""}]
[{"$f":"IF(B114=\"\",\"\",SUBTOTAL(3,$B$2:B114))","v":""}]
[{"$f":"IF(B115=\"\",\"\",SUBTOTAL(3,$B$2:B115))","v":""}]
[{"$f":"IF(B116=\"\",\"\",SUBTOTAL(3,$B$2:B116))","v":""}]
[{"$f":"IF(B117=\"\",\"\",SUBTOTAL(3,$B$2:B117))","v":""}]
[{"$f":"IF(B118=\"\",\"\",SUBTOTAL(3,$B$2:B118))","v":""}]
[{"$f":"IF(B119=\"\",\"\",SUBTOTAL(3,$B$2:B119))","v":""}]
[{"$f":"IF(B120=\"\",\"\",SUBTOTAL(3,$B$2:B120))","v":""}]
[{"$f":"IF(B121=\"\",\"\",SUBTOTAL(3,$B$2:B121))","v":""}]
[{"$f":"IF(B122=\"\",\"\",SUBTOTAL(3,$B$2:B122))","v":""}]
[{"$f":"IF(B123=\"\",\"\",SUBTOTAL(3,$B$2:B123))","v":""}]
[{"$f":"IF(B124=\"\",\"\",SUBTOTAL(3,$B$2:B124))","v":""}]
[{"$f":"IF(B125=\"\",\"\",SUBTOTAL(3,$B$2:B125))","v":""}]
[{"$f":"IF(B126=\"\",\"\",SUBTOTAL(3,$B$2:B126))","v":""}]
[{"$f":"IF(B127=\"\",\"\",SUBTOTAL(3,$B$2:B127))","v":""}]
[{"$f":"IF(B128=\"\",\"\",SUBTOTAL(3,$B$2:B128))","v":""}]
[{"$f":"IF(B129=\"\",\"\",SUBTOTAL(3,$B$2:B129))","v":""}]
[{"$f":"IF(B130=\"\",\"\",SUBTOTAL(3,$B$2:B130))","v":""}]
[{"$f":"IF(B131=\"\",\"\",SUBTOTAL(3,$B$2:B131))","v":""}]
[{"$f":"IF(B132=\"\",\"\",SUBTOTAL(3,$B$2:B132))","v":""}]
[{"$f":"IF(B133=\"\",\"\",SUBTOTAL(3,$B$2:B133))","v":""}]
[{"$f":"IF(B134=\"\",\"\",SUBTOTAL(3,$B$2:B134))","v":""}]
[{"$f":"IF(B135=\"\",\"\",SUBTOTAL(3,$B$2:B135))","v":""}]
[{"$f":"IF(B136=\"\",\"\",SUBTOTAL(3,$B$2:B136))","v":""}]
[{"$f":"IF(B137=\"\",\"\",SUBTOTAL(3,$B$2:B137))","v":""}]
[{"$f":"IF(B138=\"\",\"\",SUBTOTAL(3,$B$2:B138))","v":""}]
[{"$f":"IF(B139=\"\",\"\",SUBTOTAL(3,$B$2:B139))","v":""}]
[{"$f":"IF(B140=\"\",\"\",SUBTOTAL(3,$B$2:B140))","v":""}]
[{"$f":"IF(B141=\"\",\"\",SUBTOTAL(3,$B$2:B141))","v":""}]
[{"$f":"IF(B142=\"\",\"\",SUBTOTAL(3,$B$2:B142))","v":""}]
[{"$f":"IF(B143=\"\",\"\",SUBTOTAL(3,$B$2:B143))","v":""}]
[{"$f":"IF(B144=\"\",\"\",SUBTOTAL(3,$B$2:B144))","v":""}]
[{"$f":"IF(B145=\"\",\"\",SUBTOTAL(3,$B$2:B145))","v":""}]
[{"$f":"IF(B146=\"\",\"\",SUBTOTAL(3,$B$2:B146))","v":""}]
[{"$f":"IF(B147=\"\",\"\",SUBTOTAL(3,$B$2:B147))","v":""}]
[{"$f":"IF(B148=\"\",\"\",SUBTOTAL(3,$B$2:B148))","v":""}]
[{"$f":"IF(B149=\"\",\"\",SUBTOTAL(3,$B$2:B149))","v":""}]
[{"$f":"IF(B150=\"\",\"\",SUBTOTAL(3,$B$2:B150))","v":""}]
[{"$f":"IF(B151=\"\",\"\",SUBTOTAL(3,$B$2:B151))","v":""}]
[{"$f":"IF(B152=\"\",\"\",SUBTOTAL(3,$B$2:B152))","v":""}]
[{"$f":"IF(B153=\"\",\"\",SUBTOTAL(3,$B$2:B153))","v":""}]
[{"$f":"IF(B154=\"\",\"\",SUBTOTAL(3,$B$2:B154))","v":""}]
[{"$f":"IF(B155=\"\",\"\",SUBTOTAL(3,$B$2:B155))","v":""}]
[{"$f":"IF(B156=\"\",\"\",SUBTOTAL(3,$B$2:B156))","v":""}]
[{"$f":"IF(B157=\"\",\"\",SUBTOTAL(3,$B$2:B157))","v":""}]
[{"$f":"IF(B158=\"\",\"\",SUBTOTAL(3,$B$2:B158))","v":""}]
[{"$f":"IF(B159=\"\",\"\",SUBTOTAL(3,$B$2:B159))","v":""}]
[{"$f":"IF(B160=\"\",\"\",SUBTOTAL(3,$B$2:B160))","v":""}]
[{"$f":"IF(B161=\"\",\"\",SUBTOTAL(3,$B$2:B161))","v":""}]
[{"$f":"IF(B162=\"\",\"\",SUBTOTAL(3,$B$2:B162))","v":""}]
[{"$f":"IF(B163=\"\",\"\",SUBTOTAL(3,$B$2:B163))","v":""}]
[{"$f":"IF(B164=\"\",\"\",SUBTOTAL(3,$B$2:B164))","v":""}]
[{"$f":"IF(B165=\"\",\"\",SUBTOTAL(3,$B$2:B165))","v":""}]
[{"$f":"IF(B166=\"\",\"\",SUBTOTAL(3,$B$2:B166))","v":""}]
[{"$f":"IF(B167=\"\",\"\",SUBTOTAL(3,$B$2:B167))","v":""}]
[{"$f":"IF(B168=\"\",\"\",SUBTOTAL(3,$B$2:B168))","v":""}]
[{"$f":"IF(B169=\"\",\"\",SUBTOTAL(3,$B$2:B169))","v":""}]
[{"$f":"IF(B170=\"\",\"\",SUBTOTAL(3,$B$2:B170))","v":""}]
[{"$f":"IF(B171=\"\",\"\",SUBTOTAL(3,$B$2:B171))","v":""}]
[{"$f":"IF(B172=\"\",\"\",SUBTOTAL(3,$B$2:B172))","v":""}]
[{"$f":"IF(B173=\"\",\"\",SUBTOTAL(3,$B$2:B173))","v":""}]
[{"$f":"IF(B174=\"\",\"\",SUBTOTAL(3,$B$2:B174))","v":""}]
[{"$f":"IF(B175=\"\",\"\",SUBTOTAL(3,$B$2:B175))","v":""}]
[{"$f":"IF(B176=\"\",\"\",SUBTOTAL(3,$B$2:B176))","v":""}]
[{"$f":"IF(B177=\"\",\"\",SUBTOTAL(3,$B$2:B177))","v":""}]
[{"$f":"IF(B178=\"\",\"\",SUBTOTAL(3,$B$2:B178))","v":""}]
[{"$f":"IF(B179=\"\",\"\",SUBTOTAL(3,$B$2:B179))","v":""}]
[{"$f":"IF(B180=\"\",\"\",SUBTOTAL(3,$B$2:B180))","v":""}]
[{"$f":"IF(B181=\"\",\"\",SUBTOTAL(3,$B$2:B181))","v":""}]
[{"$f":"IF(B182=\"\",\"\",SUBTOTAL(3,$B$2:B182))","v":""}]
[{"$f":"IF(B183=\"\",\"\",SUBTOTAL(3,$B$2:B183))","v":""}]
[{"$f":"IF(B184=\"\",\"\",SUBTOTAL(3,$B$2:B184))","v":""}]
[{"$f":"IF(B185=\"\",\"\",SUBTOTAL(3,$B$2:B185))","v":""}]
[{"$f":"IF(B186=\"\",\"\",SUBTOTAL(3,$B$2:B186))","v":""}]
[{"$f":"IF(B187=\"\",\"\",SUBTOTAL(3,$B$2:B187))","v":""}]
[{"$f":"IF(B188=\"\",\"\",SUBTOTAL(3,$B$2:B188))","v":""}]
[{"$f":"IF(B189=\"\",\"\",SUBTOTAL(3,$B$2:B189))","v":""}]
[{"$f":"IF(B190=\"\",\"\",SUBTOTAL(3,$B$2:B190))","v":""}]
[{"$f":"IF(B191=\"\",\"\",SUBTOTAL(3,$B$2:B191))","v":""}]
[{"$f":"IF(B192=\"\",\"\",SUBTOTAL(3,$B$2:B192))","v":""}]
[{"$f":"IF(B193=\"\",\"\",SUBTOTAL(3,$B$2:B193))","v":""}]
[{"$f":"IF(B194=\"\",\"\",SUBTOTAL(3,$B$2:B194))","v":""}]
[{"$f":"IF(B195=\"\",\"\",SUBTOTAL(3,$B$2:B195))","v":""}]
[{"$f":"IF(B196=\"\",\"\",SUBTOTAL(3,$B$2:B196))","v":""}]
[{"$f":"IF(B197=\"\",\"\",SUBTOTAL(3,$B$2:B197))","v":""}]
[{"$f":"IF(B198=\"\",\"\",SUBTOTAL(3,$B$2:B198))","v":""}]
[{"$f":"IF(B199=\"\",\"\",SUBTOTAL(3,$B$2:B199))","v":""}]
[{"$f":"IF(B200=\"\",\"\",SUBTOTAL(3,$B$2:B200))","v":""}]
[{"$f":"IF(B201=\"\",\"\",SUBTOTAL(3,$B$2:B201))","v":""}]
[{"$f":"IF(B202=\"\",\"\",SUBTOTAL(3,$B$2:B202))","v":""}]
[{"$f":"IF(B203=\"\",\"\",SUBTOTAL(3,$B$2:B203))","v":""}]
[{"$f":"IF(B204=\"\",\"\",SUBTOTAL(3,$B$2:B204))","v":""}]
[{"$f":"IF(B205=\"\",\"\",SUBTOTAL(3,$B$2:B205))","v":""}]
[{"$f":"IF(B206=\"\",\"\",SUBTOTAL(3,$B$2:B206))","v":""}]
[{"$f":"IF(B207=\"\",\"\",SUBTOTAL(3,$B$2:B207))","v":""}]
[{"$f":"IF(B208=\"\",\"\",SUBTOTAL(3,$B$2:B208))","v":""}]
[{"$f":"IF(B209=\"\",\"\",SUBTOTAL(3,$B$2:B209))","v":""}]
[{"$f":"IF(B210=\"\",\"\",SUBTOTAL(3,$B$2:B210))","v":""}]
[{"$f":"IF(B211=\"\",\"\",SUBTOTAL(3,$B$2:B211))","v":""}]
[{"$f":"IF(B212=\"\",\"\",SUBTOTAL(3,$B$2:B212))","v":""}]
[{"$f":"IF(B213=\"\",\"\",SUBTOTAL(3,$B$2:B213))","v":""}]
[{"$f":"IF(B214=\"\",\"\",SUBTOTAL(3,$B$2:B214))","v":""}]
[{"$f":"IF(B215=\"\",\"\",SUBTOTAL(3,$B$2:B215))","v":""}]