{"text_format":"1","workbook":"xlsx","n_sheets":7,"sheets":["Code","Add","Low","Main Store","Sub Store","Report","Intro"],"not_rendered":{"charts":0,"images":1,"macros":1,"external_links":0,"defined_names":6,"comments":0,"pivot_tables":0},"unopened":[],"bounds":{"document_bytes":16777216,"sheet_cells":100000,"rows_first":2000,"rows_last":500,"rows_between":2000,"halvings":0,"cell_chars":16384,"cell_head_chars":4096},"cells_cut":0,"cells_raw":0,"read":"whole","date_system":"1900"}

{"sheet":"Code","index":0,"n_rows":158,"n_cols":10,"rows_kept":158,"cut":false,"hidden":false,"merged":[[1,1,1,6]]}
[]
[]
[]
[null,null,null,null,null,null,null,null,null,"المخزن"]
[null,"كود الصنف","اسم الصنف","طبيعة الصنف","رصيد أول","المخزن المخصص","ملاحظات",null,null,"رئيسي"]
[null,{"$f":"IF(C6<>\"\",1,\"\")","v":1},"ترابة",null,17,"رئيسي",null,null,null,"فرعي"]
[null,{"$f":"IF(C7<>\"\",B6+1,\"\")","v":2},"مخلوط",null,12,"رئيسي"]
[null,{"$f":"IF(C8<>\"\",B7+1,\"\")","v":3},"سرك",null,10,"رئيسي"]
[null,4,"بودرة",null,17,"رئيسي"]
[null,5,"باطون أبيض",null,22,"رئيسي"]
[null,6,"ديفنول",null,10,"رئيسي"]
[null,7,"دعائم",null,15,"رئيسي"]
[null,""]
[null,""]
[null,""]
[null,""]
[null,""]
[null,""]
[null,""]
[null,""]
[null,""]
[null,""]
[null,""]
[null,""]
[null,""]
[null,""]
[null,""]
[null,""]
[null,""]
[null,""]
[null,""]
[null,""]
[null,""]
[null,""]
[null,""]
[null,""]
[null,""]
[null,""]
[null,""]
[null,""]
[null,""]
[null,""]
[null,""]
[null,""]
[null,""]
[null,""]
[null,""]
[null,""]
[null,""]
[null,""]
[null,""]
[null,""]
[null,""]
[null,""]
[null,""]
[null,""]
[null,""]
[null,""]
[null,""]
[null,""]
[null,""]
[null,""]
[null,""]
[null,""]
[null,""]
[null,""]
[null,""]
[null,""]
[null,""]
[null,""]
[null,""]
[null,{"$f":"IF(C72<>\"\",B71+1,\"\")","v":""}]
[null,""]
[null,""]
[null,""]
[null,""]
[null,""]
[null,""]
[null,""]
[null,""]
[null,""]
[null,""]
[null,""]
[null,""]
[null,""]
[null,""]
[null,""]
[null,""]
[null,""]
[null,""]
[null,""]
[null,""]
[null,""]
[null,""]
[null,""]
[null,""]
[null,""]
[null,""]
[null,""]
[null,""]
[null,""]
[null,""]
[null,""]
[null,""]
[null,""]
[null,""]
[null,""]
[null,""]
[null,""]
[null,""]
[null,""]
[null,""]
[null,""]
[null,""]
[null,""]
[null,""]
[null,""]
[null,""]
[null,""]
[null,""]
[null,""]
[null,""]
[null,""]
[null,""]
[null,""]
[null,""]
[null,""]
[null,""]
[null,""]
[null,""]
[null,""]
[null,""]
[null,""]
[null,""]
[null,""]
[null,{"$f":"IF(C136<>\"\",B135+1,\"\")","v":""}]
[null,""]
[null,""]
[null,""]
[null,""]
[null,""]
[null,""]
[null,""]
[null,""]
[null,""]
[null,""]
[null,""]
[null,""]
[null,""]
[null,""]
[null,""]
[null,""]
[null,""]
[null,""]
[null,""]
[null,""]
[null,""]
[null,""]

{"sheet":"Add","index":1,"n_rows":20,"n_cols":13,"rows_kept":20,"cut":false,"hidden":false,"merged":[[2,1,2,6]]}
[]
[]
[]
[]
[]
[null,"تاريخ الإذن","رقم الإذن","كود الصنف","اسم الصنف","الوحدة","الكمية المطلوبة","الكمية المصرح بها","الكمية المضافة","حالة الصنف","سعر الوحدة\n\"القيمة\"","وارد من","مخزن الإضافة"]
[null,"2016-01-01",null,1,{"$f":"IFERROR(IF(D7=\"\",\"\",VLOOKUP(D7,code[],2,0)),\"مراجعة تكويد الأصناف\")","v":"ترابة"},null,100,90,99,null,null,null,"رئيسي"]
[null,"2016-01-07",null,2,{"$f":"IFERROR(IF(D8=\"\",\"\",VLOOKUP(D8,code[],2,0)),\"مراجعة تكويد الأصناف\")","v":"مخلوط"},null,null,null,4,null,null,null,"رئيسي"]
[null,"2016-01-09",null,3,{"$f":"IFERROR(IF(D9=\"\",\"\",VLOOKUP(D9,code[],2,0)),\"مراجعة تكويد الأصناف\")","v":"سرك"},null,null,null,5,null,null,null,"رئيسي"]
[null,"2016-01-11",null,2,{"$f":"IFERROR(IF(D10=\"\",\"\",VLOOKUP(D10,code[],2,0)),\"مراجعة تكويد الأصناف\")","v":"مخلوط"},null,null,null,3,null,null,null,"رئيسي"]
[null,"2016-01-13",null,3,{"$f":"IFERROR(IF(D11=\"\",\"\",VLOOKUP(D11,code[],2,0)),\"مراجعة تكويد الأصناف\")","v":"سرك"},null,null,null,6,null,null,null,"رئيسي"]
[null,"2016-01-15",null,4,{"$f":"IFERROR(IF(D12=\"\",\"\",VLOOKUP(D12,code[],2,0)),\"مراجعة تكويد الأصناف\")","v":"بودرة"},null,null,null,11,null,null,null,"رئيسي"]
[null,"2016-01-15",null,1,{"$f":"IFERROR(IF(D13=\"\",\"\",VLOOKUP(D13,code[],2,0)),\"مراجعة تكويد الأصناف\")","v":"ترابة"},null,null,null,2,null,null,null,"رئيسي"]
[null,"2016-01-19",null,1,{"$f":"IFERROR(IF(D14=\"\",\"\",VLOOKUP(D14,code[],2,0)),\"مراجعة تكويد الأصناف\")","v":"ترابة"},null,null,null,3,null,null,null,"رئيسي"]
[null,"2016-01-21",null,5,{"$f":"IFERROR(IF(D15=\"\",\"\",VLOOKUP(D15,code[],2,0)),\"مراجعة تكويد الأصناف\")","v":"باطون أبيض"},null,null,null,17,null,null,null,"رئيسي"]
[null,"2016-01-23",null,5,{"$f":"IFERROR(IF(D16=\"\",\"\",VLOOKUP(D16,code[],2,0)),\"مراجعة تكويد الأصناف\")","v":"باطون أبيض"},null,null,null,6,null,null,null,"فرعي"]
[null,"2016-01-25",null,6,{"$f":"IFERROR(IF(D17=\"\",\"\",VLOOKUP(D17,code[],2,0)),\"مراجعة تكويد الأصناف\")","v":"ديفنول"},null,null,null,12,null,null,null,"رئيسي"]
[null,"2016-01-27",null,7,{"$f":"IFERROR(IF(D18=\"\",\"\",VLOOKUP(D18,code[],2,0)),\"مراجعة تكويد الأصناف\")","v":"دعائم"},null,null,null,10,null,null,null,"رئيسي"]
[null,null,null,null,{"$f":"IFERROR(IF(D19=\"\",\"\",VLOOKUP(D19,code[],2,0)),\"مراجعة تكويد الأصناف\")","v":""},null,null,null,null,null,null,null,"رئيسي"]
[null,null,null,null,{"$f":"IFERROR(IF(D20=\"\",\"\",VLOOKUP(D20,code[],2,0)),\"مراجعة تكويد الأصناف\")","v":""}]

{"sheet":"Low","index":2,"n_rows":20,"n_cols":21,"rows_kept":20,"cut":false,"hidden":false,"merged":[[2,1,2,6]]}
[]
[]
[]
[]
[]
[null,"اسم الجهه","تاريخ الطلب","اسم الطالب","رقم اذن الصرف","سند الصرف","مخزن الصرف","مستديم","مستهلك","رقم الاذن","تاريخ الإذن","رقم الصنف","اسم الصنف","الوحده","الكميه المصرح بها","الكميه المطلوبه","الكميه المنصرفه","حاله الصنف","سعر الوحده","القيمه","ملاحظات"]
[null,null,null,null,null,null,"رئيسي",null,null,null,"2016-01-01",1,{"$f":"IFERROR(IF(L7=\"\",\"\",VLOOKUP(L7,code[],2,0)),\"مراجعة تكويد الأصناف\")","v":"ترابة"},null,18,null,15]
[null,null,null,null,null,null,"رئيسي",null,null,null,"2016-01-11",3,{"$f":"IFERROR(IF(L8=\"\",\"\",VLOOKUP(L8,code[],2,0)),\"مراجعة تكويد الأصناف\")","v":"سرك"},null,20,null,8]
[null,null,null,null,null,null,"رئيسي",null,null,null,"2016-01-13",4,{"$f":"IFERROR(IF(L9=\"\",\"\",VLOOKUP(L9,code[],2,0)),\"مراجعة تكويد الأصناف\")","v":"بودرة"},null,18,null,9]
[null,null,null,null,null,null,"رئيسي",null,null,null,"2016-01-15",2,{"$f":"IFERROR(IF(L10=\"\",\"\",VLOOKUP(L10,code[],2,0)),\"مراجعة تكويد الأصناف\")","v":"مخلوط"},null,null,null,7]
[null,null,null,null,null,null,"رئيسي",null,null,null,"2016-01-17",5,{"$f":"IFERROR(IF(L11=\"\",\"\",VLOOKUP(L11,code[],2,0)),\"مراجعة تكويد الأصناف\")","v":"باطون أبيض"},null,null,null,16]
[null,null,null,null,null,null,"رئيسي",null,null,null,"2016-01-14",1,{"$f":"IFERROR(IF(L12=\"\",\"\",VLOOKUP(L12,code[],2,0)),\"مراجعة تكويد الأصناف\")","v":"ترابة"},null,null,null,25]
[null,null,null,null,null,null,"رئيسي",null,null,null,"2016-01-18",5,{"$f":"IFERROR(IF(L13=\"\",\"\",VLOOKUP(L13,code[],2,0)),\"مراجعة تكويد الأصناف\")","v":"باطون أبيض"},null,null,null,18]
[null,null,null,null,null,null,"رئيسي",null,null,null,"2016-01-30",6,{"$f":"IFERROR(IF(L14=\"\",\"\",VLOOKUP(L14,code[],2,0)),\"مراجعة تكويد الأصناف\")","v":"ديفنول"},null,null,null,14]
[null,null,null,null,null,null,"رئيسي",null,null,null,"2016-03-17",7,{"$f":"IFERROR(IF(L15=\"\",\"\",VLOOKUP(L15,code[],2,0)),\"مراجعة تكويد الأصناف\")","v":"دعائم"},null,null,null,7]
[null,null,null,null,null,null,"رئيسي",null,null,null,"2016-02-03",7,{"$f":"IFERROR(IF(L16=\"\",\"\",VLOOKUP(L16,code[],2,0)),\"مراجعة تكويد الأصناف\")","v":"دعائم"},null,null,null,4]
[null,null,null,null,null,null,"رئيسي",null,null,null,null,null,{"$f":"IFERROR(IF(L17=\"\",\"\",VLOOKUP(L17,code[],2,0)),\"مراجعة تكويد الأصناف\")","v":""}]
[null,null,null,null,null,null,"رئيسي",null,null,null,null,null,{"$f":"IFERROR(IF(L18=\"\",\"\",VLOOKUP(L18,code[],2,0)),\"مراجعة تكويد الأصناف\")","v":""}]
[null,null,null,null,null,null,null,null,null,null,null,null,{"$f":"IFERROR(IF(L19=\"\",\"\",VLOOKUP(L19,code[],2,0)),\"مراجعة تكويد الأصناف\")","v":""}]
[null,null,null,null,null,null,null,null,null,null,null,null,{"$f":"IFERROR(IF(L20=\"\",\"\",VLOOKUP(L20,code[],2,0)),\"مراجعة تكويد الأصناف\")","v":""}]

{"sheet":"Main Store","index":3,"n_rows":18,"n_cols":11,"rows_kept":18,"cut":false,"hidden":false,"merged":[[2,1,2,7]]}
[]
[null,null,null,null,null,null,null,null,null,null,"رئيسي"]
[]
[]
[]
[null,"الرقم المتسلسل","كود الصنف","اسم الصنف","رصيد أول","وارد","صادر","رصيد آخر"]
[null,{"$f":"IF(C6<>\"\",ROW()-6,\"\")","v":1},{"$f":"IF(main[[#This Row],[الرقم المتسلسل]]<>\"\",'Code'!B6,\"\")","v":1},{"$f":"IF(main[[#This Row],[كود الصنف]]<>\"\",'Code'!C6,\"\")","v":"ترابة"},{"$f":"IF(main[[#This Row],[كود الصنف]]<>\"\",'Code'!E6,\"\")","v":17},{"$f":"SUMIFS(add[[#This Row],[الكمية المضافة]],add[[#This Row],[كود الصنف]],C7,add[[#This Row],[مخزن الإضافة]],$K$2)","v":99},{"$f":"SUMIFS(low[[#This Row],[الكميه المنصرفه]],low[[#This Row],[رقم الصنف]],C7,low[[#This Row],[مخزن الصرف]],$K$2)","v":15},{"$f":"SUM(E7:F7)-G7","v":101}]
[null,{"$f":"IF(C7<>\"\",ROW()-6,\"\")","v":2},{"$f":"IF(main[[#This Row],[الرقم المتسلسل]]<>\"\",'Code'!B7,\"\")","v":2},{"$f":"IF(main[[#This Row],[كود الصنف]]<>\"\",'Code'!C7,\"\")","v":"مخلوط"},{"$f":"IF(main[[#This Row],[كود الصنف]]<>\"\",'Code'!E7,\"\")","v":12},{"$f":"SUMIFS(add[[#This Row],[الكمية المضافة]],add[[#This Row],[كود الصنف]],C8,add[[#This Row],[مخزن الإضافة]],$K$2)","v":4},{"$f":"SUMIFS(low[[#This Row],[الكميه المنصرفه]],low[[#This Row],[رقم الصنف]],C8,low[[#This Row],[مخزن الصرف]],$K$2)","v":0},{"$f":"SUM(E8:F8)-G8","v":16}]
[null,3,{"$f":"IF(main[[#This Row],[الرقم المتسلسل]]<>\"\",'Code'!B8,\"\")","v":3},{"$f":"IF(main[[#This Row],[كود الصنف]]<>\"\",'Code'!C8,\"\")","v":"سرك"},{"$f":"IF(main[[#This Row],[كود الصنف]]<>\"\",'Code'!E8,\"\")","v":10},{"$f":"SUMIFS(add[[#This Row],[الكمية المضافة]],add[[#This Row],[كود الصنف]],C9,add[[#This Row],[مخزن الإضافة]],$K$2)","v":5},{"$f":"SUMIFS(low[[#This Row],[الكميه المنصرفه]],low[[#This Row],[رقم الصنف]],C9,low[[#This Row],[مخزن الصرف]],$K$2)","v":0},15]
[null,4,{"$f":"IF(main[[#This Row],[الرقم المتسلسل]]<>\"\",'Code'!B9,\"\")","v":4},{"$f":"IF(main[[#This Row],[كود الصنف]]<>\"\",'Code'!C9,\"\")","v":"بودرة"},{"$f":"IF(main[[#This Row],[كود الصنف]]<>\"\",'Code'!E9,\"\")","v":17},{"$f":"SUMIFS(add[[#This Row],[الكمية المضافة]],add[[#This Row],[كود الصنف]],C10,add[[#This Row],[مخزن الإضافة]],$K$2)","v":0},{"$f":"SUMIFS(low[[#This Row],[الكميه المنصرفه]],low[[#This Row],[رقم الصنف]],C10,low[[#This Row],[مخزن الصرف]],$K$2)","v":0},17]
[null,5,{"$f":"IF(main[[#This Row],[الرقم المتسلسل]]<>\"\",'Code'!B10,\"\")","v":5},{"$f":"IF(main[[#This Row],[كود الصنف]]<>\"\",'Code'!C10,\"\")","v":"باطون أبيض"},{"$f":"IF(main[[#This Row],[كود الصنف]]<>\"\",'Code'!E10,\"\")","v":22},{"$f":"SUMIFS(add[[#This Row],[الكمية المضافة]],add[[#This Row],[كود الصنف]],C11,add[[#This Row],[مخزن الإضافة]],$K$2)","v":0},{"$f":"SUMIFS(low[[#This Row],[الكميه المنصرفه]],low[[#This Row],[رقم الصنف]],C11,low[[#This Row],[مخزن الصرف]],$K$2)","v":16},6]
[null,6,{"$f":"IF(main[[#This Row],[الرقم المتسلسل]]<>\"\",'Code'!B11,\"\")","v":6},{"$f":"IF(main[[#This Row],[كود الصنف]]<>\"\",'Code'!C11,\"\")","v":"ديفنول"},{"$f":"IF(main[[#This Row],[كود الصنف]]<>\"\",'Code'!E11,\"\")","v":10},{"$f":"SUMIFS(add[[#This Row],[الكمية المضافة]],add[[#This Row],[كود الصنف]],C12,add[[#This Row],[مخزن الإضافة]],$K$2)","v":0},{"$f":"SUMIFS(low[[#This Row],[الكميه المنصرفه]],low[[#This Row],[رقم الصنف]],C12,low[[#This Row],[مخزن الصرف]],$K$2)","v":0},10]
[null,7,{"$f":"IF(main[[#This Row],[الرقم المتسلسل]]<>\"\",'Code'!B12,\"\")","v":7},{"$f":"IF(main[[#This Row],[كود الصنف]]<>\"\",'Code'!C12,\"\")","v":"دعائم"},{"$f":"IF(main[[#This Row],[كود الصنف]]<>\"\",'Code'!E12,\"\")","v":15},{"$f":"SUMIFS(add[[#This Row],[الكمية المضافة]],add[[#This Row],[كود الصنف]],C13,add[[#This Row],[مخزن الإضافة]],$K$2)","v":0},{"$f":"SUMIFS(low[[#This Row],[الكميه المنصرفه]],low[[#This Row],[رقم الصنف]],C13,low[[#This Row],[مخزن الصرف]],$K$2)","v":0},15]
[null,8,{"$f":"IF(main[[#This Row],[الرقم المتسلسل]]<>\"\",'Code'!B13,\"\")","v":""},{"$f":"IF(main[[#This Row],[كود الصنف]]<>\"\",'Code'!C13,\"\")","v":""},{"$f":"IF(main[[#This Row],[كود الصنف]]<>\"\",'Code'!E13,\"\")","v":""},{"$f":"SUMIFS(add[[#This Row],[الكمية المضافة]],add[[#This Row],[كود الصنف]],C14,add[[#This Row],[مخزن الإضافة]],$K$2)","v":0},{"$f":"SUMIFS(low[[#This Row],[الكميه المنصرفه]],low[[#This Row],[رقم الصنف]],C14,low[[#This Row],[مخزن الصرف]],$K$2)","v":0},0]
[null,"",{"$f":"IF(main[[#This Row],[الرقم المتسلسل]]<>\"\",'Code'!B14,\"\")","v":""},{"$f":"IF(main[[#This Row],[كود الصنف]]<>\"\",'Code'!C14,\"\")","v":""},{"$f":"IF(main[[#This Row],[كود الصنف]]<>\"\",'Code'!E14,\"\")","v":""},{"$f":"SUMIFS(add[[#This Row],[الكمية المضافة]],add[[#This Row],[كود الصنف]],C15,add[[#This Row],[مخزن الإضافة]],$K$2)","v":0},{"$f":"SUMIFS(low[[#This Row],[الكميه المنصرفه]],low[[#This Row],[رقم الصنف]],C15,low[[#This Row],[مخزن الصرف]],$K$2)","v":0},0]
[null,"",{"$f":"IF(main[[#This Row],[الرقم المتسلسل]]<>\"\",'Code'!B15,\"\")","v":""},{"$f":"IF(main[[#This Row],[كود الصنف]]<>\"\",'Code'!C15,\"\")","v":""},{"$f":"IF(main[[#This Row],[كود الصنف]]<>\"\",'Code'!E15,\"\")","v":""},{"$f":"SUMIFS(add[[#This Row],[الكمية المضافة]],add[[#This Row],[كود الصنف]],C16,add[[#This Row],[مخزن الإضافة]],$K$2)","v":0},{"$f":"SUMIFS(low[[#This Row],[الكميه المنصرفه]],low[[#This Row],[رقم الصنف]],C16,low[[#This Row],[مخزن الصرف]],$K$2)","v":0},0]
[null,"",{"$f":"IF(main[[#This Row],[الرقم المتسلسل]]<>\"\",'Code'!B16,\"\")","v":""},{"$f":"IF(main[[#This Row],[كود الصنف]]<>\"\",'Code'!C16,\"\")","v":""},{"$f":"IF(main[[#This Row],[كود الصنف]]<>\"\",'Code'!E16,\"\")","v":""},{"$f":"SUMIFS(add[[#This Row],[الكمية المضافة]],add[[#This Row],[كود الصنف]],C17,add[[#This Row],[مخزن الإضافة]],$K$2)","v":0},{"$f":"SUMIFS(low[[#This Row],[الكميه المنصرفه]],low[[#This Row],[رقم الصنف]],C17,low[[#This Row],[مخزن الصرف]],$K$2)","v":0},0]
[null,"",{"$f":"IF(main[[#This Row],[الرقم المتسلسل]]<>\"\",'Code'!B17,\"\")","v":""},{"$f":"IF(main[[#This Row],[كود الصنف]]<>\"\",'Code'!C17,\"\")","v":""},{"$f":"IF(main[[#This Row],[كود الصنف]]<>\"\",'Code'!E17,\"\")","v":""},{"$f":"SUMIFS(add[[#This Row],[الكمية المضافة]],add[[#This Row],[كود الصنف]],C18,add[[#This Row],[مخزن الإضافة]],$K$2)","v":0},{"$f":"SUMIFS(low[[#This Row],[الكميه المنصرفه]],low[[#This Row],[رقم الصنف]],C18,low[[#This Row],[مخزن الصرف]],$K$2)","v":0},0]

{"sheet":"Sub Store","index":4,"n_rows":18,"n_cols":11,"rows_kept":18,"cut":false,"hidden":false,"merged":[[2,1,2,8]]}
[]
[null,null,null,null,null,null,null,null,null,null,"فرعي"]
[]
[]
[]
[null,"الرقم المتسلسل","كود الصنف","اسم الصنف","طبيعة الصنف","رصيد أول","وارد","صادر","رصيد آخر"]
[null,{"$f":"IF(C6<>\"\",ROW()-6,\"\")","v":1},{"$f":"IF(main[[#This Row],[الرقم المتسلسل]]<>\"\",'Code'!B6,\"\")","v":1},{"$f":"IF(main[[#This Row],[كود الصنف]]<>\"\",'Code'!C6,\"\")","v":"ترابة"},null,{"$f":"IF(substore[[#This Row],[كود الصنف]]<>\"\",'Code'!E6,\"\")","v":17},{"$f":"SUMIFS(add[[#This Row],[الكمية المضافة]],add[[#This Row],[كود الصنف]],substore[[#This Row],[كود الصنف]],add[[#This Row],[مخزن الإضافة]],$K$2)","v":0},{"$f":"SUMIFS(low[[#This Row],[الكميه المنصرفه]],low[[#This Row],[رقم الصنف]],C7,low[[#This Row],[مخزن الصرف]],$K$2)","v":0},{"$f":"SUM(F7:G7)-H7","v":17}]
[null,{"$f":"IF(C7<>\"\",ROW()-6,\"\")","v":2},{"$f":"IF(main[[#This Row],[الرقم المتسلسل]]<>\"\",'Code'!B7,\"\")","v":2},{"$f":"IF(main[[#This Row],[كود الصنف]]<>\"\",'Code'!C7,\"\")","v":"مخلوط"},null,{"$f":"IF(substore[[#This Row],[كود الصنف]]<>\"\",'Code'!E7,\"\")","v":12},{"$f":"SUMIFS(add[[#This Row],[الكمية المضافة]],add[[#This Row],[كود الصنف]],substore[[#This Row],[كود الصنف]],add[[#This Row],[مخزن الإضافة]],$K$2)","v":0},{"$f":"SUMIFS(low[[#This Row],[الكميه المنصرفه]],low[[#This Row],[رقم الصنف]],C8,low[[#This Row],[مخزن الصرف]],$K$2)","v":0},{"$f":"SUM(F8:G8)-H8","v":12}]
[null,3,{"$f":"IF(main[[#This Row],[الرقم المتسلسل]]<>\"\",'Code'!B8,\"\")","v":3},{"$f":"IF(main[[#This Row],[كود الصنف]]<>\"\",'Code'!C8,\"\")","v":"سرك"},null,{"$f":"IF(substore[[#This Row],[كود الصنف]]<>\"\",'Code'!E8,\"\")","v":10},{"$f":"SUMIFS(add[[#This Row],[الكمية المضافة]],add[[#This Row],[كود الصنف]],substore[[#This Row],[كود الصنف]],add[[#This Row],[مخزن الإضافة]],$K$2)","v":0},{"$f":"SUMIFS(low[[#This Row],[الكميه المنصرفه]],low[[#This Row],[رقم الصنف]],C9,low[[#This Row],[مخزن الصرف]],$K$2)","v":0},10]
[null,4,{"$f":"IF(main[[#This Row],[الرقم المتسلسل]]<>\"\",'Code'!B9,\"\")","v":4},{"$f":"IF(main[[#This Row],[كود الصنف]]<>\"\",'Code'!C9,\"\")","v":"بودرة"},null,{"$f":"IF(substore[[#This Row],[كود الصنف]]<>\"\",'Code'!E9,\"\")","v":17},{"$f":"SUMIFS(add[[#This Row],[الكمية المضافة]],add[[#This Row],[كود الصنف]],substore[[#This Row],[كود الصنف]],add[[#This Row],[مخزن الإضافة]],$K$2)","v":0},{"$f":"SUMIFS(low[[#This Row],[الكميه المنصرفه]],low[[#This Row],[رقم الصنف]],C10,low[[#This Row],[مخزن الصرف]],$K$2)","v":0},17]
[null,5,{"$f":"IF(main[[#This Row],[الرقم المتسلسل]]<>\"\",'Code'!B10,\"\")","v":5},{"$f":"IF(main[[#This Row],[كود الصنف]]<>\"\",'Code'!C10,\"\")","v":"باطون أبيض"},null,{"$f":"IF(substore[[#This Row],[كود الصنف]]<>\"\",'Code'!E10,\"\")","v":22},{"$f":"SUMIFS(add[[#This Row],[الكمية المضافة]],add[[#This Row],[كود الصنف]],substore[[#This Row],[كود الصنف]],add[[#This Row],[مخزن الإضافة]],$K$2)","v":0},{"$f":"SUMIFS(low[[#This Row],[الكميه المنصرفه]],low[[#This Row],[رقم الصنف]],C11,low[[#This Row],[مخزن الصرف]],$K$2)","v":0},22]
[null,6,{"$f":"IF(main[[#This Row],[الرقم المتسلسل]]<>\"\",'Code'!B11,\"\")","v":6},{"$f":"IF(main[[#This Row],[كود الصنف]]<>\"\",'Code'!C11,\"\")","v":"ديفنول"},null,{"$f":"IF(substore[[#This Row],[كود الصنف]]<>\"\",'Code'!E11,\"\")","v":10},{"$f":"SUMIFS(add[[#This Row],[الكمية المضافة]],add[[#This Row],[كود الصنف]],substore[[#This Row],[كود الصنف]],add[[#This Row],[مخزن الإضافة]],$K$2)","v":0},{"$f":"SUMIFS(low[[#This Row],[الكميه المنصرفه]],low[[#This Row],[رقم الصنف]],C12,low[[#This Row],[مخزن الصرف]],$K$2)","v":0},10]
[null,7,{"$f":"IF(main[[#This Row],[الرقم المتسلسل]]<>\"\",'Code'!B12,\"\")","v":7},{"$f":"IF(main[[#This Row],[كود الصنف]]<>\"\",'Code'!C12,\"\")","v":"دعائم"},null,{"$f":"IF(substore[[#This Row],[كود الصنف]]<>\"\",'Code'!E12,\"\")","v":15},{"$f":"SUMIFS(add[[#This Row],[الكمية المضافة]],add[[#This Row],[كود الصنف]],substore[[#This Row],[كود الصنف]],add[[#This Row],[مخزن الإضافة]],$K$2)","v":0},{"$f":"SUMIFS(low[[#This Row],[الكميه المنصرفه]],low[[#This Row],[رقم الصنف]],C13,low[[#This Row],[مخزن الصرف]],$K$2)","v":0},15]
[null,8,{"$f":"IF(main[[#This Row],[الرقم المتسلسل]]<>\"\",'Code'!B13,\"\")","v":""},{"$f":"IF(main[[#This Row],[كود الصنف]]<>\"\",'Code'!C13,\"\")","v":""},null,{"$f":"IF(substore[[#This Row],[كود الصنف]]<>\"\",'Code'!E13,\"\")","v":""},{"$f":"SUMIFS(add[[#This Row],[الكمية المضافة]],add[[#This Row],[كود الصنف]],substore[[#This Row],[كود الصنف]],add[[#This Row],[مخزن الإضافة]],$K$2)","v":0},{"$f":"SUMIFS(low[[#This Row],[الكميه المنصرفه]],low[[#This Row],[رقم الصنف]],C14,low[[#This Row],[مخزن الصرف]],$K$2)","v":0},0]
[null,"",{"$f":"IF(main[[#This Row],[الرقم المتسلسل]]<>\"\",'Code'!B14,\"\")","v":""},{"$f":"IF(main[[#This Row],[كود الصنف]]<>\"\",'Code'!C14,\"\")","v":""},null,{"$f":"IF(substore[[#This Row],[كود الصنف]]<>\"\",'Code'!E14,\"\")","v":""},{"$f":"SUMIFS(add[[#This Row],[الكمية المضافة]],add[[#This Row],[كود الصنف]],substore[[#This Row],[كود الصنف]],add[[#This Row],[مخزن الإضافة]],$K$2)","v":0},{"$f":"SUMIFS(low[[#This Row],[الكميه المنصرفه]],low[[#This Row],[رقم الصنف]],C15,low[[#This Row],[مخزن الصرف]],$K$2)","v":0},0]
[null,"",{"$f":"IF(main[[#This Row],[الرقم المتسلسل]]<>\"\",'Code'!B15,\"\")","v":""},{"$f":"IF(main[[#This Row],[كود الصنف]]<>\"\",'Code'!C15,\"\")","v":""},null,{"$f":"IF(substore[[#This Row],[كود الصنف]]<>\"\",'Code'!E15,\"\")","v":""},{"$f":"SUMIFS(add[[#This Row],[الكمية المضافة]],add[[#This Row],[كود الصنف]],substore[[#This Row],[كود الصنف]],add[[#This Row],[مخزن الإضافة]],$K$2)","v":0},{"$f":"SUMIFS(low[[#This Row],[الكميه المنصرفه]],low[[#This Row],[رقم الصنف]],C16,low[[#This Row],[مخزن الصرف]],$K$2)","v":0},0]
[null,"",{"$f":"IF(main[[#This Row],[الرقم المتسلسل]]<>\"\",'Code'!B16,\"\")","v":""},{"$f":"IF(main[[#This Row],[كود الصنف]]<>\"\",'Code'!C16,\"\")","v":""},null,{"$f":"IF(substore[[#This Row],[كود الصنف]]<>\"\",'Code'!E16,\"\")","v":""},{"$f":"SUMIFS(add[[#This Row],[الكمية المضافة]],add[[#This Row],[كود الصنف]],substore[[#This Row],[كود الصنف]],add[[#This Row],[مخزن الإضافة]],$K$2)","v":0},{"$f":"SUMIFS(low[[#This Row],[الكميه المنصرفه]],low[[#This Row],[رقم الصنف]],C17,low[[#This Row],[مخزن الصرف]],$K$2)","v":0},0]
[null,"",{"$f":"IF(main[[#This Row],[الرقم المتسلسل]]<>\"\",'Code'!B17,\"\")","v":""},{"$f":"IF(main[[#This Row],[كود الصنف]]<>\"\",'Code'!C17,\"\")","v":""},null,{"$f":"IF(substore[[#This Row],[كود الصنف]]<>\"\",'Code'!E17,\"\")","v":""},{"$f":"SUMIFS(add[[#This Row],[الكمية المضافة]],add[[#This Row],[كود الصنف]],substore[[#This Row],[كود الصنف]],add[[#This Row],[مخزن الإضافة]],$K$2)","v":0},{"$f":"SUMIFS(low[[#This Row],[الكميه المنصرفه]],low[[#This Row],[رقم الصنف]],C18,low[[#This Row],[مخزن الصرف]],$K$2)","v":0},0]

{"sheet":"Report","index":5,"n_rows":972,"n_cols":10,"rows_kept":972,"cut":false,"hidden":false,"merged":[[1,2,1,7],[12,2,12,6]]}
[null,null,null,null,null,null,null,null,{"$f":"IF('Code'!B6=1,MIN(code[كود الصنف]),MIN(code[كود الصنف])+1)","v":1},{"$f":"MAX(code[كود الصنف])","v":7}]
[]
[null,null,"رئيسي","اسم المخزن",null,"كود الصنف",1]
[]
[null,null,"2016-01-01","تاريخ بداية التقرير",null,"اسم الصنف",{"$f":"IFERROR(VLOOKUP('Report'!G3,'Code'!$B$6:$F$158,2,0),\"\")","v":"ترابة"}]
[]
[null,null,"2016-01-31","تاريخ نهاية التقرير",null,{"$f":"IF(AND(G7<>\"\",G7<>0),\"رصيد سابق\",\"\")","v":"رصيد سابق"},{"$f":"IF(C13<>\"\",VLOOKUP(G3,code[],4,0),\"\")","v":17}]
[]
[null,null,{"$f":"IF(G3=\"\",\"\",SUM(report[وارد]))","v":104},"مجموع الوارد",null,"مجموع الصادر",{"$f":"IF(G3=\"\",\"\",SUM(report[صادر]))","v":40}]
[]
[null,null,null,"الرصيد:",{"$f":"IFERROR(IF(G3=\"\",\"\",(G7+C9)-G9),\"\")","v":81}]
[]
[null,null,{"$f":"G5","v":"ترابة"}]
["تاريخ",null,"التاريخ","وارد","صادر","الرصيد","ملاحظات","ملاحظات2"]
[{"$f":"C5","v":"2016-01-01"},null,{"$f":"C5","v":"2016-01-01"},{"$f":"IF(C15<>\"\",SUMIFS(add[الكمية المضافة],add[اسم الصنف],'Report'!$G$5,add[مخزن الإضافة],'Report'!$C$3,add[تاريخ الإذن],'Report'!C15),\"\")","v":99},{"$f":"IF(C15<>\"\",SUMIFS(low[الكميه المنصرفه],low[اسم الصنف],'Report'!$G$5,low[مخزن الصرف],'Report'!$C$3,low[تاريخ الإذن],'Report'!C15),\"\")","v":15},{"$f":"IFERROR(IF(C15<>\"\",$G$7+D15-E15,\"\"),\"\")","v":101},null,{"$f":"IF( OR(report[[#This Row],[صادر]]>0,report[[#This Row],[وارد]]>0),\"يحسب\",\"\")","v":"يحسب"}]
[{"$f":"A15+1","v":"2016-01-02"},null,{"$f":"IFERROR(IF(C15+1<=$C$7,C15+1,\"\"),\"\")","v":"2016-01-02"},{"$f":"IF(C16<>\"\",SUMIFS(add[الكمية المضافة],add[اسم الصنف],'Report'!$G$5,add[مخزن الإضافة],'Report'!$C$3,add[تاريخ الإذن],'Report'!C16),\"\")","v":0},{"$f":"IF(C16<>\"\",SUMIFS(low[الكميه المنصرفه],low[اسم الصنف],'Report'!$G$5,low[مخزن الصرف],'Report'!$C$3,low[تاريخ الإذن],'Report'!C16),\"\")","v":0},{"$f":"IFERROR(IF(C16<>\"\",F15+D16-E16,\"\"),\"\")","v":101},null,{"$f":"IF( OR(report[[#This Row],[صادر]]>0,report[[#This Row],[وارد]]>0),\"يحسب\",\"\")","v":""}]
[{"$f":"A16+1","v":"2016-01-03"},null,"2016-01-03",{"$f":"IF(C17<>\"\",SUMIFS(add[الكمية المضافة],add[اسم الصنف],'Report'!$G$5,add[مخزن الإضافة],'Report'!$C$3,add[تاريخ الإذن],'Report'!C17),\"\")","v":0},{"$f":"IF(C17<>\"\",SUMIFS(low[الكميه المنصرفه],low[اسم الصنف],'Report'!$G$5,low[مخزن الصرف],'Report'!$C$3,low[تاريخ الإذن],'Report'!C17),\"\")","v":0},{"$f":"IFERROR(IF(C17<>\"\",F16+D17-E17,\"\"),\"\")","v":101},null,{"$f":"IF( OR(report[[#This Row],[صادر]]>0,report[[#This Row],[وارد]]>0),\"يحسب\",\"\")","v":""}]
["2016-01-04",null,"2016-01-04",{"$f":"IF(C18<>\"\",SUMIFS(add[الكمية المضافة],add[اسم الصنف],'Report'!$G$5,add[مخزن الإضافة],'Report'!$C$3,add[تاريخ الإذن],'Report'!C18),\"\")","v":0},{"$f":"IF(C18<>\"\",SUMIFS(low[الكميه المنصرفه],low[اسم الصنف],'Report'!$G$5,low[مخزن الصرف],'Report'!$C$3,low[تاريخ الإذن],'Report'!C18),\"\")","v":0},101,null,{"$f":"IF( OR(report[[#This Row],[صادر]]>0,report[[#This Row],[وارد]]>0),\"يحسب\",\"\")","v":""}]
["2016-01-05",null,"2016-01-05",{"$f":"IF(C19<>\"\",SUMIFS(add[الكمية المضافة],add[اسم الصنف],'Report'!$G$5,add[مخزن الإضافة],'Report'!$C$3,add[تاريخ الإذن],'Report'!C19),\"\")","v":0},{"$f":"IF(C19<>\"\",SUMIFS(low[الكميه المنصرفه],low[اسم الصنف],'Report'!$G$5,low[مخزن الصرف],'Report'!$C$3,low[تاريخ الإذن],'Report'!C19),\"\")","v":0},101,null,{"$f":"IF( OR(report[[#This Row],[صادر]]>0,report[[#This Row],[وارد]]>0),\"يحسب\",\"\")","v":""}]
["2016-01-06",null,"2016-01-06",{"$f":"IF(C20<>\"\",SUMIFS(add[الكمية المضافة],add[اسم الصنف],'Report'!$G$5,add[مخزن الإضافة],'Report'!$C$3,add[تاريخ الإذن],'Report'!C20),\"\")","v":0},{"$f":"IF(C20<>\"\",SUMIFS(low[الكميه المنصرفه],low[اسم الصنف],'Report'!$G$5,low[مخزن الصرف],'Report'!$C$3,low[تاريخ الإذن],'Report'!C20),\"\")","v":0},101,null,{"$f":"IF( OR(report[[#This Row],[صادر]]>0,report[[#This Row],[وارد]]>0),\"يحسب\",\"\")","v":""}]
["2016-01-07",null,"2016-01-07",{"$f":"IF(C21<>\"\",SUMIFS(add[الكمية المضافة],add[اسم الصنف],'Report'!$G$5,add[مخزن الإضافة],'Report'!$C$3,add[تاريخ الإذن],'Report'!C21),\"\")","v":0},{"$f":"IF(C21<>\"\",SUMIFS(low[الكميه المنصرفه],low[اسم الصنف],'Report'!$G$5,low[مخزن الصرف],'Report'!$C$3,low[تاريخ الإذن],'Report'!C21),\"\")","v":0},101,null,{"$f":"IF( OR(report[[#This Row],[صادر]]>0,report[[#This Row],[وارد]]>0),\"يحسب\",\"\")","v":""}]
["2016-01-08",null,"2016-01-08",{"$f":"IF(C22<>\"\",SUMIFS(add[الكمية المضافة],add[اسم الصنف],'Report'!$G$5,add[مخزن الإضافة],'Report'!$C$3,add[تاريخ الإذن],'Report'!C22),\"\")","v":0},{"$f":"IF(C22<>\"\",SUMIFS(low[الكميه المنصرفه],low[اسم الصنف],'Report'!$G$5,low[مخزن الصرف],'Report'!$C$3,low[تاريخ الإذن],'Report'!C22),\"\")","v":0},101,null,{"$f":"IF( OR(report[[#This Row],[صادر]]>0,report[[#This Row],[وارد]]>0),\"يحسب\",\"\")","v":""}]
["2016-01-09",null,"2016-01-09",{"$f":"IF(C23<>\"\",SUMIFS(add[الكمية المضافة],add[اسم الصنف],'Report'!$G$5,add[مخزن الإضافة],'Report'!$C$3,add[تاريخ الإذن],'Report'!C23),\"\")","v":0},{"$f":"IF(C23<>\"\",SUMIFS(low[الكميه المنصرفه],low[اسم الصنف],'Report'!$G$5,low[مخزن الصرف],'Report'!$C$3,low[تاريخ الإذن],'Report'!C23),\"\")","v":0},101,null,{"$f":"IF( OR(report[[#This Row],[صادر]]>0,report[[#This Row],[وارد]]>0),\"يحسب\",\"\")","v":""}]
["2016-01-10",null,"2016-01-10",{"$f":"IF(C24<>\"\",SUMIFS(add[الكمية المضافة],add[اسم الصنف],'Report'!$G$5,add[مخزن الإضافة],'Report'!$C$3,add[تاريخ الإذن],'Report'!C24),\"\")","v":0},{"$f":"IF(C24<>\"\",SUMIFS(low[الكميه المنصرفه],low[اسم الصنف],'Report'!$G$5,low[مخزن الصرف],'Report'!$C$3,low[تاريخ الإذن],'Report'!C24),\"\")","v":0},101,null,{"$f":"IF( OR(report[[#This Row],[صادر]]>0,report[[#This Row],[وارد]]>0),\"يحسب\",\"\")","v":""}]
["2016-01-11",null,"2016-01-11",{"$f":"IF(C25<>\"\",SUMIFS(add[الكمية المضافة],add[اسم الصنف],'Report'!$G$5,add[مخزن الإضافة],'Report'!$C$3,add[تاريخ الإذن],'Report'!C25),\"\")","v":0},{"$f":"IF(C25<>\"\",SUMIFS(low[الكميه المنصرفه],low[اسم الصنف],'Report'!$G$5,low[مخزن الصرف],'Report'!$C$3,low[تاريخ الإذن],'Report'!C25),\"\")","v":0},101,null,{"$f":"IF( OR(report[[#This Row],[صادر]]>0,report[[#This Row],[وارد]]>0),\"يحسب\",\"\")","v":""}]
["2016-01-12",null,"2016-01-12",{"$f":"IF(C26<>\"\",SUMIFS(add[الكمية المضافة],add[اسم الصنف],'Report'!$G$5,add[مخزن الإضافة],'Report'!$C$3,add[تاريخ الإذن],'Report'!C26),\"\")","v":0},{"$f":"IF(C26<>\"\",SUMIFS(low[الكميه المنصرفه],low[اسم الصنف],'Report'!$G$5,low[مخزن الصرف],'Report'!$C$3,low[تاريخ الإذن],'Report'!C26),\"\")","v":0},101,null,{"$f":"IF( OR(report[[#This Row],[صادر]]>0,report[[#This Row],[وارد]]>0),\"يحسب\",\"\")","v":""}]
["2016-01-13",null,"2016-01-13",{"$f":"IF(C27<>\"\",SUMIFS(add[الكمية المضافة],add[اسم الصنف],'Report'!$G$5,add[مخزن الإضافة],'Report'!$C$3,add[تاريخ الإذن],'Report'!C27),\"\")","v":0},{"$f":"IF(C27<>\"\",SUMIFS(low[الكميه المنصرفه],low[اسم الصنف],'Report'!$G$5,low[مخزن الصرف],'Report'!$C$3,low[تاريخ الإذن],'Report'!C27),\"\")","v":0},101,null,{"$f":"IF( OR(report[[#This Row],[صادر]]>0,report[[#This Row],[وارد]]>0),\"يحسب\",\"\")","v":""}]
["2016-01-14",null,"2016-01-14",{"$f":"IF(C28<>\"\",SUMIFS(add[الكمية المضافة],add[اسم الصنف],'Report'!$G$5,add[مخزن الإضافة],'Report'!$C$3,add[تاريخ الإذن],'Report'!C28),\"\")","v":0},{"$f":"IF(C28<>\"\",SUMIFS(low[الكميه المنصرفه],low[اسم الصنف],'Report'!$G$5,low[مخزن الصرف],'Report'!$C$3,low[تاريخ الإذن],'Report'!C28),\"\")","v":25},76,null,{"$f":"IF( OR(report[[#This Row],[صادر]]>0,report[[#This Row],[وارد]]>0),\"يحسب\",\"\")","v":"يحسب"}]
["2016-01-15",null,"2016-01-15",{"$f":"IF(C29<>\"\",SUMIFS(add[الكمية المضافة],add[اسم الصنف],'Report'!$G$5,add[مخزن الإضافة],'Report'!$C$3,add[تاريخ الإذن],'Report'!C29),\"\")","v":2},{"$f":"IF(C29<>\"\",SUMIFS(low[الكميه المنصرفه],low[اسم الصنف],'Report'!$G$5,low[مخزن الصرف],'Report'!$C$3,low[تاريخ الإذن],'Report'!C29),\"\")","v":0},78,null,{"$f":"IF( OR(report[[#This Row],[صادر]]>0,report[[#This Row],[وارد]]>0),\"يحسب\",\"\")","v":"يحسب"}]
["2016-01-16",null,"2016-01-16",{"$f":"IF(C30<>\"\",SUMIFS(add[الكمية المضافة],add[اسم الصنف],'Report'!$G$5,add[مخزن الإضافة],'Report'!$C$3,add[تاريخ الإذن],'Report'!C30),\"\")","v":0},{"$f":"IF(C30<>\"\",SUMIFS(low[الكميه المنصرفه],low[اسم الصنف],'Report'!$G$5,low[مخزن الصرف],'Report'!$C$3,low[تاريخ الإذن],'Report'!C30),\"\")","v":0},78,null,{"$f":"IF( OR(report[[#This Row],[صادر]]>0,report[[#This Row],[وارد]]>0),\"يحسب\",\"\")","v":""}]
["2016-01-17",null,"2016-01-17",{"$f":"IF(C31<>\"\",SUMIFS(add[الكمية المضافة],add[اسم الصنف],'Report'!$G$5,add[مخزن الإضافة],'Report'!$C$3,add[تاريخ الإذن],'Report'!C31),\"\")","v":0},{"$f":"IF(C31<>\"\",SUMIFS(low[الكميه المنصرفه],low[اسم الصنف],'Report'!$G$5,low[مخزن الصرف],'Report'!$C$3,low[تاريخ الإذن],'Report'!C31),\"\")","v":0},78,null,{"$f":"IF( OR(report[[#This Row],[صادر]]>0,report[[#This Row],[وارد]]>0),\"يحسب\",\"\")","v":""}]
["2016-01-18",null,"2016-01-18",{"$f":"IF(C32<>\"\",SUMIFS(add[الكمية المضافة],add[اسم الصنف],'Report'!$G$5,add[مخزن الإضافة],'Report'!$C$3,add[تاريخ الإذن],'Report'!C32),\"\")","v":0},{"$f":"IF(C32<>\"\",SUMIFS(low[الكميه المنصرفه],low[اسم الصنف],'Report'!$G$5,low[مخزن الصرف],'Report'!$C$3,low[تاريخ الإذن],'Report'!C32),\"\")","v":0},78,null,{"$f":"IF( OR(report[[#This Row],[صادر]]>0,report[[#This Row],[وارد]]>0),\"يحسب\",\"\")","v":""}]
["2016-01-19",null,"2016-01-19",{"$f":"IF(C33<>\"\",SUMIFS(add[الكمية المضافة],add[اسم الصنف],'Report'!$G$5,add[مخزن الإضافة],'Report'!$C$3,add[تاريخ الإذن],'Report'!C33),\"\")","v":3},{"$f":"IF(C33<>\"\",SUMIFS(low[الكميه المنصرفه],low[اسم الصنف],'Report'!$G$5,low[مخزن الصرف],'Report'!$C$3,low[تاريخ الإذن],'Report'!C33),\"\")","v":0},81,null,{"$f":"IF( OR(report[[#This Row],[صادر]]>0,report[[#This Row],[وارد]]>0),\"يحسب\",\"\")","v":"يحسب"}]
["2016-01-20",null,"2016-01-20",{"$f":"IF(C34<>\"\",SUMIFS(add[الكمية المضافة],add[اسم الصنف],'Report'!$G$5,add[مخزن الإضافة],'Report'!$C$3,add[تاريخ الإذن],'Report'!C34),\"\")","v":0},{"$f":"IF(C34<>\"\",SUMIFS(low[الكميه المنصرفه],low[اسم الصنف],'Report'!$G$5,low[مخزن الصرف],'Report'!$C$3,low[تاريخ الإذن],'Report'!C34),\"\")","v":0},81,null,{"$f":"IF( OR(report[[#This Row],[صادر]]>0,report[[#This Row],[وارد]]>0),\"يحسب\",\"\")","v":""}]
["2016-01-21",null,"2016-01-21",{"$f":"IF(C35<>\"\",SUMIFS(add[الكمية المضافة],add[اسم الصنف],'Report'!$G$5,add[مخزن الإضافة],'Report'!$C$3,add[تاريخ الإذن],'Report'!C35),\"\")","v":0},{"$f":"IF(C35<>\"\",SUMIFS(low[الكميه المنصرفه],low[اسم الصنف],'Report'!$G$5,low[مخزن الصرف],'Report'!$C$3,low[تاريخ الإذن],'Report'!C35),\"\")","v":0},81,null,{"$f":"IF( OR(report[[#This Row],[صادر]]>0,report[[#This Row],[وارد]]>0),\"يحسب\",\"\")","v":""}]
["2016-01-22",null,"2016-01-22",{"$f":"IF(C36<>\"\",SUMIFS(add[الكمية المضافة],add[اسم الصنف],'Report'!$G$5,add[مخزن الإضافة],'Report'!$C$3,add[تاريخ الإذن],'Report'!C36),\"\")","v":0},{"$f":"IF(C36<>\"\",SUMIFS(low[الكميه المنصرفه],low[اسم الصنف],'Report'!$G$5,low[مخزن الصرف],'Report'!$C$3,low[تاريخ الإذن],'Report'!C36),\"\")","v":0},81,null,{"$f":"IF( OR(report[[#This Row],[صادر]]>0,report[[#This Row],[وارد]]>0),\"يحسب\",\"\")","v":""}]
["2016-01-23",null,"2016-01-23",{"$f":"IF(C37<>\"\",SUMIFS(add[الكمية المضافة],add[اسم الصنف],'Report'!$G$5,add[مخزن الإضافة],'Report'!$C$3,add[تاريخ الإذن],'Report'!C37),\"\")","v":0},{"$f":"IF(C37<>\"\",SUMIFS(low[الكميه المنصرفه],low[اسم الصنف],'Report'!$G$5,low[مخزن الصرف],'Report'!$C$3,low[تاريخ الإذن],'Report'!C37),\"\")","v":0},81,null,{"$f":"IF( OR(report[[#This Row],[صادر]]>0,report[[#This Row],[وارد]]>0),\"يحسب\",\"\")","v":""}]
["2016-01-24",null,"2016-01-24",{"$f":"IF(C38<>\"\",SUMIFS(add[الكمية المضافة],add[اسم الصنف],'Report'!$G$5,add[مخزن الإضافة],'Report'!$C$3,add[تاريخ الإذن],'Report'!C38),\"\")","v":0},{"$f":"IF(C38<>\"\",SUMIFS(low[الكميه المنصرفه],low[اسم الصنف],'Report'!$G$5,low[مخزن الصرف],'Report'!$C$3,low[تاريخ الإذن],'Report'!C38),\"\")","v":0},81,null,{"$f":"IF( OR(report[[#This Row],[صادر]]>0,report[[#This Row],[وارد]]>0),\"يحسب\",\"\")","v":""}]
["2016-01-25",null,"2016-01-25",{"$f":"IF(C39<>\"\",SUMIFS(add[الكمية المضافة],add[اسم الصنف],'Report'!$G$5,add[مخزن الإضافة],'Report'!$C$3,add[تاريخ الإذن],'Report'!C39),\"\")","v":0},{"$f":"IF(C39<>\"\",SUMIFS(low[الكميه المنصرفه],low[اسم الصنف],'Report'!$G$5,low[مخزن الصرف],'Report'!$C$3,low[تاريخ الإذن],'Report'!C39),\"\")","v":0},81,null,{"$f":"IF( OR(report[[#This Row],[صادر]]>0,report[[#This Row],[وارد]]>0),\"يحسب\",\"\")","v":""}]
["2016-01-26",null,"2016-01-26",{"$f":"IF(C40<>\"\",SUMIFS(add[الكمية المضافة],add[اسم الصنف],'Report'!$G$5,add[مخزن الإضافة],'Report'!$C$3,add[تاريخ الإذن],'Report'!C40),\"\")","v":0},{"$f":"IF(C40<>\"\",SUMIFS(low[الكميه المنصرفه],low[اسم الصنف],'Report'!$G$5,low[مخزن الصرف],'Report'!$C$3,low[تاريخ الإذن],'Report'!C40),\"\")","v":0},81,null,{"$f":"IF( OR(report[[#This Row],[صادر]]>0,report[[#This Row],[وارد]]>0),\"يحسب\",\"\")","v":""}]
["2016-01-27",null,"2016-01-27",{"$f":"IF(C41<>\"\",SUMIFS(add[الكمية المضافة],add[اسم الصنف],'Report'!$G$5,add[مخزن الإضافة],'Report'!$C$3,add[تاريخ الإذن],'Report'!C41),\"\")","v":0},{"$f":"IF(C41<>\"\",SUMIFS(low[الكميه المنصرفه],low[اسم الصنف],'Report'!$G$5,low[مخزن الصرف],'Report'!$C$3,low[تاريخ الإذن],'Report'!C41),\"\")","v":0},81,null,{"$f":"IF( OR(report[[#This Row],[صادر]]>0,report[[#This Row],[وارد]]>0),\"يحسب\",\"\")","v":""}]
["2016-01-28",null,"2016-01-28",{"$f":"IF(C42<>\"\",SUMIFS(add[الكمية المضافة],add[اسم الصنف],'Report'!$G$5,add[مخزن الإضافة],'Report'!$C$3,add[تاريخ الإذن],'Report'!C42),\"\")","v":0},{"$f":"IF(C42<>\"\",SUMIFS(low[الكميه المنصرفه],low[اسم الصنف],'Report'!$G$5,low[مخزن الصرف],'Report'!$C$3,low[تاريخ الإذن],'Report'!C42),\"\")","v":0},81,null,{"$f":"IF( OR(report[[#This Row],[صادر]]>0,report[[#This Row],[وارد]]>0),\"يحسب\",\"\")","v":""}]
["2016-01-29",null,"2016-01-29",{"$f":"IF(C43<>\"\",SUMIFS(add[الكمية المضافة],add[اسم الصنف],'Report'!$G$5,add[مخزن الإضافة],'Report'!$C$3,add[تاريخ الإذن],'Report'!C43),\"\")","v":0},{"$f":"IF(C43<>\"\",SUMIFS(low[الكميه المنصرفه],low[اسم الصنف],'Report'!$G$5,low[مخزن الصرف],'Report'!$C$3,low[تاريخ الإذن],'Report'!C43),\"\")","v":0},81,null,{"$f":"IF( OR(report[[#This Row],[صادر]]>0,report[[#This Row],[وارد]]>0),\"يحسب\",\"\")","v":""}]
["2016-01-30",null,"2016-01-30",{"$f":"IF(C44<>\"\",SUMIFS(add[الكمية المضافة],add[اسم الصنف],'Report'!$G$5,add[مخزن الإضافة],'Report'!$C$3,add[تاريخ الإذن],'Report'!C44),\"\")","v":0},{"$f":"IF(C44<>\"\",SUMIFS(low[الكميه المنصرفه],low[اسم الصنف],'Report'!$G$5,low[مخزن الصرف],'Report'!$C$3,low[تاريخ الإذن],'Report'!C44),\"\")","v":0},81,null,{"$f":"IF( OR(report[[#This Row],[صادر]]>0,report[[#This Row],[وارد]]>0),\"يحسب\",\"\")","v":""}]
["2016-01-31",null,"2016-01-31",{"$f":"IF(C45<>\"\",SUMIFS(add[الكمية المضافة],add[اسم الصنف],'Report'!$G$5,add[مخزن الإضافة],'Report'!$C$3,add[تاريخ الإذن],'Report'!C45),\"\")","v":0},{"$f":"IF(C45<>\"\",SUMIFS(low[الكميه المنصرفه],low[اسم الصنف],'Report'!$G$5,low[مخزن الصرف],'Report'!$C$3,low[تاريخ الإذن],'Report'!C45),\"\")","v":0},81,null,{"$f":"IF( OR(report[[#This Row],[صادر]]>0,report[[#This Row],[وارد]]>0),\"يحسب\",\"\")","v":""}]
["2016-02-01",null,"",{"$f":"IF(C46<>\"\",SUMIFS(add[الكمية المضافة],add[اسم الصنف],'Report'!$G$5,add[مخزن الإضافة],'Report'!$C$3,add[تاريخ الإذن],'Report'!C46),\"\")","v":""},{"$f":"IF(C46<>\"\",SUMIFS(low[الكميه المنصرفه],low[اسم الصنف],'Report'!$G$5,low[مخزن الصرف],'Report'!$C$3,low[تاريخ الإذن],'Report'!C46),\"\")","v":""},{"$f":"IFERROR(IF(C46<>\"\",F45+D46-E46,\"\"),\"\")","v":""},null,{"$f":"IF( OR(report[[#This Row],[صادر]]>0,report[[#This Row],[وارد]]>0),\"يحسب\",\"\")","v":"يحسب"}]
["2016-02-02",null,"",{"$f":"IF(C47<>\"\",SUMIFS(add[الكمية المضافة],add[اسم الصنف],'Report'!$G$5,add[مخزن الإضافة],'Report'!$C$3,add[تاريخ الإذن],'Report'!C47),\"\")","v":""},{"$f":"IF(C47<>\"\",SUMIFS(low[الكميه المنصرفه],low[اسم الصنف],'Report'!$G$5,low[مخزن الصرف],'Report'!$C$3,low[تاريخ الإذن],'Report'!C47),\"\")","v":""},"",null,{"$f":"IF( OR(report[[#This Row],[صادر]]>0,report[[#This Row],[وارد]]>0),\"يحسب\",\"\")","v":"يحسب"}]
["2016-02-03",null,"",{"$f":"IF(C48<>\"\",SUMIFS(add[الكمية المضافة],add[اسم الصنف],'Report'!$G$5,add[مخزن الإضافة],'Report'!$C$3,add[تاريخ الإذن],'Report'!C48),\"\")","v":""},{"$f":"IF(C48<>\"\",SUMIFS(low[الكميه المنصرفه],low[اسم الصنف],'Report'!$G$5,low[مخزن الصرف],'Report'!$C$3,low[تاريخ الإذن],'Report'!C48),\"\")","v":""},"",null,{"$f":"IF( OR(report[[#This Row],[صادر]]>0,report[[#This Row],[وارد]]>0),\"يحسب\",\"\")","v":"يحسب"}]
["2016-02-04",null,"",{"$f":"IF(C49<>\"\",SUMIFS(add[الكمية المضافة],add[اسم الصنف],'Report'!$G$5,add[مخزن الإضافة],'Report'!$C$3,add[تاريخ الإذن],'Report'!C49),\"\")","v":""},{"$f":"IF(C49<>\"\",SUMIFS(low[الكميه المنصرفه],low[اسم الصنف],'Report'!$G$5,low[مخزن الصرف],'Report'!$C$3,low[تاريخ الإذن],'Report'!C49),\"\")","v":""},"",null,{"$f":"IF( OR(report[[#This Row],[صادر]]>0,report[[#This Row],[وارد]]>0),\"يحسب\",\"\")","v":"يحسب"}]
["2016-02-05",null,"",{"$f":"IF(C50<>\"\",SUMIFS(add[الكمية المضافة],add[اسم الصنف],'Report'!$G$5,add[مخزن الإضافة],'Report'!$C$3,add[تاريخ الإذن],'Report'!C50),\"\")","v":""},{"$f":"IF(C50<>\"\",SUMIFS(low[الكميه المنصرفه],low[اسم الصنف],'Report'!$G$5,low[مخزن الصرف],'Report'!$C$3,low[تاريخ الإذن],'Report'!C50),\"\")","v":""},"",null,{"$f":"IF( OR(report[[#This Row],[صادر]]>0,report[[#This Row],[وارد]]>0),\"يحسب\",\"\")","v":"يحسب"}]
["2016-02-06",null,"",{"$f":"IF(C51<>\"\",SUMIFS(add[الكمية المضافة],add[اسم الصنف],'Report'!$G$5,add[مخزن الإضافة],'Report'!$C$3,add[تاريخ الإذن],'Report'!C51),\"\")","v":""},{"$f":"IF(C51<>\"\",SUMIFS(low[الكميه المنصرفه],low[اسم الصنف],'Report'!$G$5,low[مخزن الصرف],'Report'!$C$3,low[تاريخ الإذن],'Report'!C51),\"\")","v":""},"",null,{"$f":"IF( OR(report[[#This Row],[صادر]]>0,report[[#This Row],[وارد]]>0),\"يحسب\",\"\")","v":"يحسب"}]
["2016-02-07",null,"",{"$f":"IF(C52<>\"\",SUMIFS(add[الكمية المضافة],add[اسم الصنف],'Report'!$G$5,add[مخزن الإضافة],'Report'!$C$3,add[تاريخ الإذن],'Report'!C52),\"\")","v":""},{"$f":"IF(C52<>\"\",SUMIFS(low[الكميه المنصرفه],low[اسم الصنف],'Report'!$G$5,low[مخزن الصرف],'Report'!$C$3,low[تاريخ الإذن],'Report'!C52),\"\")","v":""},"",null,{"$f":"IF( OR(report[[#This Row],[صادر]]>0,report[[#This Row],[وارد]]>0),\"يحسب\",\"\")","v":"يحسب"}]
["2016-02-08",null,"",{"$f":"IF(C53<>\"\",SUMIFS(add[الكمية المضافة],add[اسم الصنف],'Report'!$G$5,add[مخزن الإضافة],'Report'!$C$3,add[تاريخ الإذن],'Report'!C53),\"\")","v":""},{"$f":"IF(C53<>\"\",SUMIFS(low[الكميه المنصرفه],low[اسم الصنف],'Report'!$G$5,low[مخزن الصرف],'Report'!$C$3,low[تاريخ الإذن],'Report'!C53),\"\")","v":""},"",null,{"$f":"IF( OR(report[[#This Row],[صادر]]>0,report[[#This Row],[وارد]]>0),\"يحسب\",\"\")","v":"يحسب"}]
["2016-02-09",null,"",{"$f":"IF(C54<>\"\",SUMIFS(add[الكمية المضافة],add[اسم الصنف],'Report'!$G$5,add[مخزن الإضافة],'Report'!$C$3,add[تاريخ الإذن],'Report'!C54),\"\")","v":""},{"$f":"IF(C54<>\"\",SUMIFS(low[الكميه المنصرفه],low[اسم الصنف],'Report'!$G$5,low[مخزن الصرف],'Report'!$C$3,low[تاريخ الإذن],'Report'!C54),\"\")","v":""},"",null,{"$f":"IF( OR(report[[#This Row],[صادر]]>0,report[[#This Row],[وارد]]>0),\"يحسب\",\"\")","v":"يحسب"}]
["2016-02-10",null,"",{"$f":"IF(C55<>\"\",SUMIFS(add[الكمية المضافة],add[اسم الصنف],'Report'!$G$5,add[مخزن الإضافة],'Report'!$C$3,add[تاريخ الإذن],'Report'!C55),\"\")","v":""},{"$f":"IF(C55<>\"\",SUMIFS(low[الكميه المنصرفه],low[اسم الصنف],'Report'!$G$5,low[مخزن الصرف],'Report'!$C$3,low[تاريخ الإذن],'Report'!C55),\"\")","v":""},"",null,{"$f":"IF( OR(report[[#This Row],[صادر]]>0,report[[#This Row],[وارد]]>0),\"يحسب\",\"\")","v":"يحسب"}]
["2016-02-11",null,"",{"$f":"IF(C56<>\"\",SUMIFS(add[الكمية المضافة],add[اسم الصنف],'Report'!$G$5,add[مخزن الإضافة],'Report'!$C$3,add[تاريخ الإذن],'Report'!C56),\"\")","v":""},{"$f":"IF(C56<>\"\",SUMIFS(low[الكميه المنصرفه],low[اسم الصنف],'Report'!$G$5,low[مخزن الصرف],'Report'!$C$3,low[تاريخ الإذن],'Report'!C56),\"\")","v":""},"",null,{"$f":"IF( OR(report[[#This Row],[صادر]]>0,report[[#This Row],[وارد]]>0),\"يحسب\",\"\")","v":"يحسب"}]
["2016-02-12",null,"",{"$f":"IF(C57<>\"\",SUMIFS(add[الكمية المضافة],add[اسم الصنف],'Report'!$G$5,add[مخزن الإضافة],'Report'!$C$3,add[تاريخ الإذن],'Report'!C57),\"\")","v":""},{"$f":"IF(C57<>\"\",SUMIFS(low[الكميه المنصرفه],low[اسم الصنف],'Report'!$G$5,low[مخزن الصرف],'Report'!$C$3,low[تاريخ الإذن],'Report'!C57),\"\")","v":""},{"$f":"IFERROR(IF(C57<>\"\",F56+D57-E57,\"\"),\"\")","v":""},null,{"$f":"IF( OR(report[[#This Row],[صادر]]>0,report[[#This Row],[وارد]]>0),\"يحسب\",\"\")","v":"يحسب"}]
["2016-02-13",null,"",{"$f":"IF(C58<>\"\",SUMIFS(add[الكمية المضافة],add[اسم الصنف],'Report'!$G$5,add[مخزن الإضافة],'Report'!$C$3,add[تاريخ الإذن],'Report'!C58),\"\")","v":""},{"$f":"IF(C58<>\"\",SUMIFS(low[الكميه المنصرفه],low[اسم الصنف],'Report'!$G$5,low[مخزن الصرف],'Report'!$C$3,low[تاريخ الإذن],'Report'!C58),\"\")","v":""},"",null,{"$f":"IF( OR(report[[#This Row],[صادر]]>0,report[[#This Row],[وارد]]>0),\"يحسب\",\"\")","v":"يحسب"}]
["2016-02-14",null,"",{"$f":"IF(C59<>\"\",SUMIFS(add[الكمية المضافة],add[اسم الصنف],'Report'!$G$5,add[مخزن الإضافة],'Report'!$C$3,add[تاريخ الإذن],'Report'!C59),\"\")","v":""},{"$f":"IF(C59<>\"\",SUMIFS(low[الكميه المنصرفه],low[اسم الصنف],'Report'!$G$5,low[مخزن الصرف],'Report'!$C$3,low[تاريخ الإذن],'Report'!C59),\"\")","v":""},"",null,{"$f":"IF( OR(report[[#This Row],[صادر]]>0,report[[#This Row],[وارد]]>0),\"يحسب\",\"\")","v":"يحسب"}]
["2016-02-15",null,"",{"$f":"IF(C60<>\"\",SUMIFS(add[الكمية المضافة],add[اسم الصنف],'Report'!$G$5,add[مخزن الإضافة],'Report'!$C$3,add[تاريخ الإذن],'Report'!C60),\"\")","v":""},{"$f":"IF(C60<>\"\",SUMIFS(low[الكميه المنصرفه],low[اسم الصنف],'Report'!$G$5,low[مخزن الصرف],'Report'!$C$3,low[تاريخ الإذن],'Report'!C60),\"\")","v":""},"",null,{"$f":"IF( OR(report[[#This Row],[صادر]]>0,report[[#This Row],[وارد]]>0),\"يحسب\",\"\")","v":"يحسب"}]
["2016-02-16",null,"",{"$f":"IF(C61<>\"\",SUMIFS(add[الكمية المضافة],add[اسم الصنف],'Report'!$G$5,add[مخزن الإضافة],'Report'!$C$3,add[تاريخ الإذن],'Report'!C61),\"\")","v":""},{"$f":"IF(C61<>\"\",SUMIFS(low[الكميه المنصرفه],low[اسم الصنف],'Report'!$G$5,low[مخزن الصرف],'Report'!$C$3,low[تاريخ الإذن],'Report'!C61),\"\")","v":""},"",null,{"$f":"IF( OR(report[[#This Row],[صادر]]>0,report[[#This Row],[وارد]]>0),\"يحسب\",\"\")","v":"يحسب"}]
["2016-02-17",null,"",{"$f":"IF(C62<>\"\",SUMIFS(add[الكمية المضافة],add[اسم الصنف],'Report'!$G$5,add[مخزن الإضافة],'Report'!$C$3,add[تاريخ الإذن],'Report'!C62),\"\")","v":""},{"$f":"IF(C62<>\"\",SUMIFS(low[الكميه المنصرفه],low[اسم الصنف],'Report'!$G$5,low[مخزن الصرف],'Report'!$C$3,low[تاريخ الإذن],'Report'!C62),\"\")","v":""},"",null,{"$f":"IF( OR(report[[#This Row],[صادر]]>0,report[[#This Row],[وارد]]>0),\"يحسب\",\"\")","v":"يحسب"}]
["2016-02-18",null,"",{"$f":"IF(C63<>\"\",SUMIFS(add[الكمية المضافة],add[اسم الصنف],'Report'!$G$5,add[مخزن الإضافة],'Report'!$C$3,add[تاريخ الإذن],'Report'!C63),\"\")","v":""},{"$f":"IF(C63<>\"\",SUMIFS(low[الكميه المنصرفه],low[اسم الصنف],'Report'!$G$5,low[مخزن الصرف],'Report'!$C$3,low[تاريخ الإذن],'Report'!C63),\"\")","v":""},"",null,{"$f":"IF( OR(report[[#This Row],[صادر]]>0,report[[#This Row],[وارد]]>0),\"يحسب\",\"\")","v":"يحسب"}]
["2016-02-19",null,"",{"$f":"IF(C64<>\"\",SUMIFS(add[الكمية المضافة],add[اسم الصنف],'Report'!$G$5,add[مخزن الإضافة],'Report'!$C$3,add[تاريخ الإذن],'Report'!C64),\"\")","v":""},{"$f":"IF(C64<>\"\",SUMIFS(low[الكميه المنصرفه],low[اسم الصنف],'Report'!$G$5,low[مخزن الصرف],'Report'!$C$3,low[تاريخ الإذن],'Report'!C64),\"\")","v":""},"",null,{"$f":"IF( OR(report[[#This Row],[صادر]]>0,report[[#This Row],[وارد]]>0),\"يحسب\",\"\")","v":"يحسب"}]
["2016-02-20",null,"",{"$f":"IF(C65<>\"\",SUMIFS(add[الكمية المضافة],add[اسم الصنف],'Report'!$G$5,add[مخزن الإضافة],'Report'!$C$3,add[تاريخ الإذن],'Report'!C65),\"\")","v":""},{"$f":"IF(C65<>\"\",SUMIFS(low[الكميه المنصرفه],low[اسم الصنف],'Report'!$G$5,low[مخزن الصرف],'Report'!$C$3,low[تاريخ الإذن],'Report'!C65),\"\")","v":""},"",null,{"$f":"IF( OR(report[[#This Row],[صادر]]>0,report[[#This Row],[وارد]]>0),\"يحسب\",\"\")","v":"يحسب"}]
["2016-02-21",null,"",{"$f":"IF(C66<>\"\",SUMIFS(add[الكمية المضافة],add[اسم الصنف],'Report'!$G$5,add[مخزن الإضافة],'Report'!$C$3,add[تاريخ الإذن],'Report'!C66),\"\")","v":""},{"$f":"IF(C66<>\"\",SUMIFS(low[الكميه المنصرفه],low[اسم الصنف],'Report'!$G$5,low[مخزن الصرف],'Report'!$C$3,low[تاريخ الإذن],'Report'!C66),\"\")","v":""},"",null,{"$f":"IF( OR(report[[#This Row],[صادر]]>0,report[[#This Row],[وارد]]>0),\"يحسب\",\"\")","v":"يحسب"}]
["2016-02-22",null,"",{"$f":"IF(C67<>\"\",SUMIFS(add[الكمية المضافة],add[اسم الصنف],'Report'!$G$5,add[مخزن الإضافة],'Report'!$C$3,add[تاريخ الإذن],'Report'!C67),\"\")","v":""},{"$f":"IF(C67<>\"\",SUMIFS(low[الكميه المنصرفه],low[اسم الصنف],'Report'!$G$5,low[مخزن الصرف],'Report'!$C$3,low[تاريخ الإذن],'Report'!C67),\"\")","v":""},"",null,{"$f":"IF( OR(report[[#This Row],[صادر]]>0,report[[#This Row],[وارد]]>0),\"يحسب\",\"\")","v":"يحسب"}]
["2016-02-23",null,"",{"$f":"IF(C68<>\"\",SUMIFS(add[الكمية المضافة],add[اسم الصنف],'Report'!$G$5,add[مخزن الإضافة],'Report'!$C$3,add[تاريخ الإذن],'Report'!C68),\"\")","v":""},{"$f":"IF(C68<>\"\",SUMIFS(low[الكميه المنصرفه],low[اسم الصنف],'Report'!$G$5,low[مخزن الصرف],'Report'!$C$3,low[تاريخ الإذن],'Report'!C68),\"\")","v":""},"",null,{"$f":"IF( OR(report[[#This Row],[صادر]]>0,report[[#This Row],[وارد]]>0),\"يحسب\",\"\")","v":"يحسب"}]
["2016-02-24",null,"",{"$f":"IF(C69<>\"\",SUMIFS(add[الكمية المضافة],add[اسم الصنف],'Report'!$G$5,add[مخزن الإضافة],'Report'!$C$3,add[تاريخ الإذن],'Report'!C69),\"\")","v":""},{"$f":"IF(C69<>\"\",SUMIFS(low[الكميه المنصرفه],low[اسم الصنف],'Report'!$G$5,low[مخزن الصرف],'Report'!$C$3,low[تاريخ الإذن],'Report'!C69),\"\")","v":""},"",null,{"$f":"IF( OR(report[[#This Row],[صادر]]>0,report[[#This Row],[وارد]]>0),\"يحسب\",\"\")","v":"يحسب"}]
["2016-02-25",null,"",{"$f":"IF(C70<>\"\",SUMIFS(add[الكمية المضافة],add[اسم الصنف],'Report'!$G$5,add[مخزن الإضافة],'Report'!$C$3,add[تاريخ الإذن],'Report'!C70),\"\")","v":""},{"$f":"IF(C70<>\"\",SUMIFS(low[الكميه المنصرفه],low[اسم الصنف],'Report'!$G$5,low[مخزن الصرف],'Report'!$C$3,low[تاريخ الإذن],'Report'!C70),\"\")","v":""},"",null,{"$f":"IF( OR(report[[#This Row],[صادر]]>0,report[[#This Row],[وارد]]>0),\"يحسب\",\"\")","v":"يحسب"}]
["2016-02-26",null,"",{"$f":"IF(C71<>\"\",SUMIFS(add[الكمية المضافة],add[اسم الصنف],'Report'!$G$5,add[مخزن الإضافة],'Report'!$C$3,add[تاريخ الإذن],'Report'!C71),\"\")","v":""},{"$f":"IF(C71<>\"\",SUMIFS(low[الكميه المنصرفه],low[اسم الصنف],'Report'!$G$5,low[مخزن الصرف],'Report'!$C$3,low[تاريخ الإذن],'Report'!C71),\"\")","v":""},{"$f":"IFERROR(IF(C71<>\"\",F70+D71-E71,\"\"),\"\")","v":""},null,{"$f":"IF( OR(report[[#This Row],[صادر]]>0,report[[#This Row],[وارد]]>0),\"يحسب\",\"\")","v":"يحسب"}]
["2016-02-27",null,"",{"$f":"IF(C72<>\"\",SUMIFS(add[الكمية المضافة],add[اسم الصنف],'Report'!$G$5,add[مخزن الإضافة],'Report'!$C$3,add[تاريخ الإذن],'Report'!C72),\"\")","v":""},{"$f":"IF(C72<>\"\",SUMIFS(low[الكميه المنصرفه],low[اسم الصنف],'Report'!$G$5,low[مخزن الصرف],'Report'!$C$3,low[تاريخ الإذن],'Report'!C72),\"\")","v":""},"",null,{"$f":"IF( OR(report[[#This Row],[صادر]]>0,report[[#This Row],[وارد]]>0),\"يحسب\",\"\")","v":"يحسب"}]
["2016-02-28",null,"",{"$f":"IF(C73<>\"\",SUMIFS(add[الكمية المضافة],add[اسم الصنف],'Report'!$G$5,add[مخزن الإضافة],'Report'!$C$3,add[تاريخ الإذن],'Report'!C73),\"\")","v":""},{"$f":"IF(C73<>\"\",SUMIFS(low[الكميه المنصرفه],low[اسم الصنف],'Report'!$G$5,low[مخزن الصرف],'Report'!$C$3,low[تاريخ الإذن],'Report'!C73),\"\")","v":""},"",null,{"$f":"IF( OR(report[[#This Row],[صادر]]>0,report[[#This Row],[وارد]]>0),\"يحسب\",\"\")","v":"يحسب"}]
["2016-02-29",null,"",{"$f":"IF(C74<>\"\",SUMIFS(add[الكمية المضافة],add[اسم الصنف],'Report'!$G$5,add[مخزن الإضافة],'Report'!$C$3,add[تاريخ الإذن],'Report'!C74),\"\")","v":""},{"$f":"IF(C74<>\"\",SUMIFS(low[الكميه المنصرفه],low[اسم الصنف],'Report'!$G$5,low[مخزن الصرف],'Report'!$C$3,low[تاريخ الإذن],'Report'!C74),\"\")","v":""},"",null,{"$f":"IF( OR(report[[#This Row],[صادر]]>0,report[[#This Row],[وارد]]>0),\"يحسب\",\"\")","v":"يحسب"}]
["2016-03-01",null,"",{"$f":"IF(C75<>\"\",SUMIFS(add[الكمية المضافة],add[اسم الصنف],'Report'!$G$5,add[مخزن الإضافة],'Report'!$C$3,add[تاريخ الإذن],'Report'!C75),\"\")","v":""},{"$f":"IF(C75<>\"\",SUMIFS(low[الكميه المنصرفه],low[اسم الصنف],'Report'!$G$5,low[مخزن الصرف],'Report'!$C$3,low[تاريخ الإذن],'Report'!C75),\"\")","v":""},"",null,{"$f":"IF( OR(report[[#This Row],[صادر]]>0,report[[#This Row],[وارد]]>0),\"يحسب\",\"\")","v":"يحسب"}]
["2016-03-02",null,"",{"$f":"IF(C76<>\"\",SUMIFS(add[الكمية المضافة],add[اسم الصنف],'Report'!$G$5,add[مخزن الإضافة],'Report'!$C$3,add[تاريخ الإذن],'Report'!C76),\"\")","v":""},{"$f":"IF(C76<>\"\",SUMIFS(low[الكميه المنصرفه],low[اسم الصنف],'Report'!$G$5,low[مخزن الصرف],'Report'!$C$3,low[تاريخ الإذن],'Report'!C76),\"\")","v":""},"",null,{"$f":"IF( OR(report[[#This Row],[صادر]]>0,report[[#This Row],[وارد]]>0),\"يحسب\",\"\")","v":"يحسب"}]
["2016-03-03",null,"",{"$f":"IF(C77<>\"\",SUMIFS(add[الكمية المضافة],add[اسم الصنف],'Report'!$G$5,add[مخزن الإضافة],'Report'!$C$3,add[تاريخ الإذن],'Report'!C77),\"\")","v":""},{"$f":"IF(C77<>\"\",SUMIFS(low[الكميه المنصرفه],low[اسم الصنف],'Report'!$G$5,low[مخزن الصرف],'Report'!$C$3,low[تاريخ الإذن],'Report'!C77),\"\")","v":""},"",null,{"$f":"IF( OR(report[[#This Row],[صادر]]>0,report[[#This Row],[وارد]]>0),\"يحسب\",\"\")","v":"يحسب"}]
["2016-03-04",null,"",{"$f":"IF(C78<>\"\",SUMIFS(add[الكمية المضافة],add[اسم الصنف],'Report'!$G$5,add[مخزن الإضافة],'Report'!$C$3,add[تاريخ الإذن],'Report'!C78),\"\")","v":""},{"$f":"IF(C78<>\"\",SUMIFS(low[الكميه المنصرفه],low[اسم الصنف],'Report'!$G$5,low[مخزن الصرف],'Report'!$C$3,low[تاريخ الإذن],'Report'!C78),\"\")","v":""},"",null,{"$f":"IF( OR(report[[#This Row],[صادر]]>0,report[[#This Row],[وارد]]>0),\"يحسب\",\"\")","v":"يحسب"}]
["2016-03-05",null,"",{"$f":"IF(C79<>\"\",SUMIFS(add[الكمية المضافة],add[اسم الصنف],'Report'!$G$5,add[مخزن الإضافة],'Report'!$C$3,add[تاريخ الإذن],'Report'!C79),\"\")","v":""},{"$f":"IF(C79<>\"\",SUMIFS(low[الكميه المنصرفه],low[اسم الصنف],'Report'!$G$5,low[مخزن الصرف],'Report'!$C$3,low[تاريخ الإذن],'Report'!C79),\"\")","v":""},"",null,{"$f":"IF( OR(report[[#This Row],[صادر]]>0,report[[#This Row],[وارد]]>0),\"يحسب\",\"\")","v":"يحسب"}]
["2016-03-06",null,{"$f":"IFERROR(IF(C79+1<=$C$7,C79+1,\"\"),\"\")","v":""},{"$f":"IF(C80<>\"\",SUMIFS(add[الكمية المضافة],add[اسم الصنف],'Report'!$G$5,add[مخزن الإضافة],'Report'!$C$3,add[تاريخ الإذن],'Report'!C80),\"\")","v":""},{"$f":"IF(C80<>\"\",SUMIFS(low[الكميه المنصرفه],low[اسم الصنف],'Report'!$G$5,low[مخزن الصرف],'Report'!$C$3,low[تاريخ الإذن],'Report'!C80),\"\")","v":""},"",null,{"$f":"IF( OR(report[[#This Row],[صادر]]>0,report[[#This Row],[وارد]]>0),\"يحسب\",\"\")","v":"يحسب"}]
[{"$f":"A80+1","v":"2016-03-07"},null,"",{"$f":"IF(C81<>\"\",SUMIFS(add[الكمية المضافة],add[اسم الصنف],'Report'!$G$5,add[مخزن الإضافة],'Report'!$C$3,add[تاريخ الإذن],'Report'!C81),\"\")","v":""},{"$f":"IF(C81<>\"\",SUMIFS(low[الكميه المنصرفه],low[اسم الصنف],'Report'!$G$5,low[مخزن الصرف],'Report'!$C$3,low[تاريخ الإذن],'Report'!C81),\"\")","v":""},"",null,{"$f":"IF( OR(report[[#This Row],[صادر]]>0,report[[#This Row],[وارد]]>0),\"يحسب\",\"\")","v":"يحسب"}]
["2016-03-08",null,"",{"$f":"IF(C82<>\"\",SUMIFS(add[الكمية المضافة],add[اسم الصنف],'Report'!$G$5,add[مخزن الإضافة],'Report'!$C$3,add[تاريخ الإذن],'Report'!C82),\"\")","v":""},{"$f":"IF(C82<>\"\",SUMIFS(low[الكميه المنصرفه],low[اسم الصنف],'Report'!$G$5,low[مخزن الصرف],'Report'!$C$3,low[تاريخ الإذن],'Report'!C82),\"\")","v":""},"",null,{"$f":"IF( OR(report[[#This Row],[صادر]]>0,report[[#This Row],[وارد]]>0),\"يحسب\",\"\")","v":"يحسب"}]
["2016-03-09",null,"",{"$f":"IF(C83<>\"\",SUMIFS(add[الكمية المضافة],add[اسم الصنف],'Report'!$G$5,add[مخزن الإضافة],'Report'!$C$3,add[تاريخ الإذن],'Report'!C83),\"\")","v":""},{"$f":"IF(C83<>\"\",SUMIFS(low[الكميه المنصرفه],low[اسم الصنف],'Report'!$G$5,low[مخزن الصرف],'Report'!$C$3,low[تاريخ الإذن],'Report'!C83),\"\")","v":""},"",null,{"$f":"IF( OR(report[[#This Row],[صادر]]>0,report[[#This Row],[وارد]]>0),\"يحسب\",\"\")","v":"يحسب"}]
["2016-03-10",null,"",{"$f":"IF(C84<>\"\",SUMIFS(add[الكمية المضافة],add[اسم الصنف],'Report'!$G$5,add[مخزن الإضافة],'Report'!$C$3,add[تاريخ الإذن],'Report'!C84),\"\")","v":""},{"$f":"IF(C84<>\"\",SUMIFS(low[الكميه المنصرفه],low[اسم الصنف],'Report'!$G$5,low[مخزن الصرف],'Report'!$C$3,low[تاريخ الإذن],'Report'!C84),\"\")","v":""},"",null,{"$f":"IF( OR(report[[#This Row],[صادر]]>0,report[[#This Row],[وارد]]>0),\"يحسب\",\"\")","v":"يحسب"}]
["2016-03-11",null,"",{"$f":"IF(C85<>\"\",SUMIFS(add[الكمية المضافة],add[اسم الصنف],'Report'!$G$5,add[مخزن الإضافة],'Report'!$C$3,add[تاريخ الإذن],'Report'!C85),\"\")","v":""},{"$f":"IF(C85<>\"\",SUMIFS(low[الكميه المنصرفه],low[اسم الصنف],'Report'!$G$5,low[مخزن الصرف],'Report'!$C$3,low[تاريخ الإذن],'Report'!C85),\"\")","v":""},"",null,{"$f":"IF( OR(report[[#This Row],[صادر]]>0,report[[#This Row],[وارد]]>0),\"يحسب\",\"\")","v":"يحسب"}]
["2016-03-12",null,"",{"$f":"IF(C86<>\"\",SUMIFS(add[الكمية المضافة],add[اسم الصنف],'Report'!$G$5,add[مخزن الإضافة],'Report'!$C$3,add[تاريخ الإذن],'Report'!C86),\"\")","v":""},{"$f":"IF(C86<>\"\",SUMIFS(low[الكميه المنصرفه],low[اسم الصنف],'Report'!$G$5,low[مخزن الصرف],'Report'!$C$3,low[تاريخ الإذن],'Report'!C86),\"\")","v":""},"",null,{"$f":"IF( OR(report[[#This Row],[صادر]]>0,report[[#This Row],[وارد]]>0),\"يحسب\",\"\")","v":"يحسب"}]
["2016-03-13",null,"",{"$f":"IF(C87<>\"\",SUMIFS(add[الكمية المضافة],add[اسم الصنف],'Report'!$G$5,add[مخزن الإضافة],'Report'!$C$3,add[تاريخ الإذن],'Report'!C87),\"\")","v":""},{"$f":"IF(C87<>\"\",SUMIFS(low[الكميه المنصرفه],low[اسم الصنف],'Report'!$G$5,low[مخزن الصرف],'Report'!$C$3,low[تاريخ الإذن],'Report'!C87),\"\")","v":""},"",null,{"$f":"IF( OR(report[[#This Row],[صادر]]>0,report[[#This Row],[وارد]]>0),\"يحسب\",\"\")","v":"يحسب"}]
["2016-03-14",null,"",{"$f":"IF(C88<>\"\",SUMIFS(add[الكمية المضافة],add[اسم الصنف],'Report'!$G$5,add[مخزن الإضافة],'Report'!$C$3,add[تاريخ الإذن],'Report'!C88),\"\")","v":""},{"$f":"IF(C88<>\"\",SUMIFS(low[الكميه المنصرفه],low[اسم الصنف],'Report'!$G$5,low[مخزن الصرف],'Report'!$C$3,low[تاريخ الإذن],'Report'!C88),\"\")","v":""},"",null,{"$f":"IF( OR(report[[#This Row],[صادر]]>0,report[[#This Row],[وارد]]>0),\"يحسب\",\"\")","v":"يحسب"}]
["2016-03-15",null,"",{"$f":"IF(C89<>\"\",SUMIFS(add[الكمية المضافة],add[اسم الصنف],'Report'!$G$5,add[مخزن الإضافة],'Report'!$C$3,add[تاريخ الإذن],'Report'!C89),\"\")","v":""},{"$f":"IF(C89<>\"\",SUMIFS(low[الكميه المنصرفه],low[اسم الصنف],'Report'!$G$5,low[مخزن الصرف],'Report'!$C$3,low[تاريخ الإذن],'Report'!C89),\"\")","v":""},"",null,{"$f":"IF( OR(report[[#This Row],[صادر]]>0,report[[#This Row],[وارد]]>0),\"يحسب\",\"\")","v":"يحسب"}]
["2016-03-16",null,"",{"$f":"IF(C90<>\"\",SUMIFS(add[الكمية المضافة],add[اسم الصنف],'Report'!$G$5,add[مخزن الإضافة],'Report'!$C$3,add[تاريخ الإذن],'Report'!C90),\"\")","v":""},{"$f":"IF(C90<>\"\",SUMIFS(low[الكميه المنصرفه],low[اسم الصنف],'Report'!$G$5,low[مخزن الصرف],'Report'!$C$3,low[تاريخ الإذن],'Report'!C90),\"\")","v":""},"",null,{"$f":"IF( OR(report[[#This Row],[صادر]]>0,report[[#This Row],[وارد]]>0),\"يحسب\",\"\")","v":"يحسب"}]
["2016-03-17",null,"",{"$f":"IF(C91<>\"\",SUMIFS(add[الكمية المضافة],add[اسم الصنف],'Report'!$G$5,add[مخزن الإضافة],'Report'!$C$3,add[تاريخ الإذن],'Report'!C91),\"\")","v":""},{"$f":"IF(C91<>\"\",SUMIFS(low[الكميه المنصرفه],low[اسم الصنف],'Report'!$G$5,low[مخزن الصرف],'Report'!$C$3,low[تاريخ الإذن],'Report'!C91),\"\")","v":""},"",null,{"$f":"IF( OR(report[[#This Row],[صادر]]>0,report[[#This Row],[وارد]]>0),\"يحسب\",\"\")","v":"يحسب"}]
["2016-03-18",null,"",{"$f":"IF(C92<>\"\",SUMIFS(add[الكمية المضافة],add[اسم الصنف],'Report'!$G$5,add[مخزن الإضافة],'Report'!$C$3,add[تاريخ الإذن],'Report'!C92),\"\")","v":""},{"$f":"IF(C92<>\"\",SUMIFS(low[الكميه المنصرفه],low[اسم الصنف],'Report'!$G$5,low[مخزن الصرف],'Report'!$C$3,low[تاريخ الإذن],'Report'!C92),\"\")","v":""},"",null,{"$f":"IF( OR(report[[#This Row],[صادر]]>0,report[[#This Row],[وارد]]>0),\"يحسب\",\"\")","v":"يحسب"}]
["2016-03-19",null,"",{"$f":"IF(C93<>\"\",SUMIFS(add[الكمية المضافة],add[اسم الصنف],'Report'!$G$5,add[مخزن الإضافة],'Report'!$C$3,add[تاريخ الإذن],'Report'!C93),\"\")","v":""},{"$f":"IF(C93<>\"\",SUMIFS(low[الكميه المنصرفه],low[اسم الصنف],'Report'!$G$5,low[مخزن الصرف],'Report'!$C$3,low[تاريخ الإذن],'Report'!C93),\"\")","v":""},"",null,{"$f":"IF( OR(report[[#This Row],[صادر]]>0,report[[#This Row],[وارد]]>0),\"يحسب\",\"\")","v":"يحسب"}]
["2016-03-20",null,"",{"$f":"IF(C94<>\"\",SUMIFS(add[الكمية المضافة],add[اسم الصنف],'Report'!$G$5,add[مخزن الإضافة],'Report'!$C$3,add[تاريخ الإذن],'Report'!C94),\"\")","v":""},{"$f":"IF(C94<>\"\",SUMIFS(low[الكميه المنصرفه],low[اسم الصنف],'Report'!$G$5,low[مخزن الصرف],'Report'!$C$3,low[تاريخ الإذن],'Report'!C94),\"\")","v":""},"",null,{"$f":"IF( OR(report[[#This Row],[صادر]]>0,report[[#This Row],[وارد]]>0),\"يحسب\",\"\")","v":"يحسب"}]
["2016-03-21",null,"",{"$f":"IF(C95<>\"\",SUMIFS(add[الكمية المضافة],add[اسم الصنف],'Report'!$G$5,add[مخزن الإضافة],'Report'!$C$3,add[تاريخ الإذن],'Report'!C95),\"\")","v":""},{"$f":"IF(C95<>\"\",SUMIFS(low[الكميه المنصرفه],low[اسم الصنف],'Report'!$G$5,low[مخزن الصرف],'Report'!$C$3,low[تاريخ الإذن],'Report'!C95),\"\")","v":""},"",null,{"$f":"IF( OR(report[[#This Row],[صادر]]>0,report[[#This Row],[وارد]]>0),\"يحسب\",\"\")","v":"يحسب"}]
["2016-03-22",null,"",{"$f":"IF(C96<>\"\",SUMIFS(add[الكمية المضافة],add[اسم الصنف],'Report'!$G$5,add[مخزن الإضافة],'Report'!$C$3,add[تاريخ الإذن],'Report'!C96),\"\")","v":""},{"$f":"IF(C96<>\"\",SUMIFS(low[الكميه المنصرفه],low[اسم الصنف],'Report'!$G$5,low[مخزن الصرف],'Report'!$C$3,low[تاريخ الإذن],'Report'!C96),\"\")","v":""},"",null,{"$f":"IF( OR(report[[#This Row],[صادر]]>0,report[[#This Row],[وارد]]>0),\"يحسب\",\"\")","v":"يحسب"}]
["2016-03-23",null,"",{"$f":"IF(C97<>\"\",SUMIFS(add[الكمية المضافة],add[اسم الصنف],'Report'!$G$5,add[مخزن الإضافة],'Report'!$C$3,add[تاريخ الإذن],'Report'!C97),\"\")","v":""},{"$f":"IF(C97<>\"\",SUMIFS(low[الكميه المنصرفه],low[اسم الصنف],'Report'!$G$5,low[مخزن الصرف],'Report'!$C$3,low[تاريخ الإذن],'Report'!C97),\"\")","v":""},"",null,{"$f":"IF( OR(report[[#This Row],[صادر]]>0,report[[#This Row],[وارد]]>0),\"يحسب\",\"\")","v":"يحسب"}]
["2016-03-24",null,"",{"$f":"IF(C98<>\"\",SUMIFS(add[الكمية المضافة],add[اسم الصنف],'Report'!$G$5,add[مخزن الإضافة],'Report'!$C$3,add[تاريخ الإذن],'Report'!C98),\"\")","v":""},{"$f":"IF(C98<>\"\",SUMIFS(low[الكميه المنصرفه],low[اسم الصنف],'Report'!$G$5,low[مخزن الصرف],'Report'!$C$3,low[تاريخ الإذن],'Report'!C98),\"\")","v":""},"",null,{"$f":"IF( OR(report[[#This Row],[صادر]]>0,report[[#This Row],[وارد]]>0),\"يحسب\",\"\")","v":"يحسب"}]
["2016-03-25",null,"",{"$f":"IF(C99<>\"\",SUMIFS(add[الكمية المضافة],add[اسم الصنف],'Report'!$G$5,add[مخزن الإضافة],'Report'!$C$3,add[تاريخ الإذن],'Report'!C99),\"\")","v":""},{"$f":"IF(C99<>\"\",SUMIFS(low[الكميه المنصرفه],low[اسم الصنف],'Report'!$G$5,low[مخزن الصرف],'Report'!$C$3,low[تاريخ الإذن],'Report'!C99),\"\")","v":""},"",null,{"$f":"IF( OR(report[[#This Row],[صادر]]>0,report[[#This Row],[وارد]]>0),\"يحسب\",\"\")","v":"يحسب"}]
["2016-03-26",null,"",{"$f":"IF(C100<>\"\",SUMIFS(add[الكمية المضافة],add[اسم الصنف],'Report'!$G$5,add[مخزن الإضافة],'Report'!$C$3,add[تاريخ الإذن],'Report'!C100),\"\")","v":""},{"$f":"IF(C100<>\"\",SUMIFS(low[الكميه المنصرفه],low[اسم الصنف],'Report'!$G$5,low[مخزن الصرف],'Report'!$C$3,low[تاريخ الإذن],'Report'!C100),\"\")","v":""},"",null,{"$f":"IF( OR(report[[#This Row],[صادر]]>0,report[[#This Row],[وارد]]>0),\"يحسب\",\"\")","v":"يحسب"}]
["2016-03-27",null,"",{"$f":"IF(C101<>\"\",SUMIFS(add[الكمية المضافة],add[اسم الصنف],'Report'!$G$5,add[مخزن الإضافة],'Report'!$C$3,add[تاريخ الإذن],'Report'!C101),\"\")","v":""},{"$f":"IF(C101<>\"\",SUMIFS(low[الكميه المنصرفه],low[اسم الصنف],'Report'!$G$5,low[مخزن الصرف],'Report'!$C$3,low[تاريخ الإذن],'Report'!C101),\"\")","v":""},"",null,{"$f":"IF( OR(report[[#This Row],[صادر]]>0,report[[#This Row],[وارد]]>0),\"يحسب\",\"\")","v":"يحسب"}]
["2016-03-28",null,"",{"$f":"IF(C102<>\"\",SUMIFS(add[الكمية المضافة],add[اسم الصنف],'Report'!$G$5,add[مخزن الإضافة],'Report'!$C$3,add[تاريخ الإذن],'Report'!C102),\"\")","v":""},{"$f":"IF(C102<>\"\",SUMIFS(low[الكميه المنصرفه],low[اسم الصنف],'Report'!$G$5,low[مخزن الصرف],'Report'!$C$3,low[تاريخ الإذن],'Report'!C102),\"\")","v":""},"",null,{"$f":"IF( OR(report[[#This Row],[صادر]]>0,report[[#This Row],[وارد]]>0),\"يحسب\",\"\")","v":"يحسب"}]
["2016-03-29",null,"",{"$f":"IF(C103<>\"\",SUMIFS(add[الكمية المضافة],add[اسم الصنف],'Report'!$G$5,add[مخزن الإضافة],'Report'!$C$3,add[تاريخ الإذن],'Report'!C103),\"\")","v":""},{"$f":"IF(C103<>\"\",SUMIFS(low[الكميه المنصرفه],low[اسم الصنف],'Report'!$G$5,low[مخزن الصرف],'Report'!$C$3,low[تاريخ الإذن],'Report'!C103),\"\")","v":""},"",null,{"$f":"IF( OR(report[[#This Row],[صادر]]>0,report[[#This Row],[وارد]]>0),\"يحسب\",\"\")","v":"يحسب"}]
["2016-03-30",null,"",{"$f":"IF(C104<>\"\",SUMIFS(add[الكمية المضافة],add[اسم الصنف],'Report'!$G$5,add[مخزن الإضافة],'Report'!$C$3,add[تاريخ الإذن],'Report'!C104),\"\")","v":""},{"$f":"IF(C104<>\"\",SUMIFS(low[الكميه المنصرفه],low[اسم الصنف],'Report'!$G$5,low[مخزن الصرف],'Report'!$C$3,low[تاريخ الإذن],'Report'!C104),\"\")","v":""},"",null,{"$f":"IF( OR(report[[#This Row],[صادر]]>0,report[[#This Row],[وارد]]>0),\"يحسب\",\"\")","v":"يحسب"}]
["2016-03-31",null,"",{"$f":"IF(C105<>\"\",SUMIFS(add[الكمية المضافة],add[اسم الصنف],'Report'!$G$5,add[مخزن الإضافة],'Report'!$C$3,add[تاريخ الإذن],'Report'!C105),\"\")","v":""},{"$f":"IF(C105<>\"\",SUMIFS(low[الكميه المنصرفه],low[اسم الصنف],'Report'!$G$5,low[مخزن الصرف],'Report'!$C$3,low[تاريخ الإذن],'Report'!C105),\"\")","v":""},"",null,{"$f":"IF( OR(report[[#This Row],[صادر]]>0,report[[#This Row],[وارد]]>0),\"يحسب\",\"\")","v":"يحسب"}]
["2016-04-01",null,"",{"$f":"IF(C106<>\"\",SUMIFS(add[الكمية المضافة],add[اسم الصنف],'Report'!$G$5,add[مخزن الإضافة],'Report'!$C$3,add[تاريخ الإذن],'Report'!C106),\"\")","v":""},{"$f":"IF(C106<>\"\",SUMIFS(low[الكميه المنصرفه],low[اسم الصنف],'Report'!$G$5,low[مخزن الصرف],'Report'!$C$3,low[تاريخ الإذن],'Report'!C106),\"\")","v":""},"",null,{"$f":"IF( OR(report[[#This Row],[صادر]]>0,report[[#This Row],[وارد]]>0),\"يحسب\",\"\")","v":"يحسب"}]
["2016-04-02",null,"",{"$f":"IF(C107<>\"\",SUMIFS(add[الكمية المضافة],add[اسم الصنف],'Report'!$G$5,add[مخزن الإضافة],'Report'!$C$3,add[تاريخ الإذن],'Report'!C107),\"\")","v":""},{"$f":"IF(C107<>\"\",SUMIFS(low[الكميه المنصرفه],low[اسم الصنف],'Report'!$G$5,low[مخزن الصرف],'Report'!$C$3,low[تاريخ الإذن],'Report'!C107),\"\")","v":""},"",null,{"$f":"IF( OR(report[[#This Row],[صادر]]>0,report[[#This Row],[وارد]]>0),\"يحسب\",\"\")","v":"يحسب"}]
["2016-04-03",null,"",{"$f":"IF(C108<>\"\",SUMIFS(add[الكمية المضافة],add[اسم الصنف],'Report'!$G$5,add[مخزن الإضافة],'Report'!$C$3,add[تاريخ الإذن],'Report'!C108),\"\")","v":""},{"$f":"IF(C108<>\"\",SUMIFS(low[الكميه المنصرفه],low[اسم الصنف],'Report'!$G$5,low[مخزن الصرف],'Report'!$C$3,low[تاريخ الإذن],'Report'!C108),\"\")","v":""},"",null,{"$f":"IF( OR(report[[#This Row],[صادر]]>0,report[[#This Row],[وارد]]>0),\"يحسب\",\"\")","v":"يحسب"}]
["2016-04-04",null,"",{"$f":"IF(C109<>\"\",SUMIFS(add[الكمية المضافة],add[اسم الصنف],'Report'!$G$5,add[مخزن الإضافة],'Report'!$C$3,add[تاريخ الإذن],'Report'!C109),\"\")","v":""},{"$f":"IF(C109<>\"\",SUMIFS(low[الكميه المنصرفه],low[اسم الصنف],'Report'!$G$5,low[مخزن الصرف],'Report'!$C$3,low[تاريخ الإذن],'Report'!C109),\"\")","v":""},"",null,{"$f":"IF( OR(report[[#This Row],[صادر]]>0,report[[#This Row],[وارد]]>0),\"يحسب\",\"\")","v":"يحسب"}]
["2016-04-05",null,"",{"$f":"IF(C110<>\"\",SUMIFS(add[الكمية المضافة],add[اسم الصنف],'Report'!$G$5,add[مخزن الإضافة],'Report'!$C$3,add[تاريخ الإذن],'Report'!C110),\"\")","v":""},{"$f":"IF(C110<>\"\",SUMIFS(low[الكميه المنصرفه],low[اسم الصنف],'Report'!$G$5,low[مخزن الصرف],'Report'!$C$3,low[تاريخ الإذن],'Report'!C110),\"\")","v":""},"",null,{"$f":"IF( OR(report[[#This Row],[صادر]]>0,report[[#This Row],[وارد]]>0),\"يحسب\",\"\")","v":"يحسب"}]
["2016-04-06",null,"",{"$f":"IF(C111<>\"\",SUMIFS(add[الكمية المضافة],add[اسم الصنف],'Report'!$G$5,add[مخزن الإضافة],'Report'!$C$3,add[تاريخ الإذن],'Report'!C111),\"\")","v":""},{"$f":"IF(C111<>\"\",SUMIFS(low[الكميه المنصرفه],low[اسم الصنف],'Report'!$G$5,low[مخزن الصرف],'Report'!$C$3,low[تاريخ الإذن],'Report'!C111),\"\")","v":""},"",null,{"$f":"IF( OR(report[[#This Row],[صادر]]>0,report[[#This Row],[وارد]]>0),\"يحسب\",\"\")","v":"يحسب"}]
["2016-04-07",null,"",{"$f":"IF(C112<>\"\",SUMIFS(add[الكمية المضافة],add[اسم الصنف],'Report'!$G$5,add[مخزن الإضافة],'Report'!$C$3,add[تاريخ الإذن],'Report'!C112),\"\")","v":""},{"$f":"IF(C112<>\"\",SUMIFS(low[الكميه المنصرفه],low[اسم الصنف],'Report'!$G$5,low[مخزن الصرف],'Report'!$C$3,low[تاريخ الإذن],'Report'!C112),\"\")","v":""},"",null,{"$f":"IF( OR(report[[#This Row],[صادر]]>0,report[[#This Row],[وارد]]>0),\"يحسب\",\"\")","v":"يحسب"}]
["2016-04-08",null,"",{"$f":"IF(C113<>\"\",SUMIFS(add[الكمية المضافة],add[اسم الصنف],'Report'!$G$5,add[مخزن الإضافة],'Report'!$C$3,add[تاريخ الإذن],'Report'!C113),\"\")","v":""},{"$f":"IF(C113<>\"\",SUMIFS(low[الكميه المنصرفه],low[اسم الصنف],'Report'!$G$5,low[مخزن الصرف],'Report'!$C$3,low[تاريخ الإذن],'Report'!C113),\"\")","v":""},"",null,{"$f":"IF( OR(report[[#This Row],[صادر]]>0,report[[#This Row],[وارد]]>0),\"يحسب\",\"\")","v":"يحسب"}]
["2016-04-09",null,"",{"$f":"IF(C114<>\"\",SUMIFS(add[الكمية المضافة],add[اسم الصنف],'Report'!$G$5,add[مخزن الإضافة],'Report'!$C$3,add[تاريخ الإذن],'Report'!C114),\"\")","v":""},{"$f":"IF(C114<>\"\",SUMIFS(low[الكميه المنصرفه],low[اسم الصنف],'Report'!$G$5,low[مخزن الصرف],'Report'!$C$3,low[تاريخ الإذن],'Report'!C114),\"\")","v":""},"",null,{"$f":"IF( OR(report[[#This Row],[صادر]]>0,report[[#This Row],[وارد]]>0),\"يحسب\",\"\")","v":"يحسب"}]
["2016-04-10",null,"",{"$f":"IF(C115<>\"\",SUMIFS(add[الكمية المضافة],add[اسم الصنف],'Report'!$G$5,add[مخزن الإضافة],'Report'!$C$3,add[تاريخ الإذن],'Report'!C115),\"\")","v":""},{"$f":"IF(C115<>\"\",SUMIFS(low[الكميه المنصرفه],low[اسم الصنف],'Report'!$G$5,low[مخزن الصرف],'Report'!$C$3,low[تاريخ الإذن],'Report'!C115),\"\")","v":""},"",null,{"$f":"IF( OR(report[[#This Row],[صادر]]>0,report[[#This Row],[وارد]]>0),\"يحسب\",\"\")","v":"يحسب"}]
["2016-04-11",null,"",{"$f":"IF(C116<>\"\",SUMIFS(add[الكمية المضافة],add[اسم الصنف],'Report'!$G$5,add[مخزن الإضافة],'Report'!$C$3,add[تاريخ الإذن],'Report'!C116),\"\")","v":""},{"$f":"IF(C116<>\"\",SUMIFS(low[الكميه المنصرفه],low[اسم الصنف],'Report'!$G$5,low[مخزن الصرف],'Report'!$C$3,low[تاريخ الإذن],'Report'!C116),\"\")","v":""},"",null,{"$f":"IF( OR(report[[#This Row],[صادر]]>0,report[[#This Row],[وارد]]>0),\"يحسب\",\"\")","v":"يحسب"}]
["2016-04-12",null,"",{"$f":"IF(C117<>\"\",SUMIFS(add[الكمية المضافة],add[اسم الصنف],'Report'!$G$5,add[مخزن الإضافة],'Report'!$C$3,add[تاريخ الإذن],'Report'!C117),\"\")","v":""},{"$f":"IF(C117<>\"\",SUMIFS(low[الكميه المنصرفه],low[اسم الصنف],'Report'!$G$5,low[مخزن الصرف],'Report'!$C$3,low[تاريخ الإذن],'Report'!C117),\"\")","v":""},"",null,{"$f":"IF( OR(report[[#This Row],[صادر]]>0,report[[#This Row],[وارد]]>0),\"يحسب\",\"\")","v":"يحسب"}]
["2016-04-13",null,"",{"$f":"IF(C118<>\"\",SUMIFS(add[الكمية المضافة],add[اسم الصنف],'Report'!$G$5,add[مخزن الإضافة],'Report'!$C$3,add[تاريخ الإذن],'Report'!C118),\"\")","v":""},{"$f":"IF(C118<>\"\",SUMIFS(low[الكميه المنصرفه],low[اسم الصنف],'Report'!$G$5,low[مخزن الصرف],'Report'!$C$3,low[تاريخ الإذن],'Report'!C118),\"\")","v":""},"",null,{"$f":"IF( OR(report[[#This Row],[صادر]]>0,report[[#This Row],[وارد]]>0),\"يحسب\",\"\")","v":"يحسب"}]
["2016-04-14",null,"",{"$f":"IF(C119<>\"\",SUMIFS(add[الكمية المضافة],add[اسم الصنف],'Report'!$G$5,add[مخزن الإضافة],'Report'!$C$3,add[تاريخ الإذن],'Report'!C119),\"\")","v":""},{"$f":"IF(C119<>\"\",SUMIFS(low[الكميه المنصرفه],low[اسم الصنف],'Report'!$G$5,low[مخزن الصرف],'Report'!$C$3,low[تاريخ الإذن],'Report'!C119),\"\")","v":""},"",null,{"$f":"IF( OR(report[[#This Row],[صادر]]>0,report[[#This Row],[وارد]]>0),\"يحسب\",\"\")","v":"يحسب"}]
["2016-04-15",null,"",{"$f":"IF(C120<>\"\",SUMIFS(add[الكمية المضافة],add[اسم الصنف],'Report'!$G$5,add[مخزن الإضافة],'Report'!$C$3,add[تاريخ الإذن],'Report'!C120),\"\")","v":""},{"$f":"IF(C120<>\"\",SUMIFS(low[الكميه المنصرفه],low[اسم الصنف],'Report'!$G$5,low[مخزن الصرف],'Report'!$C$3,low[تاريخ الإذن],'Report'!C120),\"\")","v":""},"",null,{"$f":"IF( OR(report[[#This Row],[صادر]]>0,report[[#This Row],[وارد]]>0),\"يحسب\",\"\")","v":"يحسب"}]
["2016-04-16",null,"",{"$f":"IF(C121<>\"\",SUMIFS(add[الكمية المضافة],add[اسم الصنف],'Report'!$G$5,add[مخزن الإضافة],'Report'!$C$3,add[تاريخ الإذن],'Report'!C121),\"\")","v":""},{"$f":"IF(C121<>\"\",SUMIFS(low[الكميه المنصرفه],low[اسم الصنف],'Report'!$G$5,low[مخزن الصرف],'Report'!$C$3,low[تاريخ الإذن],'Report'!C121),\"\")","v":""},"",null,{"$f":"IF( OR(report[[#This Row],[صادر]]>0,report[[#This Row],[وارد]]>0),\"يحسب\",\"\")","v":"يحسب"}]
["2016-04-17",null,"",{"$f":"IF(C122<>\"\",SUMIFS(add[الكمية المضافة],add[اسم الصنف],'Report'!$G$5,add[مخزن الإضافة],'Report'!$C$3,add[تاريخ الإذن],'Report'!C122),\"\")","v":""},{"$f":"IF(C122<>\"\",SUMIFS(low[الكميه المنصرفه],low[اسم الصنف],'Report'!$G$5,low[مخزن الصرف],'Report'!$C$3,low[تاريخ الإذن],'Report'!C122),\"\")","v":""},"",null,{"$f":"IF( OR(report[[#This Row],[صادر]]>0,report[[#This Row],[وارد]]>0),\"يحسب\",\"\")","v":"يحسب"}]
["2016-04-18",null,"",{"$f":"IF(C123<>\"\",SUMIFS(add[الكمية المضافة],add[اسم الصنف],'Report'!$G$5,add[مخزن الإضافة],'Report'!$C$3,add[تاريخ الإذن],'Report'!C123),\"\")","v":""},{"$f":"IF(C123<>\"\",SUMIFS(low[الكميه المنصرفه],low[اسم الصنف],'Report'!$G$5,low[مخزن الصرف],'Report'!$C$3,low[تاريخ الإذن],'Report'!C123),\"\")","v":""},"",null,{"$f":"IF( OR(report[[#This Row],[صادر]]>0,report[[#This Row],[وارد]]>0),\"يحسب\",\"\")","v":"يحسب"}]
["2016-04-19",null,"",{"$f":"IF(C124<>\"\",SUMIFS(add[الكمية المضافة],add[اسم الصنف],'Report'!$G$5,add[مخزن الإضافة],'Report'!$C$3,add[تاريخ الإذن],'Report'!C124),\"\")","v":""},{"$f":"IF(C124<>\"\",SUMIFS(low[الكميه المنصرفه],low[اسم الصنف],'Report'!$G$5,low[مخزن الصرف],'Report'!$C$3,low[تاريخ الإذن],'Report'!C124),\"\")","v":""},"",null,{"$f":"IF( OR(report[[#This Row],[صادر]]>0,report[[#This Row],[وارد]]>0),\"يحسب\",\"\")","v":"يحسب"}]
["2016-04-20",null,"",{"$f":"IF(C125<>\"\",SUMIFS(add[الكمية المضافة],add[اسم الصنف],'Report'!$G$5,add[مخزن الإضافة],'Report'!$C$3,add[تاريخ الإذن],'Report'!C125),\"\")","v":""},{"$f":"IF(C125<>\"\",SUMIFS(low[الكميه المنصرفه],low[اسم الصنف],'Report'!$G$5,low[مخزن الصرف],'Report'!$C$3,low[تاريخ الإذن],'Report'!C125),\"\")","v":""},"",null,{"$f":"IF( OR(report[[#This Row],[صادر]]>0,report[[#This Row],[وارد]]>0),\"يحسب\",\"\")","v":"يحسب"}]
["2016-04-21",null,"",{"$f":"IF(C126<>\"\",SUMIFS(add[الكمية المضافة],add[اسم الصنف],'Report'!$G$5,add[مخزن الإضافة],'Report'!$C$3,add[تاريخ الإذن],'Report'!C126),\"\")","v":""},{"$f":"IF(C126<>\"\",SUMIFS(low[الكميه المنصرفه],low[اسم الصنف],'Report'!$G$5,low[مخزن الصرف],'Report'!$C$3,low[تاريخ الإذن],'Report'!C126),\"\")","v":""},"",null,{"$f":"IF( OR(report[[#This Row],[صادر]]>0,report[[#This Row],[وارد]]>0),\"يحسب\",\"\")","v":"يحسب"}]
["2016-04-22",null,"",{"$f":"IF(C127<>\"\",SUMIFS(add[الكمية المضافة],add[اسم الصنف],'Report'!$G$5,add[مخزن الإضافة],'Report'!$C$3,add[تاريخ الإذن],'Report'!C127),\"\")","v":""},{"$f":"IF(C127<>\"\",SUMIFS(low[الكميه المنصرفه],low[اسم الصنف],'Report'!$G$5,low[مخزن الصرف],'Report'!$C$3,low[تاريخ الإذن],'Report'!C127),\"\")","v":""},"",null,{"$f":"IF( OR(report[[#This Row],[صادر]]>0,report[[#This Row],[وارد]]>0),\"يحسب\",\"\")","v":"يحسب"}]
["2016-04-23",null,"",{"$f":"IF(C128<>\"\",SUMIFS(add[الكمية المضافة],add[اسم الصنف],'Report'!$G$5,add[مخزن الإضافة],'Report'!$C$3,add[تاريخ الإذن],'Report'!C128),\"\")","v":""},{"$f":"IF(C128<>\"\",SUMIFS(low[الكميه المنصرفه],low[اسم الصنف],'Report'!$G$5,low[مخزن الصرف],'Report'!$C$3,low[تاريخ الإذن],'Report'!C128),\"\")","v":""},"",null,{"$f":"IF( OR(report[[#This Row],[صادر]]>0,report[[#This Row],[وارد]]>0),\"يحسب\",\"\")","v":"يحسب"}]
["2016-04-24",null,"",{"$f":"IF(C129<>\"\",SUMIFS(add[الكمية المضافة],add[اسم الصنف],'Report'!$G$5,add[مخزن الإضافة],'Report'!$C$3,add[تاريخ الإذن],'Report'!C129),\"\")","v":""},{"$f":"IF(C129<>\"\",SUMIFS(low[الكميه المنصرفه],low[اسم الصنف],'Report'!$G$5,low[مخزن الصرف],'Report'!$C$3,low[تاريخ الإذن],'Report'!C129),\"\")","v":""},"",null,{"$f":"IF( OR(report[[#This Row],[صادر]]>0,report[[#This Row],[وارد]]>0),\"يحسب\",\"\")","v":"يحسب"}]
["2016-04-25",null,"",{"$f":"IF(C130<>\"\",SUMIFS(add[الكمية المضافة],add[اسم الصنف],'Report'!$G$5,add[مخزن الإضافة],'Report'!$C$3,add[تاريخ الإذن],'Report'!C130),\"\")","v":""},{"$f":"IF(C130<>\"\",SUMIFS(low[الكميه المنصرفه],low[اسم الصنف],'Report'!$G$5,low[مخزن الصرف],'Report'!$C$3,low[تاريخ الإذن],'Report'!C130),\"\")","v":""},"",null,{"$f":"IF( OR(report[[#This Row],[صادر]]>0,report[[#This Row],[وارد]]>0),\"يحسب\",\"\")","v":"يحسب"}]
["2016-04-26",null,"",{"$f":"IF(C131<>\"\",SUMIFS(add[الكمية المضافة],add[اسم الصنف],'Report'!$G$5,add[مخزن الإضافة],'Report'!$C$3,add[تاريخ الإذن],'Report'!C131),\"\")","v":""},{"$f":"IF(C131<>\"\",SUMIFS(low[الكميه المنصرفه],low[اسم الصنف],'Report'!$G$5,low[مخزن الصرف],'Report'!$C$3,low[تاريخ الإذن],'Report'!C131),\"\")","v":""},"",null,{"$f":"IF( OR(report[[#This Row],[صادر]]>0,report[[#This Row],[وارد]]>0),\"يحسب\",\"\")","v":"يحسب"}]
["2016-04-27",null,"",{"$f":"IF(C132<>\"\",SUMIFS(add[الكمية المضافة],add[اسم الصنف],'Report'!$G$5,add[مخزن الإضافة],'Report'!$C$3,add[تاريخ الإذن],'Report'!C132),\"\")","v":""},{"$f":"IF(C132<>\"\",SUMIFS(low[الكميه المنصرفه],low[اسم الصنف],'Report'!$G$5,low[مخزن الصرف],'Report'!$C$3,low[تاريخ الإذن],'Report'!C132),\"\")","v":""},"",null,{"$f":"IF( OR(report[[#This Row],[صادر]]>0,report[[#This Row],[وارد]]>0),\"يحسب\",\"\")","v":"يحسب"}]
["2016-04-28",null,"",{"$f":"IF(C133<>\"\",SUMIFS(add[الكمية المضافة],add[اسم الصنف],'Report'!$G$5,add[مخزن الإضافة],'Report'!$C$3,add[تاريخ الإذن],'Report'!C133),\"\")","v":""},{"$f":"IF(C133<>\"\",SUMIFS(low[الكميه المنصرفه],low[اسم الصنف],'Report'!$G$5,low[مخزن الصرف],'Report'!$C$3,low[تاريخ الإذن],'Report'!C133),\"\")","v":""},"",null,{"$f":"IF( OR(report[[#This Row],[صادر]]>0,report[[#This Row],[وارد]]>0),\"يحسب\",\"\")","v":"يحسب"}]
["2016-04-29",null,"",{"$f":"IF(C134<>\"\",SUMIFS(add[الكمية المضافة],add[اسم الصنف],'Report'!$G$5,add[مخزن الإضافة],'Report'!$C$3,add[تاريخ الإذن],'Report'!C134),\"\")","v":""},{"$f":"IF(C134<>\"\",SUMIFS(low[الكميه المنصرفه],low[اسم الصنف],'Report'!$G$5,low[مخزن الصرف],'Report'!$C$3,low[تاريخ الإذن],'Report'!C134),\"\")","v":""},"",null,{"$f":"IF( OR(report[[#This Row],[صادر]]>0,report[[#This Row],[وارد]]>0),\"يحسب\",\"\")","v":"يحسب"}]
["2016-04-30",null,"",{"$f":"IF(C135<>\"\",SUMIFS(add[الكمية المضافة],add[اسم الصنف],'Report'!$G$5,add[مخزن الإضافة],'Report'!$C$3,add[تاريخ الإذن],'Report'!C135),\"\")","v":""},{"$f":"IF(C135<>\"\",SUMIFS(low[الكميه المنصرفه],low[اسم الصنف],'Report'!$G$5,low[مخزن الصرف],'Report'!$C$3,low[تاريخ الإذن],'Report'!C135),\"\")","v":""},{"$f":"IFERROR(IF(C135<>\"\",F134+D135-E135,\"\"),\"\")","v":""},null,{"$f":"IF( OR(report[[#This Row],[صادر]]>0,report[[#This Row],[وارد]]>0),\"يحسب\",\"\")","v":"يحسب"}]
["2016-05-01",null,"",{"$f":"IF(C136<>\"\",SUMIFS(add[الكمية المضافة],add[اسم الصنف],'Report'!$G$5,add[مخزن الإضافة],'Report'!$C$3,add[تاريخ الإذن],'Report'!C136),\"\")","v":""},{"$f":"IF(C136<>\"\",SUMIFS(low[الكميه المنصرفه],low[اسم الصنف],'Report'!$G$5,low[مخزن الصرف],'Report'!$C$3,low[تاريخ الإذن],'Report'!C136),\"\")","v":""},"",null,{"$f":"IF( OR(report[[#This Row],[صادر]]>0,report[[#This Row],[وارد]]>0),\"يحسب\",\"\")","v":"يحسب"}]
["2016-05-02",null,"",{"$f":"IF(C137<>\"\",SUMIFS(add[الكمية المضافة],add[اسم الصنف],'Report'!$G$5,add[مخزن الإضافة],'Report'!$C$3,add[تاريخ الإذن],'Report'!C137),\"\")","v":""},{"$f":"IF(C137<>\"\",SUMIFS(low[الكميه المنصرفه],low[اسم الصنف],'Report'!$G$5,low[مخزن الصرف],'Report'!$C$3,low[تاريخ الإذن],'Report'!C137),\"\")","v":""},"",null,{"$f":"IF( OR(report[[#This Row],[صادر]]>0,report[[#This Row],[وارد]]>0),\"يحسب\",\"\")","v":"يحسب"}]
["2016-05-03",null,"",{"$f":"IF(C138<>\"\",SUMIFS(add[الكمية المضافة],add[اسم الصنف],'Report'!$G$5,add[مخزن الإضافة],'Report'!$C$3,add[تاريخ الإذن],'Report'!C138),\"\")","v":""},{"$f":"IF(C138<>\"\",SUMIFS(low[الكميه المنصرفه],low[اسم الصنف],'Report'!$G$5,low[مخزن الصرف],'Report'!$C$3,low[تاريخ الإذن],'Report'!C138),\"\")","v":""},"",null,{"$f":"IF( OR(report[[#This Row],[صادر]]>0,report[[#This Row],[وارد]]>0),\"يحسب\",\"\")","v":"يحسب"}]
["2016-05-04",null,"",{"$f":"IF(C139<>\"\",SUMIFS(add[الكمية المضافة],add[اسم الصنف],'Report'!$G$5,add[مخزن الإضافة],'Report'!$C$3,add[تاريخ الإذن],'Report'!C139),\"\")","v":""},{"$f":"IF(C139<>\"\",SUMIFS(low[الكميه المنصرفه],low[اسم الصنف],'Report'!$G$5,low[مخزن الصرف],'Report'!$C$3,low[تاريخ الإذن],'Report'!C139),\"\")","v":""},"",null,{"$f":"IF( OR(report[[#This Row],[صادر]]>0,report[[#This Row],[وارد]]>0),\"يحسب\",\"\")","v":"يحسب"}]
["2016-05-05",null,"",{"$f":"IF(C140<>\"\",SUMIFS(add[الكمية المضافة],add[اسم الصنف],'Report'!$G$5,add[مخزن الإضافة],'Report'!$C$3,add[تاريخ الإذن],'Report'!C140),\"\")","v":""},{"$f":"IF(C140<>\"\",SUMIFS(low[الكميه المنصرفه],low[اسم الصنف],'Report'!$G$5,low[مخزن الصرف],'Report'!$C$3,low[تاريخ الإذن],'Report'!C140),\"\")","v":""},"",null,{"$f":"IF( OR(report[[#This Row],[صادر]]>0,report[[#This Row],[وارد]]>0),\"يحسب\",\"\")","v":"يحسب"}]
["2016-05-06",null,"",{"$f":"IF(C141<>\"\",SUMIFS(add[الكمية المضافة],add[اسم الصنف],'Report'!$G$5,add[مخزن الإضافة],'Report'!$C$3,add[تاريخ الإذن],'Report'!C141),\"\")","v":""},{"$f":"IF(C141<>\"\",SUMIFS(low[الكميه المنصرفه],low[اسم الصنف],'Report'!$G$5,low[مخزن الصرف],'Report'!$C$3,low[تاريخ الإذن],'Report'!C141),\"\")","v":""},"",null,{"$f":"IF( OR(report[[#This Row],[صادر]]>0,report[[#This Row],[وارد]]>0),\"يحسب\",\"\")","v":"يحسب"}]
["2016-05-07",null,"",{"$f":"IF(C142<>\"\",SUMIFS(add[الكمية المضافة],add[اسم الصنف],'Report'!$G$5,add[مخزن الإضافة],'Report'!$C$3,add[تاريخ الإذن],'Report'!C142),\"\")","v":""},{"$f":"IF(C142<>\"\",SUMIFS(low[الكميه المنصرفه],low[اسم الصنف],'Report'!$G$5,low[مخزن الصرف],'Report'!$C$3,low[تاريخ الإذن],'Report'!C142),\"\")","v":""},"",null,{"$f":"IF( OR(report[[#This Row],[صادر]]>0,report[[#This Row],[وارد]]>0),\"يحسب\",\"\")","v":"يحسب"}]
["2016-05-08",null,"",{"$f":"IF(C143<>\"\",SUMIFS(add[الكمية المضافة],add[اسم الصنف],'Report'!$G$5,add[مخزن الإضافة],'Report'!$C$3,add[تاريخ الإذن],'Report'!C143),\"\")","v":""},{"$f":"IF(C143<>\"\",SUMIFS(low[الكميه المنصرفه],low[اسم الصنف],'Report'!$G$5,low[مخزن الصرف],'Report'!$C$3,low[تاريخ الإذن],'Report'!C143),\"\")","v":""},"",null,{"$f":"IF( OR(report[[#This Row],[صادر]]>0,report[[#This Row],[وارد]]>0),\"يحسب\",\"\")","v":"يحسب"}]
["2016-05-09",null,{"$f":"IFERROR(IF(C143+1<=$C$7,C143+1,\"\"),\"\")","v":""},{"$f":"IF(C144<>\"\",SUMIFS(add[الكمية المضافة],add[اسم الصنف],'Report'!$G$5,add[مخزن الإضافة],'Report'!$C$3,add[تاريخ الإذن],'Report'!C144),\"\")","v":""},{"$f":"IF(C144<>\"\",SUMIFS(low[الكميه المنصرفه],low[اسم الصنف],'Report'!$G$5,low[مخزن الصرف],'Report'!$C$3,low[تاريخ الإذن],'Report'!C144),\"\")","v":""},"",null,{"$f":"IF( OR(report[[#This Row],[صادر]]>0,report[[#This Row],[وارد]]>0),\"يحسب\",\"\")","v":"يحسب"}]
[{"$f":"A144+1","v":"2016-05-10"},null,"",{"$f":"IF(C145<>\"\",SUMIFS(add[الكمية المضافة],add[اسم الصنف],'Report'!$G$5,add[مخزن الإضافة],'Report'!$C$3,add[تاريخ الإذن],'Report'!C145),\"\")","v":""},{"$f":"IF(C145<>\"\",SUMIFS(low[الكميه المنصرفه],low[اسم الصنف],'Report'!$G$5,low[مخزن الصرف],'Report'!$C$3,low[تاريخ الإذن],'Report'!C145),\"\")","v":""},"",null,{"$f":"IF( OR(report[[#This Row],[صادر]]>0,report[[#This Row],[وارد]]>0),\"يحسب\",\"\")","v":"يحسب"}]
["2016-05-11",null,"",{"$f":"IF(C146<>\"\",SUMIFS(add[الكمية المضافة],add[اسم الصنف],'Report'!$G$5,add[مخزن الإضافة],'Report'!$C$3,add[تاريخ الإذن],'Report'!C146),\"\")","v":""},{"$f":"IF(C146<>\"\",SUMIFS(low[الكميه المنصرفه],low[اسم الصنف],'Report'!$G$5,low[مخزن الصرف],'Report'!$C$3,low[تاريخ الإذن],'Report'!C146),\"\")","v":""},"",null,{"$f":"IF( OR(report[[#This Row],[صادر]]>0,report[[#This Row],[وارد]]>0),\"يحسب\",\"\")","v":"يحسب"}]
["2016-05-12",null,"",{"$f":"IF(C147<>\"\",SUMIFS(add[الكمية المضافة],add[اسم الصنف],'Report'!$G$5,add[مخزن الإضافة],'Report'!$C$3,add[تاريخ الإذن],'Report'!C147),\"\")","v":""},{"$f":"IF(C147<>\"\",SUMIFS(low[الكميه المنصرفه],low[اسم الصنف],'Report'!$G$5,low[مخزن الصرف],'Report'!$C$3,low[تاريخ الإذن],'Report'!C147),\"\")","v":""},"",null,{"$f":"IF( OR(report[[#This Row],[صادر]]>0,report[[#This Row],[وارد]]>0),\"يحسب\",\"\")","v":"يحسب"}]
["2016-05-13",null,"",{"$f":"IF(C148<>\"\",SUMIFS(add[الكمية المضافة],add[اسم الصنف],'Report'!$G$5,add[مخزن الإضافة],'Report'!$C$3,add[تاريخ الإذن],'Report'!C148),\"\")","v":""},{"$f":"IF(C148<>\"\",SUMIFS(low[الكميه المنصرفه],low[اسم الصنف],'Report'!$G$5,low[مخزن الصرف],'Report'!$C$3,low[تاريخ الإذن],'Report'!C148),\"\")","v":""},"",null,{"$f":"IF( OR(report[[#This Row],[صادر]]>0,report[[#This Row],[وارد]]>0),\"يحسب\",\"\")","v":"يحسب"}]
["2016-05-14",null,"",{"$f":"IF(C149<>\"\",SUMIFS(add[الكمية المضافة],add[اسم الصنف],'Report'!$G$5,add[مخزن الإضافة],'Report'!$C$3,add[تاريخ الإذن],'Report'!C149),\"\")","v":""},{"$f":"IF(C149<>\"\",SUMIFS(low[الكميه المنصرفه],low[اسم الصنف],'Report'!$G$5,low[مخزن الصرف],'Report'!$C$3,low[تاريخ الإذن],'Report'!C149),\"\")","v":""},"",null,{"$f":"IF( OR(report[[#This Row],[صادر]]>0,report[[#This Row],[وارد]]>0),\"يحسب\",\"\")","v":"يحسب"}]
["2016-05-15",null,"",{"$f":"IF(C150<>\"\",SUMIFS(add[الكمية المضافة],add[اسم الصنف],'Report'!$G$5,add[مخزن الإضافة],'Report'!$C$3,add[تاريخ الإذن],'Report'!C150),\"\")","v":""},{"$f":"IF(C150<>\"\",SUMIFS(low[الكميه المنصرفه],low[اسم الصنف],'Report'!$G$5,low[مخزن الصرف],'Report'!$C$3,low[تاريخ الإذن],'Report'!C150),\"\")","v":""},"",null,{"$f":"IF( OR(report[[#This Row],[صادر]]>0,report[[#This Row],[وارد]]>0),\"يحسب\",\"\")","v":"يحسب"}]
["2016-05-16",null,"",{"$f":"IF(C151<>\"\",SUMIFS(add[الكمية المضافة],add[اسم الصنف],'Report'!$G$5,add[مخزن الإضافة],'Report'!$C$3,add[تاريخ الإذن],'Report'!C151),\"\")","v":""},{"$f":"IF(C151<>\"\",SUMIFS(low[الكميه المنصرفه],low[اسم الصنف],'Report'!$G$5,low[مخزن الصرف],'Report'!$C$3,low[تاريخ الإذن],'Report'!C151),\"\")","v":""},"",null,{"$f":"IF( OR(report[[#This Row],[صادر]]>0,report[[#This Row],[وارد]]>0),\"يحسب\",\"\")","v":"يحسب"}]
["2016-05-17",null,"",{"$f":"IF(C152<>\"\",SUMIFS(add[الكمية المضافة],add[اسم الصنف],'Report'!$G$5,add[مخزن الإضافة],'Report'!$C$3,add[تاريخ الإذن],'Report'!C152),\"\")","v":""},{"$f":"IF(C152<>\"\",SUMIFS(low[الكميه المنصرفه],low[اسم الصنف],'Report'!$G$5,low[مخزن الصرف],'Report'!$C$3,low[تاريخ الإذن],'Report'!C152),\"\")","v":""},"",null,{"$f":"IF( OR(report[[#This Row],[صادر]]>0,report[[#This Row],[وارد]]>0),\"يحسب\",\"\")","v":"يحسب"}]
["2016-05-18",null,"",{"$f":"IF(C153<>\"\",SUMIFS(add[الكمية المضافة],add[اسم الصنف],'Report'!$G$5,add[مخزن الإضافة],'Report'!$C$3,add[تاريخ الإذن],'Report'!C153),\"\")","v":""},{"$f":"IF(C153<>\"\",SUMIFS(low[الكميه المنصرفه],low[اسم الصنف],'Report'!$G$5,low[مخزن الصرف],'Report'!$C$3,low[تاريخ الإذن],'Report'!C153),\"\")","v":""},"",null,{"$f":"IF( OR(report[[#This Row],[صادر]]>0,report[[#This Row],[وارد]]>0),\"يحسب\",\"\")","v":"يحسب"}]
["2016-05-19",null,"",{"$f":"IF(C154<>\"\",SUMIFS(add[الكمية المضافة],add[اسم الصنف],'Report'!$G$5,add[مخزن الإضافة],'Report'!$C$3,add[تاريخ الإذن],'Report'!C154),\"\")","v":""},{"$f":"IF(C154<>\"\",SUMIFS(low[الكميه المنصرفه],low[اسم الصنف],'Report'!$G$5,low[مخزن الصرف],'Report'!$C$3,low[تاريخ الإذن],'Report'!C154),\"\")","v":""},"",null,{"$f":"IF( OR(report[[#This Row],[صادر]]>0,report[[#This Row],[وارد]]>0),\"يحسب\",\"\")","v":"يحسب"}]
["2016-05-20",null,"",{"$f":"IF(C155<>\"\",SUMIFS(add[الكمية المضافة],add[اسم الصنف],'Report'!$G$5,add[مخزن الإضافة],'Report'!$C$3,add[تاريخ الإذن],'Report'!C155),\"\")","v":""},{"$f":"IF(C155<>\"\",SUMIFS(low[الكميه المنصرفه],low[اسم الصنف],'Report'!$G$5,low[مخزن الصرف],'Report'!$C$3,low[تاريخ الإذن],'Report'!C155),\"\")","v":""},"",null,{"$f":"IF( OR(report[[#This Row],[صادر]]>0,report[[#This Row],[وارد]]>0),\"يحسب\",\"\")","v":"يحسب"}]
["2016-05-21",null,"",{"$f":"IF(C156<>\"\",SUMIFS(add[الكمية المضافة],add[اسم الصنف],'Report'!$G$5,add[مخزن الإضافة],'Report'!$C$3,add[تاريخ الإذن],'Report'!C156),\"\")","v":""},{"$f":"IF(C156<>\"\",SUMIFS(low[الكميه المنصرفه],low[اسم الصنف],'Report'!$G$5,low[مخزن الصرف],'Report'!$C$3,low[تاريخ الإذن],'Report'!C156),\"\")","v":""},"",null,{"$f":"IF( OR(report[[#This Row],[صادر]]>0,report[[#This Row],[وارد]]>0),\"يحسب\",\"\")","v":"يحسب"}]
["2016-05-22",null,"",{"$f":"IF(C157<>\"\",SUMIFS(add[الكمية المضافة],add[اسم الصنف],'Report'!$G$5,add[مخزن الإضافة],'Report'!$C$3,add[تاريخ الإذن],'Report'!C157),\"\")","v":""},{"$f":"IF(C157<>\"\",SUMIFS(low[الكميه المنصرفه],low[اسم الصنف],'Report'!$G$5,low[مخزن الصرف],'Report'!$C$3,low[تاريخ الإذن],'Report'!C157),\"\")","v":""},"",null,{"$f":"IF( OR(report[[#This Row],[صادر]]>0,report[[#This Row],[وارد]]>0),\"يحسب\",\"\")","v":"يحسب"}]
["2016-05-23",null,"",{"$f":"IF(C158<>\"\",SUMIFS(add[الكمية المضافة],add[اسم الصنف],'Report'!$G$5,add[مخزن الإضافة],'Report'!$C$3,add[تاريخ الإذن],'Report'!C158),\"\")","v":""},{"$f":"IF(C158<>\"\",SUMIFS(low[الكميه المنصرفه],low[اسم الصنف],'Report'!$G$5,low[مخزن الصرف],'Report'!$C$3,low[تاريخ الإذن],'Report'!C158),\"\")","v":""},"",null,{"$f":"IF( OR(report[[#This Row],[صادر]]>0,report[[#This Row],[وارد]]>0),\"يحسب\",\"\")","v":"يحسب"}]
["2016-05-24",null,"",{"$f":"IF(C159<>\"\",SUMIFS(add[الكمية المضافة],add[اسم الصنف],'Report'!$G$5,add[مخزن الإضافة],'Report'!$C$3,add[تاريخ الإذن],'Report'!C159),\"\")","v":""},{"$f":"IF(C159<>\"\",SUMIFS(low[الكميه المنصرفه],low[اسم الصنف],'Report'!$G$5,low[مخزن الصرف],'Report'!$C$3,low[تاريخ الإذن],'Report'!C159),\"\")","v":""},"",null,{"$f":"IF( OR(report[[#This Row],[صادر]]>0,report[[#This Row],[وارد]]>0),\"يحسب\",\"\")","v":"يحسب"}]
["2016-05-25",null,"",{"$f":"IF(C160<>\"\",SUMIFS(add[الكمية المضافة],add[اسم الصنف],'Report'!$G$5,add[مخزن الإضافة],'Report'!$C$3,add[تاريخ الإذن],'Report'!C160),\"\")","v":""},{"$f":"IF(C160<>\"\",SUMIFS(low[الكميه المنصرفه],low[اسم الصنف],'Report'!$G$5,low[مخزن الصرف],'Report'!$C$3,low[تاريخ الإذن],'Report'!C160),\"\")","v":""},"",null,{"$f":"IF( OR(report[[#This Row],[صادر]]>0,report[[#This Row],[وارد]]>0),\"يحسب\",\"\")","v":"يحسب"}]
["2016-05-26",null,"",{"$f":"IF(C161<>\"\",SUMIFS(add[الكمية المضافة],add[اسم الصنف],'Report'!$G$5,add[مخزن الإضافة],'Report'!$C$3,add[تاريخ الإذن],'Report'!C161),\"\")","v":""},{"$f":"IF(C161<>\"\",SUMIFS(low[الكميه المنصرفه],low[اسم الصنف],'Report'!$G$5,low[مخزن الصرف],'Report'!$C$3,low[تاريخ الإذن],'Report'!C161),\"\")","v":""},"",null,{"$f":"IF( OR(report[[#This Row],[صادر]]>0,report[[#This Row],[وارد]]>0),\"يحسب\",\"\")","v":"يحسب"}]
["2016-05-27",null,"",{"$f":"IF(C162<>\"\",SUMIFS(add[الكمية المضافة],add[اسم الصنف],'Report'!$G$5,add[مخزن الإضافة],'Report'!$C$3,add[تاريخ الإذن],'Report'!C162),\"\")","v":""},{"$f":"IF(C162<>\"\",SUMIFS(low[الكميه المنصرفه],low[اسم الصنف],'Report'!$G$5,low[مخزن الصرف],'Report'!$C$3,low[تاريخ الإذن],'Report'!C162),\"\")","v":""},"",null,{"$f":"IF( OR(report[[#This Row],[صادر]]>0,report[[#This Row],[وارد]]>0),\"يحسب\",\"\")","v":"يحسب"}]
["2016-05-28",null,"",{"$f":"IF(C163<>\"\",SUMIFS(add[الكمية المضافة],add[اسم الصنف],'Report'!$G$5,add[مخزن الإضافة],'Report'!$C$3,add[تاريخ الإذن],'Report'!C163),\"\")","v":""},{"$f":"IF(C163<>\"\",SUMIFS(low[الكميه المنصرفه],low[اسم الصنف],'Report'!$G$5,low[مخزن الصرف],'Report'!$C$3,low[تاريخ الإذن],'Report'!C163),\"\")","v":""},"",null,{"$f":"IF( OR(report[[#This Row],[صادر]]>0,report[[#This Row],[وارد]]>0),\"يحسب\",\"\")","v":"يحسب"}]
["2016-05-29",null,"",{"$f":"IF(C164<>\"\",SUMIFS(add[الكمية المضافة],add[اسم الصنف],'Report'!$G$5,add[مخزن الإضافة],'Report'!$C$3,add[تاريخ الإذن],'Report'!C164),\"\")","v":""},{"$f":"IF(C164<>\"\",SUMIFS(low[الكميه المنصرفه],low[اسم الصنف],'Report'!$G$5,low[مخزن الصرف],'Report'!$C$3,low[تاريخ الإذن],'Report'!C164),\"\")","v":""},"",null,{"$f":"IF( OR(report[[#This Row],[صادر]]>0,report[[#This Row],[وارد]]>0),\"يحسب\",\"\")","v":"يحسب"}]
["2016-05-30",null,"",{"$f":"IF(C165<>\"\",SUMIFS(add[الكمية المضافة],add[اسم الصنف],'Report'!$G$5,add[مخزن الإضافة],'Report'!$C$3,add[تاريخ الإذن],'Report'!C165),\"\")","v":""},{"$f":"IF(C165<>\"\",SUMIFS(low[الكميه المنصرفه],low[اسم الصنف],'Report'!$G$5,low[مخزن الصرف],'Report'!$C$3,low[تاريخ الإذن],'Report'!C165),\"\")","v":""},"",null,{"$f":"IF( OR(report[[#This Row],[صادر]]>0,report[[#This Row],[وارد]]>0),\"يحسب\",\"\")","v":"يحسب"}]
["2016-05-31",null,"",{"$f":"IF(C166<>\"\",SUMIFS(add[الكمية المضافة],add[اسم الصنف],'Report'!$G$5,add[مخزن الإضافة],'Report'!$C$3,add[تاريخ الإذن],'Report'!C166),\"\")","v":""},{"$f":"IF(C166<>\"\",SUMIFS(low[الكميه المنصرفه],low[اسم الصنف],'Report'!$G$5,low[مخزن الصرف],'Report'!$C$3,low[تاريخ الإذن],'Report'!C166),\"\")","v":""},"",null,{"$f":"IF( OR(report[[#This Row],[صادر]]>0,report[[#This Row],[وارد]]>0),\"يحسب\",\"\")","v":"يحسب"}]
["2016-06-01",null,"",{"$f":"IF(C167<>\"\",SUMIFS(add[الكمية المضافة],add[اسم الصنف],'Report'!$G$5,add[مخزن الإضافة],'Report'!$C$3,add[تاريخ الإذن],'Report'!C167),\"\")","v":""},{"$f":"IF(C167<>\"\",SUMIFS(low[الكميه المنصرفه],low[اسم الصنف],'Report'!$G$5,low[مخزن الصرف],'Report'!$C$3,low[تاريخ الإذن],'Report'!C167),\"\")","v":""},"",null,{"$f":"IF( OR(report[[#This Row],[صادر]]>0,report[[#This Row],[وارد]]>0),\"يحسب\",\"\")","v":"يحسب"}]
["2016-06-02",null,"",{"$f":"IF(C168<>\"\",SUMIFS(add[الكمية المضافة],add[اسم الصنف],'Report'!$G$5,add[مخزن الإضافة],'Report'!$C$3,add[تاريخ الإذن],'Report'!C168),\"\")","v":""},{"$f":"IF(C168<>\"\",SUMIFS(low[الكميه المنصرفه],low[اسم الصنف],'Report'!$G$5,low[مخزن الصرف],'Report'!$C$3,low[تاريخ الإذن],'Report'!C168),\"\")","v":""},"",null,{"$f":"IF( OR(report[[#This Row],[صادر]]>0,report[[#This Row],[وارد]]>0),\"يحسب\",\"\")","v":"يحسب"}]
["2016-06-03",null,"",{"$f":"IF(C169<>\"\",SUMIFS(add[الكمية المضافة],add[اسم الصنف],'Report'!$G$5,add[مخزن الإضافة],'Report'!$C$3,add[تاريخ الإذن],'Report'!C169),\"\")","v":""},{"$f":"IF(C169<>\"\",SUMIFS(low[الكميه المنصرفه],low[اسم الصنف],'Report'!$G$5,low[مخزن الصرف],'Report'!$C$3,low[تاريخ الإذن],'Report'!C169),\"\")","v":""},"",null,{"$f":"IF( OR(report[[#This Row],[صادر]]>0,report[[#This Row],[وارد]]>0),\"يحسب\",\"\")","v":"يحسب"}]
["2016-06-04",null,"",{"$f":"IF(C170<>\"\",SUMIFS(add[الكمية المضافة],add[اسم الصنف],'Report'!$G$5,add[مخزن الإضافة],'Report'!$C$3,add[تاريخ الإذن],'Report'!C170),\"\")","v":""},{"$f":"IF(C170<>\"\",SUMIFS(low[الكميه المنصرفه],low[اسم الصنف],'Report'!$G$5,low[مخزن الصرف],'Report'!$C$3,low[تاريخ الإذن],'Report'!C170),\"\")","v":""},"",null,{"$f":"IF( OR(report[[#This Row],[صادر]]>0,report[[#This Row],[وارد]]>0),\"يحسب\",\"\")","v":"يحسب"}]
["2016-06-05",null,"",{"$f":"IF(C171<>\"\",SUMIFS(add[الكمية المضافة],add[اسم الصنف],'Report'!$G$5,add[مخزن الإضافة],'Report'!$C$3,add[تاريخ الإذن],'Report'!C171),\"\")","v":""},{"$f":"IF(C171<>\"\",SUMIFS(low[الكميه المنصرفه],low[اسم الصنف],'Report'!$G$5,low[مخزن الصرف],'Report'!$C$3,low[تاريخ الإذن],'Report'!C171),\"\")","v":""},"",null,{"$f":"IF( OR(report[[#This Row],[صادر]]>0,report[[#This Row],[وارد]]>0),\"يحسب\",\"\")","v":"يحسب"}]
["2016-06-06",null,"",{"$f":"IF(C172<>\"\",SUMIFS(add[الكمية المضافة],add[اسم الصنف],'Report'!$G$5,add[مخزن الإضافة],'Report'!$C$3,add[تاريخ الإذن],'Report'!C172),\"\")","v":""},{"$f":"IF(C172<>\"\",SUMIFS(low[الكميه المنصرفه],low[اسم الصنف],'Report'!$G$5,low[مخزن الصرف],'Report'!$C$3,low[تاريخ الإذن],'Report'!C172),\"\")","v":""},"",null,{"$f":"IF( OR(report[[#This Row],[صادر]]>0,report[[#This Row],[وارد]]>0),\"يحسب\",\"\")","v":"يحسب"}]
["2016-06-07",null,"",{"$f":"IF(C173<>\"\",SUMIFS(add[الكمية المضافة],add[اسم الصنف],'Report'!$G$5,add[مخزن الإضافة],'Report'!$C$3,add[تاريخ الإذن],'Report'!C173),\"\")","v":""},{"$f":"IF(C173<>\"\",SUMIFS(low[الكميه المنصرفه],low[اسم الصنف],'Report'!$G$5,low[مخزن الصرف],'Report'!$C$3,low[تاريخ الإذن],'Report'!C173),\"\")","v":""},"",null,{"$f":"IF( OR(report[[#This Row],[صادر]]>0,report[[#This Row],[وارد]]>0),\"يحسب\",\"\")","v":"يحسب"}]
["2016-06-08",null,"",{"$f":"IF(C174<>\"\",SUMIFS(add[الكمية المضافة],add[اسم الصنف],'Report'!$G$5,add[مخزن الإضافة],'Report'!$C$3,add[تاريخ الإذن],'Report'!C174),\"\")","v":""},{"$f":"IF(C174<>\"\",SUMIFS(low[الكميه المنصرفه],low[اسم الصنف],'Report'!$G$5,low[مخزن الصرف],'Report'!$C$3,low[تاريخ الإذن],'Report'!C174),\"\")","v":""},"",null,{"$f":"IF( OR(report[[#This Row],[صادر]]>0,report[[#This Row],[وارد]]>0),\"يحسب\",\"\")","v":"يحسب"}]
["2016-06-09",null,"",{"$f":"IF(C175<>\"\",SUMIFS(add[الكمية المضافة],add[اسم الصنف],'Report'!$G$5,add[مخزن الإضافة],'Report'!$C$3,add[تاريخ الإذن],'Report'!C175),\"\")","v":""},{"$f":"IF(C175<>\"\",SUMIFS(low[الكميه المنصرفه],low[اسم الصنف],'Report'!$G$5,low[مخزن الصرف],'Report'!$C$3,low[تاريخ الإذن],'Report'!C175),\"\")","v":""},"",null,{"$f":"IF( OR(report[[#This Row],[صادر]]>0,report[[#This Row],[وارد]]>0),\"يحسب\",\"\")","v":"يحسب"}]
["2016-06-10",null,"",{"$f":"IF(C176<>\"\",SUMIFS(add[الكمية المضافة],add[اسم الصنف],'Report'!$G$5,add[مخزن الإضافة],'Report'!$C$3,add[تاريخ الإذن],'Report'!C176),\"\")","v":""},{"$f":"IF(C176<>\"\",SUMIFS(low[الكميه المنصرفه],low[اسم الصنف],'Report'!$G$5,low[مخزن الصرف],'Report'!$C$3,low[تاريخ الإذن],'Report'!C176),\"\")","v":""},"",null,{"$f":"IF( OR(report[[#This Row],[صادر]]>0,report[[#This Row],[وارد]]>0),\"يحسب\",\"\")","v":"يحسب"}]
["2016-06-11",null,"",{"$f":"IF(C177<>\"\",SUMIFS(add[الكمية المضافة],add[اسم الصنف],'Report'!$G$5,add[مخزن الإضافة],'Report'!$C$3,add[تاريخ الإذن],'Report'!C177),\"\")","v":""},{"$f":"IF(C177<>\"\",SUMIFS(low[الكميه المنصرفه],low[اسم الصنف],'Report'!$G$5,low[مخزن الصرف],'Report'!$C$3,low[تاريخ الإذن],'Report'!C177),\"\")","v":""},"",null,{"$f":"IF( OR(report[[#This Row],[صادر]]>0,report[[#This Row],[وارد]]>0),\"يحسب\",\"\")","v":"يحسب"}]
["2016-06-12",null,"",{"$f":"IF(C178<>\"\",SUMIFS(add[الكمية المضافة],add[اسم الصنف],'Report'!$G$5,add[مخزن الإضافة],'Report'!$C$3,add[تاريخ الإذن],'Report'!C178),\"\")","v":""},{"$f":"IF(C178<>\"\",SUMIFS(low[الكميه المنصرفه],low[اسم الصنف],'Report'!$G$5,low[مخزن الصرف],'Report'!$C$3,low[تاريخ الإذن],'Report'!C178),\"\")","v":""},"",null,{"$f":"IF( OR(report[[#This Row],[صادر]]>0,report[[#This Row],[وارد]]>0),\"يحسب\",\"\")","v":"يحسب"}]
["2016-06-13",null,"",{"$f":"IF(C179<>\"\",SUMIFS(add[الكمية المضافة],add[اسم الصنف],'Report'!$G$5,add[مخزن الإضافة],'Report'!$C$3,add[تاريخ الإذن],'Report'!C179),\"\")","v":""},{"$f":"IF(C179<>\"\",SUMIFS(low[الكميه المنصرفه],low[اسم الصنف],'Report'!$G$5,low[مخزن الصرف],'Report'!$C$3,low[تاريخ الإذن],'Report'!C179),\"\")","v":""},"",null,{"$f":"IF( OR(report[[#This Row],[صادر]]>0,report[[#This Row],[وارد]]>0),\"يحسب\",\"\")","v":"يحسب"}]
["2016-06-14",null,"",{"$f":"IF(C180<>\"\",SUMIFS(add[الكمية المضافة],add[اسم الصنف],'Report'!$G$5,add[مخزن الإضافة],'Report'!$C$3,add[تاريخ الإذن],'Report'!C180),\"\")","v":""},{"$f":"IF(C180<>\"\",SUMIFS(low[الكميه المنصرفه],low[اسم الصنف],'Report'!$G$5,low[مخزن الصرف],'Report'!$C$3,low[تاريخ الإذن],'Report'!C180),\"\")","v":""},"",null,{"$f":"IF( OR(report[[#This Row],[صادر]]>0,report[[#This Row],[وارد]]>0),\"يحسب\",\"\")","v":"يحسب"}]
["2016-06-15",null,"",{"$f":"IF(C181<>\"\",SUMIFS(add[الكمية المضافة],add[اسم الصنف],'Report'!$G$5,add[مخزن الإضافة],'Report'!$C$3,add[تاريخ الإذن],'Report'!C181),\"\")","v":""},{"$f":"IF(C181<>\"\",SUMIFS(low[الكميه المنصرفه],low[اسم الصنف],'Report'!$G$5,low[مخزن الصرف],'Report'!$C$3,low[تاريخ الإذن],'Report'!C181),\"\")","v":""},"",null,{"$f":"IF( OR(report[[#This Row],[صادر]]>0,report[[#This Row],[وارد]]>0),\"يحسب\",\"\")","v":"يحسب"}]
["2016-06-16",null,"",{"$f":"IF(C182<>\"\",SUMIFS(add[الكمية المضافة],add[اسم الصنف],'Report'!$G$5,add[مخزن الإضافة],'Report'!$C$3,add[تاريخ الإذن],'Report'!C182),\"\")","v":""},{"$f":"IF(C182<>\"\",SUMIFS(low[الكميه المنصرفه],low[اسم الصنف],'Report'!$G$5,low[مخزن الصرف],'Report'!$C$3,low[تاريخ الإذن],'Report'!C182),\"\")","v":""},"",null,{"$f":"IF( OR(report[[#This Row],[صادر]]>0,report[[#This Row],[وارد]]>0),\"يحسب\",\"\")","v":"يحسب"}]
["2016-06-17",null,"",{"$f":"IF(C183<>\"\",SUMIFS(add[الكمية المضافة],add[اسم الصنف],'Report'!$G$5,add[مخزن الإضافة],'Report'!$C$3,add[تاريخ الإذن],'Report'!C183),\"\")","v":""},{"$f":"IF(C183<>\"\",SUMIFS(low[الكميه المنصرفه],low[اسم الصنف],'Report'!$G$5,low[مخزن الصرف],'Report'!$C$3,low[تاريخ الإذن],'Report'!C183),\"\")","v":""},"",null,{"$f":"IF( OR(report[[#This Row],[صادر]]>0,report[[#This Row],[وارد]]>0),\"يحسب\",\"\")","v":"يحسب"}]
["2016-06-18",null,"",{"$f":"IF(C184<>\"\",SUMIFS(add[الكمية المضافة],add[اسم الصنف],'Report'!$G$5,add[مخزن الإضافة],'Report'!$C$3,add[تاريخ الإذن],'Report'!C184),\"\")","v":""},{"$f":"IF(C184<>\"\",SUMIFS(low[الكميه المنصرفه],low[اسم الصنف],'Report'!$G$5,low[مخزن الصرف],'Report'!$C$3,low[تاريخ الإذن],'Report'!C184),\"\")","v":""},"",null,{"$f":"IF( OR(report[[#This Row],[صادر]]>0,report[[#This Row],[وارد]]>0),\"يحسب\",\"\")","v":"يحسب"}]
["2016-06-19",null,"",{"$f":"IF(C185<>\"\",SUMIFS(add[الكمية المضافة],add[اسم الصنف],'Report'!$G$5,add[مخزن الإضافة],'Report'!$C$3,add[تاريخ الإذن],'Report'!C185),\"\")","v":""},{"$f":"IF(C185<>\"\",SUMIFS(low[الكميه المنصرفه],low[اسم الصنف],'Report'!$G$5,low[مخزن الصرف],'Report'!$C$3,low[تاريخ الإذن],'Report'!C185),\"\")","v":""},"",null,{"$f":"IF( OR(report[[#This Row],[صادر]]>0,report[[#This Row],[وارد]]>0),\"يحسب\",\"\")","v":"يحسب"}]
["2016-06-20",null,"",{"$f":"IF(C186<>\"\",SUMIFS(add[الكمية المضافة],add[اسم الصنف],'Report'!$G$5,add[مخزن الإضافة],'Report'!$C$3,add[تاريخ الإذن],'Report'!C186),\"\")","v":""},{"$f":"IF(C186<>\"\",SUMIFS(low[الكميه المنصرفه],low[اسم الصنف],'Report'!$G$5,low[مخزن الصرف],'Report'!$C$3,low[تاريخ الإذن],'Report'!C186),\"\")","v":""},"",null,{"$f":"IF( OR(report[[#This Row],[صادر]]>0,report[[#This Row],[وارد]]>0),\"يحسب\",\"\")","v":"يحسب"}]
["2016-06-21",null,"",{"$f":"IF(C187<>\"\",SUMIFS(add[الكمية المضافة],add[اسم الصنف],'Report'!$G$5,add[مخزن الإضافة],'Report'!$C$3,add[تاريخ الإذن],'Report'!C187),\"\")","v":""},{"$f":"IF(C187<>\"\",SUMIFS(low[الكميه المنصرفه],low[اسم الصنف],'Report'!$G$5,low[مخزن الصرف],'Report'!$C$3,low[تاريخ الإذن],'Report'!C187),\"\")","v":""},"",null,{"$f":"IF( OR(report[[#This Row],[صادر]]>0,report[[#This Row],[وارد]]>0),\"يحسب\",\"\")","v":"يحسب"}]
["2016-06-22",null,"",{"$f":"IF(C188<>\"\",SUMIFS(add[الكمية المضافة],add[اسم الصنف],'Report'!$G$5,add[مخزن الإضافة],'Report'!$C$3,add[تاريخ الإذن],'Report'!C188),\"\")","v":""},{"$f":"IF(C188<>\"\",SUMIFS(low[الكميه المنصرفه],low[اسم الصنف],'Report'!$G$5,low[مخزن الصرف],'Report'!$C$3,low[تاريخ الإذن],'Report'!C188),\"\")","v":""},"",null,{"$f":"IF( OR(report[[#This Row],[صادر]]>0,report[[#This Row],[وارد]]>0),\"يحسب\",\"\")","v":"يحسب"}]
["2016-06-23",null,"",{"$f":"IF(C189<>\"\",SUMIFS(add[الكمية المضافة],add[اسم الصنف],'Report'!$G$5,add[مخزن الإضافة],'Report'!$C$3,add[تاريخ الإذن],'Report'!C189),\"\")","v":""},{"$f":"IF(C189<>\"\",SUMIFS(low[الكميه المنصرفه],low[اسم الصنف],'Report'!$G$5,low[مخزن الصرف],'Report'!$C$3,low[تاريخ الإذن],'Report'!C189),\"\")","v":""},"",null,{"$f":"IF( OR(report[[#This Row],[صادر]]>0,report[[#This Row],[وارد]]>0),\"يحسب\",\"\")","v":"يحسب"}]
["2016-06-24",null,"",{"$f":"IF(C190<>\"\",SUMIFS(add[الكمية المضافة],add[اسم الصنف],'Report'!$G$5,add[مخزن الإضافة],'Report'!$C$3,add[تاريخ الإذن],'Report'!C190),\"\")","v":""},{"$f":"IF(C190<>\"\",SUMIFS(low[الكميه المنصرفه],low[اسم الصنف],'Report'!$G$5,low[مخزن الصرف],'Report'!$C$3,low[تاريخ الإذن],'Report'!C190),\"\")","v":""},"",null,{"$f":"IF( OR(report[[#This Row],[صادر]]>0,report[[#This Row],[وارد]]>0),\"يحسب\",\"\")","v":"يحسب"}]
["2016-06-25",null,"",{"$f":"IF(C191<>\"\",SUMIFS(add[الكمية المضافة],add[اسم الصنف],'Report'!$G$5,add[مخزن الإضافة],'Report'!$C$3,add[تاريخ الإذن],'Report'!C191),\"\")","v":""},{"$f":"IF(C191<>\"\",SUMIFS(low[الكميه المنصرفه],low[اسم الصنف],'Report'!$G$5,low[مخزن الصرف],'Report'!$C$3,low[تاريخ الإذن],'Report'!C191),\"\")","v":""},"",null,{"$f":"IF( OR(report[[#This Row],[صادر]]>0,report[[#This Row],[وارد]]>0),\"يحسب\",\"\")","v":"يحسب"}]
["2016-06-26",null,"",{"$f":"IF(C192<>\"\",SUMIFS(add[الكمية المضافة],add[اسم الصنف],'Report'!$G$5,add[مخزن الإضافة],'Report'!$C$3,add[تاريخ الإذن],'Report'!C192),\"\")","v":""},{"$f":"IF(C192<>\"\",SUMIFS(low[الكميه المنصرفه],low[اسم الصنف],'Report'!$G$5,low[مخزن الصرف],'Report'!$C$3,low[تاريخ الإذن],'Report'!C192),\"\")","v":""},"",null,{"$f":"IF( OR(report[[#This Row],[صادر]]>0,report[[#This Row],[وارد]]>0),\"يحسب\",\"\")","v":"يحسب"}]
["2016-06-27",null,"",{"$f":"IF(C193<>\"\",SUMIFS(add[الكمية المضافة],add[اسم الصنف],'Report'!$G$5,add[مخزن الإضافة],'Report'!$C$3,add[تاريخ الإذن],'Report'!C193),\"\")","v":""},{"$f":"IF(C193<>\"\",SUMIFS(low[الكميه المنصرفه],low[اسم الصنف],'Report'!$G$5,low[مخزن الصرف],'Report'!$C$3,low[تاريخ الإذن],'Report'!C193),\"\")","v":""},"",null,{"$f":"IF( OR(report[[#This Row],[صادر]]>0,report[[#This Row],[وارد]]>0),\"يحسب\",\"\")","v":"يحسب"}]
["2016-06-28",null,"",{"$f":"IF(C194<>\"\",SUMIFS(add[الكمية المضافة],add[اسم الصنف],'Report'!$G$5,add[مخزن الإضافة],'Report'!$C$3,add[تاريخ الإذن],'Report'!C194),\"\")","v":""},{"$f":"IF(C194<>\"\",SUMIFS(low[الكميه المنصرفه],low[اسم الصنف],'Report'!$G$5,low[مخزن الصرف],'Report'!$C$3,low[تاريخ الإذن],'Report'!C194),\"\")","v":""},"",null,{"$f":"IF( OR(report[[#This Row],[صادر]]>0,report[[#This Row],[وارد]]>0),\"يحسب\",\"\")","v":"يحسب"}]
["2016-06-29",null,"",{"$f":"IF(C195<>\"\",SUMIFS(add[الكمية المضافة],add[اسم الصنف],'Report'!$G$5,add[مخزن الإضافة],'Report'!$C$3,add[تاريخ الإذن],'Report'!C195),\"\")","v":""},{"$f":"IF(C195<>\"\",SUMIFS(low[الكميه المنصرفه],low[اسم الصنف],'Report'!$G$5,low[مخزن الصرف],'Report'!$C$3,low[تاريخ الإذن],'Report'!C195),\"\")","v":""},"",null,{"$f":"IF( OR(report[[#This Row],[صادر]]>0,report[[#This Row],[وارد]]>0),\"يحسب\",\"\")","v":"يحسب"}]
["2016-06-30",null,"",{"$f":"IF(C196<>\"\",SUMIFS(add[الكمية المضافة],add[اسم الصنف],'Report'!$G$5,add[مخزن الإضافة],'Report'!$C$3,add[تاريخ الإذن],'Report'!C196),\"\")","v":""},{"$f":"IF(C196<>\"\",SUMIFS(low[الكميه المنصرفه],low[اسم الصنف],'Report'!$G$5,low[مخزن الصرف],'Report'!$C$3,low[تاريخ الإذن],'Report'!C196),\"\")","v":""},"",null,{"$f":"IF( OR(report[[#This Row],[صادر]]>0,report[[#This Row],[وارد]]>0),\"يحسب\",\"\")","v":"يحسب"}]
["2016-07-01",null,"",{"$f":"IF(C197<>\"\",SUMIFS(add[الكمية المضافة],add[اسم الصنف],'Report'!$G$5,add[مخزن الإضافة],'Report'!$C$3,add[تاريخ الإذن],'Report'!C197),\"\")","v":""},{"$f":"IF(C197<>\"\",SUMIFS(low[الكميه المنصرفه],low[اسم الصنف],'Report'!$G$5,low[مخزن الصرف],'Report'!$C$3,low[تاريخ الإذن],'Report'!C197),\"\")","v":""},"",null,{"$f":"IF( OR(report[[#This Row],[صادر]]>0,report[[#This Row],[وارد]]>0),\"يحسب\",\"\")","v":"يحسب"}]
["2016-07-02",null,"",{"$f":"IF(C198<>\"\",SUMIFS(add[الكمية المضافة],add[اسم الصنف],'Report'!$G$5,add[مخزن الإضافة],'Report'!$C$3,add[تاريخ الإذن],'Report'!C198),\"\")","v":""},{"$f":"IF(C198<>\"\",SUMIFS(low[الكميه المنصرفه],low[اسم الصنف],'Report'!$G$5,low[مخزن الصرف],'Report'!$C$3,low[تاريخ الإذن],'Report'!C198),\"\")","v":""},"",null,{"$f":"IF( OR(report[[#This Row],[صادر]]>0,report[[#This Row],[وارد]]>0),\"يحسب\",\"\")","v":"يحسب"}]
["2016-07-03",null,"",{"$f":"IF(C199<>\"\",SUMIFS(add[الكمية المضافة],add[اسم الصنف],'Report'!$G$5,add[مخزن الإضافة],'Report'!$C$3,add[تاريخ الإذن],'Report'!C199),\"\")","v":""},{"$f":"IF(C199<>\"\",SUMIFS(low[الكميه المنصرفه],low[اسم الصنف],'Report'!$G$5,low[مخزن الصرف],'Report'!$C$3,low[تاريخ الإذن],'Report'!C199),\"\")","v":""},{"$f":"IFERROR(IF(C199<>\"\",F198+D199-E199,\"\"),\"\")","v":""},null,{"$f":"IF( OR(report[[#This Row],[صادر]]>0,report[[#This Row],[وارد]]>0),\"يحسب\",\"\")","v":"يحسب"}]
["2016-07-04",null,"",{"$f":"IF(C200<>\"\",SUMIFS(add[الكمية المضافة],add[اسم الصنف],'Report'!$G$5,add[مخزن الإضافة],'Report'!$C$3,add[تاريخ الإذن],'Report'!C200),\"\")","v":""},{"$f":"IF(C200<>\"\",SUMIFS(low[الكميه المنصرفه],low[اسم الصنف],'Report'!$G$5,low[مخزن الصرف],'Report'!$C$3,low[تاريخ الإذن],'Report'!C200),\"\")","v":""},"",null,{"$f":"IF( OR(report[[#This Row],[صادر]]>0,report[[#This Row],[وارد]]>0),\"يحسب\",\"\")","v":"يحسب"}]
["2016-07-05",null,"",{"$f":"IF(C201<>\"\",SUMIFS(add[الكمية المضافة],add[اسم الصنف],'Report'!$G$5,add[مخزن الإضافة],'Report'!$C$3,add[تاريخ الإذن],'Report'!C201),\"\")","v":""},{"$f":"IF(C201<>\"\",SUMIFS(low[الكميه المنصرفه],low[اسم الصنف],'Report'!$G$5,low[مخزن الصرف],'Report'!$C$3,low[تاريخ الإذن],'Report'!C201),\"\")","v":""},"",null,{"$f":"IF( OR(report[[#This Row],[صادر]]>0,report[[#This Row],[وارد]]>0),\"يحسب\",\"\")","v":"يحسب"}]
["2016-07-06",null,"",{"$f":"IF(C202<>\"\",SUMIFS(add[الكمية المضافة],add[اسم الصنف],'Report'!$G$5,add[مخزن الإضافة],'Report'!$C$3,add[تاريخ الإذن],'Report'!C202),\"\")","v":""},{"$f":"IF(C202<>\"\",SUMIFS(low[الكميه المنصرفه],low[اسم الصنف],'Report'!$G$5,low[مخزن الصرف],'Report'!$C$3,low[تاريخ الإذن],'Report'!C202),\"\")","v":""},"",null,{"$f":"IF( OR(report[[#This Row],[صادر]]>0,report[[#This Row],[وارد]]>0),\"يحسب\",\"\")","v":"يحسب"}]
["2016-07-07",null,"",{"$f":"IF(C203<>\"\",SUMIFS(add[الكمية المضافة],add[اسم الصنف],'Report'!$G$5,add[مخزن الإضافة],'Report'!$C$3,add[تاريخ الإذن],'Report'!C203),\"\")","v":""},{"$f":"IF(C203<>\"\",SUMIFS(low[الكميه المنصرفه],low[اسم الصنف],'Report'!$G$5,low[مخزن الصرف],'Report'!$C$3,low[تاريخ الإذن],'Report'!C203),\"\")","v":""},"",null,{"$f":"IF( OR(report[[#This Row],[صادر]]>0,report[[#This Row],[وارد]]>0),\"يحسب\",\"\")","v":"يحسب"}]
["2016-07-08",null,"",{"$f":"IF(C204<>\"\",SUMIFS(add[الكمية المضافة],add[اسم الصنف],'Report'!$G$5,add[مخزن الإضافة],'Report'!$C$3,add[تاريخ الإذن],'Report'!C204),\"\")","v":""},{"$f":"IF(C204<>\"\",SUMIFS(low[الكميه المنصرفه],low[اسم الصنف],'Report'!$G$5,low[مخزن الصرف],'Report'!$C$3,low[تاريخ الإذن],'Report'!C204),\"\")","v":""},"",null,{"$f":"IF( OR(report[[#This Row],[صادر]]>0,report[[#This Row],[وارد]]>0),\"يحسب\",\"\")","v":"يحسب"}]
["2016-07-09",null,"",{"$f":"IF(C205<>\"\",SUMIFS(add[الكمية المضافة],add[اسم الصنف],'Report'!$G$5,add[مخزن الإضافة],'Report'!$C$3,add[تاريخ الإذن],'Report'!C205),\"\")","v":""},{"$f":"IF(C205<>\"\",SUMIFS(low[الكميه المنصرفه],low[اسم الصنف],'Report'!$G$5,low[مخزن الصرف],'Report'!$C$3,low[تاريخ الإذن],'Report'!C205),\"\")","v":""},"",null,{"$f":"IF( OR(report[[#This Row],[صادر]]>0,report[[#This Row],[وارد]]>0),\"يحسب\",\"\")","v":"يحسب"}]
["2016-07-10",null,"",{"$f":"IF(C206<>\"\",SUMIFS(add[الكمية المضافة],add[اسم الصنف],'Report'!$G$5,add[مخزن الإضافة],'Report'!$C$3,add[تاريخ الإذن],'Report'!C206),\"\")","v":""},{"$f":"IF(C206<>\"\",SUMIFS(low[الكميه المنصرفه],low[اسم الصنف],'Report'!$G$5,low[مخزن الصرف],'Report'!$C$3,low[تاريخ الإذن],'Report'!C206),\"\")","v":""},"",null,{"$f":"IF( OR(report[[#This Row],[صادر]]>0,report[[#This Row],[وارد]]>0),\"يحسب\",\"\")","v":"يحسب"}]
["2016-07-11",null,"",{"$f":"IF(C207<>\"\",SUMIFS(add[الكمية المضافة],add[اسم الصنف],'Report'!$G$5,add[مخزن الإضافة],'Report'!$C$3,add[تاريخ الإذن],'Report'!C207),\"\")","v":""},{"$f":"IF(C207<>\"\",SUMIFS(low[الكميه المنصرفه],low[اسم الصنف],'Report'!$G$5,low[مخزن الصرف],'Report'!$C$3,low[تاريخ الإذن],'Report'!C207),\"\")","v":""},"",null,{"$f":"IF( OR(report[[#This Row],[صادر]]>0,report[[#This Row],[وارد]]>0),\"يحسب\",\"\")","v":"يحسب"}]
["2016-07-12",null,{"$f":"IFERROR(IF(C207+1<=$C$7,C207+1,\"\"),\"\")","v":""},{"$f":"IF(C208<>\"\",SUMIFS(add[الكمية المضافة],add[اسم الصنف],'Report'!$G$5,add[مخزن الإضافة],'Report'!$C$3,add[تاريخ الإذن],'Report'!C208),\"\")","v":""},{"$f":"IF(C208<>\"\",SUMIFS(low[الكميه المنصرفه],low[اسم الصنف],'Report'!$G$5,low[مخزن الصرف],'Report'!$C$3,low[تاريخ الإذن],'Report'!C208),\"\")","v":""},"",null,{"$f":"IF( OR(report[[#This Row],[صادر]]>0,report[[#This Row],[وارد]]>0),\"يحسب\",\"\")","v":"يحسب"}]
[{"$f":"A208+1","v":"2016-07-13"},null,"",{"$f":"IF(C209<>\"\",SUMIFS(add[الكمية المضافة],add[اسم الصنف],'Report'!$G$5,add[مخزن الإضافة],'Report'!$C$3,add[تاريخ الإذن],'Report'!C209),\"\")","v":""},{"$f":"IF(C209<>\"\",SUMIFS(low[الكميه المنصرفه],low[اسم الصنف],'Report'!$G$5,low[مخزن الصرف],'Report'!$C$3,low[تاريخ الإذن],'Report'!C209),\"\")","v":""},"",null,{"$f":"IF( OR(report[[#This Row],[صادر]]>0,report[[#This Row],[وارد]]>0),\"يحسب\",\"\")","v":"يحسب"}]
["2016-07-14",null,"",{"$f":"IF(C210<>\"\",SUMIFS(add[الكمية المضافة],add[اسم الصنف],'Report'!$G$5,add[مخزن الإضافة],'Report'!$C$3,add[تاريخ الإذن],'Report'!C210),\"\")","v":""},{"$f":"IF(C210<>\"\",SUMIFS(low[الكميه المنصرفه],low[اسم الصنف],'Report'!$G$5,low[مخزن الصرف],'Report'!$C$3,low[تاريخ الإذن],'Report'!C210),\"\")","v":""},"",null,{"$f":"IF( OR(report[[#This Row],[صادر]]>0,report[[#This Row],[وارد]]>0),\"يحسب\",\"\")","v":"يحسب"}]
["2016-07-15",null,"",{"$f":"IF(C211<>\"\",SUMIFS(add[الكمية المضافة],add[اسم الصنف],'Report'!$G$5,add[مخزن الإضافة],'Report'!$C$3,add[تاريخ الإذن],'Report'!C211),\"\")","v":""},{"$f":"IF(C211<>\"\",SUMIFS(low[الكميه المنصرفه],low[اسم الصنف],'Report'!$G$5,low[مخزن الصرف],'Report'!$C$3,low[تاريخ الإذن],'Report'!C211),\"\")","v":""},"",null,{"$f":"IF( OR(report[[#This Row],[صادر]]>0,report[[#This Row],[وارد]]>0),\"يحسب\",\"\")","v":"يحسب"}]
["2016-07-16",null,"",{"$f":"IF(C212<>\"\",SUMIFS(add[الكمية المضافة],add[اسم الصنف],'Report'!$G$5,add[مخزن الإضافة],'Report'!$C$3,add[تاريخ الإذن],'Report'!C212),\"\")","v":""},{"$f":"IF(C212<>\"\",SUMIFS(low[الكميه المنصرفه],low[اسم الصنف],'Report'!$G$5,low[مخزن الصرف],'Report'!$C$3,low[تاريخ الإذن],'Report'!C212),\"\")","v":""},"",null,{"$f":"IF( OR(report[[#This Row],[صادر]]>0,report[[#This Row],[وارد]]>0),\"يحسب\",\"\")","v":"يحسب"}]
["2016-07-17",null,"",{"$f":"IF(C213<>\"\",SUMIFS(add[الكمية المضافة],add[اسم الصنف],'Report'!$G$5,add[مخزن الإضافة],'Report'!$C$3,add[تاريخ الإذن],'Report'!C213),\"\")","v":""},{"$f":"IF(C213<>\"\",SUMIFS(low[الكميه المنصرفه],low[اسم الصنف],'Report'!$G$5,low[مخزن الصرف],'Report'!$C$3,low[تاريخ الإذن],'Report'!C213),\"\")","v":""},"",null,{"$f":"IF( OR(report[[#This Row],[صادر]]>0,report[[#This Row],[وارد]]>0),\"يحسب\",\"\")","v":"يحسب"}]
["2016-07-18",null,"",{"$f":"IF(C214<>\"\",SUMIFS(add[الكمية المضافة],add[اسم الصنف],'Report'!$G$5,add[مخزن الإضافة],'Report'!$C$3,add[تاريخ الإذن],'Report'!C214),\"\")","v":""},{"$f":"IF(C214<>\"\",SUMIFS(low[الكميه المنصرفه],low[اسم الصنف],'Report'!$G$5,low[مخزن الصرف],'Report'!$C$3,low[تاريخ الإذن],'Report'!C214),\"\")","v":""},"",null,{"$f":"IF( OR(report[[#This Row],[صادر]]>0,report[[#This Row],[وارد]]>0),\"يحسب\",\"\")","v":"يحسب"}]
["2016-07-19",null,"",{"$f":"IF(C215<>\"\",SUMIFS(add[الكمية المضافة],add[اسم الصنف],'Report'!$G$5,add[مخزن الإضافة],'Report'!$C$3,add[تاريخ الإذن],'Report'!C215),\"\")","v":""},{"$f":"IF(C215<>\"\",SUMIFS(low[الكميه المنصرفه],low[اسم الصنف],'Report'!$G$5,low[مخزن الصرف],'Report'!$C$3,low[تاريخ الإذن],'Report'!C215),\"\")","v":""},"",null,{"$f":"IF( OR(report[[#This Row],[صادر]]>0,report[[#This Row],[وارد]]>0),\"يحسب\",\"\")","v":"يحسب"}]
["2016-07-20",null,"",{"$f":"IF(C216<>\"\",SUMIFS(add[الكمية المضافة],add[اسم الصنف],'Report'!$G$5,add[مخزن الإضافة],'Report'!$C$3,add[تاريخ الإذن],'Report'!C216),\"\")","v":""},{"$f":"IF(C216<>\"\",SUMIFS(low[الكميه المنصرفه],low[اسم الصنف],'Report'!$G$5,low[مخزن الصرف],'Report'!$C$3,low[تاريخ الإذن],'Report'!C216),\"\")","v":""},"",null,{"$f":"IF( OR(report[[#This Row],[صادر]]>0,report[[#This Row],[وارد]]>0),\"يحسب\",\"\")","v":"يحسب"}]
["2016-07-21",null,"",{"$f":"IF(C217<>\"\",SUMIFS(add[الكمية المضافة],add[اسم الصنف],'Report'!$G$5,add[مخزن الإضافة],'Report'!$C$3,add[تاريخ الإذن],'Report'!C217),\"\")","v":""},{"$f":"IF(C217<>\"\",SUMIFS(low[الكميه المنصرفه],low[اسم الصنف],'Report'!$G$5,low[مخزن الصرف],'Report'!$C$3,low[تاريخ الإذن],'Report'!C217),\"\")","v":""},"",null,{"$f":"IF( OR(report[[#This Row],[صادر]]>0,report[[#This Row],[وارد]]>0),\"يحسب\",\"\")","v":"يحسب"}]
["2016-07-22",null,"",{"$f":"IF(C218<>\"\",SUMIFS(add[الكمية المضافة],add[اسم الصنف],'Report'!$G$5,add[مخزن الإضافة],'Report'!$C$3,add[تاريخ الإذن],'Report'!C218),\"\")","v":""},{"$f":"IF(C218<>\"\",SUMIFS(low[الكميه المنصرفه],low[اسم الصنف],'Report'!$G$5,low[مخزن الصرف],'Report'!$C$3,low[تاريخ الإذن],'Report'!C218),\"\")","v":""},"",null,{"$f":"IF( OR(report[[#This Row],[صادر]]>0,report[[#This Row],[وارد]]>0),\"يحسب\",\"\")","v":"يحسب"}]
["2016-07-23",null,"",{"$f":"IF(C219<>\"\",SUMIFS(add[الكمية المضافة],add[اسم الصنف],'Report'!$G$5,add[مخزن الإضافة],'Report'!$C$3,add[تاريخ الإذن],'Report'!C219),\"\")","v":""},{"$f":"IF(C219<>\"\",SUMIFS(low[الكميه المنصرفه],low[اسم الصنف],'Report'!$G$5,low[مخزن الصرف],'Report'!$C$3,low[تاريخ الإذن],'Report'!C219),\"\")","v":""},"",null,{"$f":"IF( OR(report[[#This Row],[صادر]]>0,report[[#This Row],[وارد]]>0),\"يحسب\",\"\")","v":"يحسب"}]
["2016-07-24",null,"",{"$f":"IF(C220<>\"\",SUMIFS(add[الكمية المضافة],add[اسم الصنف],'Report'!$G$5,add[مخزن الإضافة],'Report'!$C$3,add[تاريخ الإذن],'Report'!C220),\"\")","v":""},{"$f":"IF(C220<>\"\",SUMIFS(low[الكميه المنصرفه],low[اسم الصنف],'Report'!$G$5,low[مخزن الصرف],'Report'!$C$3,low[تاريخ الإذن],'Report'!C220),\"\")","v":""},"",null,{"$f":"IF( OR(report[[#This Row],[صادر]]>0,report[[#This Row],[وارد]]>0),\"يحسب\",\"\")","v":"يحسب"}]
["2016-07-25",null,"",{"$f":"IF(C221<>\"\",SUMIFS(add[الكمية المضافة],add[اسم الصنف],'Report'!$G$5,add[مخزن الإضافة],'Report'!$C$3,add[تاريخ الإذن],'Report'!C221),\"\")","v":""},{"$f":"IF(C221<>\"\",SUMIFS(low[الكميه المنصرفه],low[اسم الصنف],'Report'!$G$5,low[مخزن الصرف],'Report'!$C$3,low[تاريخ الإذن],'Report'!C221),\"\")","v":""},"",null,{"$f":"IF( OR(report[[#This Row],[صادر]]>0,report[[#This Row],[وارد]]>0),\"يحسب\",\"\")","v":"يحسب"}]
["2016-07-26",null,"",{"$f":"IF(C222<>\"\",SUMIFS(add[الكمية المضافة],add[اسم الصنف],'Report'!$G$5,add[مخزن الإضافة],'Report'!$C$3,add[تاريخ الإذن],'Report'!C222),\"\")","v":""},{"$f":"IF(C222<>\"\",SUMIFS(low[الكميه المنصرفه],low[اسم الصنف],'Report'!$G$5,low[مخزن الصرف],'Report'!$C$3,low[تاريخ الإذن],'Report'!C222),\"\")","v":""},"",null,{"$f":"IF( OR(report[[#This Row],[صادر]]>0,report[[#This Row],[وارد]]>0),\"يحسب\",\"\")","v":"يحسب"}]
["2016-07-27",null,"",{"$f":"IF(C223<>\"\",SUMIFS(add[الكمية المضافة],add[اسم الصنف],'Report'!$G$5,add[مخزن الإضافة],'Report'!$C$3,add[تاريخ الإذن],'Report'!C223),\"\")","v":""},{"$f":"IF(C223<>\"\",SUMIFS(low[الكميه المنصرفه],low[اسم الصنف],'Report'!$G$5,low[مخزن الصرف],'Report'!$C$3,low[تاريخ الإذن],'Report'!C223),\"\")","v":""},"",null,{"$f":"IF( OR(report[[#This Row],[صادر]]>0,report[[#This Row],[وارد]]>0),\"يحسب\",\"\")","v":"يحسب"}]
["2016-07-28",null,"",{"$f":"IF(C224<>\"\",SUMIFS(add[الكمية المضافة],add[اسم الصنف],'Report'!$G$5,add[مخزن الإضافة],'Report'!$C$3,add[تاريخ الإذن],'Report'!C224),\"\")","v":""},{"$f":"IF(C224<>\"\",SUMIFS(low[الكميه المنصرفه],low[اسم الصنف],'Report'!$G$5,low[مخزن الصرف],'Report'!$C$3,low[تاريخ الإذن],'Report'!C224),\"\")","v":""},"",null,{"$f":"IF( OR(report[[#This Row],[صادر]]>0,report[[#This Row],[وارد]]>0),\"يحسب\",\"\")","v":"يحسب"}]
["2016-07-29",null,"",{"$f":"IF(C225<>\"\",SUMIFS(add[الكمية المضافة],add[اسم الصنف],'Report'!$G$5,add[مخزن الإضافة],'Report'!$C$3,add[تاريخ الإذن],'Report'!C225),\"\")","v":""},{"$f":"IF(C225<>\"\",SUMIFS(low[الكميه المنصرفه],low[اسم الصنف],'Report'!$G$5,low[مخزن الصرف],'Report'!$C$3,low[تاريخ الإذن],'Report'!C225),\"\")","v":""},"",null,{"$f":"IF( OR(report[[#This Row],[صادر]]>0,report[[#This Row],[وارد]]>0),\"يحسب\",\"\")","v":"يحسب"}]
["2016-07-30",null,"",{"$f":"IF(C226<>\"\",SUMIFS(add[الكمية المضافة],add[اسم الصنف],'Report'!$G$5,add[مخزن الإضافة],'Report'!$C$3,add[تاريخ الإذن],'Report'!C226),\"\")","v":""},{"$f":"IF(C226<>\"\",SUMIFS(low[الكميه المنصرفه],low[اسم الصنف],'Report'!$G$5,low[مخزن الصرف],'Report'!$C$3,low[تاريخ الإذن],'Report'!C226),\"\")","v":""},"",null,{"$f":"IF( OR(report[[#This Row],[صادر]]>0,report[[#This Row],[وارد]]>0),\"يحسب\",\"\")","v":"يحسب"}]
["2016-07-31",null,"",{"$f":"IF(C227<>\"\",SUMIFS(add[الكمية المضافة],add[اسم الصنف],'Report'!$G$5,add[مخزن الإضافة],'Report'!$C$3,add[تاريخ الإذن],'Report'!C227),\"\")","v":""},{"$f":"IF(C227<>\"\",SUMIFS(low[الكميه المنصرفه],low[اسم الصنف],'Report'!$G$5,low[مخزن الصرف],'Report'!$C$3,low[تاريخ الإذن],'Report'!C227),\"\")","v":""},"",null,{"$f":"IF( OR(report[[#This Row],[صادر]]>0,report[[#This Row],[وارد]]>0),\"يحسب\",\"\")","v":"يحسب"}]
["2016-08-01",null,"",{"$f":"IF(C228<>\"\",SUMIFS(add[الكمية المضافة],add[اسم الصنف],'Report'!$G$5,add[مخزن الإضافة],'Report'!$C$3,add[تاريخ الإذن],'Report'!C228),\"\")","v":""},{"$f":"IF(C228<>\"\",SUMIFS(low[الكميه المنصرفه],low[اسم الصنف],'Report'!$G$5,low[مخزن الصرف],'Report'!$C$3,low[تاريخ الإذن],'Report'!C228),\"\")","v":""},"",null,{"$f":"IF( OR(report[[#This Row],[صادر]]>0,report[[#This Row],[وارد]]>0),\"يحسب\",\"\")","v":"يحسب"}]
["2016-08-02",null,"",{"$f":"IF(C229<>\"\",SUMIFS(add[الكمية المضافة],add[اسم الصنف],'Report'!$G$5,add[مخزن الإضافة],'Report'!$C$3,add[تاريخ الإذن],'Report'!C229),\"\")","v":""},{"$f":"IF(C229<>\"\",SUMIFS(low[الكميه المنصرفه],low[اسم الصنف],'Report'!$G$5,low[مخزن الصرف],'Report'!$C$3,low[تاريخ الإذن],'Report'!C229),\"\")","v":""},"",null,{"$f":"IF( OR(report[[#This Row],[صادر]]>0,report[[#This Row],[وارد]]>0),\"يحسب\",\"\")","v":"يحسب"}]
["2016-08-03",null,"",{"$f":"IF(C230<>\"\",SUMIFS(add[الكمية المضافة],add[اسم الصنف],'Report'!$G$5,add[مخزن الإضافة],'Report'!$C$3,add[تاريخ الإذن],'Report'!C230),\"\")","v":""},{"$f":"IF(C230<>\"\",SUMIFS(low[الكميه المنصرفه],low[اسم الصنف],'Report'!$G$5,low[مخزن الصرف],'Report'!$C$3,low[تاريخ الإذن],'Report'!C230),\"\")","v":""},"",null,{"$f":"IF( OR(report[[#This Row],[صادر]]>0,report[[#This Row],[وارد]]>0),\"يحسب\",\"\")","v":"يحسب"}]
["2016-08-04",null,"",{"$f":"IF(C231<>\"\",SUMIFS(add[الكمية المضافة],add[اسم الصنف],'Report'!$G$5,add[مخزن الإضافة],'Report'!$C$3,add[تاريخ الإذن],'Report'!C231),\"\")","v":""},{"$f":"IF(C231<>\"\",SUMIFS(low[الكميه المنصرفه],low[اسم الصنف],'Report'!$G$5,low[مخزن الصرف],'Report'!$C$3,low[تاريخ الإذن],'Report'!C231),\"\")","v":""},"",null,{"$f":"IF( OR(report[[#This Row],[صادر]]>0,report[[#This Row],[وارد]]>0),\"يحسب\",\"\")","v":"يحسب"}]
["2016-08-05",null,"",{"$f":"IF(C232<>\"\",SUMIFS(add[الكمية المضافة],add[اسم الصنف],'Report'!$G$5,add[مخزن الإضافة],'Report'!$C$3,add[تاريخ الإذن],'Report'!C232),\"\")","v":""},{"$f":"IF(C232<>\"\",SUMIFS(low[الكميه المنصرفه],low[اسم الصنف],'Report'!$G$5,low[مخزن الصرف],'Report'!$C$3,low[تاريخ الإذن],'Report'!C232),\"\")","v":""},"",null,{"$f":"IF( OR(report[[#This Row],[صادر]]>0,report[[#This Row],[وارد]]>0),\"يحسب\",\"\")","v":"يحسب"}]
["2016-08-06",null,"",{"$f":"IF(C233<>\"\",SUMIFS(add[الكمية المضافة],add[اسم الصنف],'Report'!$G$5,add[مخزن الإضافة],'Report'!$C$3,add[تاريخ الإذن],'Report'!C233),\"\")","v":""},{"$f":"IF(C233<>\"\",SUMIFS(low[الكميه المنصرفه],low[اسم الصنف],'Report'!$G$5,low[مخزن الصرف],'Report'!$C$3,low[تاريخ الإذن],'Report'!C233),\"\")","v":""},"",null,{"$f":"IF( OR(report[[#This Row],[صادر]]>0,report[[#This Row],[وارد]]>0),\"يحسب\",\"\")","v":"يحسب"}]
["2016-08-07",null,"",{"$f":"IF(C234<>\"\",SUMIFS(add[الكمية المضافة],add[اسم الصنف],'Report'!$G$5,add[مخزن الإضافة],'Report'!$C$3,add[تاريخ الإذن],'Report'!C234),\"\")","v":""},{"$f":"IF(C234<>\"\",SUMIFS(low[الكميه المنصرفه],low[اسم الصنف],'Report'!$G$5,low[مخزن الصرف],'Report'!$C$3,low[تاريخ الإذن],'Report'!C234),\"\")","v":""},"",null,{"$f":"IF( OR(report[[#This Row],[صادر]]>0,report[[#This Row],[وارد]]>0),\"يحسب\",\"\")","v":"يحسب"}]
["2016-08-08",null,"",{"$f":"IF(C235<>\"\",SUMIFS(add[الكمية المضافة],add[اسم الصنف],'Report'!$G$5,add[مخزن الإضافة],'Report'!$C$3,add[تاريخ الإذن],'Report'!C235),\"\")","v":""},{"$f":"IF(C235<>\"\",SUMIFS(low[الكميه المنصرفه],low[اسم الصنف],'Report'!$G$5,low[مخزن الصرف],'Report'!$C$3,low[تاريخ الإذن],'Report'!C235),\"\")","v":""},"",null,{"$f":"IF( OR(report[[#This Row],[صادر]]>0,report[[#This Row],[وارد]]>0),\"يحسب\",\"\")","v":"يحسب"}]
["2016-08-09",null,"",{"$f":"IF(C236<>\"\",SUMIFS(add[الكمية المضافة],add[اسم الصنف],'Report'!$G$5,add[مخزن الإضافة],'Report'!$C$3,add[تاريخ الإذن],'Report'!C236),\"\")","v":""},{"$f":"IF(C236<>\"\",SUMIFS(low[الكميه المنصرفه],low[اسم الصنف],'Report'!$G$5,low[مخزن الصرف],'Report'!$C$3,low[تاريخ الإذن],'Report'!C236),\"\")","v":""},"",null,{"$f":"IF( OR(report[[#This Row],[صادر]]>0,report[[#This Row],[وارد]]>0),\"يحسب\",\"\")","v":"يحسب"}]
["2016-08-10",null,"",{"$f":"IF(C237<>\"\",SUMIFS(add[الكمية المضافة],add[اسم الصنف],'Report'!$G$5,add[مخزن الإضافة],'Report'!$C$3,add[تاريخ الإذن],'Report'!C237),\"\")","v":""},{"$f":"IF(C237<>\"\",SUMIFS(low[الكميه المنصرفه],low[اسم الصنف],'Report'!$G$5,low[مخزن الصرف],'Report'!$C$3,low[تاريخ الإذن],'Report'!C237),\"\")","v":""},"",null,{"$f":"IF( OR(report[[#This Row],[صادر]]>0,report[[#This Row],[وارد]]>0),\"يحسب\",\"\")","v":"يحسب"}]
["2016-08-11",null,"",{"$f":"IF(C238<>\"\",SUMIFS(add[الكمية المضافة],add[اسم الصنف],'Report'!$G$5,add[مخزن الإضافة],'Report'!$C$3,add[تاريخ الإذن],'Report'!C238),\"\")","v":""},{"$f":"IF(C238<>\"\",SUMIFS(low[الكميه المنصرفه],low[اسم الصنف],'Report'!$G$5,low[مخزن الصرف],'Report'!$C$3,low[تاريخ الإذن],'Report'!C238),\"\")","v":""},"",null,{"$f":"IF( OR(report[[#This Row],[صادر]]>0,report[[#This Row],[وارد]]>0),\"يحسب\",\"\")","v":"يحسب"}]
["2016-08-12",null,"",{"$f":"IF(C239<>\"\",SUMIFS(add[الكمية المضافة],add[اسم الصنف],'Report'!$G$5,add[مخزن الإضافة],'Report'!$C$3,add[تاريخ الإذن],'Report'!C239),\"\")","v":""},{"$f":"IF(C239<>\"\",SUMIFS(low[الكميه المنصرفه],low[اسم الصنف],'Report'!$G$5,low[مخزن الصرف],'Report'!$C$3,low[تاريخ الإذن],'Report'!C239),\"\")","v":""},"",null,{"$f":"IF( OR(report[[#This Row],[صادر]]>0,report[[#This Row],[وارد]]>0),\"يحسب\",\"\")","v":"يحسب"}]
["2016-08-13",null,"",{"$f":"IF(C240<>\"\",SUMIFS(add[الكمية المضافة],add[اسم الصنف],'Report'!$G$5,add[مخزن الإضافة],'Report'!$C$3,add[تاريخ الإذن],'Report'!C240),\"\")","v":""},{"$f":"IF(C240<>\"\",SUMIFS(low[الكميه المنصرفه],low[اسم الصنف],'Report'!$G$5,low[مخزن الصرف],'Report'!$C$3,low[تاريخ الإذن],'Report'!C240),\"\")","v":""},"",null,{"$f":"IF( OR(report[[#This Row],[صادر]]>0,report[[#This Row],[وارد]]>0),\"يحسب\",\"\")","v":"يحسب"}]
["2016-08-14",null,"",{"$f":"IF(C241<>\"\",SUMIFS(add[الكمية المضافة],add[اسم الصنف],'Report'!$G$5,add[مخزن الإضافة],'Report'!$C$3,add[تاريخ الإذن],'Report'!C241),\"\")","v":""},{"$f":"IF(C241<>\"\",SUMIFS(low[الكميه المنصرفه],low[اسم الصنف],'Report'!$G$5,low[مخزن الصرف],'Report'!$C$3,low[تاريخ الإذن],'Report'!C241),\"\")","v":""},"",null,{"$f":"IF( OR(report[[#This Row],[صادر]]>0,report[[#This Row],[وارد]]>0),\"يحسب\",\"\")","v":"يحسب"}]
["2016-08-15",null,"",{"$f":"IF(C242<>\"\",SUMIFS(add[الكمية المضافة],add[اسم الصنف],'Report'!$G$5,add[مخزن الإضافة],'Report'!$C$3,add[تاريخ الإذن],'Report'!C242),\"\")","v":""},{"$f":"IF(C242<>\"\",SUMIFS(low[الكميه المنصرفه],low[اسم الصنف],'Report'!$G$5,low[مخزن الصرف],'Report'!$C$3,low[تاريخ الإذن],'Report'!C242),\"\")","v":""},"",null,{"$f":"IF( OR(report[[#This Row],[صادر]]>0,report[[#This Row],[وارد]]>0),\"يحسب\",\"\")","v":"يحسب"}]
["2016-08-16",null,"",{"$f":"IF(C243<>\"\",SUMIFS(add[الكمية المضافة],add[اسم الصنف],'Report'!$G$5,add[مخزن الإضافة],'Report'!$C$3,add[تاريخ الإذن],'Report'!C243),\"\")","v":""},{"$f":"IF(C243<>\"\",SUMIFS(low[الكميه المنصرفه],low[اسم الصنف],'Report'!$G$5,low[مخزن الصرف],'Report'!$C$3,low[تاريخ الإذن],'Report'!C243),\"\")","v":""},"",null,{"$f":"IF( OR(report[[#This Row],[صادر]]>0,report[[#This Row],[وارد]]>0),\"يحسب\",\"\")","v":"يحسب"}]
["2016-08-17",null,"",{"$f":"IF(C244<>\"\",SUMIFS(add[الكمية المضافة],add[اسم الصنف],'Report'!$G$5,add[مخزن الإضافة],'Report'!$C$3,add[تاريخ الإذن],'Report'!C244),\"\")","v":""},{"$f":"IF(C244<>\"\",SUMIFS(low[الكميه المنصرفه],low[اسم الصنف],'Report'!$G$5,low[مخزن الصرف],'Report'!$C$3,low[تاريخ الإذن],'Report'!C244),\"\")","v":""},"",null,{"$f":"IF( OR(report[[#This Row],[صادر]]>0,report[[#This Row],[وارد]]>0),\"يحسب\",\"\")","v":"يحسب"}]
["2016-08-18",null,"",{"$f":"IF(C245<>\"\",SUMIFS(add[الكمية المضافة],add[اسم الصنف],'Report'!$G$5,add[مخزن الإضافة],'Report'!$C$3,add[تاريخ الإذن],'Report'!C245),\"\")","v":""},{"$f":"IF(C245<>\"\",SUMIFS(low[الكميه المنصرفه],low[اسم الصنف],'Report'!$G$5,low[مخزن الصرف],'Report'!$C$3,low[تاريخ الإذن],'Report'!C245),\"\")","v":""},"",null,{"$f":"IF( OR(report[[#This Row],[صادر]]>0,report[[#This Row],[وارد]]>0),\"يحسب\",\"\")","v":"يحسب"}]
["2016-08-19",null,"",{"$f":"IF(C246<>\"\",SUMIFS(add[الكمية المضافة],add[اسم الصنف],'Report'!$G$5,add[مخزن الإضافة],'Report'!$C$3,add[تاريخ الإذن],'Report'!C246),\"\")","v":""},{"$f":"IF(C246<>\"\",SUMIFS(low[الكميه المنصرفه],low[اسم الصنف],'Report'!$G$5,low[مخزن الصرف],'Report'!$C$3,low[تاريخ الإذن],'Report'!C246),\"\")","v":""},"",null,{"$f":"IF( OR(report[[#This Row],[صادر]]>0,report[[#This Row],[وارد]]>0),\"يحسب\",\"\")","v":"يحسب"}]
["2016-08-20",null,"",{"$f":"IF(C247<>\"\",SUMIFS(add[الكمية المضافة],add[اسم الصنف],'Report'!$G$5,add[مخزن الإضافة],'Report'!$C$3,add[تاريخ الإذن],'Report'!C247),\"\")","v":""},{"$f":"IF(C247<>\"\",SUMIFS(low[الكميه المنصرفه],low[اسم الصنف],'Report'!$G$5,low[مخزن الصرف],'Report'!$C$3,low[تاريخ الإذن],'Report'!C247),\"\")","v":""},"",null,{"$f":"IF( OR(report[[#This Row],[صادر]]>0,report[[#This Row],[وارد]]>0),\"يحسب\",\"\")","v":"يحسب"}]
["2016-08-21",null,"",{"$f":"IF(C248<>\"\",SUMIFS(add[الكمية المضافة],add[اسم الصنف],'Report'!$G$5,add[مخزن الإضافة],'Report'!$C$3,add[تاريخ الإذن],'Report'!C248),\"\")","v":""},{"$f":"IF(C248<>\"\",SUMIFS(low[الكميه المنصرفه],low[اسم الصنف],'Report'!$G$5,low[مخزن الصرف],'Report'!$C$3,low[تاريخ الإذن],'Report'!C248),\"\")","v":""},"",null,{"$f":"IF( OR(report[[#This Row],[صادر]]>0,report[[#This Row],[وارد]]>0),\"يحسب\",\"\")","v":"يحسب"}]
["2016-08-22",null,"",{"$f":"IF(C249<>\"\",SUMIFS(add[الكمية المضافة],add[اسم الصنف],'Report'!$G$5,add[مخزن الإضافة],'Report'!$C$3,add[تاريخ الإذن],'Report'!C249),\"\")","v":""},{"$f":"IF(C249<>\"\",SUMIFS(low[الكميه المنصرفه],low[اسم الصنف],'Report'!$G$5,low[مخزن الصرف],'Report'!$C$3,low[تاريخ الإذن],'Report'!C249),\"\")","v":""},"",null,{"$f":"IF( OR(report[[#This Row],[صادر]]>0,report[[#This Row],[وارد]]>0),\"يحسب\",\"\")","v":"يحسب"}]
["2016-08-23",null,"",{"$f":"IF(C250<>\"\",SUMIFS(add[الكمية المضافة],add[اسم الصنف],'Report'!$G$5,add[مخزن الإضافة],'Report'!$C$3,add[تاريخ الإذن],'Report'!C250),\"\")","v":""},{"$f":"IF(C250<>\"\",SUMIFS(low[الكميه المنصرفه],low[اسم الصنف],'Report'!$G$5,low[مخزن الصرف],'Report'!$C$3,low[تاريخ الإذن],'Report'!C250),\"\")","v":""},"",null,{"$f":"IF( OR(report[[#This Row],[صادر]]>0,report[[#This Row],[وارد]]>0),\"يحسب\",\"\")","v":"يحسب"}]
["2016-08-24",null,"",{"$f":"IF(C251<>\"\",SUMIFS(add[الكمية المضافة],add[اسم الصنف],'Report'!$G$5,add[مخزن الإضافة],'Report'!$C$3,add[تاريخ الإذن],'Report'!C251),\"\")","v":""},{"$f":"IF(C251<>\"\",SUMIFS(low[الكميه المنصرفه],low[اسم الصنف],'Report'!$G$5,low[مخزن الصرف],'Report'!$C$3,low[تاريخ الإذن],'Report'!C251),\"\")","v":""},"",null,{"$f":"IF( OR(report[[#This Row],[صادر]]>0,report[[#This Row],[وارد]]>0),\"يحسب\",\"\")","v":"يحسب"}]
["2016-08-25",null,"",{"$f":"IF(C252<>\"\",SUMIFS(add[الكمية المضافة],add[اسم الصنف],'Report'!$G$5,add[مخزن الإضافة],'Report'!$C$3,add[تاريخ الإذن],'Report'!C252),\"\")","v":""},{"$f":"IF(C252<>\"\",SUMIFS(low[الكميه المنصرفه],low[اسم الصنف],'Report'!$G$5,low[مخزن الصرف],'Report'!$C$3,low[تاريخ الإذن],'Report'!C252),\"\")","v":""},"",null,{"$f":"IF( OR(report[[#This Row],[صادر]]>0,report[[#This Row],[وارد]]>0),\"يحسب\",\"\")","v":"يحسب"}]
["2016-08-26",null,"",{"$f":"IF(C253<>\"\",SUMIFS(add[الكمية المضافة],add[اسم الصنف],'Report'!$G$5,add[مخزن الإضافة],'Report'!$C$3,add[تاريخ الإذن],'Report'!C253),\"\")","v":""},{"$f":"IF(C253<>\"\",SUMIFS(low[الكميه المنصرفه],low[اسم الصنف],'Report'!$G$5,low[مخزن الصرف],'Report'!$C$3,low[تاريخ الإذن],'Report'!C253),\"\")","v":""},"",null,{"$f":"IF( OR(report[[#This Row],[صادر]]>0,report[[#This Row],[وارد]]>0),\"يحسب\",\"\")","v":"يحسب"}]
["2016-08-27",null,"",{"$f":"IF(C254<>\"\",SUMIFS(add[الكمية المضافة],add[اسم الصنف],'Report'!$G$5,add[مخزن الإضافة],'Report'!$C$3,add[تاريخ الإذن],'Report'!C254),\"\")","v":""},{"$f":"IF(C254<>\"\",SUMIFS(low[الكميه المنصرفه],low[اسم الصنف],'Report'!$G$5,low[مخزن الصرف],'Report'!$C$3,low[تاريخ الإذن],'Report'!C254),\"\")","v":""},"",null,{"$f":"IF( OR(report[[#This Row],[صادر]]>0,report[[#This Row],[وارد]]>0),\"يحسب\",\"\")","v":"يحسب"}]
["2016-08-28",null,"",{"$f":"IF(C255<>\"\",SUMIFS(add[الكمية المضافة],add[اسم الصنف],'Report'!$G$5,add[مخزن الإضافة],'Report'!$C$3,add[تاريخ الإذن],'Report'!C255),\"\")","v":""},{"$f":"IF(C255<>\"\",SUMIFS(low[الكميه المنصرفه],low[اسم الصنف],'Report'!$G$5,low[مخزن الصرف],'Report'!$C$3,low[تاريخ الإذن],'Report'!C255),\"\")","v":""},"",null,{"$f":"IF( OR(report[[#This Row],[صادر]]>0,report[[#This Row],[وارد]]>0),\"يحسب\",\"\")","v":"يحسب"}]
["2016-08-29",null,"",{"$f":"IF(C256<>\"\",SUMIFS(add[الكمية المضافة],add[اسم الصنف],'Report'!$G$5,add[مخزن الإضافة],'Report'!$C$3,add[تاريخ الإذن],'Report'!C256),\"\")","v":""},{"$f":"IF(C256<>\"\",SUMIFS(low[الكميه المنصرفه],low[اسم الصنف],'Report'!$G$5,low[مخزن الصرف],'Report'!$C$3,low[تاريخ الإذن],'Report'!C256),\"\")","v":""},"",null,{"$f":"IF( OR(report[[#This Row],[صادر]]>0,report[[#This Row],[وارد]]>0),\"يحسب\",\"\")","v":"يحسب"}]
["2016-08-30",null,"",{"$f":"IF(C257<>\"\",SUMIFS(add[الكمية المضافة],add[اسم الصنف],'Report'!$G$5,add[مخزن الإضافة],'Report'!$C$3,add[تاريخ الإذن],'Report'!C257),\"\")","v":""},{"$f":"IF(C257<>\"\",SUMIFS(low[الكميه المنصرفه],low[اسم الصنف],'Report'!$G$5,low[مخزن الصرف],'Report'!$C$3,low[تاريخ الإذن],'Report'!C257),\"\")","v":""},"",null,{"$f":"IF( OR(report[[#This Row],[صادر]]>0,report[[#This Row],[وارد]]>0),\"يحسب\",\"\")","v":"يحسب"}]
["2016-08-31",null,"",{"$f":"IF(C258<>\"\",SUMIFS(add[الكمية المضافة],add[اسم الصنف],'Report'!$G$5,add[مخزن الإضافة],'Report'!$C$3,add[تاريخ الإذن],'Report'!C258),\"\")","v":""},{"$f":"IF(C258<>\"\",SUMIFS(low[الكميه المنصرفه],low[اسم الصنف],'Report'!$G$5,low[مخزن الصرف],'Report'!$C$3,low[تاريخ الإذن],'Report'!C258),\"\")","v":""},"",null,{"$f":"IF( OR(report[[#This Row],[صادر]]>0,report[[#This Row],[وارد]]>0),\"يحسب\",\"\")","v":"يحسب"}]
["2016-09-01",null,"",{"$f":"IF(C259<>\"\",SUMIFS(add[الكمية المضافة],add[اسم الصنف],'Report'!$G$5,add[مخزن الإضافة],'Report'!$C$3,add[تاريخ الإذن],'Report'!C259),\"\")","v":""},{"$f":"IF(C259<>\"\",SUMIFS(low[الكميه المنصرفه],low[اسم الصنف],'Report'!$G$5,low[مخزن الصرف],'Report'!$C$3,low[تاريخ الإذن],'Report'!C259),\"\")","v":""},"",null,{"$f":"IF( OR(report[[#This Row],[صادر]]>0,report[[#This Row],[وارد]]>0),\"يحسب\",\"\")","v":"يحسب"}]
["2016-09-02",null,"",{"$f":"IF(C260<>\"\",SUMIFS(add[الكمية المضافة],add[اسم الصنف],'Report'!$G$5,add[مخزن الإضافة],'Report'!$C$3,add[تاريخ الإذن],'Report'!C260),\"\")","v":""},{"$f":"IF(C260<>\"\",SUMIFS(low[الكميه المنصرفه],low[اسم الصنف],'Report'!$G$5,low[مخزن الصرف],'Report'!$C$3,low[تاريخ الإذن],'Report'!C260),\"\")","v":""},"",null,{"$f":"IF( OR(report[[#This Row],[صادر]]>0,report[[#This Row],[وارد]]>0),\"يحسب\",\"\")","v":"يحسب"}]
["2016-09-03",null,"",{"$f":"IF(C261<>\"\",SUMIFS(add[الكمية المضافة],add[اسم الصنف],'Report'!$G$5,add[مخزن الإضافة],'Report'!$C$3,add[تاريخ الإذن],'Report'!C261),\"\")","v":""},{"$f":"IF(C261<>\"\",SUMIFS(low[الكميه المنصرفه],low[اسم الصنف],'Report'!$G$5,low[مخزن الصرف],'Report'!$C$3,low[تاريخ الإذن],'Report'!C261),\"\")","v":""},"",null,{"$f":"IF( OR(report[[#This Row],[صادر]]>0,report[[#This Row],[وارد]]>0),\"يحسب\",\"\")","v":"يحسب"}]
["2016-09-04",null,"",{"$f":"IF(C262<>\"\",SUMIFS(add[الكمية المضافة],add[اسم الصنف],'Report'!$G$5,add[مخزن الإضافة],'Report'!$C$3,add[تاريخ الإذن],'Report'!C262),\"\")","v":""},{"$f":"IF(C262<>\"\",SUMIFS(low[الكميه المنصرفه],low[اسم الصنف],'Report'!$G$5,low[مخزن الصرف],'Report'!$C$3,low[تاريخ الإذن],'Report'!C262),\"\")","v":""},"",null,{"$f":"IF( OR(report[[#This Row],[صادر]]>0,report[[#This Row],[وارد]]>0),\"يحسب\",\"\")","v":"يحسب"}]
["2016-09-05",null,"",{"$f":"IF(C263<>\"\",SUMIFS(add[الكمية المضافة],add[اسم الصنف],'Report'!$G$5,add[مخزن الإضافة],'Report'!$C$3,add[تاريخ الإذن],'Report'!C263),\"\")","v":""},{"$f":"IF(C263<>\"\",SUMIFS(low[الكميه المنصرفه],low[اسم الصنف],'Report'!$G$5,low[مخزن الصرف],'Report'!$C$3,low[تاريخ الإذن],'Report'!C263),\"\")","v":""},{"$f":"IFERROR(IF(C263<>\"\",F262+D263-E263,\"\"),\"\")","v":""},null,{"$f":"IF( OR(report[[#This Row],[صادر]]>0,report[[#This Row],[وارد]]>0),\"يحسب\",\"\")","v":"يحسب"}]
["2016-09-06",null,"",{"$f":"IF(C264<>\"\",SUMIFS(add[الكمية المضافة],add[اسم الصنف],'Report'!$G$5,add[مخزن الإضافة],'Report'!$C$3,add[تاريخ الإذن],'Report'!C264),\"\")","v":""},{"$f":"IF(C264<>\"\",SUMIFS(low[الكميه المنصرفه],low[اسم الصنف],'Report'!$G$5,low[مخزن الصرف],'Report'!$C$3,low[تاريخ الإذن],'Report'!C264),\"\")","v":""},"",null,{"$f":"IF( OR(report[[#This Row],[صادر]]>0,report[[#This Row],[وارد]]>0),\"يحسب\",\"\")","v":"يحسب"}]
["2016-09-07",null,"",{"$f":"IF(C265<>\"\",SUMIFS(add[الكمية المضافة],add[اسم الصنف],'Report'!$G$5,add[مخزن الإضافة],'Report'!$C$3,add[تاريخ الإذن],'Report'!C265),\"\")","v":""},{"$f":"IF(C265<>\"\",SUMIFS(low[الكميه المنصرفه],low[اسم الصنف],'Report'!$G$5,low[مخزن الصرف],'Report'!$C$3,low[تاريخ الإذن],'Report'!C265),\"\")","v":""},"",null,{"$f":"IF( OR(report[[#This Row],[صادر]]>0,report[[#This Row],[وارد]]>0),\"يحسب\",\"\")","v":"يحسب"}]
["2016-09-08",null,"",{"$f":"IF(C266<>\"\",SUMIFS(add[الكمية المضافة],add[اسم الصنف],'Report'!$G$5,add[مخزن الإضافة],'Report'!$C$3,add[تاريخ الإذن],'Report'!C266),\"\")","v":""},{"$f":"IF(C266<>\"\",SUMIFS(low[الكميه المنصرفه],low[اسم الصنف],'Report'!$G$5,low[مخزن الصرف],'Report'!$C$3,low[تاريخ الإذن],'Report'!C266),\"\")","v":""},"",null,{"$f":"IF( OR(report[[#This Row],[صادر]]>0,report[[#This Row],[وارد]]>0),\"يحسب\",\"\")","v":"يحسب"}]
["2016-09-09",null,"",{"$f":"IF(C267<>\"\",SUMIFS(add[الكمية المضافة],add[اسم الصنف],'Report'!$G$5,add[مخزن الإضافة],'Report'!$C$3,add[تاريخ الإذن],'Report'!C267),\"\")","v":""},{"$f":"IF(C267<>\"\",SUMIFS(low[الكميه المنصرفه],low[اسم الصنف],'Report'!$G$5,low[مخزن الصرف],'Report'!$C$3,low[تاريخ الإذن],'Report'!C267),\"\")","v":""},"",null,{"$f":"IF( OR(report[[#This Row],[صادر]]>0,report[[#This Row],[وارد]]>0),\"يحسب\",\"\")","v":"يحسب"}]
["2016-09-10",null,"",{"$f":"IF(C268<>\"\",SUMIFS(add[الكمية المضافة],add[اسم الصنف],'Report'!$G$5,add[مخزن الإضافة],'Report'!$C$3,add[تاريخ الإذن],'Report'!C268),\"\")","v":""},{"$f":"IF(C268<>\"\",SUMIFS(low[الكميه المنصرفه],low[اسم الصنف],'Report'!$G$5,low[مخزن الصرف],'Report'!$C$3,low[تاريخ الإذن],'Report'!C268),\"\")","v":""},"",null,{"$f":"IF( OR(report[[#This Row],[صادر]]>0,report[[#This Row],[وارد]]>0),\"يحسب\",\"\")","v":"يحسب"}]
["2016-09-11",null,"",{"$f":"IF(C269<>\"\",SUMIFS(add[الكمية المضافة],add[اسم الصنف],'Report'!$G$5,add[مخزن الإضافة],'Report'!$C$3,add[تاريخ الإذن],'Report'!C269),\"\")","v":""},{"$f":"IF(C269<>\"\",SUMIFS(low[الكميه المنصرفه],low[اسم الصنف],'Report'!$G$5,low[مخزن الصرف],'Report'!$C$3,low[تاريخ الإذن],'Report'!C269),\"\")","v":""},"",null,{"$f":"IF( OR(report[[#This Row],[صادر]]>0,report[[#This Row],[وارد]]>0),\"يحسب\",\"\")","v":"يحسب"}]
["2016-09-12",null,"",{"$f":"IF(C270<>\"\",SUMIFS(add[الكمية المضافة],add[اسم الصنف],'Report'!$G$5,add[مخزن الإضافة],'Report'!$C$3,add[تاريخ الإذن],'Report'!C270),\"\")","v":""},{"$f":"IF(C270<>\"\",SUMIFS(low[الكميه المنصرفه],low[اسم الصنف],'Report'!$G$5,low[مخزن الصرف],'Report'!$C$3,low[تاريخ الإذن],'Report'!C270),\"\")","v":""},"",null,{"$f":"IF( OR(report[[#This Row],[صادر]]>0,report[[#This Row],[وارد]]>0),\"يحسب\",\"\")","v":"يحسب"}]
["2016-09-13",null,"",{"$f":"IF(C271<>\"\",SUMIFS(add[الكمية المضافة],add[اسم الصنف],'Report'!$G$5,add[مخزن الإضافة],'Report'!$C$3,add[تاريخ الإذن],'Report'!C271),\"\")","v":""},{"$f":"IF(C271<>\"\",SUMIFS(low[الكميه المنصرفه],low[اسم الصنف],'Report'!$G$5,low[مخزن الصرف],'Report'!$C$3,low[تاريخ الإذن],'Report'!C271),\"\")","v":""},"",null,{"$f":"IF( OR(report[[#This Row],[صادر]]>0,report[[#This Row],[وارد]]>0),\"يحسب\",\"\")","v":"يحسب"}]
["2016-09-14",null,{"$f":"IFERROR(IF(C271+1<=$C$7,C271+1,\"\"),\"\")","v":""},{"$f":"IF(C272<>\"\",SUMIFS(add[الكمية المضافة],add[اسم الصنف],'Report'!$G$5,add[مخزن الإضافة],'Report'!$C$3,add[تاريخ الإذن],'Report'!C272),\"\")","v":""},{"$f":"IF(C272<>\"\",SUMIFS(low[الكميه المنصرفه],low[اسم الصنف],'Report'!$G$5,low[مخزن الصرف],'Report'!$C$3,low[تاريخ الإذن],'Report'!C272),\"\")","v":""},"",null,{"$f":"IF( OR(report[[#This Row],[صادر]]>0,report[[#This Row],[وارد]]>0),\"يحسب\",\"\")","v":"يحسب"}]
[{"$f":"A272+1","v":"2016-09-15"},null,"",{"$f":"IF(C273<>\"\",SUMIFS(add[الكمية المضافة],add[اسم الصنف],'Report'!$G$5,add[مخزن الإضافة],'Report'!$C$3,add[تاريخ الإذن],'Report'!C273),\"\")","v":""},{"$f":"IF(C273<>\"\",SUMIFS(low[الكميه المنصرفه],low[اسم الصنف],'Report'!$G$5,low[مخزن الصرف],'Report'!$C$3,low[تاريخ الإذن],'Report'!C273),\"\")","v":""},"",null,{"$f":"IF( OR(report[[#This Row],[صادر]]>0,report[[#This Row],[وارد]]>0),\"يحسب\",\"\")","v":"يحسب"}]
["2016-09-16",null,"",{"$f":"IF(C274<>\"\",SUMIFS(add[الكمية المضافة],add[اسم الصنف],'Report'!$G$5,add[مخزن الإضافة],'Report'!$C$3,add[تاريخ الإذن],'Report'!C274),\"\")","v":""},{"$f":"IF(C274<>\"\",SUMIFS(low[الكميه المنصرفه],low[اسم الصنف],'Report'!$G$5,low[مخزن الصرف],'Report'!$C$3,low[تاريخ الإذن],'Report'!C274),\"\")","v":""},"",null,{"$f":"IF( OR(report[[#This Row],[صادر]]>0,report[[#This Row],[وارد]]>0),\"يحسب\",\"\")","v":"يحسب"}]
["2016-09-17",null,"",{"$f":"IF(C275<>\"\",SUMIFS(add[الكمية المضافة],add[اسم الصنف],'Report'!$G$5,add[مخزن الإضافة],'Report'!$C$3,add[تاريخ الإذن],'Report'!C275),\"\")","v":""},{"$f":"IF(C275<>\"\",SUMIFS(low[الكميه المنصرفه],low[اسم الصنف],'Report'!$G$5,low[مخزن الصرف],'Report'!$C$3,low[تاريخ الإذن],'Report'!C275),\"\")","v":""},"",null,{"$f":"IF( OR(report[[#This Row],[صادر]]>0,report[[#This Row],[وارد]]>0),\"يحسب\",\"\")","v":"يحسب"}]
["2016-09-18",null,"",{"$f":"IF(C276<>\"\",SUMIFS(add[الكمية المضافة],add[اسم الصنف],'Report'!$G$5,add[مخزن الإضافة],'Report'!$C$3,add[تاريخ الإذن],'Report'!C276),\"\")","v":""},{"$f":"IF(C276<>\"\",SUMIFS(low[الكميه المنصرفه],low[اسم الصنف],'Report'!$G$5,low[مخزن الصرف],'Report'!$C$3,low[تاريخ الإذن],'Report'!C276),\"\")","v":""},"",null,{"$f":"IF( OR(report[[#This Row],[صادر]]>0,report[[#This Row],[وارد]]>0),\"يحسب\",\"\")","v":"يحسب"}]
["2016-09-19",null,"",{"$f":"IF(C277<>\"\",SUMIFS(add[الكمية المضافة],add[اسم الصنف],'Report'!$G$5,add[مخزن الإضافة],'Report'!$C$3,add[تاريخ الإذن],'Report'!C277),\"\")","v":""},{"$f":"IF(C277<>\"\",SUMIFS(low[الكميه المنصرفه],low[اسم الصنف],'Report'!$G$5,low[مخزن الصرف],'Report'!$C$3,low[تاريخ الإذن],'Report'!C277),\"\")","v":""},"",null,{"$f":"IF( OR(report[[#This Row],[صادر]]>0,report[[#This Row],[وارد]]>0),\"يحسب\",\"\")","v":"يحسب"}]
["2016-09-20",null,"",{"$f":"IF(C278<>\"\",SUMIFS(add[الكمية المضافة],add[اسم الصنف],'Report'!$G$5,add[مخزن الإضافة],'Report'!$C$3,add[تاريخ الإذن],'Report'!C278),\"\")","v":""},{"$f":"IF(C278<>\"\",SUMIFS(low[الكميه المنصرفه],low[اسم الصنف],'Report'!$G$5,low[مخزن الصرف],'Report'!$C$3,low[تاريخ الإذن],'Report'!C278),\"\")","v":""},"",null,{"$f":"IF( OR(report[[#This Row],[صادر]]>0,report[[#This Row],[وارد]]>0),\"يحسب\",\"\")","v":"يحسب"}]
["2016-09-21",null,"",{"$f":"IF(C279<>\"\",SUMIFS(add[الكمية المضافة],add[اسم الصنف],'Report'!$G$5,add[مخزن الإضافة],'Report'!$C$3,add[تاريخ الإذن],'Report'!C279),\"\")","v":""},{"$f":"IF(C279<>\"\",SUMIFS(low[الكميه المنصرفه],low[اسم الصنف],'Report'!$G$5,low[مخزن الصرف],'Report'!$C$3,low[تاريخ الإذن],'Report'!C279),\"\")","v":""},"",null,{"$f":"IF( OR(report[[#This Row],[صادر]]>0,report[[#This Row],[وارد]]>0),\"يحسب\",\"\")","v":"يحسب"}]
["2016-09-22",null,"",{"$f":"IF(C280<>\"\",SUMIFS(add[الكمية المضافة],add[اسم الصنف],'Report'!$G$5,add[مخزن الإضافة],'Report'!$C$3,add[تاريخ الإذن],'Report'!C280),\"\")","v":""},{"$f":"IF(C280<>\"\",SUMIFS(low[الكميه المنصرفه],low[اسم الصنف],'Report'!$G$5,low[مخزن الصرف],'Report'!$C$3,low[تاريخ الإذن],'Report'!C280),\"\")","v":""},"",null,{"$f":"IF( OR(report[[#This Row],[صادر]]>0,report[[#This Row],[وارد]]>0),\"يحسب\",\"\")","v":"يحسب"}]
["2016-09-23",null,"",{"$f":"IF(C281<>\"\",SUMIFS(add[الكمية المضافة],add[اسم الصنف],'Report'!$G$5,add[مخزن الإضافة],'Report'!$C$3,add[تاريخ الإذن],'Report'!C281),\"\")","v":""},{"$f":"IF(C281<>\"\",SUMIFS(low[الكميه المنصرفه],low[اسم الصنف],'Report'!$G$5,low[مخزن الصرف],'Report'!$C$3,low[تاريخ الإذن],'Report'!C281),\"\")","v":""},"",null,{"$f":"IF( OR(report[[#This Row],[صادر]]>0,report[[#This Row],[وارد]]>0),\"يحسب\",\"\")","v":"يحسب"}]
["2016-09-24",null,"",{"$f":"IF(C282<>\"\",SUMIFS(add[الكمية المضافة],add[اسم الصنف],'Report'!$G$5,add[مخزن الإضافة],'Report'!$C$3,add[تاريخ الإذن],'Report'!C282),\"\")","v":""},{"$f":"IF(C282<>\"\",SUMIFS(low[الكميه المنصرفه],low[اسم الصنف],'Report'!$G$5,low[مخزن الصرف],'Report'!$C$3,low[تاريخ الإذن],'Report'!C282),\"\")","v":""},"",null,{"$f":"IF( OR(report[[#This Row],[صادر]]>0,report[[#This Row],[وارد]]>0),\"يحسب\",\"\")","v":"يحسب"}]
["2016-09-25",null,"",{"$f":"IF(C283<>\"\",SUMIFS(add[الكمية المضافة],add[اسم الصنف],'Report'!$G$5,add[مخزن الإضافة],'Report'!$C$3,add[تاريخ الإذن],'Report'!C283),\"\")","v":""},{"$f":"IF(C283<>\"\",SUMIFS(low[الكميه المنصرفه],low[اسم الصنف],'Report'!$G$5,low[مخزن الصرف],'Report'!$C$3,low[تاريخ الإذن],'Report'!C283),\"\")","v":""},"",null,{"$f":"IF( OR(report[[#This Row],[صادر]]>0,report[[#This Row],[وارد]]>0),\"يحسب\",\"\")","v":"يحسب"}]
["2016-09-26",null,"",{"$f":"IF(C284<>\"\",SUMIFS(add[الكمية المضافة],add[اسم الصنف],'Report'!$G$5,add[مخزن الإضافة],'Report'!$C$3,add[تاريخ الإذن],'Report'!C284),\"\")","v":""},{"$f":"IF(C284<>\"\",SUMIFS(low[الكميه المنصرفه],low[اسم الصنف],'Report'!$G$5,low[مخزن الصرف],'Report'!$C$3,low[تاريخ الإذن],'Report'!C284),\"\")","v":""},"",null,{"$f":"IF( OR(report[[#This Row],[صادر]]>0,report[[#This Row],[وارد]]>0),\"يحسب\",\"\")","v":"يحسب"}]
["2016-09-27",null,"",{"$f":"IF(C285<>\"\",SUMIFS(add[الكمية المضافة],add[اسم الصنف],'Report'!$G$5,add[مخزن الإضافة],'Report'!$C$3,add[تاريخ الإذن],'Report'!C285),\"\")","v":""},{"$f":"IF(C285<>\"\",SUMIFS(low[الكميه المنصرفه],low[اسم الصنف],'Report'!$G$5,low[مخزن الصرف],'Report'!$C$3,low[تاريخ الإذن],'Report'!C285),\"\")","v":""},"",null,{"$f":"IF( OR(report[[#This Row],[صادر]]>0,report[[#This Row],[وارد]]>0),\"يحسب\",\"\")","v":"يحسب"}]
["2016-09-28",null,"",{"$f":"IF(C286<>\"\",SUMIFS(add[الكمية المضافة],add[اسم الصنف],'Report'!$G$5,add[مخزن الإضافة],'Report'!$C$3,add[تاريخ الإذن],'Report'!C286),\"\")","v":""},{"$f":"IF(C286<>\"\",SUMIFS(low[الكميه المنصرفه],low[اسم الصنف],'Report'!$G$5,low[مخزن الصرف],'Report'!$C$3,low[تاريخ الإذن],'Report'!C286),\"\")","v":""},"",null,{"$f":"IF( OR(report[[#This Row],[صادر]]>0,report[[#This Row],[وارد]]>0),\"يحسب\",\"\")","v":"يحسب"}]
["2016-09-29",null,"",{"$f":"IF(C287<>\"\",SUMIFS(add[الكمية المضافة],add[اسم الصنف],'Report'!$G$5,add[مخزن الإضافة],'Report'!$C$3,add[تاريخ الإذن],'Report'!C287),\"\")","v":""},{"$f":"IF(C287<>\"\",SUMIFS(low[الكميه المنصرفه],low[اسم الصنف],'Report'!$G$5,low[مخزن الصرف],'Report'!$C$3,low[تاريخ الإذن],'Report'!C287),\"\")","v":""},"",null,{"$f":"IF( OR(report[[#This Row],[صادر]]>0,report[[#This Row],[وارد]]>0),\"يحسب\",\"\")","v":"يحسب"}]
["2016-09-30",null,"",{"$f":"IF(C288<>\"\",SUMIFS(add[الكمية المضافة],add[اسم الصنف],'Report'!$G$5,add[مخزن الإضافة],'Report'!$C$3,add[تاريخ الإذن],'Report'!C288),\"\")","v":""},{"$f":"IF(C288<>\"\",SUMIFS(low[الكميه المنصرفه],low[اسم الصنف],'Report'!$G$5,low[مخزن الصرف],'Report'!$C$3,low[تاريخ الإذن],'Report'!C288),\"\")","v":""},"",null,{"$f":"IF( OR(report[[#This Row],[صادر]]>0,report[[#This Row],[وارد]]>0),\"يحسب\",\"\")","v":"يحسب"}]
["2016-10-01",null,"",{"$f":"IF(C289<>\"\",SUMIFS(add[الكمية المضافة],add[اسم الصنف],'Report'!$G$5,add[مخزن الإضافة],'Report'!$C$3,add[تاريخ الإذن],'Report'!C289),\"\")","v":""},{"$f":"IF(C289<>\"\",SUMIFS(low[الكميه المنصرفه],low[اسم الصنف],'Report'!$G$5,low[مخزن الصرف],'Report'!$C$3,low[تاريخ الإذن],'Report'!C289),\"\")","v":""},"",null,{"$f":"IF( OR(report[[#This Row],[صادر]]>0,report[[#This Row],[وارد]]>0),\"يحسب\",\"\")","v":"يحسب"}]
["2016-10-02",null,"",{"$f":"IF(C290<>\"\",SUMIFS(add[الكمية المضافة],add[اسم الصنف],'Report'!$G$5,add[مخزن الإضافة],'Report'!$C$3,add[تاريخ الإذن],'Report'!C290),\"\")","v":""},{"$f":"IF(C290<>\"\",SUMIFS(low[الكميه المنصرفه],low[اسم الصنف],'Report'!$G$5,low[مخزن الصرف],'Report'!$C$3,low[تاريخ الإذن],'Report'!C290),\"\")","v":""},"",null,{"$f":"IF( OR(report[[#This Row],[صادر]]>0,report[[#This Row],[وارد]]>0),\"يحسب\",\"\")","v":"يحسب"}]
["2016-10-03",null,"",{"$f":"IF(C291<>\"\",SUMIFS(add[الكمية المضافة],add[اسم الصنف],'Report'!$G$5,add[مخزن الإضافة],'Report'!$C$3,add[تاريخ الإذن],'Report'!C291),\"\")","v":""},{"$f":"IF(C291<>\"\",SUMIFS(low[الكميه المنصرفه],low[اسم الصنف],'Report'!$G$5,low[مخزن الصرف],'Report'!$C$3,low[تاريخ الإذن],'Report'!C291),\"\")","v":""},"",null,{"$f":"IF( OR(report[[#This Row],[صادر]]>0,report[[#This Row],[وارد]]>0),\"يحسب\",\"\")","v":"يحسب"}]
["2016-10-04",null,"",{"$f":"IF(C292<>\"\",SUMIFS(add[الكمية المضافة],add[اسم الصنف],'Report'!$G$5,add[مخزن الإضافة],'Report'!$C$3,add[تاريخ الإذن],'Report'!C292),\"\")","v":""},{"$f":"IF(C292<>\"\",SUMIFS(low[الكميه المنصرفه],low[اسم الصنف],'Report'!$G$5,low[مخزن الصرف],'Report'!$C$3,low[تاريخ الإذن],'Report'!C292),\"\")","v":""},"",null,{"$f":"IF( OR(report[[#This Row],[صادر]]>0,report[[#This Row],[وارد]]>0),\"يحسب\",\"\")","v":"يحسب"}]
["2016-10-05",null,"",{"$f":"IF(C293<>\"\",SUMIFS(add[الكمية المضافة],add[اسم الصنف],'Report'!$G$5,add[مخزن الإضافة],'Report'!$C$3,add[تاريخ الإذن],'Report'!C293),\"\")","v":""},{"$f":"IF(C293<>\"\",SUMIFS(low[الكميه المنصرفه],low[اسم الصنف],'Report'!$G$5,low[مخزن الصرف],'Report'!$C$3,low[تاريخ الإذن],'Report'!C293),\"\")","v":""},"",null,{"$f":"IF( OR(report[[#This Row],[صادر]]>0,report[[#This Row],[وارد]]>0),\"يحسب\",\"\")","v":"يحسب"}]
["2016-10-06",null,"",{"$f":"IF(C294<>\"\",SUMIFS(add[الكمية المضافة],add[اسم الصنف],'Report'!$G$5,add[مخزن الإضافة],'Report'!$C$3,add[تاريخ الإذن],'Report'!C294),\"\")","v":""},{"$f":"IF(C294<>\"\",SUMIFS(low[الكميه المنصرفه],low[اسم الصنف],'Report'!$G$5,low[مخزن الصرف],'Report'!$C$3,low[تاريخ الإذن],'Report'!C294),\"\")","v":""},"",null,{"$f":"IF( OR(report[[#This Row],[صادر]]>0,report[[#This Row],[وارد]]>0),\"يحسب\",\"\")","v":"يحسب"}]
["2016-10-07",null,"",{"$f":"IF(C295<>\"\",SUMIFS(add[الكمية المضافة],add[اسم الصنف],'Report'!$G$5,add[مخزن الإضافة],'Report'!$C$3,add[تاريخ الإذن],'Report'!C295),\"\")","v":""},{"$f":"IF(C295<>\"\",SUMIFS(low[الكميه المنصرفه],low[اسم الصنف],'Report'!$G$5,low[مخزن الصرف],'Report'!$C$3,low[تاريخ الإذن],'Report'!C295),\"\")","v":""},"",null,{"$f":"IF( OR(report[[#This Row],[صادر]]>0,report[[#This Row],[وارد]]>0),\"يحسب\",\"\")","v":"يحسب"}]
["2016-10-08",null,"",{"$f":"IF(C296<>\"\",SUMIFS(add[الكمية المضافة],add[اسم الصنف],'Report'!$G$5,add[مخزن الإضافة],'Report'!$C$3,add[تاريخ الإذن],'Report'!C296),\"\")","v":""},{"$f":"IF(C296<>\"\",SUMIFS(low[الكميه المنصرفه],low[اسم الصنف],'Report'!$G$5,low[مخزن الصرف],'Report'!$C$3,low[تاريخ الإذن],'Report'!C296),\"\")","v":""},"",null,{"$f":"IF( OR(report[[#This Row],[صادر]]>0,report[[#This Row],[وارد]]>0),\"يحسب\",\"\")","v":"يحسب"}]
["2016-10-09",null,"",{"$f":"IF(C297<>\"\",SUMIFS(add[الكمية المضافة],add[اسم الصنف],'Report'!$G$5,add[مخزن الإضافة],'Report'!$C$3,add[تاريخ الإذن],'Report'!C297),\"\")","v":""},{"$f":"IF(C297<>\"\",SUMIFS(low[الكميه المنصرفه],low[اسم الصنف],'Report'!$G$5,low[مخزن الصرف],'Report'!$C$3,low[تاريخ الإذن],'Report'!C297),\"\")","v":""},"",null,{"$f":"IF( OR(report[[#This Row],[صادر]]>0,report[[#This Row],[وارد]]>0),\"يحسب\",\"\")","v":"يحسب"}]
["2016-10-10",null,"",{"$f":"IF(C298<>\"\",SUMIFS(add[الكمية المضافة],add[اسم الصنف],'Report'!$G$5,add[مخزن الإضافة],'Report'!$C$3,add[تاريخ الإذن],'Report'!C298),\"\")","v":""},{"$f":"IF(C298<>\"\",SUMIFS(low[الكميه المنصرفه],low[اسم الصنف],'Report'!$G$5,low[مخزن الصرف],'Report'!$C$3,low[تاريخ الإذن],'Report'!C298),\"\")","v":""},"",null,{"$f":"IF( OR(report[[#This Row],[صادر]]>0,report[[#This Row],[وارد]]>0),\"يحسب\",\"\")","v":"يحسب"}]
["2016-10-11",null,"",{"$f":"IF(C299<>\"\",SUMIFS(add[الكمية المضافة],add[اسم الصنف],'Report'!$G$5,add[مخزن الإضافة],'Report'!$C$3,add[تاريخ الإذن],'Report'!C299),\"\")","v":""},{"$f":"IF(C299<>\"\",SUMIFS(low[الكميه المنصرفه],low[اسم الصنف],'Report'!$G$5,low[مخزن الصرف],'Report'!$C$3,low[تاريخ الإذن],'Report'!C299),\"\")","v":""},"",null,{"$f":"IF( OR(report[[#This Row],[صادر]]>0,report[[#This Row],[وارد]]>0),\"يحسب\",\"\")","v":"يحسب"}]
["2016-10-12",null,"",{"$f":"IF(C300<>\"\",SUMIFS(add[الكمية المضافة],add[اسم الصنف],'Report'!$G$5,add[مخزن الإضافة],'Report'!$C$3,add[تاريخ الإذن],'Report'!C300),\"\")","v":""},{"$f":"IF(C300<>\"\",SUMIFS(low[الكميه المنصرفه],low[اسم الصنف],'Report'!$G$5,low[مخزن الصرف],'Report'!$C$3,low[تاريخ الإذن],'Report'!C300),\"\")","v":""},"",null,{"$f":"IF( OR(report[[#This Row],[صادر]]>0,report[[#This Row],[وارد]]>0),\"يحسب\",\"\")","v":"يحسب"}]
["2016-10-13",null,"",{"$f":"IF(C301<>\"\",SUMIFS(add[الكمية المضافة],add[اسم الصنف],'Report'!$G$5,add[مخزن الإضافة],'Report'!$C$3,add[تاريخ الإذن],'Report'!C301),\"\")","v":""},{"$f":"IF(C301<>\"\",SUMIFS(low[الكميه المنصرفه],low[اسم الصنف],'Report'!$G$5,low[مخزن الصرف],'Report'!$C$3,low[تاريخ الإذن],'Report'!C301),\"\")","v":""},"",null,{"$f":"IF( OR(report[[#This Row],[صادر]]>0,report[[#This Row],[وارد]]>0),\"يحسب\",\"\")","v":"يحسب"}]
["2016-10-14",null,"",{"$f":"IF(C302<>\"\",SUMIFS(add[الكمية المضافة],add[اسم الصنف],'Report'!$G$5,add[مخزن الإضافة],'Report'!$C$3,add[تاريخ الإذن],'Report'!C302),\"\")","v":""},{"$f":"IF(C302<>\"\",SUMIFS(low[الكميه المنصرفه],low[اسم الصنف],'Report'!$G$5,low[مخزن الصرف],'Report'!$C$3,low[تاريخ الإذن],'Report'!C302),\"\")","v":""},"",null,{"$f":"IF( OR(report[[#This Row],[صادر]]>0,report[[#This Row],[وارد]]>0),\"يحسب\",\"\")","v":"يحسب"}]
["2016-10-15",null,"",{"$f":"IF(C303<>\"\",SUMIFS(add[الكمية المضافة],add[اسم الصنف],'Report'!$G$5,add[مخزن الإضافة],'Report'!$C$3,add[تاريخ الإذن],'Report'!C303),\"\")","v":""},{"$f":"IF(C303<>\"\",SUMIFS(low[الكميه المنصرفه],low[اسم الصنف],'Report'!$G$5,low[مخزن الصرف],'Report'!$C$3,low[تاريخ الإذن],'Report'!C303),\"\")","v":""},"",null,{"$f":"IF( OR(report[[#This Row],[صادر]]>0,report[[#This Row],[وارد]]>0),\"يحسب\",\"\")","v":"يحسب"}]
["2016-10-16",null,"",{"$f":"IF(C304<>\"\",SUMIFS(add[الكمية المضافة],add[اسم الصنف],'Report'!$G$5,add[مخزن الإضافة],'Report'!$C$3,add[تاريخ الإذن],'Report'!C304),\"\")","v":""},{"$f":"IF(C304<>\"\",SUMIFS(low[الكميه المنصرفه],low[اسم الصنف],'Report'!$G$5,low[مخزن الصرف],'Report'!$C$3,low[تاريخ الإذن],'Report'!C304),\"\")","v":""},"",null,{"$f":"IF( OR(report[[#This Row],[صادر]]>0,report[[#This Row],[وارد]]>0),\"يحسب\",\"\")","v":"يحسب"}]
["2016-10-17",null,"",{"$f":"IF(C305<>\"\",SUMIFS(add[الكمية المضافة],add[اسم الصنف],'Report'!$G$5,add[مخزن الإضافة],'Report'!$C$3,add[تاريخ الإذن],'Report'!C305),\"\")","v":""},{"$f":"IF(C305<>\"\",SUMIFS(low[الكميه المنصرفه],low[اسم الصنف],'Report'!$G$5,low[مخزن الصرف],'Report'!$C$3,low[تاريخ الإذن],'Report'!C305),\"\")","v":""},"",null,{"$f":"IF( OR(report[[#This Row],[صادر]]>0,report[[#This Row],[وارد]]>0),\"يحسب\",\"\")","v":"يحسب"}]
["2016-10-18",null,"",{"$f":"IF(C306<>\"\",SUMIFS(add[الكمية المضافة],add[اسم الصنف],'Report'!$G$5,add[مخزن الإضافة],'Report'!$C$3,add[تاريخ الإذن],'Report'!C306),\"\")","v":""},{"$f":"IF(C306<>\"\",SUMIFS(low[الكميه المنصرفه],low[اسم الصنف],'Report'!$G$5,low[مخزن الصرف],'Report'!$C$3,low[تاريخ الإذن],'Report'!C306),\"\")","v":""},"",null,{"$f":"IF( OR(report[[#This Row],[صادر]]>0,report[[#This Row],[وارد]]>0),\"يحسب\",\"\")","v":"يحسب"}]
["2016-10-19",null,"",{"$f":"IF(C307<>\"\",SUMIFS(add[الكمية المضافة],add[اسم الصنف],'Report'!$G$5,add[مخزن الإضافة],'Report'!$C$3,add[تاريخ الإذن],'Report'!C307),\"\")","v":""},{"$f":"IF(C307<>\"\",SUMIFS(low[الكميه المنصرفه],low[اسم الصنف],'Report'!$G$5,low[مخزن الصرف],'Report'!$C$3,low[تاريخ الإذن],'Report'!C307),\"\")","v":""},"",null,{"$f":"IF( OR(report[[#This Row],[صادر]]>0,report[[#This Row],[وارد]]>0),\"يحسب\",\"\")","v":"يحسب"}]
["2016-10-20",null,"",{"$f":"IF(C308<>\"\",SUMIFS(add[الكمية المضافة],add[اسم الصنف],'Report'!$G$5,add[مخزن الإضافة],'Report'!$C$3,add[تاريخ الإذن],'Report'!C308),\"\")","v":""},{"$f":"IF(C308<>\"\",SUMIFS(low[الكميه المنصرفه],low[اسم الصنف],'Report'!$G$5,low[مخزن الصرف],'Report'!$C$3,low[تاريخ الإذن],'Report'!C308),\"\")","v":""},"",null,{"$f":"IF( OR(report[[#This Row],[صادر]]>0,report[[#This Row],[وارد]]>0),\"يحسب\",\"\")","v":"يحسب"}]
["2016-10-21",null,"",{"$f":"IF(C309<>\"\",SUMIFS(add[الكمية المضافة],add[اسم الصنف],'Report'!$G$5,add[مخزن الإضافة],'Report'!$C$3,add[تاريخ الإذن],'Report'!C309),\"\")","v":""},{"$f":"IF(C309<>\"\",SUMIFS(low[الكميه المنصرفه],low[اسم الصنف],'Report'!$G$5,low[مخزن الصرف],'Report'!$C$3,low[تاريخ الإذن],'Report'!C309),\"\")","v":""},"",null,{"$f":"IF( OR(report[[#This Row],[صادر]]>0,report[[#This Row],[وارد]]>0),\"يحسب\",\"\")","v":"يحسب"}]
["2016-10-22",null,"",{"$f":"IF(C310<>\"\",SUMIFS(add[الكمية المضافة],add[اسم الصنف],'Report'!$G$5,add[مخزن الإضافة],'Report'!$C$3,add[تاريخ الإذن],'Report'!C310),\"\")","v":""},{"$f":"IF(C310<>\"\",SUMIFS(low[الكميه المنصرفه],low[اسم الصنف],'Report'!$G$5,low[مخزن الصرف],'Report'!$C$3,low[تاريخ الإذن],'Report'!C310),\"\")","v":""},"",null,{"$f":"IF( OR(report[[#This Row],[صادر]]>0,report[[#This Row],[وارد]]>0),\"يحسب\",\"\")","v":"يحسب"}]
["2016-10-23",null,"",{"$f":"IF(C311<>\"\",SUMIFS(add[الكمية المضافة],add[اسم الصنف],'Report'!$G$5,add[مخزن الإضافة],'Report'!$C$3,add[تاريخ الإذن],'Report'!C311),\"\")","v":""},{"$f":"IF(C311<>\"\",SUMIFS(low[الكميه المنصرفه],low[اسم الصنف],'Report'!$G$5,low[مخزن الصرف],'Report'!$C$3,low[تاريخ الإذن],'Report'!C311),\"\")","v":""},"",null,{"$f":"IF( OR(report[[#This Row],[صادر]]>0,report[[#This Row],[وارد]]>0),\"يحسب\",\"\")","v":"يحسب"}]
["2016-10-24",null,"",{"$f":"IF(C312<>\"\",SUMIFS(add[الكمية المضافة],add[اسم الصنف],'Report'!$G$5,add[مخزن الإضافة],'Report'!$C$3,add[تاريخ الإذن],'Report'!C312),\"\")","v":""},{"$f":"IF(C312<>\"\",SUMIFS(low[الكميه المنصرفه],low[اسم الصنف],'Report'!$G$5,low[مخزن الصرف],'Report'!$C$3,low[تاريخ الإذن],'Report'!C312),\"\")","v":""},"",null,{"$f":"IF( OR(report[[#This Row],[صادر]]>0,report[[#This Row],[وارد]]>0),\"يحسب\",\"\")","v":"يحسب"}]
["2016-10-25",null,"",{"$f":"IF(C313<>\"\",SUMIFS(add[الكمية المضافة],add[اسم الصنف],'Report'!$G$5,add[مخزن الإضافة],'Report'!$C$3,add[تاريخ الإذن],'Report'!C313),\"\")","v":""},{"$f":"IF(C313<>\"\",SUMIFS(low[الكميه المنصرفه],low[اسم الصنف],'Report'!$G$5,low[مخزن الصرف],'Report'!$C$3,low[تاريخ الإذن],'Report'!C313),\"\")","v":""},"",null,{"$f":"IF( OR(report[[#This Row],[صادر]]>0,report[[#This Row],[وارد]]>0),\"يحسب\",\"\")","v":"يحسب"}]
["2016-10-26",null,"",{"$f":"IF(C314<>\"\",SUMIFS(add[الكمية المضافة],add[اسم الصنف],'Report'!$G$5,add[مخزن الإضافة],'Report'!$C$3,add[تاريخ الإذن],'Report'!C314),\"\")","v":""},{"$f":"IF(C314<>\"\",SUMIFS(low[الكميه المنصرفه],low[اسم الصنف],'Report'!$G$5,low[مخزن الصرف],'Report'!$C$3,low[تاريخ الإذن],'Report'!C314),\"\")","v":""},"",null,{"$f":"IF( OR(report[[#This Row],[صادر]]>0,report[[#This Row],[وارد]]>0),\"يحسب\",\"\")","v":"يحسب"}]
["2016-10-27",null,"",{"$f":"IF(C315<>\"\",SUMIFS(add[الكمية المضافة],add[اسم الصنف],'Report'!$G$5,add[مخزن الإضافة],'Report'!$C$3,add[تاريخ الإذن],'Report'!C315),\"\")","v":""},{"$f":"IF(C315<>\"\",SUMIFS(low[الكميه المنصرفه],low[اسم الصنف],'Report'!$G$5,low[مخزن الصرف],'Report'!$C$3,low[تاريخ الإذن],'Report'!C315),\"\")","v":""},"",null,{"$f":"IF( OR(report[[#This Row],[صادر]]>0,report[[#This Row],[وارد]]>0),\"يحسب\",\"\")","v":"يحسب"}]
["2016-10-28",null,"",{"$f":"IF(C316<>\"\",SUMIFS(add[الكمية المضافة],add[اسم الصنف],'Report'!$G$5,add[مخزن الإضافة],'Report'!$C$3,add[تاريخ الإذن],'Report'!C316),\"\")","v":""},{"$f":"IF(C316<>\"\",SUMIFS(low[الكميه المنصرفه],low[اسم الصنف],'Report'!$G$5,low[مخزن الصرف],'Report'!$C$3,low[تاريخ الإذن],'Report'!C316),\"\")","v":""},"",null,{"$f":"IF( OR(report[[#This Row],[صادر]]>0,report[[#This Row],[وارد]]>0),\"يحسب\",\"\")","v":"يحسب"}]
["2016-10-29",null,"",{"$f":"IF(C317<>\"\",SUMIFS(add[الكمية المضافة],add[اسم الصنف],'Report'!$G$5,add[مخزن الإضافة],'Report'!$C$3,add[تاريخ الإذن],'Report'!C317),\"\")","v":""},{"$f":"IF(C317<>\"\",SUMIFS(low[الكميه المنصرفه],low[اسم الصنف],'Report'!$G$5,low[مخزن الصرف],'Report'!$C$3,low[تاريخ الإذن],'Report'!C317),\"\")","v":""},"",null,{"$f":"IF( OR(report[[#This Row],[صادر]]>0,report[[#This Row],[وارد]]>0),\"يحسب\",\"\")","v":"يحسب"}]
["2016-10-30",null,"",{"$f":"IF(C318<>\"\",SUMIFS(add[الكمية المضافة],add[اسم الصنف],'Report'!$G$5,add[مخزن الإضافة],'Report'!$C$3,add[تاريخ الإذن],'Report'!C318),\"\")","v":""},{"$f":"IF(C318<>\"\",SUMIFS(low[الكميه المنصرفه],low[اسم الصنف],'Report'!$G$5,low[مخزن الصرف],'Report'!$C$3,low[تاريخ الإذن],'Report'!C318),\"\")","v":""},"",null,{"$f":"IF( OR(report[[#This Row],[صادر]]>0,report[[#This Row],[وارد]]>0),\"يحسب\",\"\")","v":"يحسب"}]
["2016-10-31",null,"",{"$f":"IF(C319<>\"\",SUMIFS(add[الكمية المضافة],add[اسم الصنف],'Report'!$G$5,add[مخزن الإضافة],'Report'!$C$3,add[تاريخ الإذن],'Report'!C319),\"\")","v":""},{"$f":"IF(C319<>\"\",SUMIFS(low[الكميه المنصرفه],low[اسم الصنف],'Report'!$G$5,low[مخزن الصرف],'Report'!$C$3,low[تاريخ الإذن],'Report'!C319),\"\")","v":""},"",null,{"$f":"IF( OR(report[[#This Row],[صادر]]>0,report[[#This Row],[وارد]]>0),\"يحسب\",\"\")","v":"يحسب"}]
["2016-11-01",null,"",{"$f":"IF(C320<>\"\",SUMIFS(add[الكمية المضافة],add[اسم الصنف],'Report'!$G$5,add[مخزن الإضافة],'Report'!$C$3,add[تاريخ الإذن],'Report'!C320),\"\")","v":""},{"$f":"IF(C320<>\"\",SUMIFS(low[الكميه المنصرفه],low[اسم الصنف],'Report'!$G$5,low[مخزن الصرف],'Report'!$C$3,low[تاريخ الإذن],'Report'!C320),\"\")","v":""},"",null,{"$f":"IF( OR(report[[#This Row],[صادر]]>0,report[[#This Row],[وارد]]>0),\"يحسب\",\"\")","v":"يحسب"}]
["2016-11-02",null,"",{"$f":"IF(C321<>\"\",SUMIFS(add[الكمية المضافة],add[اسم الصنف],'Report'!$G$5,add[مخزن الإضافة],'Report'!$C$3,add[تاريخ الإذن],'Report'!C321),\"\")","v":""},{"$f":"IF(C321<>\"\",SUMIFS(low[الكميه المنصرفه],low[اسم الصنف],'Report'!$G$5,low[مخزن الصرف],'Report'!$C$3,low[تاريخ الإذن],'Report'!C321),\"\")","v":""},"",null,{"$f":"IF( OR(report[[#This Row],[صادر]]>0,report[[#This Row],[وارد]]>0),\"يحسب\",\"\")","v":"يحسب"}]
["2016-11-03",null,"",{"$f":"IF(C322<>\"\",SUMIFS(add[الكمية المضافة],add[اسم الصنف],'Report'!$G$5,add[مخزن الإضافة],'Report'!$C$3,add[تاريخ الإذن],'Report'!C322),\"\")","v":""},{"$f":"IF(C322<>\"\",SUMIFS(low[الكميه المنصرفه],low[اسم الصنف],'Report'!$G$5,low[مخزن الصرف],'Report'!$C$3,low[تاريخ الإذن],'Report'!C322),\"\")","v":""},"",null,{"$f":"IF( OR(report[[#This Row],[صادر]]>0,report[[#This Row],[وارد]]>0),\"يحسب\",\"\")","v":"يحسب"}]
["2016-11-04",null,"",{"$f":"IF(C323<>\"\",SUMIFS(add[الكمية المضافة],add[اسم الصنف],'Report'!$G$5,add[مخزن الإضافة],'Report'!$C$3,add[تاريخ الإذن],'Report'!C323),\"\")","v":""},{"$f":"IF(C323<>\"\",SUMIFS(low[الكميه المنصرفه],low[اسم الصنف],'Report'!$G$5,low[مخزن الصرف],'Report'!$C$3,low[تاريخ الإذن],'Report'!C323),\"\")","v":""},"",null,{"$f":"IF( OR(report[[#This Row],[صادر]]>0,report[[#This Row],[وارد]]>0),\"يحسب\",\"\")","v":"يحسب"}]
["2016-11-05",null,"",{"$f":"IF(C324<>\"\",SUMIFS(add[الكمية المضافة],add[اسم الصنف],'Report'!$G$5,add[مخزن الإضافة],'Report'!$C$3,add[تاريخ الإذن],'Report'!C324),\"\")","v":""},{"$f":"IF(C324<>\"\",SUMIFS(low[الكميه المنصرفه],low[اسم الصنف],'Report'!$G$5,low[مخزن الصرف],'Report'!$C$3,low[تاريخ الإذن],'Report'!C324),\"\")","v":""},"",null,{"$f":"IF( OR(report[[#This Row],[صادر]]>0,report[[#This Row],[وارد]]>0),\"يحسب\",\"\")","v":"يحسب"}]
["2016-11-06",null,"",{"$f":"IF(C325<>\"\",SUMIFS(add[الكمية المضافة],add[اسم الصنف],'Report'!$G$5,add[مخزن الإضافة],'Report'!$C$3,add[تاريخ الإذن],'Report'!C325),\"\")","v":""},{"$f":"IF(C325<>\"\",SUMIFS(low[الكميه المنصرفه],low[اسم الصنف],'Report'!$G$5,low[مخزن الصرف],'Report'!$C$3,low[تاريخ الإذن],'Report'!C325),\"\")","v":""},"",null,{"$f":"IF( OR(report[[#This Row],[صادر]]>0,report[[#This Row],[وارد]]>0),\"يحسب\",\"\")","v":"يحسب"}]
["2016-11-07",null,"",{"$f":"IF(C326<>\"\",SUMIFS(add[الكمية المضافة],add[اسم الصنف],'Report'!$G$5,add[مخزن الإضافة],'Report'!$C$3,add[تاريخ الإذن],'Report'!C326),\"\")","v":""},{"$f":"IF(C326<>\"\",SUMIFS(low[الكميه المنصرفه],low[اسم الصنف],'Report'!$G$5,low[مخزن الصرف],'Report'!$C$3,low[تاريخ الإذن],'Report'!C326),\"\")","v":""},"",null,{"$f":"IF( OR(report[[#This Row],[صادر]]>0,report[[#This Row],[وارد]]>0),\"يحسب\",\"\")","v":"يحسب"}]
["2016-11-08",null,"",{"$f":"IF(C327<>\"\",SUMIFS(add[الكمية المضافة],add[اسم الصنف],'Report'!$G$5,add[مخزن الإضافة],'Report'!$C$3,add[تاريخ الإذن],'Report'!C327),\"\")","v":""},{"$f":"IF(C327<>\"\",SUMIFS(low[الكميه المنصرفه],low[اسم الصنف],'Report'!$G$5,low[مخزن الصرف],'Report'!$C$3,low[تاريخ الإذن],'Report'!C327),\"\")","v":""},{"$f":"IFERROR(IF(C327<>\"\",F326+D327-E327,\"\"),\"\")","v":""},null,{"$f":"IF( OR(report[[#This Row],[صادر]]>0,report[[#This Row],[وارد]]>0),\"يحسب\",\"\")","v":"يحسب"}]
["2016-11-09",null,"",{"$f":"IF(C328<>\"\",SUMIFS(add[الكمية المضافة],add[اسم الصنف],'Report'!$G$5,add[مخزن الإضافة],'Report'!$C$3,add[تاريخ الإذن],'Report'!C328),\"\")","v":""},{"$f":"IF(C328<>\"\",SUMIFS(low[الكميه المنصرفه],low[اسم الصنف],'Report'!$G$5,low[مخزن الصرف],'Report'!$C$3,low[تاريخ الإذن],'Report'!C328),\"\")","v":""},"",null,{"$f":"IF( OR(report[[#This Row],[صادر]]>0,report[[#This Row],[وارد]]>0),\"يحسب\",\"\")","v":"يحسب"}]
["2016-11-10",null,"",{"$f":"IF(C329<>\"\",SUMIFS(add[الكمية المضافة],add[اسم الصنف],'Report'!$G$5,add[مخزن الإضافة],'Report'!$C$3,add[تاريخ الإذن],'Report'!C329),\"\")","v":""},{"$f":"IF(C329<>\"\",SUMIFS(low[الكميه المنصرفه],low[اسم الصنف],'Report'!$G$5,low[مخزن الصرف],'Report'!$C$3,low[تاريخ الإذن],'Report'!C329),\"\")","v":""},"",null,{"$f":"IF( OR(report[[#This Row],[صادر]]>0,report[[#This Row],[وارد]]>0),\"يحسب\",\"\")","v":"يحسب"}]
["2016-11-11",null,"",{"$f":"IF(C330<>\"\",SUMIFS(add[الكمية المضافة],add[اسم الصنف],'Report'!$G$5,add[مخزن الإضافة],'Report'!$C$3,add[تاريخ الإذن],'Report'!C330),\"\")","v":""},{"$f":"IF(C330<>\"\",SUMIFS(low[الكميه المنصرفه],low[اسم الصنف],'Report'!$G$5,low[مخزن الصرف],'Report'!$C$3,low[تاريخ الإذن],'Report'!C330),\"\")","v":""},"",null,{"$f":"IF( OR(report[[#This Row],[صادر]]>0,report[[#This Row],[وارد]]>0),\"يحسب\",\"\")","v":"يحسب"}]
["2016-11-12",null,"",{"$f":"IF(C331<>\"\",SUMIFS(add[الكمية المضافة],add[اسم الصنف],'Report'!$G$5,add[مخزن الإضافة],'Report'!$C$3,add[تاريخ الإذن],'Report'!C331),\"\")","v":""},{"$f":"IF(C331<>\"\",SUMIFS(low[الكميه المنصرفه],low[اسم الصنف],'Report'!$G$5,low[مخزن الصرف],'Report'!$C$3,low[تاريخ الإذن],'Report'!C331),\"\")","v":""},"",null,{"$f":"IF( OR(report[[#This Row],[صادر]]>0,report[[#This Row],[وارد]]>0),\"يحسب\",\"\")","v":"يحسب"}]
["2016-11-13",null,"",{"$f":"IF(C332<>\"\",SUMIFS(add[الكمية المضافة],add[اسم الصنف],'Report'!$G$5,add[مخزن الإضافة],'Report'!$C$3,add[تاريخ الإذن],'Report'!C332),\"\")","v":""},{"$f":"IF(C332<>\"\",SUMIFS(low[الكميه المنصرفه],low[اسم الصنف],'Report'!$G$5,low[مخزن الصرف],'Report'!$C$3,low[تاريخ الإذن],'Report'!C332),\"\")","v":""},"",null,{"$f":"IF( OR(report[[#This Row],[صادر]]>0,report[[#This Row],[وارد]]>0),\"يحسب\",\"\")","v":"يحسب"}]
["2016-11-14",null,"",{"$f":"IF(C333<>\"\",SUMIFS(add[الكمية المضافة],add[اسم الصنف],'Report'!$G$5,add[مخزن الإضافة],'Report'!$C$3,add[تاريخ الإذن],'Report'!C333),\"\")","v":""},{"$f":"IF(C333<>\"\",SUMIFS(low[الكميه المنصرفه],low[اسم الصنف],'Report'!$G$5,low[مخزن الصرف],'Report'!$C$3,low[تاريخ الإذن],'Report'!C333),\"\")","v":""},"",null,{"$f":"IF( OR(report[[#This Row],[صادر]]>0,report[[#This Row],[وارد]]>0),\"يحسب\",\"\")","v":"يحسب"}]
["2016-11-15",null,"",{"$f":"IF(C334<>\"\",SUMIFS(add[الكمية المضافة],add[اسم الصنف],'Report'!$G$5,add[مخزن الإضافة],'Report'!$C$3,add[تاريخ الإذن],'Report'!C334),\"\")","v":""},{"$f":"IF(C334<>\"\",SUMIFS(low[الكميه المنصرفه],low[اسم الصنف],'Report'!$G$5,low[مخزن الصرف],'Report'!$C$3,low[تاريخ الإذن],'Report'!C334),\"\")","v":""},"",null,{"$f":"IF( OR(report[[#This Row],[صادر]]>0,report[[#This Row],[وارد]]>0),\"يحسب\",\"\")","v":"يحسب"}]
["2016-11-16",null,"",{"$f":"IF(C335<>\"\",SUMIFS(add[الكمية المضافة],add[اسم الصنف],'Report'!$G$5,add[مخزن الإضافة],'Report'!$C$3,add[تاريخ الإذن],'Report'!C335),\"\")","v":""},{"$f":"IF(C335<>\"\",SUMIFS(low[الكميه المنصرفه],low[اسم الصنف],'Report'!$G$5,low[مخزن الصرف],'Report'!$C$3,low[تاريخ الإذن],'Report'!C335),\"\")","v":""},"",null,{"$f":"IF( OR(report[[#This Row],[صادر]]>0,report[[#This Row],[وارد]]>0),\"يحسب\",\"\")","v":"يحسب"}]
["2016-11-17",null,{"$f":"IFERROR(IF(C335+1<=$C$7,C335+1,\"\"),\"\")","v":""},{"$f":"IF(C336<>\"\",SUMIFS(add[الكمية المضافة],add[اسم الصنف],'Report'!$G$5,add[مخزن الإضافة],'Report'!$C$3,add[تاريخ الإذن],'Report'!C336),\"\")","v":""},{"$f":"IF(C336<>\"\",SUMIFS(low[الكميه المنصرفه],low[اسم الصنف],'Report'!$G$5,low[مخزن الصرف],'Report'!$C$3,low[تاريخ الإذن],'Report'!C336),\"\")","v":""},"",null,{"$f":"IF( OR(report[[#This Row],[صادر]]>0,report[[#This Row],[وارد]]>0),\"يحسب\",\"\")","v":"يحسب"}]
[{"$f":"A336+1","v":"2016-11-18"},null,"",{"$f":"IF(C337<>\"\",SUMIFS(add[الكمية المضافة],add[اسم الصنف],'Report'!$G$5,add[مخزن الإضافة],'Report'!$C$3,add[تاريخ الإذن],'Report'!C337),\"\")","v":""},{"$f":"IF(C337<>\"\",SUMIFS(low[الكميه المنصرفه],low[اسم الصنف],'Report'!$G$5,low[مخزن الصرف],'Report'!$C$3,low[تاريخ الإذن],'Report'!C337),\"\")","v":""},"",null,{"$f":"IF( OR(report[[#This Row],[صادر]]>0,report[[#This Row],[وارد]]>0),\"يحسب\",\"\")","v":"يحسب"}]
["2016-11-19",null,"",{"$f":"IF(C338<>\"\",SUMIFS(add[الكمية المضافة],add[اسم الصنف],'Report'!$G$5,add[مخزن الإضافة],'Report'!$C$3,add[تاريخ الإذن],'Report'!C338),\"\")","v":""},{"$f":"IF(C338<>\"\",SUMIFS(low[الكميه المنصرفه],low[اسم الصنف],'Report'!$G$5,low[مخزن الصرف],'Report'!$C$3,low[تاريخ الإذن],'Report'!C338),\"\")","v":""},"",null,{"$f":"IF( OR(report[[#This Row],[صادر]]>0,report[[#This Row],[وارد]]>0),\"يحسب\",\"\")","v":"يحسب"}]
["2016-11-20",null,"",{"$f":"IF(C339<>\"\",SUMIFS(add[الكمية المضافة],add[اسم الصنف],'Report'!$G$5,add[مخزن الإضافة],'Report'!$C$3,add[تاريخ الإذن],'Report'!C339),\"\")","v":""},{"$f":"IF(C339<>\"\",SUMIFS(low[الكميه المنصرفه],low[اسم الصنف],'Report'!$G$5,low[مخزن الصرف],'Report'!$C$3,low[تاريخ الإذن],'Report'!C339),\"\")","v":""},"",null,{"$f":"IF( OR(report[[#This Row],[صادر]]>0,report[[#This Row],[وارد]]>0),\"يحسب\",\"\")","v":"يحسب"}]
["2016-11-21",null,"",{"$f":"IF(C340<>\"\",SUMIFS(add[الكمية المضافة],add[اسم الصنف],'Report'!$G$5,add[مخزن الإضافة],'Report'!$C$3,add[تاريخ الإذن],'Report'!C340),\"\")","v":""},{"$f":"IF(C340<>\"\",SUMIFS(low[الكميه المنصرفه],low[اسم الصنف],'Report'!$G$5,low[مخزن الصرف],'Report'!$C$3,low[تاريخ الإذن],'Report'!C340),\"\")","v":""},"",null,{"$f":"IF( OR(report[[#This Row],[صادر]]>0,report[[#This Row],[وارد]]>0),\"يحسب\",\"\")","v":"يحسب"}]
["2016-11-22",null,"",{"$f":"IF(C341<>\"\",SUMIFS(add[الكمية المضافة],add[اسم الصنف],'Report'!$G$5,add[مخزن الإضافة],'Report'!$C$3,add[تاريخ الإذن],'Report'!C341),\"\")","v":""},{"$f":"IF(C341<>\"\",SUMIFS(low[الكميه المنصرفه],low[اسم الصنف],'Report'!$G$5,low[مخزن الصرف],'Report'!$C$3,low[تاريخ الإذن],'Report'!C341),\"\")","v":""},"",null,{"$f":"IF( OR(report[[#This Row],[صادر]]>0,report[[#This Row],[وارد]]>0),\"يحسب\",\"\")","v":"يحسب"}]
["2016-11-23",null,"",{"$f":"IF(C342<>\"\",SUMIFS(add[الكمية المضافة],add[اسم الصنف],'Report'!$G$5,add[مخزن الإضافة],'Report'!$C$3,add[تاريخ الإذن],'Report'!C342),\"\")","v":""},{"$f":"IF(C342<>\"\",SUMIFS(low[الكميه المنصرفه],low[اسم الصنف],'Report'!$G$5,low[مخزن الصرف],'Report'!$C$3,low[تاريخ الإذن],'Report'!C342),\"\")","v":""},"",null,{"$f":"IF( OR(report[[#This Row],[صادر]]>0,report[[#This Row],[وارد]]>0),\"يحسب\",\"\")","v":"يحسب"}]
["2016-11-24",null,"",{"$f":"IF(C343<>\"\",SUMIFS(add[الكمية المضافة],add[اسم الصنف],'Report'!$G$5,add[مخزن الإضافة],'Report'!$C$3,add[تاريخ الإذن],'Report'!C343),\"\")","v":""},{"$f":"IF(C343<>\"\",SUMIFS(low[الكميه المنصرفه],low[اسم الصنف],'Report'!$G$5,low[مخزن الصرف],'Report'!$C$3,low[تاريخ الإذن],'Report'!C343),\"\")","v":""},"",null,{"$f":"IF( OR(report[[#This Row],[صادر]]>0,report[[#This Row],[وارد]]>0),\"يحسب\",\"\")","v":"يحسب"}]
["2016-11-25",null,"",{"$f":"IF(C344<>\"\",SUMIFS(add[الكمية المضافة],add[اسم الصنف],'Report'!$G$5,add[مخزن الإضافة],'Report'!$C$3,add[تاريخ الإذن],'Report'!C344),\"\")","v":""},{"$f":"IF(C344<>\"\",SUMIFS(low[الكميه المنصرفه],low[اسم الصنف],'Report'!$G$5,low[مخزن الصرف],'Report'!$C$3,low[تاريخ الإذن],'Report'!C344),\"\")","v":""},"",null,{"$f":"IF( OR(report[[#This Row],[صادر]]>0,report[[#This Row],[وارد]]>0),\"يحسب\",\"\")","v":"يحسب"}]
["2016-11-26",null,"",{"$f":"IF(C345<>\"\",SUMIFS(add[الكمية المضافة],add[اسم الصنف],'Report'!$G$5,add[مخزن الإضافة],'Report'!$C$3,add[تاريخ الإذن],'Report'!C345),\"\")","v":""},{"$f":"IF(C345<>\"\",SUMIFS(low[الكميه المنصرفه],low[اسم الصنف],'Report'!$G$5,low[مخزن الصرف],'Report'!$C$3,low[تاريخ الإذن],'Report'!C345),\"\")","v":""},"",null,{"$f":"IF( OR(report[[#This Row],[صادر]]>0,report[[#This Row],[وارد]]>0),\"يحسب\",\"\")","v":"يحسب"}]
["2016-11-27",null,"",{"$f":"IF(C346<>\"\",SUMIFS(add[الكمية المضافة],add[اسم الصنف],'Report'!$G$5,add[مخزن الإضافة],'Report'!$C$3,add[تاريخ الإذن],'Report'!C346),\"\")","v":""},{"$f":"IF(C346<>\"\",SUMIFS(low[الكميه المنصرفه],low[اسم الصنف],'Report'!$G$5,low[مخزن الصرف],'Report'!$C$3,low[تاريخ الإذن],'Report'!C346),\"\")","v":""},"",null,{"$f":"IF( OR(report[[#This Row],[صادر]]>0,report[[#This Row],[وارد]]>0),\"يحسب\",\"\")","v":"يحسب"}]
["2016-11-28",null,"",{"$f":"IF(C347<>\"\",SUMIFS(add[الكمية المضافة],add[اسم الصنف],'Report'!$G$5,add[مخزن الإضافة],'Report'!$C$3,add[تاريخ الإذن],'Report'!C347),\"\")","v":""},{"$f":"IF(C347<>\"\",SUMIFS(low[الكميه المنصرفه],low[اسم الصنف],'Report'!$G$5,low[مخزن الصرف],'Report'!$C$3,low[تاريخ الإذن],'Report'!C347),\"\")","v":""},"",null,{"$f":"IF( OR(report[[#This Row],[صادر]]>0,report[[#This Row],[وارد]]>0),\"يحسب\",\"\")","v":"يحسب"}]
["2016-11-29",null,"",{"$f":"IF(C348<>\"\",SUMIFS(add[الكمية المضافة],add[اسم الصنف],'Report'!$G$5,add[مخزن الإضافة],'Report'!$C$3,add[تاريخ الإذن],'Report'!C348),\"\")","v":""},{"$f":"IF(C348<>\"\",SUMIFS(low[الكميه المنصرفه],low[اسم الصنف],'Report'!$G$5,low[مخزن الصرف],'Report'!$C$3,low[تاريخ الإذن],'Report'!C348),\"\")","v":""},"",null,{"$f":"IF( OR(report[[#This Row],[صادر]]>0,report[[#This Row],[وارد]]>0),\"يحسب\",\"\")","v":"يحسب"}]
["2016-11-30",null,"",{"$f":"IF(C349<>\"\",SUMIFS(add[الكمية المضافة],add[اسم الصنف],'Report'!$G$5,add[مخزن الإضافة],'Report'!$C$3,add[تاريخ الإذن],'Report'!C349),\"\")","v":""},{"$f":"IF(C349<>\"\",SUMIFS(low[الكميه المنصرفه],low[اسم الصنف],'Report'!$G$5,low[مخزن الصرف],'Report'!$C$3,low[تاريخ الإذن],'Report'!C349),\"\")","v":""},"",null,{"$f":"IF( OR(report[[#This Row],[صادر]]>0,report[[#This Row],[وارد]]>0),\"يحسب\",\"\")","v":"يحسب"}]
["2016-12-01",null,"",{"$f":"IF(C350<>\"\",SUMIFS(add[الكمية المضافة],add[اسم الصنف],'Report'!$G$5,add[مخزن الإضافة],'Report'!$C$3,add[تاريخ الإذن],'Report'!C350),\"\")","v":""},{"$f":"IF(C350<>\"\",SUMIFS(low[الكميه المنصرفه],low[اسم الصنف],'Report'!$G$5,low[مخزن الصرف],'Report'!$C$3,low[تاريخ الإذن],'Report'!C350),\"\")","v":""},"",null,{"$f":"IF( OR(report[[#This Row],[صادر]]>0,report[[#This Row],[وارد]]>0),\"يحسب\",\"\")","v":"يحسب"}]
["2016-12-02",null,"",{"$f":"IF(C351<>\"\",SUMIFS(add[الكمية المضافة],add[اسم الصنف],'Report'!$G$5,add[مخزن الإضافة],'Report'!$C$3,add[تاريخ الإذن],'Report'!C351),\"\")","v":""},{"$f":"IF(C351<>\"\",SUMIFS(low[الكميه المنصرفه],low[اسم الصنف],'Report'!$G$5,low[مخزن الصرف],'Report'!$C$3,low[تاريخ الإذن],'Report'!C351),\"\")","v":""},"",null,{"$f":"IF( OR(report[[#This Row],[صادر]]>0,report[[#This Row],[وارد]]>0),\"يحسب\",\"\")","v":"يحسب"}]
["2016-12-03",null,"",{"$f":"IF(C352<>\"\",SUMIFS(add[الكمية المضافة],add[اسم الصنف],'Report'!$G$5,add[مخزن الإضافة],'Report'!$C$3,add[تاريخ الإذن],'Report'!C352),\"\")","v":""},{"$f":"IF(C352<>\"\",SUMIFS(low[الكميه المنصرفه],low[اسم الصنف],'Report'!$G$5,low[مخزن الصرف],'Report'!$C$3,low[تاريخ الإذن],'Report'!C352),\"\")","v":""},"",null,{"$f":"IF( OR(report[[#This Row],[صادر]]>0,report[[#This Row],[وارد]]>0),\"يحسب\",\"\")","v":"يحسب"}]
["2016-12-04",null,"",{"$f":"IF(C353<>\"\",SUMIFS(add[الكمية المضافة],add[اسم الصنف],'Report'!$G$5,add[مخزن الإضافة],'Report'!$C$3,add[تاريخ الإذن],'Report'!C353),\"\")","v":""},{"$f":"IF(C353<>\"\",SUMIFS(low[الكميه المنصرفه],low[اسم الصنف],'Report'!$G$5,low[مخزن الصرف],'Report'!$C$3,low[تاريخ الإذن],'Report'!C353),\"\")","v":""},"",null,{"$f":"IF( OR(report[[#This Row],[صادر]]>0,report[[#This Row],[وارد]]>0),\"يحسب\",\"\")","v":"يحسب"}]
["2016-12-05",null,"",{"$f":"IF(C354<>\"\",SUMIFS(add[الكمية المضافة],add[اسم الصنف],'Report'!$G$5,add[مخزن الإضافة],'Report'!$C$3,add[تاريخ الإذن],'Report'!C354),\"\")","v":""},{"$f":"IF(C354<>\"\",SUMIFS(low[الكميه المنصرفه],low[اسم الصنف],'Report'!$G$5,low[مخزن الصرف],'Report'!$C$3,low[تاريخ الإذن],'Report'!C354),\"\")","v":""},"",null,{"$f":"IF( OR(report[[#This Row],[صادر]]>0,report[[#This Row],[وارد]]>0),\"يحسب\",\"\")","v":"يحسب"}]
["2016-12-06",null,"",{"$f":"IF(C355<>\"\",SUMIFS(add[الكمية المضافة],add[اسم الصنف],'Report'!$G$5,add[مخزن الإضافة],'Report'!$C$3,add[تاريخ الإذن],'Report'!C355),\"\")","v":""},{"$f":"IF(C355<>\"\",SUMIFS(low[الكميه المنصرفه],low[اسم الصنف],'Report'!$G$5,low[مخزن الصرف],'Report'!$C$3,low[تاريخ الإذن],'Report'!C355),\"\")","v":""},"",null,{"$f":"IF( OR(report[[#This Row],[صادر]]>0,report[[#This Row],[وارد]]>0),\"يحسب\",\"\")","v":"يحسب"}]
["2016-12-07",null,"",{"$f":"IF(C356<>\"\",SUMIFS(add[الكمية المضافة],add[اسم الصنف],'Report'!$G$5,add[مخزن الإضافة],'Report'!$C$3,add[تاريخ الإذن],'Report'!C356),\"\")","v":""},{"$f":"IF(C356<>\"\",SUMIFS(low[الكميه المنصرفه],low[اسم الصنف],'Report'!$G$5,low[مخزن الصرف],'Report'!$C$3,low[تاريخ الإذن],'Report'!C356),\"\")","v":""},"",null,{"$f":"IF( OR(report[[#This Row],[صادر]]>0,report[[#This Row],[وارد]]>0),\"يحسب\",\"\")","v":"يحسب"}]
["2016-12-08",null,"",{"$f":"IF(C357<>\"\",SUMIFS(add[الكمية المضافة],add[اسم الصنف],'Report'!$G$5,add[مخزن الإضافة],'Report'!$C$3,add[تاريخ الإذن],'Report'!C357),\"\")","v":""},{"$f":"IF(C357<>\"\",SUMIFS(low[الكميه المنصرفه],low[اسم الصنف],'Report'!$G$5,low[مخزن الصرف],'Report'!$C$3,low[تاريخ الإذن],'Report'!C357),\"\")","v":""},"",null,{"$f":"IF( OR(report[[#This Row],[صادر]]>0,report[[#This Row],[وارد]]>0),\"يحسب\",\"\")","v":"يحسب"}]
["2016-12-09",null,"",{"$f":"IF(C358<>\"\",SUMIFS(add[الكمية المضافة],add[اسم الصنف],'Report'!$G$5,add[مخزن الإضافة],'Report'!$C$3,add[تاريخ الإذن],'Report'!C358),\"\")","v":""},{"$f":"IF(C358<>\"\",SUMIFS(low[الكميه المنصرفه],low[اسم الصنف],'Report'!$G$5,low[مخزن الصرف],'Report'!$C$3,low[تاريخ الإذن],'Report'!C358),\"\")","v":""},"",null,{"$f":"IF( OR(report[[#This Row],[صادر]]>0,report[[#This Row],[وارد]]>0),\"يحسب\",\"\")","v":"يحسب"}]
["2016-12-10",null,"",{"$f":"IF(C359<>\"\",SUMIFS(add[الكمية المضافة],add[اسم الصنف],'Report'!$G$5,add[مخزن الإضافة],'Report'!$C$3,add[تاريخ الإذن],'Report'!C359),\"\")","v":""},{"$f":"IF(C359<>\"\",SUMIFS(low[الكميه المنصرفه],low[اسم الصنف],'Report'!$G$5,low[مخزن الصرف],'Report'!$C$3,low[تاريخ الإذن],'Report'!C359),\"\")","v":""},"",null,{"$f":"IF( OR(report[[#This Row],[صادر]]>0,report[[#This Row],[وارد]]>0),\"يحسب\",\"\")","v":"يحسب"}]
["2016-12-11",null,"",{"$f":"IF(C360<>\"\",SUMIFS(add[الكمية المضافة],add[اسم الصنف],'Report'!$G$5,add[مخزن الإضافة],'Report'!$C$3,add[تاريخ الإذن],'Report'!C360),\"\")","v":""},{"$f":"IF(C360<>\"\",SUMIFS(low[الكميه المنصرفه],low[اسم الصنف],'Report'!$G$5,low[مخزن الصرف],'Report'!$C$3,low[تاريخ الإذن],'Report'!C360),\"\")","v":""},"",null,{"$f":"IF( OR(report[[#This Row],[صادر]]>0,report[[#This Row],[وارد]]>0),\"يحسب\",\"\")","v":"يحسب"}]
["2016-12-12",null,"",{"$f":"IF(C361<>\"\",SUMIFS(add[الكمية المضافة],add[اسم الصنف],'Report'!$G$5,add[مخزن الإضافة],'Report'!$C$3,add[تاريخ الإذن],'Report'!C361),\"\")","v":""},{"$f":"IF(C361<>\"\",SUMIFS(low[الكميه المنصرفه],low[اسم الصنف],'Report'!$G$5,low[مخزن الصرف],'Report'!$C$3,low[تاريخ الإذن],'Report'!C361),\"\")","v":""},"",null,{"$f":"IF( OR(report[[#This Row],[صادر]]>0,report[[#This Row],[وارد]]>0),\"يحسب\",\"\")","v":"يحسب"}]
["2016-12-13",null,"",{"$f":"IF(C362<>\"\",SUMIFS(add[الكمية المضافة],add[اسم الصنف],'Report'!$G$5,add[مخزن الإضافة],'Report'!$C$3,add[تاريخ الإذن],'Report'!C362),\"\")","v":""},{"$f":"IF(C362<>\"\",SUMIFS(low[الكميه المنصرفه],low[اسم الصنف],'Report'!$G$5,low[مخزن الصرف],'Report'!$C$3,low[تاريخ الإذن],'Report'!C362),\"\")","v":""},"",null,{"$f":"IF( OR(report[[#This Row],[صادر]]>0,report[[#This Row],[وارد]]>0),\"يحسب\",\"\")","v":"يحسب"}]
["2016-12-14",null,"",{"$f":"IF(C363<>\"\",SUMIFS(add[الكمية المضافة],add[اسم الصنف],'Report'!$G$5,add[مخزن الإضافة],'Report'!$C$3,add[تاريخ الإذن],'Report'!C363),\"\")","v":""},{"$f":"IF(C363<>\"\",SUMIFS(low[الكميه المنصرفه],low[اسم الصنف],'Report'!$G$5,low[مخزن الصرف],'Report'!$C$3,low[تاريخ الإذن],'Report'!C363),\"\")","v":""},"",null,{"$f":"IF( OR(report[[#This Row],[صادر]]>0,report[[#This Row],[وارد]]>0),\"يحسب\",\"\")","v":"يحسب"}]
["2016-12-15",null,"",{"$f":"IF(C364<>\"\",SUMIFS(add[الكمية المضافة],add[اسم الصنف],'Report'!$G$5,add[مخزن الإضافة],'Report'!$C$3,add[تاريخ الإذن],'Report'!C364),\"\")","v":""},{"$f":"IF(C364<>\"\",SUMIFS(low[الكميه المنصرفه],low[اسم الصنف],'Report'!$G$5,low[مخزن الصرف],'Report'!$C$3,low[تاريخ الإذن],'Report'!C364),\"\")","v":""},"",null,{"$f":"IF( OR(report[[#This Row],[صادر]]>0,report[[#This Row],[وارد]]>0),\"يحسب\",\"\")","v":"يحسب"}]
["2016-12-16",null,"",{"$f":"IF(C365<>\"\",SUMIFS(add[الكمية المضافة],add[اسم الصنف],'Report'!$G$5,add[مخزن الإضافة],'Report'!$C$3,add[تاريخ الإذن],'Report'!C365),\"\")","v":""},{"$f":"IF(C365<>\"\",SUMIFS(low[الكميه المنصرفه],low[اسم الصنف],'Report'!$G$5,low[مخزن الصرف],'Report'!$C$3,low[تاريخ الإذن],'Report'!C365),\"\")","v":""},"",null,{"$f":"IF( OR(report[[#This Row],[صادر]]>0,report[[#This Row],[وارد]]>0),\"يحسب\",\"\")","v":"يحسب"}]
["2016-12-17",null,"",{"$f":"IF(C366<>\"\",SUMIFS(add[الكمية المضافة],add[اسم الصنف],'Report'!$G$5,add[مخزن الإضافة],'Report'!$C$3,add[تاريخ الإذن],'Report'!C366),\"\")","v":""},{"$f":"IF(C366<>\"\",SUMIFS(low[الكميه المنصرفه],low[اسم الصنف],'Report'!$G$5,low[مخزن الصرف],'Report'!$C$3,low[تاريخ الإذن],'Report'!C366),\"\")","v":""},"",null,{"$f":"IF( OR(report[[#This Row],[صادر]]>0,report[[#This Row],[وارد]]>0),\"يحسب\",\"\")","v":"يحسب"}]
["2016-12-18",null,"",{"$f":"IF(C367<>\"\",SUMIFS(add[الكمية المضافة],add[اسم الصنف],'Report'!$G$5,add[مخزن الإضافة],'Report'!$C$3,add[تاريخ الإذن],'Report'!C367),\"\")","v":""},{"$f":"IF(C367<>\"\",SUMIFS(low[الكميه المنصرفه],low[اسم الصنف],'Report'!$G$5,low[مخزن الصرف],'Report'!$C$3,low[تاريخ الإذن],'Report'!C367),\"\")","v":""},"",null,{"$f":"IF( OR(report[[#This Row],[صادر]]>0,report[[#This Row],[وارد]]>0),\"يحسب\",\"\")","v":"يحسب"}]
["2016-12-19",null,"",{"$f":"IF(C368<>\"\",SUMIFS(add[الكمية المضافة],add[اسم الصنف],'Report'!$G$5,add[مخزن الإضافة],'Report'!$C$3,add[تاريخ الإذن],'Report'!C368),\"\")","v":""},{"$f":"IF(C368<>\"\",SUMIFS(low[الكميه المنصرفه],low[اسم الصنف],'Report'!$G$5,low[مخزن الصرف],'Report'!$C$3,low[تاريخ الإذن],'Report'!C368),\"\")","v":""},"",null,{"$f":"IF( OR(report[[#This Row],[صادر]]>0,report[[#This Row],[وارد]]>0),\"يحسب\",\"\")","v":"يحسب"}]
["2016-12-20",null,"",{"$f":"IF(C369<>\"\",SUMIFS(add[الكمية المضافة],add[اسم الصنف],'Report'!$G$5,add[مخزن الإضافة],'Report'!$C$3,add[تاريخ الإذن],'Report'!C369),\"\")","v":""},{"$f":"IF(C369<>\"\",SUMIFS(low[الكميه المنصرفه],low[اسم الصنف],'Report'!$G$5,low[مخزن الصرف],'Report'!$C$3,low[تاريخ الإذن],'Report'!C369),\"\")","v":""},"",null,{"$f":"IF( OR(report[[#This Row],[صادر]]>0,report[[#This Row],[وارد]]>0),\"يحسب\",\"\")","v":"يحسب"}]
["2016-12-21",null,"",{"$f":"IF(C370<>\"\",SUMIFS(add[الكمية المضافة],add[اسم الصنف],'Report'!$G$5,add[مخزن الإضافة],'Report'!$C$3,add[تاريخ الإذن],'Report'!C370),\"\")","v":""},{"$f":"IF(C370<>\"\",SUMIFS(low[الكميه المنصرفه],low[اسم الصنف],'Report'!$G$5,low[مخزن الصرف],'Report'!$C$3,low[تاريخ الإذن],'Report'!C370),\"\")","v":""},"",null,{"$f":"IF( OR(report[[#This Row],[صادر]]>0,report[[#This Row],[وارد]]>0),\"يحسب\",\"\")","v":"يحسب"}]
["2016-12-22",null,"",{"$f":"IF(C371<>\"\",SUMIFS(add[الكمية المضافة],add[اسم الصنف],'Report'!$G$5,add[مخزن الإضافة],'Report'!$C$3,add[تاريخ الإذن],'Report'!C371),\"\")","v":""},{"$f":"IF(C371<>\"\",SUMIFS(low[الكميه المنصرفه],low[اسم الصنف],'Report'!$G$5,low[مخزن الصرف],'Report'!$C$3,low[تاريخ الإذن],'Report'!C371),\"\")","v":""},"",null,{"$f":"IF( OR(report[[#This Row],[صادر]]>0,report[[#This Row],[وارد]]>0),\"يحسب\",\"\")","v":"يحسب"}]
["2016-12-23",null,"",{"$f":"IF(C372<>\"\",SUMIFS(add[الكمية المضافة],add[اسم الصنف],'Report'!$G$5,add[مخزن الإضافة],'Report'!$C$3,add[تاريخ الإذن],'Report'!C372),\"\")","v":""},{"$f":"IF(C372<>\"\",SUMIFS(low[الكميه المنصرفه],low[اسم الصنف],'Report'!$G$5,low[مخزن الصرف],'Report'!$C$3,low[تاريخ الإذن],'Report'!C372),\"\")","v":""},"",null,{"$f":"IF( OR(report[[#This Row],[صادر]]>0,report[[#This Row],[وارد]]>0),\"يحسب\",\"\")","v":"يحسب"}]
["2016-12-24",null,"",{"$f":"IF(C373<>\"\",SUMIFS(add[الكمية المضافة],add[اسم الصنف],'Report'!$G$5,add[مخزن الإضافة],'Report'!$C$3,add[تاريخ الإذن],'Report'!C373),\"\")","v":""},{"$f":"IF(C373<>\"\",SUMIFS(low[الكميه المنصرفه],low[اسم الصنف],'Report'!$G$5,low[مخزن الصرف],'Report'!$C$3,low[تاريخ الإذن],'Report'!C373),\"\")","v":""},"",null,{"$f":"IF( OR(report[[#This Row],[صادر]]>0,report[[#This Row],[وارد]]>0),\"يحسب\",\"\")","v":"يحسب"}]
["2016-12-25",null,"",{"$f":"IF(C374<>\"\",SUMIFS(add[الكمية المضافة],add[اسم الصنف],'Report'!$G$5,add[مخزن الإضافة],'Report'!$C$3,add[تاريخ الإذن],'Report'!C374),\"\")","v":""},{"$f":"IF(C374<>\"\",SUMIFS(low[الكميه المنصرفه],low[اسم الصنف],'Report'!$G$5,low[مخزن الصرف],'Report'!$C$3,low[تاريخ الإذن],'Report'!C374),\"\")","v":""},"",null,{"$f":"IF( OR(report[[#This Row],[صادر]]>0,report[[#This Row],[وارد]]>0),\"يحسب\",\"\")","v":"يحسب"}]
["2016-12-26",null,"",{"$f":"IF(C375<>\"\",SUMIFS(add[الكمية المضافة],add[اسم الصنف],'Report'!$G$5,add[مخزن الإضافة],'Report'!$C$3,add[تاريخ الإذن],'Report'!C375),\"\")","v":""},{"$f":"IF(C375<>\"\",SUMIFS(low[الكميه المنصرفه],low[اسم الصنف],'Report'!$G$5,low[مخزن الصرف],'Report'!$C$3,low[تاريخ الإذن],'Report'!C375),\"\")","v":""},"",null,{"$f":"IF( OR(report[[#This Row],[صادر]]>0,report[[#This Row],[وارد]]>0),\"يحسب\",\"\")","v":"يحسب"}]
["2016-12-27",null,"",{"$f":"IF(C376<>\"\",SUMIFS(add[الكمية المضافة],add[اسم الصنف],'Report'!$G$5,add[مخزن الإضافة],'Report'!$C$3,add[تاريخ الإذن],'Report'!C376),\"\")","v":""},{"$f":"IF(C376<>\"\",SUMIFS(low[الكميه المنصرفه],low[اسم الصنف],'Report'!$G$5,low[مخزن الصرف],'Report'!$C$3,low[تاريخ الإذن],'Report'!C376),\"\")","v":""},"",null,{"$f":"IF( OR(report[[#This Row],[صادر]]>0,report[[#This Row],[وارد]]>0),\"يحسب\",\"\")","v":"يحسب"}]
["2016-12-28",null,"",{"$f":"IF(C377<>\"\",SUMIFS(add[الكمية المضافة],add[اسم الصنف],'Report'!$G$5,add[مخزن الإضافة],'Report'!$C$3,add[تاريخ الإذن],'Report'!C377),\"\")","v":""},{"$f":"IF(C377<>\"\",SUMIFS(low[الكميه المنصرفه],low[اسم الصنف],'Report'!$G$5,low[مخزن الصرف],'Report'!$C$3,low[تاريخ الإذن],'Report'!C377),\"\")","v":""},"",null,{"$f":"IF( OR(report[[#This Row],[صادر]]>0,report[[#This Row],[وارد]]>0),\"يحسب\",\"\")","v":"يحسب"}]
["2016-12-29",null,"",{"$f":"IF(C378<>\"\",SUMIFS(add[الكمية المضافة],add[اسم الصنف],'Report'!$G$5,add[مخزن الإضافة],'Report'!$C$3,add[تاريخ الإذن],'Report'!C378),\"\")","v":""},{"$f":"IF(C378<>\"\",SUMIFS(low[الكميه المنصرفه],low[اسم الصنف],'Report'!$G$5,low[مخزن الصرف],'Report'!$C$3,low[تاريخ الإذن],'Report'!C378),\"\")","v":""},"",null,{"$f":"IF( OR(report[[#This Row],[صادر]]>0,report[[#This Row],[وارد]]>0),\"يحسب\",\"\")","v":"يحسب"}]
["2016-12-30",null,"",{"$f":"IF(C379<>\"\",SUMIFS(add[الكمية المضافة],add[اسم الصنف],'Report'!$G$5,add[مخزن الإضافة],'Report'!$C$3,add[تاريخ الإذن],'Report'!C379),\"\")","v":""},{"$f":"IF(C379<>\"\",SUMIFS(low[الكميه المنصرفه],low[اسم الصنف],'Report'!$G$5,low[مخزن الصرف],'Report'!$C$3,low[تاريخ الإذن],'Report'!C379),\"\")","v":""},"",null,{"$f":"IF( OR(report[[#This Row],[صادر]]>0,report[[#This Row],[وارد]]>0),\"يحسب\",\"\")","v":"يحسب"}]
["2016-12-31",null,"",{"$f":"IF(C380<>\"\",SUMIFS(add[الكمية المضافة],add[اسم الصنف],'Report'!$G$5,add[مخزن الإضافة],'Report'!$C$3,add[تاريخ الإذن],'Report'!C380),\"\")","v":""},{"$f":"IF(C380<>\"\",SUMIFS(low[الكميه المنصرفه],low[اسم الصنف],'Report'!$G$5,low[مخزن الصرف],'Report'!$C$3,low[تاريخ الإذن],'Report'!C380),\"\")","v":""},"",null,{"$f":"IF( OR(report[[#This Row],[صادر]]>0,report[[#This Row],[وارد]]>0),\"يحسب\",\"\")","v":"يحسب"}]
[null,null,"",{"$f":"IF(C381<>\"\",SUMIFS(add[الكمية المضافة],add[اسم الصنف],'Report'!$G$5,add[مخزن الإضافة],'Report'!$C$3,add[تاريخ الإذن],'Report'!C381),\"\")","v":""},{"$f":"IF(C381<>\"\",SUMIFS(low[الكميه المنصرفه],low[اسم الصنف],'Report'!$G$5,low[مخزن الصرف],'Report'!$C$3,low[تاريخ الإذن],'Report'!C381),\"\")","v":""},"",null,{"$f":"IF( OR(report[[#This Row],[صادر]]>0,report[[#This Row],[وارد]]>0),\"يحسب\",\"\")","v":"يحسب"}]
[null,null,"",{"$f":"IF(C382<>\"\",SUMIFS(add[الكمية المضافة],add[اسم الصنف],'Report'!$G$5,add[مخزن الإضافة],'Report'!$C$3,add[تاريخ الإذن],'Report'!C382),\"\")","v":""},{"$f":"IF(C382<>\"\",SUMIFS(low[الكميه المنصرفه],low[اسم الصنف],'Report'!$G$5,low[مخزن الصرف],'Report'!$C$3,low[تاريخ الإذن],'Report'!C382),\"\")","v":""},"",null,{"$f":"IF( OR(report[[#This Row],[صادر]]>0,report[[#This Row],[وارد]]>0),\"يحسب\",\"\")","v":"يحسب"}]
[null,null,"",{"$f":"IF(C383<>\"\",SUMIFS(add[الكمية المضافة],add[اسم الصنف],'Report'!$G$5,add[مخزن الإضافة],'Report'!$C$3,add[تاريخ الإذن],'Report'!C383),\"\")","v":""},{"$f":"IF(C383<>\"\",SUMIFS(low[الكميه المنصرفه],low[اسم الصنف],'Report'!$G$5,low[مخزن الصرف],'Report'!$C$3,low[تاريخ الإذن],'Report'!C383),\"\")","v":""},"",null,{"$f":"IF( OR(report[[#This Row],[صادر]]>0,report[[#This Row],[وارد]]>0),\"يحسب\",\"\")","v":"يحسب"}]
[null,null,"",{"$f":"IF(C384<>\"\",SUMIFS(add[الكمية المضافة],add[اسم الصنف],'Report'!$G$5,add[مخزن الإضافة],'Report'!$C$3,add[تاريخ الإذن],'Report'!C384),\"\")","v":""},{"$f":"IF(C384<>\"\",SUMIFS(low[الكميه المنصرفه],low[اسم الصنف],'Report'!$G$5,low[مخزن الصرف],'Report'!$C$3,low[تاريخ الإذن],'Report'!C384),\"\")","v":""},"",null,{"$f":"IF( OR(report[[#This Row],[صادر]]>0,report[[#This Row],[وارد]]>0),\"يحسب\",\"\")","v":"يحسب"}]
[null,null,"",{"$f":"IF(C385<>\"\",SUMIFS(add[الكمية المضافة],add[اسم الصنف],'Report'!$G$5,add[مخزن الإضافة],'Report'!$C$3,add[تاريخ الإذن],'Report'!C385),\"\")","v":""},{"$f":"IF(C385<>\"\",SUMIFS(low[الكميه المنصرفه],low[اسم الصنف],'Report'!$G$5,low[مخزن الصرف],'Report'!$C$3,low[تاريخ الإذن],'Report'!C385),\"\")","v":""},"",null,{"$f":"IF( OR(report[[#This Row],[صادر]]>0,report[[#This Row],[وارد]]>0),\"يحسب\",\"\")","v":"يحسب"}]
[null,null,"",{"$f":"IF(C386<>\"\",SUMIFS(add[الكمية المضافة],add[اسم الصنف],'Report'!$G$5,add[مخزن الإضافة],'Report'!$C$3,add[تاريخ الإذن],'Report'!C386),\"\")","v":""},{"$f":"IF(C386<>\"\",SUMIFS(low[الكميه المنصرفه],low[اسم الصنف],'Report'!$G$5,low[مخزن الصرف],'Report'!$C$3,low[تاريخ الإذن],'Report'!C386),\"\")","v":""},"",null,{"$f":"IF( OR(report[[#This Row],[صادر]]>0,report[[#This Row],[وارد]]>0),\"يحسب\",\"\")","v":"يحسب"}]
[null,null,"",{"$f":"IF(C387<>\"\",SUMIFS(add[الكمية المضافة],add[اسم الصنف],'Report'!$G$5,add[مخزن الإضافة],'Report'!$C$3,add[تاريخ الإذن],'Report'!C387),\"\")","v":""},{"$f":"IF(C387<>\"\",SUMIFS(low[الكميه المنصرفه],low[اسم الصنف],'Report'!$G$5,low[مخزن الصرف],'Report'!$C$3,low[تاريخ الإذن],'Report'!C387),\"\")","v":""},"",null,{"$f":"IF( OR(report[[#This Row],[صادر]]>0,report[[#This Row],[وارد]]>0),\"يحسب\",\"\")","v":"يحسب"}]
[null,null,"",{"$f":"IF(C388<>\"\",SUMIFS(add[الكمية المضافة],add[اسم الصنف],'Report'!$G$5,add[مخزن الإضافة],'Report'!$C$3,add[تاريخ الإذن],'Report'!C388),\"\")","v":""},{"$f":"IF(C388<>\"\",SUMIFS(low[الكميه المنصرفه],low[اسم الصنف],'Report'!$G$5,low[مخزن الصرف],'Report'!$C$3,low[تاريخ الإذن],'Report'!C388),\"\")","v":""},"",null,{"$f":"IF( OR(report[[#This Row],[صادر]]>0,report[[#This Row],[وارد]]>0),\"يحسب\",\"\")","v":"يحسب"}]
[null,null,"",{"$f":"IF(C389<>\"\",SUMIFS(add[الكمية المضافة],add[اسم الصنف],'Report'!$G$5,add[مخزن الإضافة],'Report'!$C$3,add[تاريخ الإذن],'Report'!C389),\"\")","v":""},{"$f":"IF(C389<>\"\",SUMIFS(low[الكميه المنصرفه],low[اسم الصنف],'Report'!$G$5,low[مخزن الصرف],'Report'!$C$3,low[تاريخ الإذن],'Report'!C389),\"\")","v":""},"",null,{"$f":"IF( OR(report[[#This Row],[صادر]]>0,report[[#This Row],[وارد]]>0),\"يحسب\",\"\")","v":"يحسب"}]
[null,null,"",{"$f":"IF(C390<>\"\",SUMIFS(add[الكمية المضافة],add[اسم الصنف],'Report'!$G$5,add[مخزن الإضافة],'Report'!$C$3,add[تاريخ الإذن],'Report'!C390),\"\")","v":""},{"$f":"IF(C390<>\"\",SUMIFS(low[الكميه المنصرفه],low[اسم الصنف],'Report'!$G$5,low[مخزن الصرف],'Report'!$C$3,low[تاريخ الإذن],'Report'!C390),\"\")","v":""},"",null,{"$f":"IF( OR(report[[#This Row],[صادر]]>0,report[[#This Row],[وارد]]>0),\"يحسب\",\"\")","v":"يحسب"}]
[null,null,"",{"$f":"IF(C391<>\"\",SUMIFS(add[الكمية المضافة],add[اسم الصنف],'Report'!$G$5,add[مخزن الإضافة],'Report'!$C$3,add[تاريخ الإذن],'Report'!C391),\"\")","v":""},{"$f":"IF(C391<>\"\",SUMIFS(low[الكميه المنصرفه],low[اسم الصنف],'Report'!$G$5,low[مخزن الصرف],'Report'!$C$3,low[تاريخ الإذن],'Report'!C391),\"\")","v":""},{"$f":"IFERROR(IF(C391<>\"\",F390+D391-E391,\"\"),\"\")","v":""},null,{"$f":"IF( OR(report[[#This Row],[صادر]]>0,report[[#This Row],[وارد]]>0),\"يحسب\",\"\")","v":"يحسب"}]
[null,null,"",{"$f":"IF(C392<>\"\",SUMIFS(add[الكمية المضافة],add[اسم الصنف],'Report'!$G$5,add[مخزن الإضافة],'Report'!$C$3,add[تاريخ الإذن],'Report'!C392),\"\")","v":""},{"$f":"IF(C392<>\"\",SUMIFS(low[الكميه المنصرفه],low[اسم الصنف],'Report'!$G$5,low[مخزن الصرف],'Report'!$C$3,low[تاريخ الإذن],'Report'!C392),\"\")","v":""},"",null,{"$f":"IF( OR(report[[#This Row],[صادر]]>0,report[[#This Row],[وارد]]>0),\"يحسب\",\"\")","v":"يحسب"}]
[null,null,"",{"$f":"IF(C393<>\"\",SUMIFS(add[الكمية المضافة],add[اسم الصنف],'Report'!$G$5,add[مخزن الإضافة],'Report'!$C$3,add[تاريخ الإذن],'Report'!C393),\"\")","v":""},{"$f":"IF(C393<>\"\",SUMIFS(low[الكميه المنصرفه],low[اسم الصنف],'Report'!$G$5,low[مخزن الصرف],'Report'!$C$3,low[تاريخ الإذن],'Report'!C393),\"\")","v":""},"",null,{"$f":"IF( OR(report[[#This Row],[صادر]]>0,report[[#This Row],[وارد]]>0),\"يحسب\",\"\")","v":"يحسب"}]
[null,null,"",{"$f":"IF(C394<>\"\",SUMIFS(add[الكمية المضافة],add[اسم الصنف],'Report'!$G$5,add[مخزن الإضافة],'Report'!$C$3,add[تاريخ الإذن],'Report'!C394),\"\")","v":""},{"$f":"IF(C394<>\"\",SUMIFS(low[الكميه المنصرفه],low[اسم الصنف],'Report'!$G$5,low[مخزن الصرف],'Report'!$C$3,low[تاريخ الإذن],'Report'!C394),\"\")","v":""},"",null,{"$f":"IF( OR(report[[#This Row],[صادر]]>0,report[[#This Row],[وارد]]>0),\"يحسب\",\"\")","v":"يحسب"}]
[null,null,"",{"$f":"IF(C395<>\"\",SUMIFS(add[الكمية المضافة],add[اسم الصنف],'Report'!$G$5,add[مخزن الإضافة],'Report'!$C$3,add[تاريخ الإذن],'Report'!C395),\"\")","v":""},{"$f":"IF(C395<>\"\",SUMIFS(low[الكميه المنصرفه],low[اسم الصنف],'Report'!$G$5,low[مخزن الصرف],'Report'!$C$3,low[تاريخ الإذن],'Report'!C395),\"\")","v":""},"",null,{"$f":"IF( OR(report[[#This Row],[صادر]]>0,report[[#This Row],[وارد]]>0),\"يحسب\",\"\")","v":"يحسب"}]
[null,null,"",{"$f":"IF(C396<>\"\",SUMIFS(add[الكمية المضافة],add[اسم الصنف],'Report'!$G$5,add[مخزن الإضافة],'Report'!$C$3,add[تاريخ الإذن],'Report'!C396),\"\")","v":""},{"$f":"IF(C396<>\"\",SUMIFS(low[الكميه المنصرفه],low[اسم الصنف],'Report'!$G$5,low[مخزن الصرف],'Report'!$C$3,low[تاريخ الإذن],'Report'!C396),\"\")","v":""},"",null,{"$f":"IF( OR(report[[#This Row],[صادر]]>0,report[[#This Row],[وارد]]>0),\"يحسب\",\"\")","v":"يحسب"}]
[null,null,"",{"$f":"IF(C397<>\"\",SUMIFS(add[الكمية المضافة],add[اسم الصنف],'Report'!$G$5,add[مخزن الإضافة],'Report'!$C$3,add[تاريخ الإذن],'Report'!C397),\"\")","v":""},{"$f":"IF(C397<>\"\",SUMIFS(low[الكميه المنصرفه],low[اسم الصنف],'Report'!$G$5,low[مخزن الصرف],'Report'!$C$3,low[تاريخ الإذن],'Report'!C397),\"\")","v":""},"",null,{"$f":"IF( OR(report[[#This Row],[صادر]]>0,report[[#This Row],[وارد]]>0),\"يحسب\",\"\")","v":"يحسب"}]
[null,null,"",{"$f":"IF(C398<>\"\",SUMIFS(add[الكمية المضافة],add[اسم الصنف],'Report'!$G$5,add[مخزن الإضافة],'Report'!$C$3,add[تاريخ الإذن],'Report'!C398),\"\")","v":""},{"$f":"IF(C398<>\"\",SUMIFS(low[الكميه المنصرفه],low[اسم الصنف],'Report'!$G$5,low[مخزن الصرف],'Report'!$C$3,low[تاريخ الإذن],'Report'!C398),\"\")","v":""},"",null,{"$f":"IF( OR(report[[#This Row],[صادر]]>0,report[[#This Row],[وارد]]>0),\"يحسب\",\"\")","v":"يحسب"}]
[null,null,"",{"$f":"IF(C399<>\"\",SUMIFS(add[الكمية المضافة],add[اسم الصنف],'Report'!$G$5,add[مخزن الإضافة],'Report'!$C$3,add[تاريخ الإذن],'Report'!C399),\"\")","v":""},{"$f":"IF(C399<>\"\",SUMIFS(low[الكميه المنصرفه],low[اسم الصنف],'Report'!$G$5,low[مخزن الصرف],'Report'!$C$3,low[تاريخ الإذن],'Report'!C399),\"\")","v":""},"",null,{"$f":"IF( OR(report[[#This Row],[صادر]]>0,report[[#This Row],[وارد]]>0),\"يحسب\",\"\")","v":"يحسب"}]
[null,null,{"$f":"IFERROR(IF(C399+1<=$C$7,C399+1,\"\"),\"\")","v":""},{"$f":"IF(C400<>\"\",SUMIFS(add[الكمية المضافة],add[اسم الصنف],'Report'!$G$5,add[مخزن الإضافة],'Report'!$C$3,add[تاريخ الإذن],'Report'!C400),\"\")","v":""},{"$f":"IF(C400<>\"\",SUMIFS(low[الكميه المنصرفه],low[اسم الصنف],'Report'!$G$5,low[مخزن الصرف],'Report'!$C$3,low[تاريخ الإذن],'Report'!C400),\"\")","v":""},"",null,{"$f":"IF( OR(report[[#This Row],[صادر]]>0,report[[#This Row],[وارد]]>0),\"يحسب\",\"\")","v":"يحسب"}]
[null,null,"",{"$f":"IF(C401<>\"\",SUMIFS(add[الكمية المضافة],add[اسم الصنف],'Report'!$G$5,add[مخزن الإضافة],'Report'!$C$3,add[تاريخ الإذن],'Report'!C401),\"\")","v":""},{"$f":"IF(C401<>\"\",SUMIFS(low[الكميه المنصرفه],low[اسم الصنف],'Report'!$G$5,low[مخزن الصرف],'Report'!$C$3,low[تاريخ الإذن],'Report'!C401),\"\")","v":""},"",null,{"$f":"IF( OR(report[[#This Row],[صادر]]>0,report[[#This Row],[وارد]]>0),\"يحسب\",\"\")","v":"يحسب"}]
[null,null,"",{"$f":"IF(C402<>\"\",SUMIFS(add[الكمية المضافة],add[اسم الصنف],'Report'!$G$5,add[مخزن الإضافة],'Report'!$C$3,add[تاريخ الإذن],'Report'!C402),\"\")","v":""},{"$f":"IF(C402<>\"\",SUMIFS(low[الكميه المنصرفه],low[اسم الصنف],'Report'!$G$5,low[مخزن الصرف],'Report'!$C$3,low[تاريخ الإذن],'Report'!C402),\"\")","v":""},"",null,{"$f":"IF( OR(report[[#This Row],[صادر]]>0,report[[#This Row],[وارد]]>0),\"يحسب\",\"\")","v":"يحسب"}]
[null,null,"",{"$f":"IF(C403<>\"\",SUMIFS(add[الكمية المضافة],add[اسم الصنف],'Report'!$G$5,add[مخزن الإضافة],'Report'!$C$3,add[تاريخ الإذن],'Report'!C403),\"\")","v":""},{"$f":"IF(C403<>\"\",SUMIFS(low[الكميه المنصرفه],low[اسم الصنف],'Report'!$G$5,low[مخزن الصرف],'Report'!$C$3,low[تاريخ الإذن],'Report'!C403),\"\")","v":""},"",null,{"$f":"IF( OR(report[[#This Row],[صادر]]>0,report[[#This Row],[وارد]]>0),\"يحسب\",\"\")","v":"يحسب"}]
[null,null,"",{"$f":"IF(C404<>\"\",SUMIFS(add[الكمية المضافة],add[اسم الصنف],'Report'!$G$5,add[مخزن الإضافة],'Report'!$C$3,add[تاريخ الإذن],'Report'!C404),\"\")","v":""},{"$f":"IF(C404<>\"\",SUMIFS(low[الكميه المنصرفه],low[اسم الصنف],'Report'!$G$5,low[مخزن الصرف],'Report'!$C$3,low[تاريخ الإذن],'Report'!C404),\"\")","v":""},"",null,{"$f":"IF( OR(report[[#This Row],[صادر]]>0,report[[#This Row],[وارد]]>0),\"يحسب\",\"\")","v":"يحسب"}]
[null,null,"",{"$f":"IF(C405<>\"\",SUMIFS(add[الكمية المضافة],add[اسم الصنف],'Report'!$G$5,add[مخزن الإضافة],'Report'!$C$3,add[تاريخ الإذن],'Report'!C405),\"\")","v":""},{"$f":"IF(C405<>\"\",SUMIFS(low[الكميه المنصرفه],low[اسم الصنف],'Report'!$G$5,low[مخزن الصرف],'Report'!$C$3,low[تاريخ الإذن],'Report'!C405),\"\")","v":""},"",null,{"$f":"IF( OR(report[[#This Row],[صادر]]>0,report[[#This Row],[وارد]]>0),\"يحسب\",\"\")","v":"يحسب"}]
[null,null,"",{"$f":"IF(C406<>\"\",SUMIFS(add[الكمية المضافة],add[اسم الصنف],'Report'!$G$5,add[مخزن الإضافة],'Report'!$C$3,add[تاريخ الإذن],'Report'!C406),\"\")","v":""},{"$f":"IF(C406<>\"\",SUMIFS(low[الكميه المنصرفه],low[اسم الصنف],'Report'!$G$5,low[مخزن الصرف],'Report'!$C$3,low[تاريخ الإذن],'Report'!C406),\"\")","v":""},"",null,{"$f":"IF( OR(report[[#This Row],[صادر]]>0,report[[#This Row],[وارد]]>0),\"يحسب\",\"\")","v":"يحسب"}]
[null,null,"",{"$f":"IF(C407<>\"\",SUMIFS(add[الكمية المضافة],add[اسم الصنف],'Report'!$G$5,add[مخزن الإضافة],'Report'!$C$3,add[تاريخ الإذن],'Report'!C407),\"\")","v":""},{"$f":"IF(C407<>\"\",SUMIFS(low[الكميه المنصرفه],low[اسم الصنف],'Report'!$G$5,low[مخزن الصرف],'Report'!$C$3,low[تاريخ الإذن],'Report'!C407),\"\")","v":""},"",null,{"$f":"IF( OR(report[[#This Row],[صادر]]>0,report[[#This Row],[وارد]]>0),\"يحسب\",\"\")","v":"يحسب"}]
[null,null,"",{"$f":"IF(C408<>\"\",SUMIFS(add[الكمية المضافة],add[اسم الصنف],'Report'!$G$5,add[مخزن الإضافة],'Report'!$C$3,add[تاريخ الإذن],'Report'!C408),\"\")","v":""},{"$f":"IF(C408<>\"\",SUMIFS(low[الكميه المنصرفه],low[اسم الصنف],'Report'!$G$5,low[مخزن الصرف],'Report'!$C$3,low[تاريخ الإذن],'Report'!C408),\"\")","v":""},"",null,{"$f":"IF( OR(report[[#This Row],[صادر]]>0,report[[#This Row],[وارد]]>0),\"يحسب\",\"\")","v":"يحسب"}]
[null,null,"",{"$f":"IF(C409<>\"\",SUMIFS(add[الكمية المضافة],add[اسم الصنف],'Report'!$G$5,add[مخزن الإضافة],'Report'!$C$3,add[تاريخ الإذن],'Report'!C409),\"\")","v":""},{"$f":"IF(C409<>\"\",SUMIFS(low[الكميه المنصرفه],low[اسم الصنف],'Report'!$G$5,low[مخزن الصرف],'Report'!$C$3,low[تاريخ الإذن],'Report'!C409),\"\")","v":""},"",null,{"$f":"IF( OR(report[[#This Row],[صادر]]>0,report[[#This Row],[وارد]]>0),\"يحسب\",\"\")","v":"يحسب"}]
[null,null,"",{"$f":"IF(C410<>\"\",SUMIFS(add[الكمية المضافة],add[اسم الصنف],'Report'!$G$5,add[مخزن الإضافة],'Report'!$C$3,add[تاريخ الإذن],'Report'!C410),\"\")","v":""},{"$f":"IF(C410<>\"\",SUMIFS(low[الكميه المنصرفه],low[اسم الصنف],'Report'!$G$5,low[مخزن الصرف],'Report'!$C$3,low[تاريخ الإذن],'Report'!C410),\"\")","v":""},"",null,{"$f":"IF( OR(report[[#This Row],[صادر]]>0,report[[#This Row],[وارد]]>0),\"يحسب\",\"\")","v":"يحسب"}]
[null,null,"",{"$f":"IF(C411<>\"\",SUMIFS(add[الكمية المضافة],add[اسم الصنف],'Report'!$G$5,add[مخزن الإضافة],'Report'!$C$3,add[تاريخ الإذن],'Report'!C411),\"\")","v":""},{"$f":"IF(C411<>\"\",SUMIFS(low[الكميه المنصرفه],low[اسم الصنف],'Report'!$G$5,low[مخزن الصرف],'Report'!$C$3,low[تاريخ الإذن],'Report'!C411),\"\")","v":""},"",null,{"$f":"IF( OR(report[[#This Row],[صادر]]>0,report[[#This Row],[وارد]]>0),\"يحسب\",\"\")","v":"يحسب"}]
[null,null,"",{"$f":"IF(C412<>\"\",SUMIFS(add[الكمية المضافة],add[اسم الصنف],'Report'!$G$5,add[مخزن الإضافة],'Report'!$C$3,add[تاريخ الإذن],'Report'!C412),\"\")","v":""},{"$f":"IF(C412<>\"\",SUMIFS(low[الكميه المنصرفه],low[اسم الصنف],'Report'!$G$5,low[مخزن الصرف],'Report'!$C$3,low[تاريخ الإذن],'Report'!C412),\"\")","v":""},"",null,{"$f":"IF( OR(report[[#This Row],[صادر]]>0,report[[#This Row],[وارد]]>0),\"يحسب\",\"\")","v":"يحسب"}]
[null,null,"",{"$f":"IF(C413<>\"\",SUMIFS(add[الكمية المضافة],add[اسم الصنف],'Report'!$G$5,add[مخزن الإضافة],'Report'!$C$3,add[تاريخ الإذن],'Report'!C413),\"\")","v":""},{"$f":"IF(C413<>\"\",SUMIFS(low[الكميه المنصرفه],low[اسم الصنف],'Report'!$G$5,low[مخزن الصرف],'Report'!$C$3,low[تاريخ الإذن],'Report'!C413),\"\")","v":""},"",null,{"$f":"IF( OR(report[[#This Row],[صادر]]>0,report[[#This Row],[وارد]]>0),\"يحسب\",\"\")","v":"يحسب"}]
[null,null,"",{"$f":"IF(C414<>\"\",SUMIFS(add[الكمية المضافة],add[اسم الصنف],'Report'!$G$5,add[مخزن الإضافة],'Report'!$C$3,add[تاريخ الإذن],'Report'!C414),\"\")","v":""},{"$f":"IF(C414<>\"\",SUMIFS(low[الكميه المنصرفه],low[اسم الصنف],'Report'!$G$5,low[مخزن الصرف],'Report'!$C$3,low[تاريخ الإذن],'Report'!C414),\"\")","v":""},"",null,{"$f":"IF( OR(report[[#This Row],[صادر]]>0,report[[#This Row],[وارد]]>0),\"يحسب\",\"\")","v":"يحسب"}]
[null,null,"",{"$f":"IF(C415<>\"\",SUMIFS(add[الكمية المضافة],add[اسم الصنف],'Report'!$G$5,add[مخزن الإضافة],'Report'!$C$3,add[تاريخ الإذن],'Report'!C415),\"\")","v":""},{"$f":"IF(C415<>\"\",SUMIFS(low[الكميه المنصرفه],low[اسم الصنف],'Report'!$G$5,low[مخزن الصرف],'Report'!$C$3,low[تاريخ الإذن],'Report'!C415),\"\")","v":""},"",null,{"$f":"IF( OR(report[[#This Row],[صادر]]>0,report[[#This Row],[وارد]]>0),\"يحسب\",\"\")","v":"يحسب"}]
[null,null,"",{"$f":"IF(C416<>\"\",SUMIFS(add[الكمية المضافة],add[اسم الصنف],'Report'!$G$5,add[مخزن الإضافة],'Report'!$C$3,add[تاريخ الإذن],'Report'!C416),\"\")","v":""},{"$f":"IF(C416<>\"\",SUMIFS(low[الكميه المنصرفه],low[اسم الصنف],'Report'!$G$5,low[مخزن الصرف],'Report'!$C$3,low[تاريخ الإذن],'Report'!C416),\"\")","v":""},"",null,{"$f":"IF( OR(report[[#This Row],[صادر]]>0,report[[#This Row],[وارد]]>0),\"يحسب\",\"\")","v":"يحسب"}]
[null,null,"",{"$f":"IF(C417<>\"\",SUMIFS(add[الكمية المضافة],add[اسم الصنف],'Report'!$G$5,add[مخزن الإضافة],'Report'!$C$3,add[تاريخ الإذن],'Report'!C417),\"\")","v":""},{"$f":"IF(C417<>\"\",SUMIFS(low[الكميه المنصرفه],low[اسم الصنف],'Report'!$G$5,low[مخزن الصرف],'Report'!$C$3,low[تاريخ الإذن],'Report'!C417),\"\")","v":""},"",null,{"$f":"IF( OR(report[[#This Row],[صادر]]>0,report[[#This Row],[وارد]]>0),\"يحسب\",\"\")","v":"يحسب"}]
[null,null,"",{"$f":"IF(C418<>\"\",SUMIFS(add[الكمية المضافة],add[اسم الصنف],'Report'!$G$5,add[مخزن الإضافة],'Report'!$C$3,add[تاريخ الإذن],'Report'!C418),\"\")","v":""},{"$f":"IF(C418<>\"\",SUMIFS(low[الكميه المنصرفه],low[اسم الصنف],'Report'!$G$5,low[مخزن الصرف],'Report'!$C$3,low[تاريخ الإذن],'Report'!C418),\"\")","v":""},"",null,{"$f":"IF( OR(report[[#This Row],[صادر]]>0,report[[#This Row],[وارد]]>0),\"يحسب\",\"\")","v":"يحسب"}]
[null,null,"",{"$f":"IF(C419<>\"\",SUMIFS(add[الكمية المضافة],add[اسم الصنف],'Report'!$G$5,add[مخزن الإضافة],'Report'!$C$3,add[تاريخ الإذن],'Report'!C419),\"\")","v":""},{"$f":"IF(C419<>\"\",SUMIFS(low[الكميه المنصرفه],low[اسم الصنف],'Report'!$G$5,low[مخزن الصرف],'Report'!$C$3,low[تاريخ الإذن],'Report'!C419),\"\")","v":""},"",null,{"$f":"IF( OR(report[[#This Row],[صادر]]>0,report[[#This Row],[وارد]]>0),\"يحسب\",\"\")","v":"يحسب"}]
[null,null,"",{"$f":"IF(C420<>\"\",SUMIFS(add[الكمية المضافة],add[اسم الصنف],'Report'!$G$5,add[مخزن الإضافة],'Report'!$C$3,add[تاريخ الإذن],'Report'!C420),\"\")","v":""},{"$f":"IF(C420<>\"\",SUMIFS(low[الكميه المنصرفه],low[اسم الصنف],'Report'!$G$5,low[مخزن الصرف],'Report'!$C$3,low[تاريخ الإذن],'Report'!C420),\"\")","v":""},"",null,{"$f":"IF( OR(report[[#This Row],[صادر]]>0,report[[#This Row],[وارد]]>0),\"يحسب\",\"\")","v":"يحسب"}]
[null,null,"",{"$f":"IF(C421<>\"\",SUMIFS(add[الكمية المضافة],add[اسم الصنف],'Report'!$G$5,add[مخزن الإضافة],'Report'!$C$3,add[تاريخ الإذن],'Report'!C421),\"\")","v":""},{"$f":"IF(C421<>\"\",SUMIFS(low[الكميه المنصرفه],low[اسم الصنف],'Report'!$G$5,low[مخزن الصرف],'Report'!$C$3,low[تاريخ الإذن],'Report'!C421),\"\")","v":""},"",null,{"$f":"IF( OR(report[[#This Row],[صادر]]>0,report[[#This Row],[وارد]]>0),\"يحسب\",\"\")","v":"يحسب"}]
[null,null,"",{"$f":"IF(C422<>\"\",SUMIFS(add[الكمية المضافة],add[اسم الصنف],'Report'!$G$5,add[مخزن الإضافة],'Report'!$C$3,add[تاريخ الإذن],'Report'!C422),\"\")","v":""},{"$f":"IF(C422<>\"\",SUMIFS(low[الكميه المنصرفه],low[اسم الصنف],'Report'!$G$5,low[مخزن الصرف],'Report'!$C$3,low[تاريخ الإذن],'Report'!C422),\"\")","v":""},"",null,{"$f":"IF( OR(report[[#This Row],[صادر]]>0,report[[#This Row],[وارد]]>0),\"يحسب\",\"\")","v":"يحسب"}]
[null,null,"",{"$f":"IF(C423<>\"\",SUMIFS(add[الكمية المضافة],add[اسم الصنف],'Report'!$G$5,add[مخزن الإضافة],'Report'!$C$3,add[تاريخ الإذن],'Report'!C423),\"\")","v":""},{"$f":"IF(C423<>\"\",SUMIFS(low[الكميه المنصرفه],low[اسم الصنف],'Report'!$G$5,low[مخزن الصرف],'Report'!$C$3,low[تاريخ الإذن],'Report'!C423),\"\")","v":""},"",null,{"$f":"IF( OR(report[[#This Row],[صادر]]>0,report[[#This Row],[وارد]]>0),\"يحسب\",\"\")","v":"يحسب"}]
[null,null,"",{"$f":"IF(C424<>\"\",SUMIFS(add[الكمية المضافة],add[اسم الصنف],'Report'!$G$5,add[مخزن الإضافة],'Report'!$C$3,add[تاريخ الإذن],'Report'!C424),\"\")","v":""},{"$f":"IF(C424<>\"\",SUMIFS(low[الكميه المنصرفه],low[اسم الصنف],'Report'!$G$5,low[مخزن الصرف],'Report'!$C$3,low[تاريخ الإذن],'Report'!C424),\"\")","v":""},"",null,{"$f":"IF( OR(report[[#This Row],[صادر]]>0,report[[#This Row],[وارد]]>0),\"يحسب\",\"\")","v":"يحسب"}]
[null,null,"",{"$f":"IF(C425<>\"\",SUMIFS(add[الكمية المضافة],add[اسم الصنف],'Report'!$G$5,add[مخزن الإضافة],'Report'!$C$3,add[تاريخ الإذن],'Report'!C425),\"\")","v":""},{"$f":"IF(C425<>\"\",SUMIFS(low[الكميه المنصرفه],low[اسم الصنف],'Report'!$G$5,low[مخزن الصرف],'Report'!$C$3,low[تاريخ الإذن],'Report'!C425),\"\")","v":""},"",null,{"$f":"IF( OR(report[[#This Row],[صادر]]>0,report[[#This Row],[وارد]]>0),\"يحسب\",\"\")","v":"يحسب"}]
[null,null,"",{"$f":"IF(C426<>\"\",SUMIFS(add[الكمية المضافة],add[اسم الصنف],'Report'!$G$5,add[مخزن الإضافة],'Report'!$C$3,add[تاريخ الإذن],'Report'!C426),\"\")","v":""},{"$f":"IF(C426<>\"\",SUMIFS(low[الكميه المنصرفه],low[اسم الصنف],'Report'!$G$5,low[مخزن الصرف],'Report'!$C$3,low[تاريخ الإذن],'Report'!C426),\"\")","v":""},"",null,{"$f":"IF( OR(report[[#This Row],[صادر]]>0,report[[#This Row],[وارد]]>0),\"يحسب\",\"\")","v":"يحسب"}]
[null,null,"",{"$f":"IF(C427<>\"\",SUMIFS(add[الكمية المضافة],add[اسم الصنف],'Report'!$G$5,add[مخزن الإضافة],'Report'!$C$3,add[تاريخ الإذن],'Report'!C427),\"\")","v":""},{"$f":"IF(C427<>\"\",SUMIFS(low[الكميه المنصرفه],low[اسم الصنف],'Report'!$G$5,low[مخزن الصرف],'Report'!$C$3,low[تاريخ الإذن],'Report'!C427),\"\")","v":""},"",null,{"$f":"IF( OR(report[[#This Row],[صادر]]>0,report[[#This Row],[وارد]]>0),\"يحسب\",\"\")","v":"يحسب"}]
[null,null,"",{"$f":"IF(C428<>\"\",SUMIFS(add[الكمية المضافة],add[اسم الصنف],'Report'!$G$5,add[مخزن الإضافة],'Report'!$C$3,add[تاريخ الإذن],'Report'!C428),\"\")","v":""},{"$f":"IF(C428<>\"\",SUMIFS(low[الكميه المنصرفه],low[اسم الصنف],'Report'!$G$5,low[مخزن الصرف],'Report'!$C$3,low[تاريخ الإذن],'Report'!C428),\"\")","v":""},"",null,{"$f":"IF( OR(report[[#This Row],[صادر]]>0,report[[#This Row],[وارد]]>0),\"يحسب\",\"\")","v":"يحسب"}]
[null,null,"",{"$f":"IF(C429<>\"\",SUMIFS(add[الكمية المضافة],add[اسم الصنف],'Report'!$G$5,add[مخزن الإضافة],'Report'!$C$3,add[تاريخ الإذن],'Report'!C429),\"\")","v":""},{"$f":"IF(C429<>\"\",SUMIFS(low[الكميه المنصرفه],low[اسم الصنف],'Report'!$G$5,low[مخزن الصرف],'Report'!$C$3,low[تاريخ الإذن],'Report'!C429),\"\")","v":""},"",null,{"$f":"IF( OR(report[[#This Row],[صادر]]>0,report[[#This Row],[وارد]]>0),\"يحسب\",\"\")","v":"يحسب"}]
[null,null,"",{"$f":"IF(C430<>\"\",SUMIFS(add[الكمية المضافة],add[اسم الصنف],'Report'!$G$5,add[مخزن الإضافة],'Report'!$C$3,add[تاريخ الإذن],'Report'!C430),\"\")","v":""},{"$f":"IF(C430<>\"\",SUMIFS(low[الكميه المنصرفه],low[اسم الصنف],'Report'!$G$5,low[مخزن الصرف],'Report'!$C$3,low[تاريخ الإذن],'Report'!C430),\"\")","v":""},"",null,{"$f":"IF( OR(report[[#This Row],[صادر]]>0,report[[#This Row],[وارد]]>0),\"يحسب\",\"\")","v":"يحسب"}]
[null,null,"",{"$f":"IF(C431<>\"\",SUMIFS(add[الكمية المضافة],add[اسم الصنف],'Report'!$G$5,add[مخزن الإضافة],'Report'!$C$3,add[تاريخ الإذن],'Report'!C431),\"\")","v":""},{"$f":"IF(C431<>\"\",SUMIFS(low[الكميه المنصرفه],low[اسم الصنف],'Report'!$G$5,low[مخزن الصرف],'Report'!$C$3,low[تاريخ الإذن],'Report'!C431),\"\")","v":""},"",null,{"$f":"IF( OR(report[[#This Row],[صادر]]>0,report[[#This Row],[وارد]]>0),\"يحسب\",\"\")","v":"يحسب"}]
[null,null,"",{"$f":"IF(C432<>\"\",SUMIFS(add[الكمية المضافة],add[اسم الصنف],'Report'!$G$5,add[مخزن الإضافة],'Report'!$C$3,add[تاريخ الإذن],'Report'!C432),\"\")","v":""},{"$f":"IF(C432<>\"\",SUMIFS(low[الكميه المنصرفه],low[اسم الصنف],'Report'!$G$5,low[مخزن الصرف],'Report'!$C$3,low[تاريخ الإذن],'Report'!C432),\"\")","v":""},"",null,{"$f":"IF( OR(report[[#This Row],[صادر]]>0,report[[#This Row],[وارد]]>0),\"يحسب\",\"\")","v":"يحسب"}]
[null,null,"",{"$f":"IF(C433<>\"\",SUMIFS(add[الكمية المضافة],add[اسم الصنف],'Report'!$G$5,add[مخزن الإضافة],'Report'!$C$3,add[تاريخ الإذن],'Report'!C433),\"\")","v":""},{"$f":"IF(C433<>\"\",SUMIFS(low[الكميه المنصرفه],low[اسم الصنف],'Report'!$G$5,low[مخزن الصرف],'Report'!$C$3,low[تاريخ الإذن],'Report'!C433),\"\")","v":""},"",null,{"$f":"IF( OR(report[[#This Row],[صادر]]>0,report[[#This Row],[وارد]]>0),\"يحسب\",\"\")","v":"يحسب"}]
[null,null,"",{"$f":"IF(C434<>\"\",SUMIFS(add[الكمية المضافة],add[اسم الصنف],'Report'!$G$5,add[مخزن الإضافة],'Report'!$C$3,add[تاريخ الإذن],'Report'!C434),\"\")","v":""},{"$f":"IF(C434<>\"\",SUMIFS(low[الكميه المنصرفه],low[اسم الصنف],'Report'!$G$5,low[مخزن الصرف],'Report'!$C$3,low[تاريخ الإذن],'Report'!C434),\"\")","v":""},"",null,{"$f":"IF( OR(report[[#This Row],[صادر]]>0,report[[#This Row],[وارد]]>0),\"يحسب\",\"\")","v":"يحسب"}]
[null,null,"",{"$f":"IF(C435<>\"\",SUMIFS(add[الكمية المضافة],add[اسم الصنف],'Report'!$G$5,add[مخزن الإضافة],'Report'!$C$3,add[تاريخ الإذن],'Report'!C435),\"\")","v":""},{"$f":"IF(C435<>\"\",SUMIFS(low[الكميه المنصرفه],low[اسم الصنف],'Report'!$G$5,low[مخزن الصرف],'Report'!$C$3,low[تاريخ الإذن],'Report'!C435),\"\")","v":""},"",null,{"$f":"IF( OR(report[[#This Row],[صادر]]>0,report[[#This Row],[وارد]]>0),\"يحسب\",\"\")","v":"يحسب"}]
[null,null,"",{"$f":"IF(C436<>\"\",SUMIFS(add[الكمية المضافة],add[اسم الصنف],'Report'!$G$5,add[مخزن الإضافة],'Report'!$C$3,add[تاريخ الإذن],'Report'!C436),\"\")","v":""},{"$f":"IF(C436<>\"\",SUMIFS(low[الكميه المنصرفه],low[اسم الصنف],'Report'!$G$5,low[مخزن الصرف],'Report'!$C$3,low[تاريخ الإذن],'Report'!C436),\"\")","v":""},"",null,{"$f":"IF( OR(report[[#This Row],[صادر]]>0,report[[#This Row],[وارد]]>0),\"يحسب\",\"\")","v":"يحسب"}]
[null,null,"",{"$f":"IF(C437<>\"\",SUMIFS(add[الكمية المضافة],add[اسم الصنف],'Report'!$G$5,add[مخزن الإضافة],'Report'!$C$3,add[تاريخ الإذن],'Report'!C437),\"\")","v":""},{"$f":"IF(C437<>\"\",SUMIFS(low[الكميه المنصرفه],low[اسم الصنف],'Report'!$G$5,low[مخزن الصرف],'Report'!$C$3,low[تاريخ الإذن],'Report'!C437),\"\")","v":""},"",null,{"$f":"IF( OR(report[[#This Row],[صادر]]>0,report[[#This Row],[وارد]]>0),\"يحسب\",\"\")","v":"يحسب"}]
[null,null,"",{"$f":"IF(C438<>\"\",SUMIFS(add[الكمية المضافة],add[اسم الصنف],'Report'!$G$5,add[مخزن الإضافة],'Report'!$C$3,add[تاريخ الإذن],'Report'!C438),\"\")","v":""},{"$f":"IF(C438<>\"\",SUMIFS(low[الكميه المنصرفه],low[اسم الصنف],'Report'!$G$5,low[مخزن الصرف],'Report'!$C$3,low[تاريخ الإذن],'Report'!C438),\"\")","v":""},"",null,{"$f":"IF( OR(report[[#This Row],[صادر]]>0,report[[#This Row],[وارد]]>0),\"يحسب\",\"\")","v":"يحسب"}]
[null,null,"",{"$f":"IF(C439<>\"\",SUMIFS(add[الكمية المضافة],add[اسم الصنف],'Report'!$G$5,add[مخزن الإضافة],'Report'!$C$3,add[تاريخ الإذن],'Report'!C439),\"\")","v":""},{"$f":"IF(C439<>\"\",SUMIFS(low[الكميه المنصرفه],low[اسم الصنف],'Report'!$G$5,low[مخزن الصرف],'Report'!$C$3,low[تاريخ الإذن],'Report'!C439),\"\")","v":""},"",null,{"$f":"IF( OR(report[[#This Row],[صادر]]>0,report[[#This Row],[وارد]]>0),\"يحسب\",\"\")","v":"يحسب"}]
[null,null,"",{"$f":"IF(C440<>\"\",SUMIFS(add[الكمية المضافة],add[اسم الصنف],'Report'!$G$5,add[مخزن الإضافة],'Report'!$C$3,add[تاريخ الإذن],'Report'!C440),\"\")","v":""},{"$f":"IF(C440<>\"\",SUMIFS(low[الكميه المنصرفه],low[اسم الصنف],'Report'!$G$5,low[مخزن الصرف],'Report'!$C$3,low[تاريخ الإذن],'Report'!C440),\"\")","v":""},"",null,{"$f":"IF( OR(report[[#This Row],[صادر]]>0,report[[#This Row],[وارد]]>0),\"يحسب\",\"\")","v":"يحسب"}]
[null,null,"",{"$f":"IF(C441<>\"\",SUMIFS(add[الكمية المضافة],add[اسم الصنف],'Report'!$G$5,add[مخزن الإضافة],'Report'!$C$3,add[تاريخ الإذن],'Report'!C441),\"\")","v":""},{"$f":"IF(C441<>\"\",SUMIFS(low[الكميه المنصرفه],low[اسم الصنف],'Report'!$G$5,low[مخزن الصرف],'Report'!$C$3,low[تاريخ الإذن],'Report'!C441),\"\")","v":""},"",null,{"$f":"IF( OR(report[[#This Row],[صادر]]>0,report[[#This Row],[وارد]]>0),\"يحسب\",\"\")","v":"يحسب"}]
[null,null,"",{"$f":"IF(C442<>\"\",SUMIFS(add[الكمية المضافة],add[اسم الصنف],'Report'!$G$5,add[مخزن الإضافة],'Report'!$C$3,add[تاريخ الإذن],'Report'!C442),\"\")","v":""},{"$f":"IF(C442<>\"\",SUMIFS(low[الكميه المنصرفه],low[اسم الصنف],'Report'!$G$5,low[مخزن الصرف],'Report'!$C$3,low[تاريخ الإذن],'Report'!C442),\"\")","v":""},"",null,{"$f":"IF( OR(report[[#This Row],[صادر]]>0,report[[#This Row],[وارد]]>0),\"يحسب\",\"\")","v":"يحسب"}]
[null,null,"",{"$f":"IF(C443<>\"\",SUMIFS(add[الكمية المضافة],add[اسم الصنف],'Report'!$G$5,add[مخزن الإضافة],'Report'!$C$3,add[تاريخ الإذن],'Report'!C443),\"\")","v":""},{"$f":"IF(C443<>\"\",SUMIFS(low[الكميه المنصرفه],low[اسم الصنف],'Report'!$G$5,low[مخزن الصرف],'Report'!$C$3,low[تاريخ الإذن],'Report'!C443),\"\")","v":""},"",null,{"$f":"IF( OR(report[[#This Row],[صادر]]>0,report[[#This Row],[وارد]]>0),\"يحسب\",\"\")","v":"يحسب"}]
[null,null,"",{"$f":"IF(C444<>\"\",SUMIFS(add[الكمية المضافة],add[اسم الصنف],'Report'!$G$5,add[مخزن الإضافة],'Report'!$C$3,add[تاريخ الإذن],'Report'!C444),\"\")","v":""},{"$f":"IF(C444<>\"\",SUMIFS(low[الكميه المنصرفه],low[اسم الصنف],'Report'!$G$5,low[مخزن الصرف],'Report'!$C$3,low[تاريخ الإذن],'Report'!C444),\"\")","v":""},"",null,{"$f":"IF( OR(report[[#This Row],[صادر]]>0,report[[#This Row],[وارد]]>0),\"يحسب\",\"\")","v":"يحسب"}]
[null,null,"",{"$f":"IF(C445<>\"\",SUMIFS(add[الكمية المضافة],add[اسم الصنف],'Report'!$G$5,add[مخزن الإضافة],'Report'!$C$3,add[تاريخ الإذن],'Report'!C445),\"\")","v":""},{"$f":"IF(C445<>\"\",SUMIFS(low[الكميه المنصرفه],low[اسم الصنف],'Report'!$G$5,low[مخزن الصرف],'Report'!$C$3,low[تاريخ الإذن],'Report'!C445),\"\")","v":""},"",null,{"$f":"IF( OR(report[[#This Row],[صادر]]>0,report[[#This Row],[وارد]]>0),\"يحسب\",\"\")","v":"يحسب"}]
[null,null,"",{"$f":"IF(C446<>\"\",SUMIFS(add[الكمية المضافة],add[اسم الصنف],'Report'!$G$5,add[مخزن الإضافة],'Report'!$C$3,add[تاريخ الإذن],'Report'!C446),\"\")","v":""},{"$f":"IF(C446<>\"\",SUMIFS(low[الكميه المنصرفه],low[اسم الصنف],'Report'!$G$5,low[مخزن الصرف],'Report'!$C$3,low[تاريخ الإذن],'Report'!C446),\"\")","v":""},"",null,{"$f":"IF( OR(report[[#This Row],[صادر]]>0,report[[#This Row],[وارد]]>0),\"يحسب\",\"\")","v":"يحسب"}]
[null,null,"",{"$f":"IF(C447<>\"\",SUMIFS(add[الكمية المضافة],add[اسم الصنف],'Report'!$G$5,add[مخزن الإضافة],'Report'!$C$3,add[تاريخ الإذن],'Report'!C447),\"\")","v":""},{"$f":"IF(C447<>\"\",SUMIFS(low[الكميه المنصرفه],low[اسم الصنف],'Report'!$G$5,low[مخزن الصرف],'Report'!$C$3,low[تاريخ الإذن],'Report'!C447),\"\")","v":""},"",null,{"$f":"IF( OR(report[[#This Row],[صادر]]>0,report[[#This Row],[وارد]]>0),\"يحسب\",\"\")","v":"يحسب"}]
[null,null,"",{"$f":"IF(C448<>\"\",SUMIFS(add[الكمية المضافة],add[اسم الصنف],'Report'!$G$5,add[مخزن الإضافة],'Report'!$C$3,add[تاريخ الإذن],'Report'!C448),\"\")","v":""},{"$f":"IF(C448<>\"\",SUMIFS(low[الكميه المنصرفه],low[اسم الصنف],'Report'!$G$5,low[مخزن الصرف],'Report'!$C$3,low[تاريخ الإذن],'Report'!C448),\"\")","v":""},"",null,{"$f":"IF( OR(report[[#This Row],[صادر]]>0,report[[#This Row],[وارد]]>0),\"يحسب\",\"\")","v":"يحسب"}]
[null,null,"",{"$f":"IF(C449<>\"\",SUMIFS(add[الكمية المضافة],add[اسم الصنف],'Report'!$G$5,add[مخزن الإضافة],'Report'!$C$3,add[تاريخ الإذن],'Report'!C449),\"\")","v":""},{"$f":"IF(C449<>\"\",SUMIFS(low[الكميه المنصرفه],low[اسم الصنف],'Report'!$G$5,low[مخزن الصرف],'Report'!$C$3,low[تاريخ الإذن],'Report'!C449),\"\")","v":""},"",null,{"$f":"IF( OR(report[[#This Row],[صادر]]>0,report[[#This Row],[وارد]]>0),\"يحسب\",\"\")","v":"يحسب"}]
[null,null,"",{"$f":"IF(C450<>\"\",SUMIFS(add[الكمية المضافة],add[اسم الصنف],'Report'!$G$5,add[مخزن الإضافة],'Report'!$C$3,add[تاريخ الإذن],'Report'!C450),\"\")","v":""},{"$f":"IF(C450<>\"\",SUMIFS(low[الكميه المنصرفه],low[اسم الصنف],'Report'!$G$5,low[مخزن الصرف],'Report'!$C$3,low[تاريخ الإذن],'Report'!C450),\"\")","v":""},"",null,{"$f":"IF( OR(report[[#This Row],[صادر]]>0,report[[#This Row],[وارد]]>0),\"يحسب\",\"\")","v":"يحسب"}]
[null,null,"",{"$f":"IF(C451<>\"\",SUMIFS(add[الكمية المضافة],add[اسم الصنف],'Report'!$G$5,add[مخزن الإضافة],'Report'!$C$3,add[تاريخ الإذن],'Report'!C451),\"\")","v":""},{"$f":"IF(C451<>\"\",SUMIFS(low[الكميه المنصرفه],low[اسم الصنف],'Report'!$G$5,low[مخزن الصرف],'Report'!$C$3,low[تاريخ الإذن],'Report'!C451),\"\")","v":""},"",null,{"$f":"IF( OR(report[[#This Row],[صادر]]>0,report[[#This Row],[وارد]]>0),\"يحسب\",\"\")","v":"يحسب"}]
[null,null,"",{"$f":"IF(C452<>\"\",SUMIFS(add[الكمية المضافة],add[اسم الصنف],'Report'!$G$5,add[مخزن الإضافة],'Report'!$C$3,add[تاريخ الإذن],'Report'!C452),\"\")","v":""},{"$f":"IF(C452<>\"\",SUMIFS(low[الكميه المنصرفه],low[اسم الصنف],'Report'!$G$5,low[مخزن الصرف],'Report'!$C$3,low[تاريخ الإذن],'Report'!C452),\"\")","v":""},"",null,{"$f":"IF( OR(report[[#This Row],[صادر]]>0,report[[#This Row],[وارد]]>0),\"يحسب\",\"\")","v":"يحسب"}]
[null,null,"",{"$f":"IF(C453<>\"\",SUMIFS(add[الكمية المضافة],add[اسم الصنف],'Report'!$G$5,add[مخزن الإضافة],'Report'!$C$3,add[تاريخ الإذن],'Report'!C453),\"\")","v":""},{"$f":"IF(C453<>\"\",SUMIFS(low[الكميه المنصرفه],low[اسم الصنف],'Report'!$G$5,low[مخزن الصرف],'Report'!$C$3,low[تاريخ الإذن],'Report'!C453),\"\")","v":""},"",null,{"$f":"IF( OR(report[[#This Row],[صادر]]>0,report[[#This Row],[وارد]]>0),\"يحسب\",\"\")","v":"يحسب"}]
[null,null,"",{"$f":"IF(C454<>\"\",SUMIFS(add[الكمية المضافة],add[اسم الصنف],'Report'!$G$5,add[مخزن الإضافة],'Report'!$C$3,add[تاريخ الإذن],'Report'!C454),\"\")","v":""},{"$f":"IF(C454<>\"\",SUMIFS(low[الكميه المنصرفه],low[اسم الصنف],'Report'!$G$5,low[مخزن الصرف],'Report'!$C$3,low[تاريخ الإذن],'Report'!C454),\"\")","v":""},"",null,{"$f":"IF( OR(report[[#This Row],[صادر]]>0,report[[#This Row],[وارد]]>0),\"يحسب\",\"\")","v":"يحسب"}]
[null,null,"",{"$f":"IF(C455<>\"\",SUMIFS(add[الكمية المضافة],add[اسم الصنف],'Report'!$G$5,add[مخزن الإضافة],'Report'!$C$3,add[تاريخ الإذن],'Report'!C455),\"\")","v":""},{"$f":"IF(C455<>\"\",SUMIFS(low[الكميه المنصرفه],low[اسم الصنف],'Report'!$G$5,low[مخزن الصرف],'Report'!$C$3,low[تاريخ الإذن],'Report'!C455),\"\")","v":""},{"$f":"IFERROR(IF(C455<>\"\",F454+D455-E455,\"\"),\"\")","v":""},null,{"$f":"IF( OR(report[[#This Row],[صادر]]>0,report[[#This Row],[وارد]]>0),\"يحسب\",\"\")","v":"يحسب"}]
[null,null,"",{"$f":"IF(C456<>\"\",SUMIFS(add[الكمية المضافة],add[اسم الصنف],'Report'!$G$5,add[مخزن الإضافة],'Report'!$C$3,add[تاريخ الإذن],'Report'!C456),\"\")","v":""},{"$f":"IF(C456<>\"\",SUMIFS(low[الكميه المنصرفه],low[اسم الصنف],'Report'!$G$5,low[مخزن الصرف],'Report'!$C$3,low[تاريخ الإذن],'Report'!C456),\"\")","v":""},"",null,{"$f":"IF( OR(report[[#This Row],[صادر]]>0,report[[#This Row],[وارد]]>0),\"يحسب\",\"\")","v":"يحسب"}]
[null,null,"",{"$f":"IF(C457<>\"\",SUMIFS(add[الكمية المضافة],add[اسم الصنف],'Report'!$G$5,add[مخزن الإضافة],'Report'!$C$3,add[تاريخ الإذن],'Report'!C457),\"\")","v":""},{"$f":"IF(C457<>\"\",SUMIFS(low[الكميه المنصرفه],low[اسم الصنف],'Report'!$G$5,low[مخزن الصرف],'Report'!$C$3,low[تاريخ الإذن],'Report'!C457),\"\")","v":""},"",null,{"$f":"IF( OR(report[[#This Row],[صادر]]>0,report[[#This Row],[وارد]]>0),\"يحسب\",\"\")","v":"يحسب"}]
[null,null,"",{"$f":"IF(C458<>\"\",SUMIFS(add[الكمية المضافة],add[اسم الصنف],'Report'!$G$5,add[مخزن الإضافة],'Report'!$C$3,add[تاريخ الإذن],'Report'!C458),\"\")","v":""},{"$f":"IF(C458<>\"\",SUMIFS(low[الكميه المنصرفه],low[اسم الصنف],'Report'!$G$5,low[مخزن الصرف],'Report'!$C$3,low[تاريخ الإذن],'Report'!C458),\"\")","v":""},"",null,{"$f":"IF( OR(report[[#This Row],[صادر]]>0,report[[#This Row],[وارد]]>0),\"يحسب\",\"\")","v":"يحسب"}]
[null,null,"",{"$f":"IF(C459<>\"\",SUMIFS(add[الكمية المضافة],add[اسم الصنف],'Report'!$G$5,add[مخزن الإضافة],'Report'!$C$3,add[تاريخ الإذن],'Report'!C459),\"\")","v":""},{"$f":"IF(C459<>\"\",SUMIFS(low[الكميه المنصرفه],low[اسم الصنف],'Report'!$G$5,low[مخزن الصرف],'Report'!$C$3,low[تاريخ الإذن],'Report'!C459),\"\")","v":""},"",null,{"$f":"IF( OR(report[[#This Row],[صادر]]>0,report[[#This Row],[وارد]]>0),\"يحسب\",\"\")","v":"يحسب"}]
[null,null,"",{"$f":"IF(C460<>\"\",SUMIFS(add[الكمية المضافة],add[اسم الصنف],'Report'!$G$5,add[مخزن الإضافة],'Report'!$C$3,add[تاريخ الإذن],'Report'!C460),\"\")","v":""},{"$f":"IF(C460<>\"\",SUMIFS(low[الكميه المنصرفه],low[اسم الصنف],'Report'!$G$5,low[مخزن الصرف],'Report'!$C$3,low[تاريخ الإذن],'Report'!C460),\"\")","v":""},"",null,{"$f":"IF( OR(report[[#This Row],[صادر]]>0,report[[#This Row],[وارد]]>0),\"يحسب\",\"\")","v":"يحسب"}]
[null,null,"",{"$f":"IF(C461<>\"\",SUMIFS(add[الكمية المضافة],add[اسم الصنف],'Report'!$G$5,add[مخزن الإضافة],'Report'!$C$3,add[تاريخ الإذن],'Report'!C461),\"\")","v":""},{"$f":"IF(C461<>\"\",SUMIFS(low[الكميه المنصرفه],low[اسم الصنف],'Report'!$G$5,low[مخزن الصرف],'Report'!$C$3,low[تاريخ الإذن],'Report'!C461),\"\")","v":""},"",null,{"$f":"IF( OR(report[[#This Row],[صادر]]>0,report[[#This Row],[وارد]]>0),\"يحسب\",\"\")","v":"يحسب"}]
[null,null,"",{"$f":"IF(C462<>\"\",SUMIFS(add[الكمية المضافة],add[اسم الصنف],'Report'!$G$5,add[مخزن الإضافة],'Report'!$C$3,add[تاريخ الإذن],'Report'!C462),\"\")","v":""},{"$f":"IF(C462<>\"\",SUMIFS(low[الكميه المنصرفه],low[اسم الصنف],'Report'!$G$5,low[مخزن الصرف],'Report'!$C$3,low[تاريخ الإذن],'Report'!C462),\"\")","v":""},"",null,{"$f":"IF( OR(report[[#This Row],[صادر]]>0,report[[#This Row],[وارد]]>0),\"يحسب\",\"\")","v":"يحسب"}]
[null,null,"",{"$f":"IF(C463<>\"\",SUMIFS(add[الكمية المضافة],add[اسم الصنف],'Report'!$G$5,add[مخزن الإضافة],'Report'!$C$3,add[تاريخ الإذن],'Report'!C463),\"\")","v":""},{"$f":"IF(C463<>\"\",SUMIFS(low[الكميه المنصرفه],low[اسم الصنف],'Report'!$G$5,low[مخزن الصرف],'Report'!$C$3,low[تاريخ الإذن],'Report'!C463),\"\")","v":""},"",null,{"$f":"IF( OR(report[[#This Row],[صادر]]>0,report[[#This Row],[وارد]]>0),\"يحسب\",\"\")","v":"يحسب"}]
[null,null,{"$f":"IFERROR(IF(C463+1<=$C$7,C463+1,\"\"),\"\")","v":""},{"$f":"IF(C464<>\"\",SUMIFS(add[الكمية المضافة],add[اسم الصنف],'Report'!$G$5,add[مخزن الإضافة],'Report'!$C$3,add[تاريخ الإذن],'Report'!C464),\"\")","v":""},{"$f":"IF(C464<>\"\",SUMIFS(low[الكميه المنصرفه],low[اسم الصنف],'Report'!$G$5,low[مخزن الصرف],'Report'!$C$3,low[تاريخ الإذن],'Report'!C464),\"\")","v":""},"",null,{"$f":"IF( OR(report[[#This Row],[صادر]]>0,report[[#This Row],[وارد]]>0),\"يحسب\",\"\")","v":"يحسب"}]
[null,null,"",{"$f":"IF(C465<>\"\",SUMIFS(add[الكمية المضافة],add[اسم الصنف],'Report'!$G$5,add[مخزن الإضافة],'Report'!$C$3,add[تاريخ الإذن],'Report'!C465),\"\")","v":""},{"$f":"IF(C465<>\"\",SUMIFS(low[الكميه المنصرفه],low[اسم الصنف],'Report'!$G$5,low[مخزن الصرف],'Report'!$C$3,low[تاريخ الإذن],'Report'!C465),\"\")","v":""},"",null,{"$f":"IF( OR(report[[#This Row],[صادر]]>0,report[[#This Row],[وارد]]>0),\"يحسب\",\"\")","v":"يحسب"}]
[null,null,"",{"$f":"IF(C466<>\"\",SUMIFS(add[الكمية المضافة],add[اسم الصنف],'Report'!$G$5,add[مخزن الإضافة],'Report'!$C$3,add[تاريخ الإذن],'Report'!C466),\"\")","v":""},{"$f":"IF(C466<>\"\",SUMIFS(low[الكميه المنصرفه],low[اسم الصنف],'Report'!$G$5,low[مخزن الصرف],'Report'!$C$3,low[تاريخ الإذن],'Report'!C466),\"\")","v":""},"",null,{"$f":"IF( OR(report[[#This Row],[صادر]]>0,report[[#This Row],[وارد]]>0),\"يحسب\",\"\")","v":"يحسب"}]
[null,null,"",{"$f":"IF(C467<>\"\",SUMIFS(add[الكمية المضافة],add[اسم الصنف],'Report'!$G$5,add[مخزن الإضافة],'Report'!$C$3,add[تاريخ الإذن],'Report'!C467),\"\")","v":""},{"$f":"IF(C467<>\"\",SUMIFS(low[الكميه المنصرفه],low[اسم الصنف],'Report'!$G$5,low[مخزن الصرف],'Report'!$C$3,low[تاريخ الإذن],'Report'!C467),\"\")","v":""},"",null,{"$f":"IF( OR(report[[#This Row],[صادر]]>0,report[[#This Row],[وارد]]>0),\"يحسب\",\"\")","v":"يحسب"}]
[null,null,"",{"$f":"IF(C468<>\"\",SUMIFS(add[الكمية المضافة],add[اسم الصنف],'Report'!$G$5,add[مخزن الإضافة],'Report'!$C$3,add[تاريخ الإذن],'Report'!C468),\"\")","v":""},{"$f":"IF(C468<>\"\",SUMIFS(low[الكميه المنصرفه],low[اسم الصنف],'Report'!$G$5,low[مخزن الصرف],'Report'!$C$3,low[تاريخ الإذن],'Report'!C468),\"\")","v":""},"",null,{"$f":"IF( OR(report[[#This Row],[صادر]]>0,report[[#This Row],[وارد]]>0),\"يحسب\",\"\")","v":"يحسب"}]
[null,null,"",{"$f":"IF(C469<>\"\",SUMIFS(add[الكمية المضافة],add[اسم الصنف],'Report'!$G$5,add[مخزن الإضافة],'Report'!$C$3,add[تاريخ الإذن],'Report'!C469),\"\")","v":""},{"$f":"IF(C469<>\"\",SUMIFS(low[الكميه المنصرفه],low[اسم الصنف],'Report'!$G$5,low[مخزن الصرف],'Report'!$C$3,low[تاريخ الإذن],'Report'!C469),\"\")","v":""},"",null,{"$f":"IF( OR(report[[#This Row],[صادر]]>0,report[[#This Row],[وارد]]>0),\"يحسب\",\"\")","v":"يحسب"}]
[null,null,"",{"$f":"IF(C470<>\"\",SUMIFS(add[الكمية المضافة],add[اسم الصنف],'Report'!$G$5,add[مخزن الإضافة],'Report'!$C$3,add[تاريخ الإذن],'Report'!C470),\"\")","v":""},{"$f":"IF(C470<>\"\",SUMIFS(low[الكميه المنصرفه],low[اسم الصنف],'Report'!$G$5,low[مخزن الصرف],'Report'!$C$3,low[تاريخ الإذن],'Report'!C470),\"\")","v":""},"",null,{"$f":"IF( OR(report[[#This Row],[صادر]]>0,report[[#This Row],[وارد]]>0),\"يحسب\",\"\")","v":"يحسب"}]
[null,null,"",{"$f":"IF(C471<>\"\",SUMIFS(add[الكمية المضافة],add[اسم الصنف],'Report'!$G$5,add[مخزن الإضافة],'Report'!$C$3,add[تاريخ الإذن],'Report'!C471),\"\")","v":""},{"$f":"IF(C471<>\"\",SUMIFS(low[الكميه المنصرفه],low[اسم الصنف],'Report'!$G$5,low[مخزن الصرف],'Report'!$C$3,low[تاريخ الإذن],'Report'!C471),\"\")","v":""},"",null,{"$f":"IF( OR(report[[#This Row],[صادر]]>0,report[[#This Row],[وارد]]>0),\"يحسب\",\"\")","v":"يحسب"}]
[null,null,"",{"$f":"IF(C472<>\"\",SUMIFS(add[الكمية المضافة],add[اسم الصنف],'Report'!$G$5,add[مخزن الإضافة],'Report'!$C$3,add[تاريخ الإذن],'Report'!C472),\"\")","v":""},{"$f":"IF(C472<>\"\",SUMIFS(low[الكميه المنصرفه],low[اسم الصنف],'Report'!$G$5,low[مخزن الصرف],'Report'!$C$3,low[تاريخ الإذن],'Report'!C472),\"\")","v":""},"",null,{"$f":"IF( OR(report[[#This Row],[صادر]]>0,report[[#This Row],[وارد]]>0),\"يحسب\",\"\")","v":"يحسب"}]
[null,null,"",{"$f":"IF(C473<>\"\",SUMIFS(add[الكمية المضافة],add[اسم الصنف],'Report'!$G$5,add[مخزن الإضافة],'Report'!$C$3,add[تاريخ الإذن],'Report'!C473),\"\")","v":""},{"$f":"IF(C473<>\"\",SUMIFS(low[الكميه المنصرفه],low[اسم الصنف],'Report'!$G$5,low[مخزن الصرف],'Report'!$C$3,low[تاريخ الإذن],'Report'!C473),\"\")","v":""},"",null,{"$f":"IF( OR(report[[#This Row],[صادر]]>0,report[[#This Row],[وارد]]>0),\"يحسب\",\"\")","v":"يحسب"}]
[null,null,"",{"$f":"IF(C474<>\"\",SUMIFS(add[الكمية المضافة],add[اسم الصنف],'Report'!$G$5,add[مخزن الإضافة],'Report'!$C$3,add[تاريخ الإذن],'Report'!C474),\"\")","v":""},{"$f":"IF(C474<>\"\",SUMIFS(low[الكميه المنصرفه],low[اسم الصنف],'Report'!$G$5,low[مخزن الصرف],'Report'!$C$3,low[تاريخ الإذن],'Report'!C474),\"\")","v":""},"",null,{"$f":"IF( OR(report[[#This Row],[صادر]]>0,report[[#This Row],[وارد]]>0),\"يحسب\",\"\")","v":"يحسب"}]
[null,null,"",{"$f":"IF(C475<>\"\",SUMIFS(add[الكمية المضافة],add[اسم الصنف],'Report'!$G$5,add[مخزن الإضافة],'Report'!$C$3,add[تاريخ الإذن],'Report'!C475),\"\")","v":""},{"$f":"IF(C475<>\"\",SUMIFS(low[الكميه المنصرفه],low[اسم الصنف],'Report'!$G$5,low[مخزن الصرف],'Report'!$C$3,low[تاريخ الإذن],'Report'!C475),\"\")","v":""},"",null,{"$f":"IF( OR(report[[#This Row],[صادر]]>0,report[[#This Row],[وارد]]>0),\"يحسب\",\"\")","v":"يحسب"}]
[null,null,"",{"$f":"IF(C476<>\"\",SUMIFS(add[الكمية المضافة],add[اسم الصنف],'Report'!$G$5,add[مخزن الإضافة],'Report'!$C$3,add[تاريخ الإذن],'Report'!C476),\"\")","v":""},{"$f":"IF(C476<>\"\",SUMIFS(low[الكميه المنصرفه],low[اسم الصنف],'Report'!$G$5,low[مخزن الصرف],'Report'!$C$3,low[تاريخ الإذن],'Report'!C476),\"\")","v":""},"",null,{"$f":"IF( OR(report[[#This Row],[صادر]]>0,report[[#This Row],[وارد]]>0),\"يحسب\",\"\")","v":"يحسب"}]
[null,null,"",{"$f":"IF(C477<>\"\",SUMIFS(add[الكمية المضافة],add[اسم الصنف],'Report'!$G$5,add[مخزن الإضافة],'Report'!$C$3,add[تاريخ الإذن],'Report'!C477),\"\")","v":""},{"$f":"IF(C477<>\"\",SUMIFS(low[الكميه المنصرفه],low[اسم الصنف],'Report'!$G$5,low[مخزن الصرف],'Report'!$C$3,low[تاريخ الإذن],'Report'!C477),\"\")","v":""},"",null,{"$f":"IF( OR(report[[#This Row],[صادر]]>0,report[[#This Row],[وارد]]>0),\"يحسب\",\"\")","v":"يحسب"}]
[null,null,"",{"$f":"IF(C478<>\"\",SUMIFS(add[الكمية المضافة],add[اسم الصنف],'Report'!$G$5,add[مخزن الإضافة],'Report'!$C$3,add[تاريخ الإذن],'Report'!C478),\"\")","v":""},{"$f":"IF(C478<>\"\",SUMIFS(low[الكميه المنصرفه],low[اسم الصنف],'Report'!$G$5,low[مخزن الصرف],'Report'!$C$3,low[تاريخ الإذن],'Report'!C478),\"\")","v":""},"",null,{"$f":"IF( OR(report[[#This Row],[صادر]]>0,report[[#This Row],[وارد]]>0),\"يحسب\",\"\")","v":"يحسب"}]
[null,null,"",{"$f":"IF(C479<>\"\",SUMIFS(add[الكمية المضافة],add[اسم الصنف],'Report'!$G$5,add[مخزن الإضافة],'Report'!$C$3,add[تاريخ الإذن],'Report'!C479),\"\")","v":""},{"$f":"IF(C479<>\"\",SUMIFS(low[الكميه المنصرفه],low[اسم الصنف],'Report'!$G$5,low[مخزن الصرف],'Report'!$C$3,low[تاريخ الإذن],'Report'!C479),\"\")","v":""},"",null,{"$f":"IF( OR(report[[#This Row],[صادر]]>0,report[[#This Row],[وارد]]>0),\"يحسب\",\"\")","v":"يحسب"}]
[null,null,"",{"$f":"IF(C480<>\"\",SUMIFS(add[الكمية المضافة],add[اسم الصنف],'Report'!$G$5,add[مخزن الإضافة],'Report'!$C$3,add[تاريخ الإذن],'Report'!C480),\"\")","v":""},{"$f":"IF(C480<>\"\",SUMIFS(low[الكميه المنصرفه],low[اسم الصنف],'Report'!$G$5,low[مخزن الصرف],'Report'!$C$3,low[تاريخ الإذن],'Report'!C480),\"\")","v":""},"",null,{"$f":"IF( OR(report[[#This Row],[صادر]]>0,report[[#This Row],[وارد]]>0),\"يحسب\",\"\")","v":"يحسب"}]
[null,null,"",{"$f":"IF(C481<>\"\",SUMIFS(add[الكمية المضافة],add[اسم الصنف],'Report'!$G$5,add[مخزن الإضافة],'Report'!$C$3,add[تاريخ الإذن],'Report'!C481),\"\")","v":""},{"$f":"IF(C481<>\"\",SUMIFS(low[الكميه المنصرفه],low[اسم الصنف],'Report'!$G$5,low[مخزن الصرف],'Report'!$C$3,low[تاريخ الإذن],'Report'!C481),\"\")","v":""},"",null,{"$f":"IF( OR(report[[#This Row],[صادر]]>0,report[[#This Row],[وارد]]>0),\"يحسب\",\"\")","v":"يحسب"}]
[null,null,"",{"$f":"IF(C482<>\"\",SUMIFS(add[الكمية المضافة],add[اسم الصنف],'Report'!$G$5,add[مخزن الإضافة],'Report'!$C$3,add[تاريخ الإذن],'Report'!C482),\"\")","v":""},{"$f":"IF(C482<>\"\",SUMIFS(low[الكميه المنصرفه],low[اسم الصنف],'Report'!$G$5,low[مخزن الصرف],'Report'!$C$3,low[تاريخ الإذن],'Report'!C482),\"\")","v":""},"",null,{"$f":"IF( OR(report[[#This Row],[صادر]]>0,report[[#This Row],[وارد]]>0),\"يحسب\",\"\")","v":"يحسب"}]
[null,null,"",{"$f":"IF(C483<>\"\",SUMIFS(add[الكمية المضافة],add[اسم الصنف],'Report'!$G$5,add[مخزن الإضافة],'Report'!$C$3,add[تاريخ الإذن],'Report'!C483),\"\")","v":""},{"$f":"IF(C483<>\"\",SUMIFS(low[الكميه المنصرفه],low[اسم الصنف],'Report'!$G$5,low[مخزن الصرف],'Report'!$C$3,low[تاريخ الإذن],'Report'!C483),\"\")","v":""},"",null,{"$f":"IF( OR(report[[#This Row],[صادر]]>0,report[[#This Row],[وارد]]>0),\"يحسب\",\"\")","v":"يحسب"}]
[null,null,"",{"$f":"IF(C484<>\"\",SUMIFS(add[الكمية المضافة],add[اسم الصنف],'Report'!$G$5,add[مخزن الإضافة],'Report'!$C$3,add[تاريخ الإذن],'Report'!C484),\"\")","v":""},{"$f":"IF(C484<>\"\",SUMIFS(low[الكميه المنصرفه],low[اسم الصنف],'Report'!$G$5,low[مخزن الصرف],'Report'!$C$3,low[تاريخ الإذن],'Report'!C484),\"\")","v":""},"",null,{"$f":"IF( OR(report[[#This Row],[صادر]]>0,report[[#This Row],[وارد]]>0),\"يحسب\",\"\")","v":"يحسب"}]
[null,null,"",{"$f":"IF(C485<>\"\",SUMIFS(add[الكمية المضافة],add[اسم الصنف],'Report'!$G$5,add[مخزن الإضافة],'Report'!$C$3,add[تاريخ الإذن],'Report'!C485),\"\")","v":""},{"$f":"IF(C485<>\"\",SUMIFS(low[الكميه المنصرفه],low[اسم الصنف],'Report'!$G$5,low[مخزن الصرف],'Report'!$C$3,low[تاريخ الإذن],'Report'!C485),\"\")","v":""},"",null,{"$f":"IF( OR(report[[#This Row],[صادر]]>0,report[[#This Row],[وارد]]>0),\"يحسب\",\"\")","v":"يحسب"}]
[null,null,"",{"$f":"IF(C486<>\"\",SUMIFS(add[الكمية المضافة],add[اسم الصنف],'Report'!$G$5,add[مخزن الإضافة],'Report'!$C$3,add[تاريخ الإذن],'Report'!C486),\"\")","v":""},{"$f":"IF(C486<>\"\",SUMIFS(low[الكميه المنصرفه],low[اسم الصنف],'Report'!$G$5,low[مخزن الصرف],'Report'!$C$3,low[تاريخ الإذن],'Report'!C486),\"\")","v":""},"",null,{"$f":"IF( OR(report[[#This Row],[صادر]]>0,report[[#This Row],[وارد]]>0),\"يحسب\",\"\")","v":"يحسب"}]
[null,null,"",{"$f":"IF(C487<>\"\",SUMIFS(add[الكمية المضافة],add[اسم الصنف],'Report'!$G$5,add[مخزن الإضافة],'Report'!$C$3,add[تاريخ الإذن],'Report'!C487),\"\")","v":""},{"$f":"IF(C487<>\"\",SUMIFS(low[الكميه المنصرفه],low[اسم الصنف],'Report'!$G$5,low[مخزن الصرف],'Report'!$C$3,low[تاريخ الإذن],'Report'!C487),\"\")","v":""},"",null,{"$f":"IF( OR(report[[#This Row],[صادر]]>0,report[[#This Row],[وارد]]>0),\"يحسب\",\"\")","v":"يحسب"}]
[null,null,"",{"$f":"IF(C488<>\"\",SUMIFS(add[الكمية المضافة],add[اسم الصنف],'Report'!$G$5,add[مخزن الإضافة],'Report'!$C$3,add[تاريخ الإذن],'Report'!C488),\"\")","v":""},{"$f":"IF(C488<>\"\",SUMIFS(low[الكميه المنصرفه],low[اسم الصنف],'Report'!$G$5,low[مخزن الصرف],'Report'!$C$3,low[تاريخ الإذن],'Report'!C488),\"\")","v":""},"",null,{"$f":"IF( OR(report[[#This Row],[صادر]]>0,report[[#This Row],[وارد]]>0),\"يحسب\",\"\")","v":"يحسب"}]
[null,null,"",{"$f":"IF(C489<>\"\",SUMIFS(add[الكمية المضافة],add[اسم الصنف],'Report'!$G$5,add[مخزن الإضافة],'Report'!$C$3,add[تاريخ الإذن],'Report'!C489),\"\")","v":""},{"$f":"IF(C489<>\"\",SUMIFS(low[الكميه المنصرفه],low[اسم الصنف],'Report'!$G$5,low[مخزن الصرف],'Report'!$C$3,low[تاريخ الإذن],'Report'!C489),\"\")","v":""},"",null,{"$f":"IF( OR(report[[#This Row],[صادر]]>0,report[[#This Row],[وارد]]>0),\"يحسب\",\"\")","v":"يحسب"}]
[null,null,"",{"$f":"IF(C490<>\"\",SUMIFS(add[الكمية المضافة],add[اسم الصنف],'Report'!$G$5,add[مخزن الإضافة],'Report'!$C$3,add[تاريخ الإذن],'Report'!C490),\"\")","v":""},{"$f":"IF(C490<>\"\",SUMIFS(low[الكميه المنصرفه],low[اسم الصنف],'Report'!$G$5,low[مخزن الصرف],'Report'!$C$3,low[تاريخ الإذن],'Report'!C490),\"\")","v":""},"",null,{"$f":"IF( OR(report[[#This Row],[صادر]]>0,report[[#This Row],[وارد]]>0),\"يحسب\",\"\")","v":"يحسب"}]
[null,null,"",{"$f":"IF(C491<>\"\",SUMIFS(add[الكمية المضافة],add[اسم الصنف],'Report'!$G$5,add[مخزن الإضافة],'Report'!$C$3,add[تاريخ الإذن],'Report'!C491),\"\")","v":""},{"$f":"IF(C491<>\"\",SUMIFS(low[الكميه المنصرفه],low[اسم الصنف],'Report'!$G$5,low[مخزن الصرف],'Report'!$C$3,low[تاريخ الإذن],'Report'!C491),\"\")","v":""},"",null,{"$f":"IF( OR(report[[#This Row],[صادر]]>0,report[[#This Row],[وارد]]>0),\"يحسب\",\"\")","v":"يحسب"}]
[null,null,"",{"$f":"IF(C492<>\"\",SUMIFS(add[الكمية المضافة],add[اسم الصنف],'Report'!$G$5,add[مخزن الإضافة],'Report'!$C$3,add[تاريخ الإذن],'Report'!C492),\"\")","v":""},{"$f":"IF(C492<>\"\",SUMIFS(low[الكميه المنصرفه],low[اسم الصنف],'Report'!$G$5,low[مخزن الصرف],'Report'!$C$3,low[تاريخ الإذن],'Report'!C492),\"\")","v":""},"",null,{"$f":"IF( OR(report[[#This Row],[صادر]]>0,report[[#This Row],[وارد]]>0),\"يحسب\",\"\")","v":"يحسب"}]
[null,null,"",{"$f":"IF(C493<>\"\",SUMIFS(add[الكمية المضافة],add[اسم الصنف],'Report'!$G$5,add[مخزن الإضافة],'Report'!$C$3,add[تاريخ الإذن],'Report'!C493),\"\")","v":""},{"$f":"IF(C493<>\"\",SUMIFS(low[الكميه المنصرفه],low[اسم الصنف],'Report'!$G$5,low[مخزن الصرف],'Report'!$C$3,low[تاريخ الإذن],'Report'!C493),\"\")","v":""},"",null,{"$f":"IF( OR(report[[#This Row],[صادر]]>0,report[[#This Row],[وارد]]>0),\"يحسب\",\"\")","v":"يحسب"}]
[null,null,"",{"$f":"IF(C494<>\"\",SUMIFS(add[الكمية المضافة],add[اسم الصنف],'Report'!$G$5,add[مخزن الإضافة],'Report'!$C$3,add[تاريخ الإذن],'Report'!C494),\"\")","v":""},{"$f":"IF(C494<>\"\",SUMIFS(low[الكميه المنصرفه],low[اسم الصنف],'Report'!$G$5,low[مخزن الصرف],'Report'!$C$3,low[تاريخ الإذن],'Report'!C494),\"\")","v":""},"",null,{"$f":"IF( OR(report[[#This Row],[صادر]]>0,report[[#This Row],[وارد]]>0),\"يحسب\",\"\")","v":"يحسب"}]
[null,null,"",{"$f":"IF(C495<>\"\",SUMIFS(add[الكمية المضافة],add[اسم الصنف],'Report'!$G$5,add[مخزن الإضافة],'Report'!$C$3,add[تاريخ الإذن],'Report'!C495),\"\")","v":""},{"$f":"IF(C495<>\"\",SUMIFS(low[الكميه المنصرفه],low[اسم الصنف],'Report'!$G$5,low[مخزن الصرف],'Report'!$C$3,low[تاريخ الإذن],'Report'!C495),\"\")","v":""},"",null,{"$f":"IF( OR(report[[#This Row],[صادر]]>0,report[[#This Row],[وارد]]>0),\"يحسب\",\"\")","v":"يحسب"}]
[null,null,"",{"$f":"IF(C496<>\"\",SUMIFS(add[الكمية المضافة],add[اسم الصنف],'Report'!$G$5,add[مخزن الإضافة],'Report'!$C$3,add[تاريخ الإذن],'Report'!C496),\"\")","v":""},{"$f":"IF(C496<>\"\",SUMIFS(low[الكميه المنصرفه],low[اسم الصنف],'Report'!$G$5,low[مخزن الصرف],'Report'!$C$3,low[تاريخ الإذن],'Report'!C496),\"\")","v":""},"",null,{"$f":"IF( OR(report[[#This Row],[صادر]]>0,report[[#This Row],[وارد]]>0),\"يحسب\",\"\")","v":"يحسب"}]
[null,null,"",{"$f":"IF(C497<>\"\",SUMIFS(add[الكمية المضافة],add[اسم الصنف],'Report'!$G$5,add[مخزن الإضافة],'Report'!$C$3,add[تاريخ الإذن],'Report'!C497),\"\")","v":""},{"$f":"IF(C497<>\"\",SUMIFS(low[الكميه المنصرفه],low[اسم الصنف],'Report'!$G$5,low[مخزن الصرف],'Report'!$C$3,low[تاريخ الإذن],'Report'!C497),\"\")","v":""},"",null,{"$f":"IF( OR(report[[#This Row],[صادر]]>0,report[[#This Row],[وارد]]>0),\"يحسب\",\"\")","v":"يحسب"}]
[null,null,"",{"$f":"IF(C498<>\"\",SUMIFS(add[الكمية المضافة],add[اسم الصنف],'Report'!$G$5,add[مخزن الإضافة],'Report'!$C$3,add[تاريخ الإذن],'Report'!C498),\"\")","v":""},{"$f":"IF(C498<>\"\",SUMIFS(low[الكميه المنصرفه],low[اسم الصنف],'Report'!$G$5,low[مخزن الصرف],'Report'!$C$3,low[تاريخ الإذن],'Report'!C498),\"\")","v":""},"",null,{"$f":"IF( OR(report[[#This Row],[صادر]]>0,report[[#This Row],[وارد]]>0),\"يحسب\",\"\")","v":"يحسب"}]
[null,null,"",{"$f":"IF(C499<>\"\",SUMIFS(add[الكمية المضافة],add[اسم الصنف],'Report'!$G$5,add[مخزن الإضافة],'Report'!$C$3,add[تاريخ الإذن],'Report'!C499),\"\")","v":""},{"$f":"IF(C499<>\"\",SUMIFS(low[الكميه المنصرفه],low[اسم الصنف],'Report'!$G$5,low[مخزن الصرف],'Report'!$C$3,low[تاريخ الإذن],'Report'!C499),\"\")","v":""},"",null,{"$f":"IF( OR(report[[#This Row],[صادر]]>0,report[[#This Row],[وارد]]>0),\"يحسب\",\"\")","v":"يحسب"}]
[null,null,"",{"$f":"IF(C500<>\"\",SUMIFS(add[الكمية المضافة],add[اسم الصنف],'Report'!$G$5,add[مخزن الإضافة],'Report'!$C$3,add[تاريخ الإذن],'Report'!C500),\"\")","v":""},{"$f":"IF(C500<>\"\",SUMIFS(low[الكميه المنصرفه],low[اسم الصنف],'Report'!$G$5,low[مخزن الصرف],'Report'!$C$3,low[تاريخ الإذن],'Report'!C500),\"\")","v":""},"",null,{"$f":"IF( OR(report[[#This Row],[صادر]]>0,report[[#This Row],[وارد]]>0),\"يحسب\",\"\")","v":"يحسب"}]
[null,null,"",{"$f":"IF(C501<>\"\",SUMIFS(add[الكمية المضافة],add[اسم الصنف],'Report'!$G$5,add[مخزن الإضافة],'Report'!$C$3,add[تاريخ الإذن],'Report'!C501),\"\")","v":""},{"$f":"IF(C501<>\"\",SUMIFS(low[الكميه المنصرفه],low[اسم الصنف],'Report'!$G$5,low[مخزن الصرف],'Report'!$C$3,low[تاريخ الإذن],'Report'!C501),\"\")","v":""},"",null,{"$f":"IF( OR(report[[#This Row],[صادر]]>0,report[[#This Row],[وارد]]>0),\"يحسب\",\"\")","v":"يحسب"}]
[null,null,"",{"$f":"IF(C502<>\"\",SUMIFS(add[الكمية المضافة],add[اسم الصنف],'Report'!$G$5,add[مخزن الإضافة],'Report'!$C$3,add[تاريخ الإذن],'Report'!C502),\"\")","v":""},{"$f":"IF(C502<>\"\",SUMIFS(low[الكميه المنصرفه],low[اسم الصنف],'Report'!$G$5,low[مخزن الصرف],'Report'!$C$3,low[تاريخ الإذن],'Report'!C502),\"\")","v":""},"",null,{"$f":"IF( OR(report[[#This Row],[صادر]]>0,report[[#This Row],[وارد]]>0),\"يحسب\",\"\")","v":"يحسب"}]
[null,null,"",{"$f":"IF(C503<>\"\",SUMIFS(add[الكمية المضافة],add[اسم الصنف],'Report'!$G$5,add[مخزن الإضافة],'Report'!$C$3,add[تاريخ الإذن],'Report'!C503),\"\")","v":""},{"$f":"IF(C503<>\"\",SUMIFS(low[الكميه المنصرفه],low[اسم الصنف],'Report'!$G$5,low[مخزن الصرف],'Report'!$C$3,low[تاريخ الإذن],'Report'!C503),\"\")","v":""},"",null,{"$f":"IF( OR(report[[#This Row],[صادر]]>0,report[[#This Row],[وارد]]>0),\"يحسب\",\"\")","v":"يحسب"}]
[null,null,"",{"$f":"IF(C504<>\"\",SUMIFS(add[الكمية المضافة],add[اسم الصنف],'Report'!$G$5,add[مخزن الإضافة],'Report'!$C$3,add[تاريخ الإذن],'Report'!C504),\"\")","v":""},{"$f":"IF(C504<>\"\",SUMIFS(low[الكميه المنصرفه],low[اسم الصنف],'Report'!$G$5,low[مخزن الصرف],'Report'!$C$3,low[تاريخ الإذن],'Report'!C504),\"\")","v":""},"",null,{"$f":"IF( OR(report[[#This Row],[صادر]]>0,report[[#This Row],[وارد]]>0),\"يحسب\",\"\")","v":"يحسب"}]
[null,null,"",{"$f":"IF(C505<>\"\",SUMIFS(add[الكمية المضافة],add[اسم الصنف],'Report'!$G$5,add[مخزن الإضافة],'Report'!$C$3,add[تاريخ الإذن],'Report'!C505),\"\")","v":""},{"$f":"IF(C505<>\"\",SUMIFS(low[الكميه المنصرفه],low[اسم الصنف],'Report'!$G$5,low[مخزن الصرف],'Report'!$C$3,low[تاريخ الإذن],'Report'!C505),\"\")","v":""},"",null,{"$f":"IF( OR(report[[#This Row],[صادر]]>0,report[[#This Row],[وارد]]>0),\"يحسب\",\"\")","v":"يحسب"}]
[null,null,"",{"$f":"IF(C506<>\"\",SUMIFS(add[الكمية المضافة],add[اسم الصنف],'Report'!$G$5,add[مخزن الإضافة],'Report'!$C$3,add[تاريخ الإذن],'Report'!C506),\"\")","v":""},{"$f":"IF(C506<>\"\",SUMIFS(low[الكميه المنصرفه],low[اسم الصنف],'Report'!$G$5,low[مخزن الصرف],'Report'!$C$3,low[تاريخ الإذن],'Report'!C506),\"\")","v":""},"",null,{"$f":"IF( OR(report[[#This Row],[صادر]]>0,report[[#This Row],[وارد]]>0),\"يحسب\",\"\")","v":"يحسب"}]
[null,null,"",{"$f":"IF(C507<>\"\",SUMIFS(add[الكمية المضافة],add[اسم الصنف],'Report'!$G$5,add[مخزن الإضافة],'Report'!$C$3,add[تاريخ الإذن],'Report'!C507),\"\")","v":""},{"$f":"IF(C507<>\"\",SUMIFS(low[الكميه المنصرفه],low[اسم الصنف],'Report'!$G$5,low[مخزن الصرف],'Report'!$C$3,low[تاريخ الإذن],'Report'!C507),\"\")","v":""},"",null,{"$f":"IF( OR(report[[#This Row],[صادر]]>0,report[[#This Row],[وارد]]>0),\"يحسب\",\"\")","v":"يحسب"}]
[null,null,"",{"$f":"IF(C508<>\"\",SUMIFS(add[الكمية المضافة],add[اسم الصنف],'Report'!$G$5,add[مخزن الإضافة],'Report'!$C$3,add[تاريخ الإذن],'Report'!C508),\"\")","v":""},{"$f":"IF(C508<>\"\",SUMIFS(low[الكميه المنصرفه],low[اسم الصنف],'Report'!$G$5,low[مخزن الصرف],'Report'!$C$3,low[تاريخ الإذن],'Report'!C508),\"\")","v":""},"",null,{"$f":"IF( OR(report[[#This Row],[صادر]]>0,report[[#This Row],[وارد]]>0),\"يحسب\",\"\")","v":"يحسب"}]
[null,null,"",{"$f":"IF(C509<>\"\",SUMIFS(add[الكمية المضافة],add[اسم الصنف],'Report'!$G$5,add[مخزن الإضافة],'Report'!$C$3,add[تاريخ الإذن],'Report'!C509),\"\")","v":""},{"$f":"IF(C509<>\"\",SUMIFS(low[الكميه المنصرفه],low[اسم الصنف],'Report'!$G$5,low[مخزن الصرف],'Report'!$C$3,low[تاريخ الإذن],'Report'!C509),\"\")","v":""},"",null,{"$f":"IF( OR(report[[#This Row],[صادر]]>0,report[[#This Row],[وارد]]>0),\"يحسب\",\"\")","v":"يحسب"}]
[null,null,"",{"$f":"IF(C510<>\"\",SUMIFS(add[الكمية المضافة],add[اسم الصنف],'Report'!$G$5,add[مخزن الإضافة],'Report'!$C$3,add[تاريخ الإذن],'Report'!C510),\"\")","v":""},{"$f":"IF(C510<>\"\",SUMIFS(low[الكميه المنصرفه],low[اسم الصنف],'Report'!$G$5,low[مخزن الصرف],'Report'!$C$3,low[تاريخ الإذن],'Report'!C510),\"\")","v":""},"",null,{"$f":"IF( OR(report[[#This Row],[صادر]]>0,report[[#This Row],[وارد]]>0),\"يحسب\",\"\")","v":"يحسب"}]
[null,null,"",{"$f":"IF(C511<>\"\",SUMIFS(add[الكمية المضافة],add[اسم الصنف],'Report'!$G$5,add[مخزن الإضافة],'Report'!$C$3,add[تاريخ الإذن],'Report'!C511),\"\")","v":""},{"$f":"IF(C511<>\"\",SUMIFS(low[الكميه المنصرفه],low[اسم الصنف],'Report'!$G$5,low[مخزن الصرف],'Report'!$C$3,low[تاريخ الإذن],'Report'!C511),\"\")","v":""},"",null,{"$f":"IF( OR(report[[#This Row],[صادر]]>0,report[[#This Row],[وارد]]>0),\"يحسب\",\"\")","v":"يحسب"}]
[null,null,"",{"$f":"IF(C512<>\"\",SUMIFS(add[الكمية المضافة],add[اسم الصنف],'Report'!$G$5,add[مخزن الإضافة],'Report'!$C$3,add[تاريخ الإذن],'Report'!C512),\"\")","v":""},{"$f":"IF(C512<>\"\",SUMIFS(low[الكميه المنصرفه],low[اسم الصنف],'Report'!$G$5,low[مخزن الصرف],'Report'!$C$3,low[تاريخ الإذن],'Report'!C512),\"\")","v":""},"",null,{"$f":"IF( OR(report[[#This Row],[صادر]]>0,report[[#This Row],[وارد]]>0),\"يحسب\",\"\")","v":"يحسب"}]
[null,null,"",{"$f":"IF(C513<>\"\",SUMIFS(add[الكمية المضافة],add[اسم الصنف],'Report'!$G$5,add[مخزن الإضافة],'Report'!$C$3,add[تاريخ الإذن],'Report'!C513),\"\")","v":""},{"$f":"IF(C513<>\"\",SUMIFS(low[الكميه المنصرفه],low[اسم الصنف],'Report'!$G$5,low[مخزن الصرف],'Report'!$C$3,low[تاريخ الإذن],'Report'!C513),\"\")","v":""},"",null,{"$f":"IF( OR(report[[#This Row],[صادر]]>0,report[[#This Row],[وارد]]>0),\"يحسب\",\"\")","v":"يحسب"}]
[null,null,"",{"$f":"IF(C514<>\"\",SUMIFS(add[الكمية المضافة],add[اسم الصنف],'Report'!$G$5,add[مخزن الإضافة],'Report'!$C$3,add[تاريخ الإذن],'Report'!C514),\"\")","v":""},{"$f":"IF(C514<>\"\",SUMIFS(low[الكميه المنصرفه],low[اسم الصنف],'Report'!$G$5,low[مخزن الصرف],'Report'!$C$3,low[تاريخ الإذن],'Report'!C514),\"\")","v":""},"",null,{"$f":"IF( OR(report[[#This Row],[صادر]]>0,report[[#This Row],[وارد]]>0),\"يحسب\",\"\")","v":"يحسب"}]
[null,null,"",{"$f":"IF(C515<>\"\",SUMIFS(add[الكمية المضافة],add[اسم الصنف],'Report'!$G$5,add[مخزن الإضافة],'Report'!$C$3,add[تاريخ الإذن],'Report'!C515),\"\")","v":""},{"$f":"IF(C515<>\"\",SUMIFS(low[الكميه المنصرفه],low[اسم الصنف],'Report'!$G$5,low[مخزن الصرف],'Report'!$C$3,low[تاريخ الإذن],'Report'!C515),\"\")","v":""},"",null,{"$f":"IF( OR(report[[#This Row],[صادر]]>0,report[[#This Row],[وارد]]>0),\"يحسب\",\"\")","v":"يحسب"}]
[null,null,"",{"$f":"IF(C516<>\"\",SUMIFS(add[الكمية المضافة],add[اسم الصنف],'Report'!$G$5,add[مخزن الإضافة],'Report'!$C$3,add[تاريخ الإذن],'Report'!C516),\"\")","v":""},{"$f":"IF(C516<>\"\",SUMIFS(low[الكميه المنصرفه],low[اسم الصنف],'Report'!$G$5,low[مخزن الصرف],'Report'!$C$3,low[تاريخ الإذن],'Report'!C516),\"\")","v":""},"",null,{"$f":"IF( OR(report[[#This Row],[صادر]]>0,report[[#This Row],[وارد]]>0),\"يحسب\",\"\")","v":"يحسب"}]
[null,null,"",{"$f":"IF(C517<>\"\",SUMIFS(add[الكمية المضافة],add[اسم الصنف],'Report'!$G$5,add[مخزن الإضافة],'Report'!$C$3,add[تاريخ الإذن],'Report'!C517),\"\")","v":""},{"$f":"IF(C517<>\"\",SUMIFS(low[الكميه المنصرفه],low[اسم الصنف],'Report'!$G$5,low[مخزن الصرف],'Report'!$C$3,low[تاريخ الإذن],'Report'!C517),\"\")","v":""},"",null,{"$f":"IF( OR(report[[#This Row],[صادر]]>0,report[[#This Row],[وارد]]>0),\"يحسب\",\"\")","v":"يحسب"}]
[null,null,"",{"$f":"IF(C518<>\"\",SUMIFS(add[الكمية المضافة],add[اسم الصنف],'Report'!$G$5,add[مخزن الإضافة],'Report'!$C$3,add[تاريخ الإذن],'Report'!C518),\"\")","v":""},{"$f":"IF(C518<>\"\",SUMIFS(low[الكميه المنصرفه],low[اسم الصنف],'Report'!$G$5,low[مخزن الصرف],'Report'!$C$3,low[تاريخ الإذن],'Report'!C518),\"\")","v":""},"",null,{"$f":"IF( OR(report[[#This Row],[صادر]]>0,report[[#This Row],[وارد]]>0),\"يحسب\",\"\")","v":"يحسب"}]
[null,null,"",{"$f":"IF(C519<>\"\",SUMIFS(add[الكمية المضافة],add[اسم الصنف],'Report'!$G$5,add[مخزن الإضافة],'Report'!$C$3,add[تاريخ الإذن],'Report'!C519),\"\")","v":""},{"$f":"IF(C519<>\"\",SUMIFS(low[الكميه المنصرفه],low[اسم الصنف],'Report'!$G$5,low[مخزن الصرف],'Report'!$C$3,low[تاريخ الإذن],'Report'!C519),\"\")","v":""},{"$f":"IFERROR(IF(C519<>\"\",F518+D519-E519,\"\"),\"\")","v":""},null,{"$f":"IF( OR(report[[#This Row],[صادر]]>0,report[[#This Row],[وارد]]>0),\"يحسب\",\"\")","v":"يحسب"}]
[null,null,"",{"$f":"IF(C520<>\"\",SUMIFS(add[الكمية المضافة],add[اسم الصنف],'Report'!$G$5,add[مخزن الإضافة],'Report'!$C$3,add[تاريخ الإذن],'Report'!C520),\"\")","v":""},{"$f":"IF(C520<>\"\",SUMIFS(low[الكميه المنصرفه],low[اسم الصنف],'Report'!$G$5,low[مخزن الصرف],'Report'!$C$3,low[تاريخ الإذن],'Report'!C520),\"\")","v":""},"",null,{"$f":"IF( OR(report[[#This Row],[صادر]]>0,report[[#This Row],[وارد]]>0),\"يحسب\",\"\")","v":"يحسب"}]
[null,null,"",{"$f":"IF(C521<>\"\",SUMIFS(add[الكمية المضافة],add[اسم الصنف],'Report'!$G$5,add[مخزن الإضافة],'Report'!$C$3,add[تاريخ الإذن],'Report'!C521),\"\")","v":""},{"$f":"IF(C521<>\"\",SUMIFS(low[الكميه المنصرفه],low[اسم الصنف],'Report'!$G$5,low[مخزن الصرف],'Report'!$C$3,low[تاريخ الإذن],'Report'!C521),\"\")","v":""},"",null,{"$f":"IF( OR(report[[#This Row],[صادر]]>0,report[[#This Row],[وارد]]>0),\"يحسب\",\"\")","v":"يحسب"}]
[null,null,"",{"$f":"IF(C522<>\"\",SUMIFS(add[الكمية المضافة],add[اسم الصنف],'Report'!$G$5,add[مخزن الإضافة],'Report'!$C$3,add[تاريخ الإذن],'Report'!C522),\"\")","v":""},{"$f":"IF(C522<>\"\",SUMIFS(low[الكميه المنصرفه],low[اسم الصنف],'Report'!$G$5,low[مخزن الصرف],'Report'!$C$3,low[تاريخ الإذن],'Report'!C522),\"\")","v":""},"",null,{"$f":"IF( OR(report[[#This Row],[صادر]]>0,report[[#This Row],[وارد]]>0),\"يحسب\",\"\")","v":"يحسب"}]
[null,null,"",{"$f":"IF(C523<>\"\",SUMIFS(add[الكمية المضافة],add[اسم الصنف],'Report'!$G$5,add[مخزن الإضافة],'Report'!$C$3,add[تاريخ الإذن],'Report'!C523),\"\")","v":""},{"$f":"IF(C523<>\"\",SUMIFS(low[الكميه المنصرفه],low[اسم الصنف],'Report'!$G$5,low[مخزن الصرف],'Report'!$C$3,low[تاريخ الإذن],'Report'!C523),\"\")","v":""},"",null,{"$f":"IF( OR(report[[#This Row],[صادر]]>0,report[[#This Row],[وارد]]>0),\"يحسب\",\"\")","v":"يحسب"}]
[null,null,"",{"$f":"IF(C524<>\"\",SUMIFS(add[الكمية المضافة],add[اسم الصنف],'Report'!$G$5,add[مخزن الإضافة],'Report'!$C$3,add[تاريخ الإذن],'Report'!C524),\"\")","v":""},{"$f":"IF(C524<>\"\",SUMIFS(low[الكميه المنصرفه],low[اسم الصنف],'Report'!$G$5,low[مخزن الصرف],'Report'!$C$3,low[تاريخ الإذن],'Report'!C524),\"\")","v":""},"",null,{"$f":"IF( OR(report[[#This Row],[صادر]]>0,report[[#This Row],[وارد]]>0),\"يحسب\",\"\")","v":"يحسب"}]
[null,null,"",{"$f":"IF(C525<>\"\",SUMIFS(add[الكمية المضافة],add[اسم الصنف],'Report'!$G$5,add[مخزن الإضافة],'Report'!$C$3,add[تاريخ الإذن],'Report'!C525),\"\")","v":""},{"$f":"IF(C525<>\"\",SUMIFS(low[الكميه المنصرفه],low[اسم الصنف],'Report'!$G$5,low[مخزن الصرف],'Report'!$C$3,low[تاريخ الإذن],'Report'!C525),\"\")","v":""},"",null,{"$f":"IF( OR(report[[#This Row],[صادر]]>0,report[[#This Row],[وارد]]>0),\"يحسب\",\"\")","v":"يحسب"}]
[null,null,"",{"$f":"IF(C526<>\"\",SUMIFS(add[الكمية المضافة],add[اسم الصنف],'Report'!$G$5,add[مخزن الإضافة],'Report'!$C$3,add[تاريخ الإذن],'Report'!C526),\"\")","v":""},{"$f":"IF(C526<>\"\",SUMIFS(low[الكميه المنصرفه],low[اسم الصنف],'Report'!$G$5,low[مخزن الصرف],'Report'!$C$3,low[تاريخ الإذن],'Report'!C526),\"\")","v":""},"",null,{"$f":"IF( OR(report[[#This Row],[صادر]]>0,report[[#This Row],[وارد]]>0),\"يحسب\",\"\")","v":"يحسب"}]
[null,null,"",{"$f":"IF(C527<>\"\",SUMIFS(add[الكمية المضافة],add[اسم الصنف],'Report'!$G$5,add[مخزن الإضافة],'Report'!$C$3,add[تاريخ الإذن],'Report'!C527),\"\")","v":""},{"$f":"IF(C527<>\"\",SUMIFS(low[الكميه المنصرفه],low[اسم الصنف],'Report'!$G$5,low[مخزن الصرف],'Report'!$C$3,low[تاريخ الإذن],'Report'!C527),\"\")","v":""},"",null,{"$f":"IF( OR(report[[#This Row],[صادر]]>0,report[[#This Row],[وارد]]>0),\"يحسب\",\"\")","v":"يحسب"}]
[null,null,{"$f":"IFERROR(IF(C527+1<=$C$7,C527+1,\"\"),\"\")","v":""},{"$f":"IF(C528<>\"\",SUMIFS(add[الكمية المضافة],add[اسم الصنف],'Report'!$G$5,add[مخزن الإضافة],'Report'!$C$3,add[تاريخ الإذن],'Report'!C528),\"\")","v":""},{"$f":"IF(C528<>\"\",SUMIFS(low[الكميه المنصرفه],low[اسم الصنف],'Report'!$G$5,low[مخزن الصرف],'Report'!$C$3,low[تاريخ الإذن],'Report'!C528),\"\")","v":""},"",null,{"$f":"IF( OR(report[[#This Row],[صادر]]>0,report[[#This Row],[وارد]]>0),\"يحسب\",\"\")","v":"يحسب"}]
[null,null,"",{"$f":"IF(C529<>\"\",SUMIFS(add[الكمية المضافة],add[اسم الصنف],'Report'!$G$5,add[مخزن الإضافة],'Report'!$C$3,add[تاريخ الإذن],'Report'!C529),\"\")","v":""},{"$f":"IF(C529<>\"\",SUMIFS(low[الكميه المنصرفه],low[اسم الصنف],'Report'!$G$5,low[مخزن الصرف],'Report'!$C$3,low[تاريخ الإذن],'Report'!C529),\"\")","v":""},"",null,{"$f":"IF( OR(report[[#This Row],[صادر]]>0,report[[#This Row],[وارد]]>0),\"يحسب\",\"\")","v":"يحسب"}]
[null,null,"",{"$f":"IF(C530<>\"\",SUMIFS(add[الكمية المضافة],add[اسم الصنف],'Report'!$G$5,add[مخزن الإضافة],'Report'!$C$3,add[تاريخ الإذن],'Report'!C530),\"\")","v":""},{"$f":"IF(C530<>\"\",SUMIFS(low[الكميه المنصرفه],low[اسم الصنف],'Report'!$G$5,low[مخزن الصرف],'Report'!$C$3,low[تاريخ الإذن],'Report'!C530),\"\")","v":""},"",null,{"$f":"IF( OR(report[[#This Row],[صادر]]>0,report[[#This Row],[وارد]]>0),\"يحسب\",\"\")","v":"يحسب"}]
[null,null,"",{"$f":"IF(C531<>\"\",SUMIFS(add[الكمية المضافة],add[اسم الصنف],'Report'!$G$5,add[مخزن الإضافة],'Report'!$C$3,add[تاريخ الإذن],'Report'!C531),\"\")","v":""},{"$f":"IF(C531<>\"\",SUMIFS(low[الكميه المنصرفه],low[اسم الصنف],'Report'!$G$5,low[مخزن الصرف],'Report'!$C$3,low[تاريخ الإذن],'Report'!C531),\"\")","v":""},"",null,{"$f":"IF( OR(report[[#This Row],[صادر]]>0,report[[#This Row],[وارد]]>0),\"يحسب\",\"\")","v":"يحسب"}]
[null,null,"",{"$f":"IF(C532<>\"\",SUMIFS(add[الكمية المضافة],add[اسم الصنف],'Report'!$G$5,add[مخزن الإضافة],'Report'!$C$3,add[تاريخ الإذن],'Report'!C532),\"\")","v":""},{"$f":"IF(C532<>\"\",SUMIFS(low[الكميه المنصرفه],low[اسم الصنف],'Report'!$G$5,low[مخزن الصرف],'Report'!$C$3,low[تاريخ الإذن],'Report'!C532),\"\")","v":""},"",null,{"$f":"IF( OR(report[[#This Row],[صادر]]>0,report[[#This Row],[وارد]]>0),\"يحسب\",\"\")","v":"يحسب"}]
[null,null,"",{"$f":"IF(C533<>\"\",SUMIFS(add[الكمية المضافة],add[اسم الصنف],'Report'!$G$5,add[مخزن الإضافة],'Report'!$C$3,add[تاريخ الإذن],'Report'!C533),\"\")","v":""},{"$f":"IF(C533<>\"\",SUMIFS(low[الكميه المنصرفه],low[اسم الصنف],'Report'!$G$5,low[مخزن الصرف],'Report'!$C$3,low[تاريخ الإذن],'Report'!C533),\"\")","v":""},"",null,{"$f":"IF( OR(report[[#This Row],[صادر]]>0,report[[#This Row],[وارد]]>0),\"يحسب\",\"\")","v":"يحسب"}]
[null,null,"",{"$f":"IF(C534<>\"\",SUMIFS(add[الكمية المضافة],add[اسم الصنف],'Report'!$G$5,add[مخزن الإضافة],'Report'!$C$3,add[تاريخ الإذن],'Report'!C534),\"\")","v":""},{"$f":"IF(C534<>\"\",SUMIFS(low[الكميه المنصرفه],low[اسم الصنف],'Report'!$G$5,low[مخزن الصرف],'Report'!$C$3,low[تاريخ الإذن],'Report'!C534),\"\")","v":""},"",null,{"$f":"IF( OR(report[[#This Row],[صادر]]>0,report[[#This Row],[وارد]]>0),\"يحسب\",\"\")","v":"يحسب"}]
[null,null,"",{"$f":"IF(C535<>\"\",SUMIFS(add[الكمية المضافة],add[اسم الصنف],'Report'!$G$5,add[مخزن الإضافة],'Report'!$C$3,add[تاريخ الإذن],'Report'!C535),\"\")","v":""},{"$f":"IF(C535<>\"\",SUMIFS(low[الكميه المنصرفه],low[اسم الصنف],'Report'!$G$5,low[مخزن الصرف],'Report'!$C$3,low[تاريخ الإذن],'Report'!C535),\"\")","v":""},"",null,{"$f":"IF( OR(report[[#This Row],[صادر]]>0,report[[#This Row],[وارد]]>0),\"يحسب\",\"\")","v":"يحسب"}]
[null,null,"",{"$f":"IF(C536<>\"\",SUMIFS(add[الكمية المضافة],add[اسم الصنف],'Report'!$G$5,add[مخزن الإضافة],'Report'!$C$3,add[تاريخ الإذن],'Report'!C536),\"\")","v":""},{"$f":"IF(C536<>\"\",SUMIFS(low[الكميه المنصرفه],low[اسم الصنف],'Report'!$G$5,low[مخزن الصرف],'Report'!$C$3,low[تاريخ الإذن],'Report'!C536),\"\")","v":""},"",null,{"$f":"IF( OR(report[[#This Row],[صادر]]>0,report[[#This Row],[وارد]]>0),\"يحسب\",\"\")","v":"يحسب"}]
[null,null,"",{"$f":"IF(C537<>\"\",SUMIFS(add[الكمية المضافة],add[اسم الصنف],'Report'!$G$5,add[مخزن الإضافة],'Report'!$C$3,add[تاريخ الإذن],'Report'!C537),\"\")","v":""},{"$f":"IF(C537<>\"\",SUMIFS(low[الكميه المنصرفه],low[اسم الصنف],'Report'!$G$5,low[مخزن الصرف],'Report'!$C$3,low[تاريخ الإذن],'Report'!C537),\"\")","v":""},"",null,{"$f":"IF( OR(report[[#This Row],[صادر]]>0,report[[#This Row],[وارد]]>0),\"يحسب\",\"\")","v":"يحسب"}]
[null,null,"",{"$f":"IF(C538<>\"\",SUMIFS(add[الكمية المضافة],add[اسم الصنف],'Report'!$G$5,add[مخزن الإضافة],'Report'!$C$3,add[تاريخ الإذن],'Report'!C538),\"\")","v":""},{"$f":"IF(C538<>\"\",SUMIFS(low[الكميه المنصرفه],low[اسم الصنف],'Report'!$G$5,low[مخزن الصرف],'Report'!$C$3,low[تاريخ الإذن],'Report'!C538),\"\")","v":""},"",null,{"$f":"IF( OR(report[[#This Row],[صادر]]>0,report[[#This Row],[وارد]]>0),\"يحسب\",\"\")","v":"يحسب"}]
[null,null,"",{"$f":"IF(C539<>\"\",SUMIFS(add[الكمية المضافة],add[اسم الصنف],'Report'!$G$5,add[مخزن الإضافة],'Report'!$C$3,add[تاريخ الإذن],'Report'!C539),\"\")","v":""},{"$f":"IF(C539<>\"\",SUMIFS(low[الكميه المنصرفه],low[اسم الصنف],'Report'!$G$5,low[مخزن الصرف],'Report'!$C$3,low[تاريخ الإذن],'Report'!C539),\"\")","v":""},"",null,{"$f":"IF( OR(report[[#This Row],[صادر]]>0,report[[#This Row],[وارد]]>0),\"يحسب\",\"\")","v":"يحسب"}]
[null,null,"",{"$f":"IF(C540<>\"\",SUMIFS(add[الكمية المضافة],add[اسم الصنف],'Report'!$G$5,add[مخزن الإضافة],'Report'!$C$3,add[تاريخ الإذن],'Report'!C540),\"\")","v":""},{"$f":"IF(C540<>\"\",SUMIFS(low[الكميه المنصرفه],low[اسم الصنف],'Report'!$G$5,low[مخزن الصرف],'Report'!$C$3,low[تاريخ الإذن],'Report'!C540),\"\")","v":""},"",null,{"$f":"IF( OR(report[[#This Row],[صادر]]>0,report[[#This Row],[وارد]]>0),\"يحسب\",\"\")","v":"يحسب"}]
[null,null,"",{"$f":"IF(C541<>\"\",SUMIFS(add[الكمية المضافة],add[اسم الصنف],'Report'!$G$5,add[مخزن الإضافة],'Report'!$C$3,add[تاريخ الإذن],'Report'!C541),\"\")","v":""},{"$f":"IF(C541<>\"\",SUMIFS(low[الكميه المنصرفه],low[اسم الصنف],'Report'!$G$5,low[مخزن الصرف],'Report'!$C$3,low[تاريخ الإذن],'Report'!C541),\"\")","v":""},"",null,{"$f":"IF( OR(report[[#This Row],[صادر]]>0,report[[#This Row],[وارد]]>0),\"يحسب\",\"\")","v":"يحسب"}]
[null,null,"",{"$f":"IF(C542<>\"\",SUMIFS(add[الكمية المضافة],add[اسم الصنف],'Report'!$G$5,add[مخزن الإضافة],'Report'!$C$3,add[تاريخ الإذن],'Report'!C542),\"\")","v":""},{"$f":"IF(C542<>\"\",SUMIFS(low[الكميه المنصرفه],low[اسم الصنف],'Report'!$G$5,low[مخزن الصرف],'Report'!$C$3,low[تاريخ الإذن],'Report'!C542),\"\")","v":""},"",null,{"$f":"IF( OR(report[[#This Row],[صادر]]>0,report[[#This Row],[وارد]]>0),\"يحسب\",\"\")","v":"يحسب"}]
[null,null,"",{"$f":"IF(C543<>\"\",SUMIFS(add[الكمية المضافة],add[اسم الصنف],'Report'!$G$5,add[مخزن الإضافة],'Report'!$C$3,add[تاريخ الإذن],'Report'!C543),\"\")","v":""},{"$f":"IF(C543<>\"\",SUMIFS(low[الكميه المنصرفه],low[اسم الصنف],'Report'!$G$5,low[مخزن الصرف],'Report'!$C$3,low[تاريخ الإذن],'Report'!C543),\"\")","v":""},"",null,{"$f":"IF( OR(report[[#This Row],[صادر]]>0,report[[#This Row],[وارد]]>0),\"يحسب\",\"\")","v":"يحسب"}]
[null,null,"",{"$f":"IF(C544<>\"\",SUMIFS(add[الكمية المضافة],add[اسم الصنف],'Report'!$G$5,add[مخزن الإضافة],'Report'!$C$3,add[تاريخ الإذن],'Report'!C544),\"\")","v":""},{"$f":"IF(C544<>\"\",SUMIFS(low[الكميه المنصرفه],low[اسم الصنف],'Report'!$G$5,low[مخزن الصرف],'Report'!$C$3,low[تاريخ الإذن],'Report'!C544),\"\")","v":""},"",null,{"$f":"IF( OR(report[[#This Row],[صادر]]>0,report[[#This Row],[وارد]]>0),\"يحسب\",\"\")","v":"يحسب"}]
[null,null,"",{"$f":"IF(C545<>\"\",SUMIFS(add[الكمية المضافة],add[اسم الصنف],'Report'!$G$5,add[مخزن الإضافة],'Report'!$C$3,add[تاريخ الإذن],'Report'!C545),\"\")","v":""},{"$f":"IF(C545<>\"\",SUMIFS(low[الكميه المنصرفه],low[اسم الصنف],'Report'!$G$5,low[مخزن الصرف],'Report'!$C$3,low[تاريخ الإذن],'Report'!C545),\"\")","v":""},"",null,{"$f":"IF( OR(report[[#This Row],[صادر]]>0,report[[#This Row],[وارد]]>0),\"يحسب\",\"\")","v":"يحسب"}]
[null,null,"",{"$f":"IF(C546<>\"\",SUMIFS(add[الكمية المضافة],add[اسم الصنف],'Report'!$G$5,add[مخزن الإضافة],'Report'!$C$3,add[تاريخ الإذن],'Report'!C546),\"\")","v":""},{"$f":"IF(C546<>\"\",SUMIFS(low[الكميه المنصرفه],low[اسم الصنف],'Report'!$G$5,low[مخزن الصرف],'Report'!$C$3,low[تاريخ الإذن],'Report'!C546),\"\")","v":""},"",null,{"$f":"IF( OR(report[[#This Row],[صادر]]>0,report[[#This Row],[وارد]]>0),\"يحسب\",\"\")","v":"يحسب"}]
[null,null,"",{"$f":"IF(C547<>\"\",SUMIFS(add[الكمية المضافة],add[اسم الصنف],'Report'!$G$5,add[مخزن الإضافة],'Report'!$C$3,add[تاريخ الإذن],'Report'!C547),\"\")","v":""},{"$f":"IF(C547<>\"\",SUMIFS(low[الكميه المنصرفه],low[اسم الصنف],'Report'!$G$5,low[مخزن الصرف],'Report'!$C$3,low[تاريخ الإذن],'Report'!C547),\"\")","v":""},"",null,{"$f":"IF( OR(report[[#This Row],[صادر]]>0,report[[#This Row],[وارد]]>0),\"يحسب\",\"\")","v":"يحسب"}]
[null,null,"",{"$f":"IF(C548<>\"\",SUMIFS(add[الكمية المضافة],add[اسم الصنف],'Report'!$G$5,add[مخزن الإضافة],'Report'!$C$3,add[تاريخ الإذن],'Report'!C548),\"\")","v":""},{"$f":"IF(C548<>\"\",SUMIFS(low[الكميه المنصرفه],low[اسم الصنف],'Report'!$G$5,low[مخزن الصرف],'Report'!$C$3,low[تاريخ الإذن],'Report'!C548),\"\")","v":""},"",null,{"$f":"IF( OR(report[[#This Row],[صادر]]>0,report[[#This Row],[وارد]]>0),\"يحسب\",\"\")","v":"يحسب"}]
[null,null,"",{"$f":"IF(C549<>\"\",SUMIFS(add[الكمية المضافة],add[اسم الصنف],'Report'!$G$5,add[مخزن الإضافة],'Report'!$C$3,add[تاريخ الإذن],'Report'!C549),\"\")","v":""},{"$f":"IF(C549<>\"\",SUMIFS(low[الكميه المنصرفه],low[اسم الصنف],'Report'!$G$5,low[مخزن الصرف],'Report'!$C$3,low[تاريخ الإذن],'Report'!C549),\"\")","v":""},"",null,{"$f":"IF( OR(report[[#This Row],[صادر]]>0,report[[#This Row],[وارد]]>0),\"يحسب\",\"\")","v":"يحسب"}]
[null,null,"",{"$f":"IF(C550<>\"\",SUMIFS(add[الكمية المضافة],add[اسم الصنف],'Report'!$G$5,add[مخزن الإضافة],'Report'!$C$3,add[تاريخ الإذن],'Report'!C550),\"\")","v":""},{"$f":"IF(C550<>\"\",SUMIFS(low[الكميه المنصرفه],low[اسم الصنف],'Report'!$G$5,low[مخزن الصرف],'Report'!$C$3,low[تاريخ الإذن],'Report'!C550),\"\")","v":""},"",null,{"$f":"IF( OR(report[[#This Row],[صادر]]>0,report[[#This Row],[وارد]]>0),\"يحسب\",\"\")","v":"يحسب"}]
[null,null,"",{"$f":"IF(C551<>\"\",SUMIFS(add[الكمية المضافة],add[اسم الصنف],'Report'!$G$5,add[مخزن الإضافة],'Report'!$C$3,add[تاريخ الإذن],'Report'!C551),\"\")","v":""},{"$f":"IF(C551<>\"\",SUMIFS(low[الكميه المنصرفه],low[اسم الصنف],'Report'!$G$5,low[مخزن الصرف],'Report'!$C$3,low[تاريخ الإذن],'Report'!C551),\"\")","v":""},"",null,{"$f":"IF( OR(report[[#This Row],[صادر]]>0,report[[#This Row],[وارد]]>0),\"يحسب\",\"\")","v":"يحسب"}]
[null,null,"",{"$f":"IF(C552<>\"\",SUMIFS(add[الكمية المضافة],add[اسم الصنف],'Report'!$G$5,add[مخزن الإضافة],'Report'!$C$3,add[تاريخ الإذن],'Report'!C552),\"\")","v":""},{"$f":"IF(C552<>\"\",SUMIFS(low[الكميه المنصرفه],low[اسم الصنف],'Report'!$G$5,low[مخزن الصرف],'Report'!$C$3,low[تاريخ الإذن],'Report'!C552),\"\")","v":""},"",null,{"$f":"IF( OR(report[[#This Row],[صادر]]>0,report[[#This Row],[وارد]]>0),\"يحسب\",\"\")","v":"يحسب"}]
[null,null,"",{"$f":"IF(C553<>\"\",SUMIFS(add[الكمية المضافة],add[اسم الصنف],'Report'!$G$5,add[مخزن الإضافة],'Report'!$C$3,add[تاريخ الإذن],'Report'!C553),\"\")","v":""},{"$f":"IF(C553<>\"\",SUMIFS(low[الكميه المنصرفه],low[اسم الصنف],'Report'!$G$5,low[مخزن الصرف],'Report'!$C$3,low[تاريخ الإذن],'Report'!C553),\"\")","v":""},"",null,{"$f":"IF( OR(report[[#This Row],[صادر]]>0,report[[#This Row],[وارد]]>0),\"يحسب\",\"\")","v":"يحسب"}]
[null,null,"",{"$f":"IF(C554<>\"\",SUMIFS(add[الكمية المضافة],add[اسم الصنف],'Report'!$G$5,add[مخزن الإضافة],'Report'!$C$3,add[تاريخ الإذن],'Report'!C554),\"\")","v":""},{"$f":"IF(C554<>\"\",SUMIFS(low[الكميه المنصرفه],low[اسم الصنف],'Report'!$G$5,low[مخزن الصرف],'Report'!$C$3,low[تاريخ الإذن],'Report'!C554),\"\")","v":""},"",null,{"$f":"IF( OR(report[[#This Row],[صادر]]>0,report[[#This Row],[وارد]]>0),\"يحسب\",\"\")","v":"يحسب"}]
[null,null,"",{"$f":"IF(C555<>\"\",SUMIFS(add[الكمية المضافة],add[اسم الصنف],'Report'!$G$5,add[مخزن الإضافة],'Report'!$C$3,add[تاريخ الإذن],'Report'!C555),\"\")","v":""},{"$f":"IF(C555<>\"\",SUMIFS(low[الكميه المنصرفه],low[اسم الصنف],'Report'!$G$5,low[مخزن الصرف],'Report'!$C$3,low[تاريخ الإذن],'Report'!C555),\"\")","v":""},"",null,{"$f":"IF( OR(report[[#This Row],[صادر]]>0,report[[#This Row],[وارد]]>0),\"يحسب\",\"\")","v":"يحسب"}]
[null,null,"",{"$f":"IF(C556<>\"\",SUMIFS(add[الكمية المضافة],add[اسم الصنف],'Report'!$G$5,add[مخزن الإضافة],'Report'!$C$3,add[تاريخ الإذن],'Report'!C556),\"\")","v":""},{"$f":"IF(C556<>\"\",SUMIFS(low[الكميه المنصرفه],low[اسم الصنف],'Report'!$G$5,low[مخزن الصرف],'Report'!$C$3,low[تاريخ الإذن],'Report'!C556),\"\")","v":""},"",null,{"$f":"IF( OR(report[[#This Row],[صادر]]>0,report[[#This Row],[وارد]]>0),\"يحسب\",\"\")","v":"يحسب"}]
[null,null,"",{"$f":"IF(C557<>\"\",SUMIFS(add[الكمية المضافة],add[اسم الصنف],'Report'!$G$5,add[مخزن الإضافة],'Report'!$C$3,add[تاريخ الإذن],'Report'!C557),\"\")","v":""},{"$f":"IF(C557<>\"\",SUMIFS(low[الكميه المنصرفه],low[اسم الصنف],'Report'!$G$5,low[مخزن الصرف],'Report'!$C$3,low[تاريخ الإذن],'Report'!C557),\"\")","v":""},"",null,{"$f":"IF( OR(report[[#This Row],[صادر]]>0,report[[#This Row],[وارد]]>0),\"يحسب\",\"\")","v":"يحسب"}]
[null,null,"",{"$f":"IF(C558<>\"\",SUMIFS(add[الكمية المضافة],add[اسم الصنف],'Report'!$G$5,add[مخزن الإضافة],'Report'!$C$3,add[تاريخ الإذن],'Report'!C558),\"\")","v":""},{"$f":"IF(C558<>\"\",SUMIFS(low[الكميه المنصرفه],low[اسم الصنف],'Report'!$G$5,low[مخزن الصرف],'Report'!$C$3,low[تاريخ الإذن],'Report'!C558),\"\")","v":""},"",null,{"$f":"IF( OR(report[[#This Row],[صادر]]>0,report[[#This Row],[وارد]]>0),\"يحسب\",\"\")","v":"يحسب"}]
[null,null,"",{"$f":"IF(C559<>\"\",SUMIFS(add[الكمية المضافة],add[اسم الصنف],'Report'!$G$5,add[مخزن الإضافة],'Report'!$C$3,add[تاريخ الإذن],'Report'!C559),\"\")","v":""},{"$f":"IF(C559<>\"\",SUMIFS(low[الكميه المنصرفه],low[اسم الصنف],'Report'!$G$5,low[مخزن الصرف],'Report'!$C$3,low[تاريخ الإذن],'Report'!C559),\"\")","v":""},"",null,{"$f":"IF( OR(report[[#This Row],[صادر]]>0,report[[#This Row],[وارد]]>0),\"يحسب\",\"\")","v":"يحسب"}]
[null,null,"",{"$f":"IF(C560<>\"\",SUMIFS(add[الكمية المضافة],add[اسم الصنف],'Report'!$G$5,add[مخزن الإضافة],'Report'!$C$3,add[تاريخ الإذن],'Report'!C560),\"\")","v":""},{"$f":"IF(C560<>\"\",SUMIFS(low[الكميه المنصرفه],low[اسم الصنف],'Report'!$G$5,low[مخزن الصرف],'Report'!$C$3,low[تاريخ الإذن],'Report'!C560),\"\")","v":""},"",null,{"$f":"IF( OR(report[[#This Row],[صادر]]>0,report[[#This Row],[وارد]]>0),\"يحسب\",\"\")","v":"يحسب"}]
[null,null,"",{"$f":"IF(C561<>\"\",SUMIFS(add[الكمية المضافة],add[اسم الصنف],'Report'!$G$5,add[مخزن الإضافة],'Report'!$C$3,add[تاريخ الإذن],'Report'!C561),\"\")","v":""},{"$f":"IF(C561<>\"\",SUMIFS(low[الكميه المنصرفه],low[اسم الصنف],'Report'!$G$5,low[مخزن الصرف],'Report'!$C$3,low[تاريخ الإذن],'Report'!C561),\"\")","v":""},"",null,{"$f":"IF( OR(report[[#This Row],[صادر]]>0,report[[#This Row],[وارد]]>0),\"يحسب\",\"\")","v":"يحسب"}]
[null,null,"",{"$f":"IF(C562<>\"\",SUMIFS(add[الكمية المضافة],add[اسم الصنف],'Report'!$G$5,add[مخزن الإضافة],'Report'!$C$3,add[تاريخ الإذن],'Report'!C562),\"\")","v":""},{"$f":"IF(C562<>\"\",SUMIFS(low[الكميه المنصرفه],low[اسم الصنف],'Report'!$G$5,low[مخزن الصرف],'Report'!$C$3,low[تاريخ الإذن],'Report'!C562),\"\")","v":""},"",null,{"$f":"IF( OR(report[[#This Row],[صادر]]>0,report[[#This Row],[وارد]]>0),\"يحسب\",\"\")","v":"يحسب"}]
[null,null,"",{"$f":"IF(C563<>\"\",SUMIFS(add[الكمية المضافة],add[اسم الصنف],'Report'!$G$5,add[مخزن الإضافة],'Report'!$C$3,add[تاريخ الإذن],'Report'!C563),\"\")","v":""},{"$f":"IF(C563<>\"\",SUMIFS(low[الكميه المنصرفه],low[اسم الصنف],'Report'!$G$5,low[مخزن الصرف],'Report'!$C$3,low[تاريخ الإذن],'Report'!C563),\"\")","v":""},"",null,{"$f":"IF( OR(report[[#This Row],[صادر]]>0,report[[#This Row],[وارد]]>0),\"يحسب\",\"\")","v":"يحسب"}]
[null,null,"",{"$f":"IF(C564<>\"\",SUMIFS(add[الكمية المضافة],add[اسم الصنف],'Report'!$G$5,add[مخزن الإضافة],'Report'!$C$3,add[تاريخ الإذن],'Report'!C564),\"\")","v":""},{"$f":"IF(C564<>\"\",SUMIFS(low[الكميه المنصرفه],low[اسم الصنف],'Report'!$G$5,low[مخزن الصرف],'Report'!$C$3,low[تاريخ الإذن],'Report'!C564),\"\")","v":""},"",null,{"$f":"IF( OR(report[[#This Row],[صادر]]>0,report[[#This Row],[وارد]]>0),\"يحسب\",\"\")","v":"يحسب"}]
[null,null,"",{"$f":"IF(C565<>\"\",SUMIFS(add[الكمية المضافة],add[اسم الصنف],'Report'!$G$5,add[مخزن الإضافة],'Report'!$C$3,add[تاريخ الإذن],'Report'!C565),\"\")","v":""},{"$f":"IF(C565<>\"\",SUMIFS(low[الكميه المنصرفه],low[اسم الصنف],'Report'!$G$5,low[مخزن الصرف],'Report'!$C$3,low[تاريخ الإذن],'Report'!C565),\"\")","v":""},"",null,{"$f":"IF( OR(report[[#This Row],[صادر]]>0,report[[#This Row],[وارد]]>0),\"يحسب\",\"\")","v":"يحسب"}]
[null,null,"",{"$f":"IF(C566<>\"\",SUMIFS(add[الكمية المضافة],add[اسم الصنف],'Report'!$G$5,add[مخزن الإضافة],'Report'!$C$3,add[تاريخ الإذن],'Report'!C566),\"\")","v":""},{"$f":"IF(C566<>\"\",SUMIFS(low[الكميه المنصرفه],low[اسم الصنف],'Report'!$G$5,low[مخزن الصرف],'Report'!$C$3,low[تاريخ الإذن],'Report'!C566),\"\")","v":""},"",null,{"$f":"IF( OR(report[[#This Row],[صادر]]>0,report[[#This Row],[وارد]]>0),\"يحسب\",\"\")","v":"يحسب"}]
[null,null,"",{"$f":"IF(C567<>\"\",SUMIFS(add[الكمية المضافة],add[اسم الصنف],'Report'!$G$5,add[مخزن الإضافة],'Report'!$C$3,add[تاريخ الإذن],'Report'!C567),\"\")","v":""},{"$f":"IF(C567<>\"\",SUMIFS(low[الكميه المنصرفه],low[اسم الصنف],'Report'!$G$5,low[مخزن الصرف],'Report'!$C$3,low[تاريخ الإذن],'Report'!C567),\"\")","v":""},"",null,{"$f":"IF( OR(report[[#This Row],[صادر]]>0,report[[#This Row],[وارد]]>0),\"يحسب\",\"\")","v":"يحسب"}]
[null,null,"",{"$f":"IF(C568<>\"\",SUMIFS(add[الكمية المضافة],add[اسم الصنف],'Report'!$G$5,add[مخزن الإضافة],'Report'!$C$3,add[تاريخ الإذن],'Report'!C568),\"\")","v":""},{"$f":"IF(C568<>\"\",SUMIFS(low[الكميه المنصرفه],low[اسم الصنف],'Report'!$G$5,low[مخزن الصرف],'Report'!$C$3,low[تاريخ الإذن],'Report'!C568),\"\")","v":""},"",null,{"$f":"IF( OR(report[[#This Row],[صادر]]>0,report[[#This Row],[وارد]]>0),\"يحسب\",\"\")","v":"يحسب"}]
[null,null,"",{"$f":"IF(C569<>\"\",SUMIFS(add[الكمية المضافة],add[اسم الصنف],'Report'!$G$5,add[مخزن الإضافة],'Report'!$C$3,add[تاريخ الإذن],'Report'!C569),\"\")","v":""},{"$f":"IF(C569<>\"\",SUMIFS(low[الكميه المنصرفه],low[اسم الصنف],'Report'!$G$5,low[مخزن الصرف],'Report'!$C$3,low[تاريخ الإذن],'Report'!C569),\"\")","v":""},"",null,{"$f":"IF( OR(report[[#This Row],[صادر]]>0,report[[#This Row],[وارد]]>0),\"يحسب\",\"\")","v":"يحسب"}]
[null,null,"",{"$f":"IF(C570<>\"\",SUMIFS(add[الكمية المضافة],add[اسم الصنف],'Report'!$G$5,add[مخزن الإضافة],'Report'!$C$3,add[تاريخ الإذن],'Report'!C570),\"\")","v":""},{"$f":"IF(C570<>\"\",SUMIFS(low[الكميه المنصرفه],low[اسم الصنف],'Report'!$G$5,low[مخزن الصرف],'Report'!$C$3,low[تاريخ الإذن],'Report'!C570),\"\")","v":""},"",null,{"$f":"IF( OR(report[[#This Row],[صادر]]>0,report[[#This Row],[وارد]]>0),\"يحسب\",\"\")","v":"يحسب"}]
[null,null,"",{"$f":"IF(C571<>\"\",SUMIFS(add[الكمية المضافة],add[اسم الصنف],'Report'!$G$5,add[مخزن الإضافة],'Report'!$C$3,add[تاريخ الإذن],'Report'!C571),\"\")","v":""},{"$f":"IF(C571<>\"\",SUMIFS(low[الكميه المنصرفه],low[اسم الصنف],'Report'!$G$5,low[مخزن الصرف],'Report'!$C$3,low[تاريخ الإذن],'Report'!C571),\"\")","v":""},"",null,{"$f":"IF( OR(report[[#This Row],[صادر]]>0,report[[#This Row],[وارد]]>0),\"يحسب\",\"\")","v":"يحسب"}]
[null,null,"",{"$f":"IF(C572<>\"\",SUMIFS(add[الكمية المضافة],add[اسم الصنف],'Report'!$G$5,add[مخزن الإضافة],'Report'!$C$3,add[تاريخ الإذن],'Report'!C572),\"\")","v":""},{"$f":"IF(C572<>\"\",SUMIFS(low[الكميه المنصرفه],low[اسم الصنف],'Report'!$G$5,low[مخزن الصرف],'Report'!$C$3,low[تاريخ الإذن],'Report'!C572),\"\")","v":""},"",null,{"$f":"IF( OR(report[[#This Row],[صادر]]>0,report[[#This Row],[وارد]]>0),\"يحسب\",\"\")","v":"يحسب"}]
[null,null,"",{"$f":"IF(C573<>\"\",SUMIFS(add[الكمية المضافة],add[اسم الصنف],'Report'!$G$5,add[مخزن الإضافة],'Report'!$C$3,add[تاريخ الإذن],'Report'!C573),\"\")","v":""},{"$f":"IF(C573<>\"\",SUMIFS(low[الكميه المنصرفه],low[اسم الصنف],'Report'!$G$5,low[مخزن الصرف],'Report'!$C$3,low[تاريخ الإذن],'Report'!C573),\"\")","v":""},"",null,{"$f":"IF( OR(report[[#This Row],[صادر]]>0,report[[#This Row],[وارد]]>0),\"يحسب\",\"\")","v":"يحسب"}]
[null,null,"",{"$f":"IF(C574<>\"\",SUMIFS(add[الكمية المضافة],add[اسم الصنف],'Report'!$G$5,add[مخزن الإضافة],'Report'!$C$3,add[تاريخ الإذن],'Report'!C574),\"\")","v":""},{"$f":"IF(C574<>\"\",SUMIFS(low[الكميه المنصرفه],low[اسم الصنف],'Report'!$G$5,low[مخزن الصرف],'Report'!$C$3,low[تاريخ الإذن],'Report'!C574),\"\")","v":""},"",null,{"$f":"IF( OR(report[[#This Row],[صادر]]>0,report[[#This Row],[وارد]]>0),\"يحسب\",\"\")","v":"يحسب"}]
[null,null,"",{"$f":"IF(C575<>\"\",SUMIFS(add[الكمية المضافة],add[اسم الصنف],'Report'!$G$5,add[مخزن الإضافة],'Report'!$C$3,add[تاريخ الإذن],'Report'!C575),\"\")","v":""},{"$f":"IF(C575<>\"\",SUMIFS(low[الكميه المنصرفه],low[اسم الصنف],'Report'!$G$5,low[مخزن الصرف],'Report'!$C$3,low[تاريخ الإذن],'Report'!C575),\"\")","v":""},"",null,{"$f":"IF( OR(report[[#This Row],[صادر]]>0,report[[#This Row],[وارد]]>0),\"يحسب\",\"\")","v":"يحسب"}]
[null,null,"",{"$f":"IF(C576<>\"\",SUMIFS(add[الكمية المضافة],add[اسم الصنف],'Report'!$G$5,add[مخزن الإضافة],'Report'!$C$3,add[تاريخ الإذن],'Report'!C576),\"\")","v":""},{"$f":"IF(C576<>\"\",SUMIFS(low[الكميه المنصرفه],low[اسم الصنف],'Report'!$G$5,low[مخزن الصرف],'Report'!$C$3,low[تاريخ الإذن],'Report'!C576),\"\")","v":""},"",null,{"$f":"IF( OR(report[[#This Row],[صادر]]>0,report[[#This Row],[وارد]]>0),\"يحسب\",\"\")","v":"يحسب"}]
[null,null,"",{"$f":"IF(C577<>\"\",SUMIFS(add[الكمية المضافة],add[اسم الصنف],'Report'!$G$5,add[مخزن الإضافة],'Report'!$C$3,add[تاريخ الإذن],'Report'!C577),\"\")","v":""},{"$f":"IF(C577<>\"\",SUMIFS(low[الكميه المنصرفه],low[اسم الصنف],'Report'!$G$5,low[مخزن الصرف],'Report'!$C$3,low[تاريخ الإذن],'Report'!C577),\"\")","v":""},"",null,{"$f":"IF( OR(report[[#This Row],[صادر]]>0,report[[#This Row],[وارد]]>0),\"يحسب\",\"\")","v":"يحسب"}]
[null,null,"",{"$f":"IF(C578<>\"\",SUMIFS(add[الكمية المضافة],add[اسم الصنف],'Report'!$G$5,add[مخزن الإضافة],'Report'!$C$3,add[تاريخ الإذن],'Report'!C578),\"\")","v":""},{"$f":"IF(C578<>\"\",SUMIFS(low[الكميه المنصرفه],low[اسم الصنف],'Report'!$G$5,low[مخزن الصرف],'Report'!$C$3,low[تاريخ الإذن],'Report'!C578),\"\")","v":""},"",null,{"$f":"IF( OR(report[[#This Row],[صادر]]>0,report[[#This Row],[وارد]]>0),\"يحسب\",\"\")","v":"يحسب"}]
[null,null,"",{"$f":"IF(C579<>\"\",SUMIFS(add[الكمية المضافة],add[اسم الصنف],'Report'!$G$5,add[مخزن الإضافة],'Report'!$C$3,add[تاريخ الإذن],'Report'!C579),\"\")","v":""},{"$f":"IF(C579<>\"\",SUMIFS(low[الكميه المنصرفه],low[اسم الصنف],'Report'!$G$5,low[مخزن الصرف],'Report'!$C$3,low[تاريخ الإذن],'Report'!C579),\"\")","v":""},"",null,{"$f":"IF( OR(report[[#This Row],[صادر]]>0,report[[#This Row],[وارد]]>0),\"يحسب\",\"\")","v":"يحسب"}]
[null,null,"",{"$f":"IF(C580<>\"\",SUMIFS(add[الكمية المضافة],add[اسم الصنف],'Report'!$G$5,add[مخزن الإضافة],'Report'!$C$3,add[تاريخ الإذن],'Report'!C580),\"\")","v":""},{"$f":"IF(C580<>\"\",SUMIFS(low[الكميه المنصرفه],low[اسم الصنف],'Report'!$G$5,low[مخزن الصرف],'Report'!$C$3,low[تاريخ الإذن],'Report'!C580),\"\")","v":""},"",null,{"$f":"IF( OR(report[[#This Row],[صادر]]>0,report[[#This Row],[وارد]]>0),\"يحسب\",\"\")","v":"يحسب"}]
[null,null,"",{"$f":"IF(C581<>\"\",SUMIFS(add[الكمية المضافة],add[اسم الصنف],'Report'!$G$5,add[مخزن الإضافة],'Report'!$C$3,add[تاريخ الإذن],'Report'!C581),\"\")","v":""},{"$f":"IF(C581<>\"\",SUMIFS(low[الكميه المنصرفه],low[اسم الصنف],'Report'!$G$5,low[مخزن الصرف],'Report'!$C$3,low[تاريخ الإذن],'Report'!C581),\"\")","v":""},"",null,{"$f":"IF( OR(report[[#This Row],[صادر]]>0,report[[#This Row],[وارد]]>0),\"يحسب\",\"\")","v":"يحسب"}]
[null,null,"",{"$f":"IF(C582<>\"\",SUMIFS(add[الكمية المضافة],add[اسم الصنف],'Report'!$G$5,add[مخزن الإضافة],'Report'!$C$3,add[تاريخ الإذن],'Report'!C582),\"\")","v":""},{"$f":"IF(C582<>\"\",SUMIFS(low[الكميه المنصرفه],low[اسم الصنف],'Report'!$G$5,low[مخزن الصرف],'Report'!$C$3,low[تاريخ الإذن],'Report'!C582),\"\")","v":""},"",null,{"$f":"IF( OR(report[[#This Row],[صادر]]>0,report[[#This Row],[وارد]]>0),\"يحسب\",\"\")","v":"يحسب"}]
[null,null,"",{"$f":"IF(C583<>\"\",SUMIFS(add[الكمية المضافة],add[اسم الصنف],'Report'!$G$5,add[مخزن الإضافة],'Report'!$C$3,add[تاريخ الإذن],'Report'!C583),\"\")","v":""},{"$f":"IF(C583<>\"\",SUMIFS(low[الكميه المنصرفه],low[اسم الصنف],'Report'!$G$5,low[مخزن الصرف],'Report'!$C$3,low[تاريخ الإذن],'Report'!C583),\"\")","v":""},{"$f":"IFERROR(IF(C583<>\"\",F582+D583-E583,\"\"),\"\")","v":""},null,{"$f":"IF( OR(report[[#This Row],[صادر]]>0,report[[#This Row],[وارد]]>0),\"يحسب\",\"\")","v":"يحسب"}]
[null,null,"",{"$f":"IF(C584<>\"\",SUMIFS(add[الكمية المضافة],add[اسم الصنف],'Report'!$G$5,add[مخزن الإضافة],'Report'!$C$3,add[تاريخ الإذن],'Report'!C584),\"\")","v":""},{"$f":"IF(C584<>\"\",SUMIFS(low[الكميه المنصرفه],low[اسم الصنف],'Report'!$G$5,low[مخزن الصرف],'Report'!$C$3,low[تاريخ الإذن],'Report'!C584),\"\")","v":""},"",null,{"$f":"IF( OR(report[[#This Row],[صادر]]>0,report[[#This Row],[وارد]]>0),\"يحسب\",\"\")","v":"يحسب"}]
[null,null,"",{"$f":"IF(C585<>\"\",SUMIFS(add[الكمية المضافة],add[اسم الصنف],'Report'!$G$5,add[مخزن الإضافة],'Report'!$C$3,add[تاريخ الإذن],'Report'!C585),\"\")","v":""},{"$f":"IF(C585<>\"\",SUMIFS(low[الكميه المنصرفه],low[اسم الصنف],'Report'!$G$5,low[مخزن الصرف],'Report'!$C$3,low[تاريخ الإذن],'Report'!C585),\"\")","v":""},"",null,{"$f":"IF( OR(report[[#This Row],[صادر]]>0,report[[#This Row],[وارد]]>0),\"يحسب\",\"\")","v":"يحسب"}]
[null,null,"",{"$f":"IF(C586<>\"\",SUMIFS(add[الكمية المضافة],add[اسم الصنف],'Report'!$G$5,add[مخزن الإضافة],'Report'!$C$3,add[تاريخ الإذن],'Report'!C586),\"\")","v":""},{"$f":"IF(C586<>\"\",SUMIFS(low[الكميه المنصرفه],low[اسم الصنف],'Report'!$G$5,low[مخزن الصرف],'Report'!$C$3,low[تاريخ الإذن],'Report'!C586),\"\")","v":""},"",null,{"$f":"IF( OR(report[[#This Row],[صادر]]>0,report[[#This Row],[وارد]]>0),\"يحسب\",\"\")","v":"يحسب"}]
[null,null,"",{"$f":"IF(C587<>\"\",SUMIFS(add[الكمية المضافة],add[اسم الصنف],'Report'!$G$5,add[مخزن الإضافة],'Report'!$C$3,add[تاريخ الإذن],'Report'!C587),\"\")","v":""},{"$f":"IF(C587<>\"\",SUMIFS(low[الكميه المنصرفه],low[اسم الصنف],'Report'!$G$5,low[مخزن الصرف],'Report'!$C$3,low[تاريخ الإذن],'Report'!C587),\"\")","v":""},"",null,{"$f":"IF( OR(report[[#This Row],[صادر]]>0,report[[#This Row],[وارد]]>0),\"يحسب\",\"\")","v":"يحسب"}]
[null,null,"",{"$f":"IF(C588<>\"\",SUMIFS(add[الكمية المضافة],add[اسم الصنف],'Report'!$G$5,add[مخزن الإضافة],'Report'!$C$3,add[تاريخ الإذن],'Report'!C588),\"\")","v":""},{"$f":"IF(C588<>\"\",SUMIFS(low[الكميه المنصرفه],low[اسم الصنف],'Report'!$G$5,low[مخزن الصرف],'Report'!$C$3,low[تاريخ الإذن],'Report'!C588),\"\")","v":""},"",null,{"$f":"IF( OR(report[[#This Row],[صادر]]>0,report[[#This Row],[وارد]]>0),\"يحسب\",\"\")","v":"يحسب"}]
[null,null,"",{"$f":"IF(C589<>\"\",SUMIFS(add[الكمية المضافة],add[اسم الصنف],'Report'!$G$5,add[مخزن الإضافة],'Report'!$C$3,add[تاريخ الإذن],'Report'!C589),\"\")","v":""},{"$f":"IF(C589<>\"\",SUMIFS(low[الكميه المنصرفه],low[اسم الصنف],'Report'!$G$5,low[مخزن الصرف],'Report'!$C$3,low[تاريخ الإذن],'Report'!C589),\"\")","v":""},"",null,{"$f":"IF( OR(report[[#This Row],[صادر]]>0,report[[#This Row],[وارد]]>0),\"يحسب\",\"\")","v":"يحسب"}]
[null,null,"",{"$f":"IF(C590<>\"\",SUMIFS(add[الكمية المضافة],add[اسم الصنف],'Report'!$G$5,add[مخزن الإضافة],'Report'!$C$3,add[تاريخ الإذن],'Report'!C590),\"\")","v":""},{"$f":"IF(C590<>\"\",SUMIFS(low[الكميه المنصرفه],low[اسم الصنف],'Report'!$G$5,low[مخزن الصرف],'Report'!$C$3,low[تاريخ الإذن],'Report'!C590),\"\")","v":""},"",null,{"$f":"IF( OR(report[[#This Row],[صادر]]>0,report[[#This Row],[وارد]]>0),\"يحسب\",\"\")","v":"يحسب"}]
[null,null,"",{"$f":"IF(C591<>\"\",SUMIFS(add[الكمية المضافة],add[اسم الصنف],'Report'!$G$5,add[مخزن الإضافة],'Report'!$C$3,add[تاريخ الإذن],'Report'!C591),\"\")","v":""},{"$f":"IF(C591<>\"\",SUMIFS(low[الكميه المنصرفه],low[اسم الصنف],'Report'!$G$5,low[مخزن الصرف],'Report'!$C$3,low[تاريخ الإذن],'Report'!C591),\"\")","v":""},"",null,{"$f":"IF( OR(report[[#This Row],[صادر]]>0,report[[#This Row],[وارد]]>0),\"يحسب\",\"\")","v":"يحسب"}]
[null,null,{"$f":"IFERROR(IF(C591+1<=$C$7,C591+1,\"\"),\"\")","v":""},{"$f":"IF(C592<>\"\",SUMIFS(add[الكمية المضافة],add[اسم الصنف],'Report'!$G$5,add[مخزن الإضافة],'Report'!$C$3,add[تاريخ الإذن],'Report'!C592),\"\")","v":""},{"$f":"IF(C592<>\"\",SUMIFS(low[الكميه المنصرفه],low[اسم الصنف],'Report'!$G$5,low[مخزن الصرف],'Report'!$C$3,low[تاريخ الإذن],'Report'!C592),\"\")","v":""},"",null,{"$f":"IF( OR(report[[#This Row],[صادر]]>0,report[[#This Row],[وارد]]>0),\"يحسب\",\"\")","v":"يحسب"}]
[null,null,"",{"$f":"IF(C593<>\"\",SUMIFS(add[الكمية المضافة],add[اسم الصنف],'Report'!$G$5,add[مخزن الإضافة],'Report'!$C$3,add[تاريخ الإذن],'Report'!C593),\"\")","v":""},{"$f":"IF(C593<>\"\",SUMIFS(low[الكميه المنصرفه],low[اسم الصنف],'Report'!$G$5,low[مخزن الصرف],'Report'!$C$3,low[تاريخ الإذن],'Report'!C593),\"\")","v":""},"",null,{"$f":"IF( OR(report[[#This Row],[صادر]]>0,report[[#This Row],[وارد]]>0),\"يحسب\",\"\")","v":"يحسب"}]
[null,null,"",{"$f":"IF(C594<>\"\",SUMIFS(add[الكمية المضافة],add[اسم الصنف],'Report'!$G$5,add[مخزن الإضافة],'Report'!$C$3,add[تاريخ الإذن],'Report'!C594),\"\")","v":""},{"$f":"IF(C594<>\"\",SUMIFS(low[الكميه المنصرفه],low[اسم الصنف],'Report'!$G$5,low[مخزن الصرف],'Report'!$C$3,low[تاريخ الإذن],'Report'!C594),\"\")","v":""},"",null,{"$f":"IF( OR(report[[#This Row],[صادر]]>0,report[[#This Row],[وارد]]>0),\"يحسب\",\"\")","v":"يحسب"}]
[null,null,"",{"$f":"IF(C595<>\"\",SUMIFS(add[الكمية المضافة],add[اسم الصنف],'Report'!$G$5,add[مخزن الإضافة],'Report'!$C$3,add[تاريخ الإذن],'Report'!C595),\"\")","v":""},{"$f":"IF(C595<>\"\",SUMIFS(low[الكميه المنصرفه],low[اسم الصنف],'Report'!$G$5,low[مخزن الصرف],'Report'!$C$3,low[تاريخ الإذن],'Report'!C595),\"\")","v":""},"",null,{"$f":"IF( OR(report[[#This Row],[صادر]]>0,report[[#This Row],[وارد]]>0),\"يحسب\",\"\")","v":"يحسب"}]
[null,null,"",{"$f":"IF(C596<>\"\",SUMIFS(add[الكمية المضافة],add[اسم الصنف],'Report'!$G$5,add[مخزن الإضافة],'Report'!$C$3,add[تاريخ الإذن],'Report'!C596),\"\")","v":""},{"$f":"IF(C596<>\"\",SUMIFS(low[الكميه المنصرفه],low[اسم الصنف],'Report'!$G$5,low[مخزن الصرف],'Report'!$C$3,low[تاريخ الإذن],'Report'!C596),\"\")","v":""},"",null,{"$f":"IF( OR(report[[#This Row],[صادر]]>0,report[[#This Row],[وارد]]>0),\"يحسب\",\"\")","v":"يحسب"}]
[null,null,"",{"$f":"IF(C597<>\"\",SUMIFS(add[الكمية المضافة],add[اسم الصنف],'Report'!$G$5,add[مخزن الإضافة],'Report'!$C$3,add[تاريخ الإذن],'Report'!C597),\"\")","v":""},{"$f":"IF(C597<>\"\",SUMIFS(low[الكميه المنصرفه],low[اسم الصنف],'Report'!$G$5,low[مخزن الصرف],'Report'!$C$3,low[تاريخ الإذن],'Report'!C597),\"\")","v":""},"",null,{"$f":"IF( OR(report[[#This Row],[صادر]]>0,report[[#This Row],[وارد]]>0),\"يحسب\",\"\")","v":"يحسب"}]
[null,null,"",{"$f":"IF(C598<>\"\",SUMIFS(add[الكمية المضافة],add[اسم الصنف],'Report'!$G$5,add[مخزن الإضافة],'Report'!$C$3,add[تاريخ الإذن],'Report'!C598),\"\")","v":""},{"$f":"IF(C598<>\"\",SUMIFS(low[الكميه المنصرفه],low[اسم الصنف],'Report'!$G$5,low[مخزن الصرف],'Report'!$C$3,low[تاريخ الإذن],'Report'!C598),\"\")","v":""},"",null,{"$f":"IF( OR(report[[#This Row],[صادر]]>0,report[[#This Row],[وارد]]>0),\"يحسب\",\"\")","v":"يحسب"}]
[null,null,"",{"$f":"IF(C599<>\"\",SUMIFS(add[الكمية المضافة],add[اسم الصنف],'Report'!$G$5,add[مخزن الإضافة],'Report'!$C$3,add[تاريخ الإذن],'Report'!C599),\"\")","v":""},{"$f":"IF(C599<>\"\",SUMIFS(low[الكميه المنصرفه],low[اسم الصنف],'Report'!$G$5,low[مخزن الصرف],'Report'!$C$3,low[تاريخ الإذن],'Report'!C599),\"\")","v":""},"",null,{"$f":"IF( OR(report[[#This Row],[صادر]]>0,report[[#This Row],[وارد]]>0),\"يحسب\",\"\")","v":"يحسب"}]
[null,null,"",{"$f":"IF(C600<>\"\",SUMIFS(add[الكمية المضافة],add[اسم الصنف],'Report'!$G$5,add[مخزن الإضافة],'Report'!$C$3,add[تاريخ الإذن],'Report'!C600),\"\")","v":""},{"$f":"IF(C600<>\"\",SUMIFS(low[الكميه المنصرفه],low[اسم الصنف],'Report'!$G$5,low[مخزن الصرف],'Report'!$C$3,low[تاريخ الإذن],'Report'!C600),\"\")","v":""},"",null,{"$f":"IF( OR(report[[#This Row],[صادر]]>0,report[[#This Row],[وارد]]>0),\"يحسب\",\"\")","v":"يحسب"}]
[null,null,"",{"$f":"IF(C601<>\"\",SUMIFS(add[الكمية المضافة],add[اسم الصنف],'Report'!$G$5,add[مخزن الإضافة],'Report'!$C$3,add[تاريخ الإذن],'Report'!C601),\"\")","v":""},{"$f":"IF(C601<>\"\",SUMIFS(low[الكميه المنصرفه],low[اسم الصنف],'Report'!$G$5,low[مخزن الصرف],'Report'!$C$3,low[تاريخ الإذن],'Report'!C601),\"\")","v":""},"",null,{"$f":"IF( OR(report[[#This Row],[صادر]]>0,report[[#This Row],[وارد]]>0),\"يحسب\",\"\")","v":"يحسب"}]
[null,null,"",{"$f":"IF(C602<>\"\",SUMIFS(add[الكمية المضافة],add[اسم الصنف],'Report'!$G$5,add[مخزن الإضافة],'Report'!$C$3,add[تاريخ الإذن],'Report'!C602),\"\")","v":""},{"$f":"IF(C602<>\"\",SUMIFS(low[الكميه المنصرفه],low[اسم الصنف],'Report'!$G$5,low[مخزن الصرف],'Report'!$C$3,low[تاريخ الإذن],'Report'!C602),\"\")","v":""},"",null,{"$f":"IF( OR(report[[#This Row],[صادر]]>0,report[[#This Row],[وارد]]>0),\"يحسب\",\"\")","v":"يحسب"}]
[null,null,"",{"$f":"IF(C603<>\"\",SUMIFS(add[الكمية المضافة],add[اسم الصنف],'Report'!$G$5,add[مخزن الإضافة],'Report'!$C$3,add[تاريخ الإذن],'Report'!C603),\"\")","v":""},{"$f":"IF(C603<>\"\",SUMIFS(low[الكميه المنصرفه],low[اسم الصنف],'Report'!$G$5,low[مخزن الصرف],'Report'!$C$3,low[تاريخ الإذن],'Report'!C603),\"\")","v":""},"",null,{"$f":"IF( OR(report[[#This Row],[صادر]]>0,report[[#This Row],[وارد]]>0),\"يحسب\",\"\")","v":"يحسب"}]
[null,null,"",{"$f":"IF(C604<>\"\",SUMIFS(add[الكمية المضافة],add[اسم الصنف],'Report'!$G$5,add[مخزن الإضافة],'Report'!$C$3,add[تاريخ الإذن],'Report'!C604),\"\")","v":""},{"$f":"IF(C604<>\"\",SUMIFS(low[الكميه المنصرفه],low[اسم الصنف],'Report'!$G$5,low[مخزن الصرف],'Report'!$C$3,low[تاريخ الإذن],'Report'!C604),\"\")","v":""},"",null,{"$f":"IF( OR(report[[#This Row],[صادر]]>0,report[[#This Row],[وارد]]>0),\"يحسب\",\"\")","v":"يحسب"}]
[null,null,"",{"$f":"IF(C605<>\"\",SUMIFS(add[الكمية المضافة],add[اسم الصنف],'Report'!$G$5,add[مخزن الإضافة],'Report'!$C$3,add[تاريخ الإذن],'Report'!C605),\"\")","v":""},{"$f":"IF(C605<>\"\",SUMIFS(low[الكميه المنصرفه],low[اسم الصنف],'Report'!$G$5,low[مخزن الصرف],'Report'!$C$3,low[تاريخ الإذن],'Report'!C605),\"\")","v":""},"",null,{"$f":"IF( OR(report[[#This Row],[صادر]]>0,report[[#This Row],[وارد]]>0),\"يحسب\",\"\")","v":"يحسب"}]
[null,null,"",{"$f":"IF(C606<>\"\",SUMIFS(add[الكمية المضافة],add[اسم الصنف],'Report'!$G$5,add[مخزن الإضافة],'Report'!$C$3,add[تاريخ الإذن],'Report'!C606),\"\")","v":""},{"$f":"IF(C606<>\"\",SUMIFS(low[الكميه المنصرفه],low[اسم الصنف],'Report'!$G$5,low[مخزن الصرف],'Report'!$C$3,low[تاريخ الإذن],'Report'!C606),\"\")","v":""},"",null,{"$f":"IF( OR(report[[#This Row],[صادر]]>0,report[[#This Row],[وارد]]>0),\"يحسب\",\"\")","v":"يحسب"}]
[null,null,"",{"$f":"IF(C607<>\"\",SUMIFS(add[الكمية المضافة],add[اسم الصنف],'Report'!$G$5,add[مخزن الإضافة],'Report'!$C$3,add[تاريخ الإذن],'Report'!C607),\"\")","v":""},{"$f":"IF(C607<>\"\",SUMIFS(low[الكميه المنصرفه],low[اسم الصنف],'Report'!$G$5,low[مخزن الصرف],'Report'!$C$3,low[تاريخ الإذن],'Report'!C607),\"\")","v":""},"",null,{"$f":"IF( OR(report[[#This Row],[صادر]]>0,report[[#This Row],[وارد]]>0),\"يحسب\",\"\")","v":"يحسب"}]
[null,null,"",{"$f":"IF(C608<>\"\",SUMIFS(add[الكمية المضافة],add[اسم الصنف],'Report'!$G$5,add[مخزن الإضافة],'Report'!$C$3,add[تاريخ الإذن],'Report'!C608),\"\")","v":""},{"$f":"IF(C608<>\"\",SUMIFS(low[الكميه المنصرفه],low[اسم الصنف],'Report'!$G$5,low[مخزن الصرف],'Report'!$C$3,low[تاريخ الإذن],'Report'!C608),\"\")","v":""},"",null,{"$f":"IF( OR(report[[#This Row],[صادر]]>0,report[[#This Row],[وارد]]>0),\"يحسب\",\"\")","v":"يحسب"}]
[null,null,"",{"$f":"IF(C609<>\"\",SUMIFS(add[الكمية المضافة],add[اسم الصنف],'Report'!$G$5,add[مخزن الإضافة],'Report'!$C$3,add[تاريخ الإذن],'Report'!C609),\"\")","v":""},{"$f":"IF(C609<>\"\",SUMIFS(low[الكميه المنصرفه],low[اسم الصنف],'Report'!$G$5,low[مخزن الصرف],'Report'!$C$3,low[تاريخ الإذن],'Report'!C609),\"\")","v":""},"",null,{"$f":"IF( OR(report[[#This Row],[صادر]]>0,report[[#This Row],[وارد]]>0),\"يحسب\",\"\")","v":"يحسب"}]
[null,null,"",{"$f":"IF(C610<>\"\",SUMIFS(add[الكمية المضافة],add[اسم الصنف],'Report'!$G$5,add[مخزن الإضافة],'Report'!$C$3,add[تاريخ الإذن],'Report'!C610),\"\")","v":""},{"$f":"IF(C610<>\"\",SUMIFS(low[الكميه المنصرفه],low[اسم الصنف],'Report'!$G$5,low[مخزن الصرف],'Report'!$C$3,low[تاريخ الإذن],'Report'!C610),\"\")","v":""},"",null,{"$f":"IF( OR(report[[#This Row],[صادر]]>0,report[[#This Row],[وارد]]>0),\"يحسب\",\"\")","v":"يحسب"}]
[null,null,"",{"$f":"IF(C611<>\"\",SUMIFS(add[الكمية المضافة],add[اسم الصنف],'Report'!$G$5,add[مخزن الإضافة],'Report'!$C$3,add[تاريخ الإذن],'Report'!C611),\"\")","v":""},{"$f":"IF(C611<>\"\",SUMIFS(low[الكميه المنصرفه],low[اسم الصنف],'Report'!$G$5,low[مخزن الصرف],'Report'!$C$3,low[تاريخ الإذن],'Report'!C611),\"\")","v":""},"",null,{"$f":"IF( OR(report[[#This Row],[صادر]]>0,report[[#This Row],[وارد]]>0),\"يحسب\",\"\")","v":"يحسب"}]
[null,null,"",{"$f":"IF(C612<>\"\",SUMIFS(add[الكمية المضافة],add[اسم الصنف],'Report'!$G$5,add[مخزن الإضافة],'Report'!$C$3,add[تاريخ الإذن],'Report'!C612),\"\")","v":""},{"$f":"IF(C612<>\"\",SUMIFS(low[الكميه المنصرفه],low[اسم الصنف],'Report'!$G$5,low[مخزن الصرف],'Report'!$C$3,low[تاريخ الإذن],'Report'!C612),\"\")","v":""},"",null,{"$f":"IF( OR(report[[#This Row],[صادر]]>0,report[[#This Row],[وارد]]>0),\"يحسب\",\"\")","v":"يحسب"}]
[null,null,"",{"$f":"IF(C613<>\"\",SUMIFS(add[الكمية المضافة],add[اسم الصنف],'Report'!$G$5,add[مخزن الإضافة],'Report'!$C$3,add[تاريخ الإذن],'Report'!C613),\"\")","v":""},{"$f":"IF(C613<>\"\",SUMIFS(low[الكميه المنصرفه],low[اسم الصنف],'Report'!$G$5,low[مخزن الصرف],'Report'!$C$3,low[تاريخ الإذن],'Report'!C613),\"\")","v":""},"",null,{"$f":"IF( OR(report[[#This Row],[صادر]]>0,report[[#This Row],[وارد]]>0),\"يحسب\",\"\")","v":"يحسب"}]
[null,null,"",{"$f":"IF(C614<>\"\",SUMIFS(add[الكمية المضافة],add[اسم الصنف],'Report'!$G$5,add[مخزن الإضافة],'Report'!$C$3,add[تاريخ الإذن],'Report'!C614),\"\")","v":""},{"$f":"IF(C614<>\"\",SUMIFS(low[الكميه المنصرفه],low[اسم الصنف],'Report'!$G$5,low[مخزن الصرف],'Report'!$C$3,low[تاريخ الإذن],'Report'!C614),\"\")","v":""},"",null,{"$f":"IF( OR(report[[#This Row],[صادر]]>0,report[[#This Row],[وارد]]>0),\"يحسب\",\"\")","v":"يحسب"}]
[null,null,"",{"$f":"IF(C615<>\"\",SUMIFS(add[الكمية المضافة],add[اسم الصنف],'Report'!$G$5,add[مخزن الإضافة],'Report'!$C$3,add[تاريخ الإذن],'Report'!C615),\"\")","v":""},{"$f":"IF(C615<>\"\",SUMIFS(low[الكميه المنصرفه],low[اسم الصنف],'Report'!$G$5,low[مخزن الصرف],'Report'!$C$3,low[تاريخ الإذن],'Report'!C615),\"\")","v":""},"",null,{"$f":"IF( OR(report[[#This Row],[صادر]]>0,report[[#This Row],[وارد]]>0),\"يحسب\",\"\")","v":"يحسب"}]
[null,null,"",{"$f":"IF(C616<>\"\",SUMIFS(add[الكمية المضافة],add[اسم الصنف],'Report'!$G$5,add[مخزن الإضافة],'Report'!$C$3,add[تاريخ الإذن],'Report'!C616),\"\")","v":""},{"$f":"IF(C616<>\"\",SUMIFS(low[الكميه المنصرفه],low[اسم الصنف],'Report'!$G$5,low[مخزن الصرف],'Report'!$C$3,low[تاريخ الإذن],'Report'!C616),\"\")","v":""},"",null,{"$f":"IF( OR(report[[#This Row],[صادر]]>0,report[[#This Row],[وارد]]>0),\"يحسب\",\"\")","v":"يحسب"}]
[null,null,"",{"$f":"IF(C617<>\"\",SUMIFS(add[الكمية المضافة],add[اسم الصنف],'Report'!$G$5,add[مخزن الإضافة],'Report'!$C$3,add[تاريخ الإذن],'Report'!C617),\"\")","v":""},{"$f":"IF(C617<>\"\",SUMIFS(low[الكميه المنصرفه],low[اسم الصنف],'Report'!$G$5,low[مخزن الصرف],'Report'!$C$3,low[تاريخ الإذن],'Report'!C617),\"\")","v":""},"",null,{"$f":"IF( OR(report[[#This Row],[صادر]]>0,report[[#This Row],[وارد]]>0),\"يحسب\",\"\")","v":"يحسب"}]
[null,null,"",{"$f":"IF(C618<>\"\",SUMIFS(add[الكمية المضافة],add[اسم الصنف],'Report'!$G$5,add[مخزن الإضافة],'Report'!$C$3,add[تاريخ الإذن],'Report'!C618),\"\")","v":""},{"$f":"IF(C618<>\"\",SUMIFS(low[الكميه المنصرفه],low[اسم الصنف],'Report'!$G$5,low[مخزن الصرف],'Report'!$C$3,low[تاريخ الإذن],'Report'!C618),\"\")","v":""},"",null,{"$f":"IF( OR(report[[#This Row],[صادر]]>0,report[[#This Row],[وارد]]>0),\"يحسب\",\"\")","v":"يحسب"}]
[null,null,"",{"$f":"IF(C619<>\"\",SUMIFS(add[الكمية المضافة],add[اسم الصنف],'Report'!$G$5,add[مخزن الإضافة],'Report'!$C$3,add[تاريخ الإذن],'Report'!C619),\"\")","v":""},{"$f":"IF(C619<>\"\",SUMIFS(low[الكميه المنصرفه],low[اسم الصنف],'Report'!$G$5,low[مخزن الصرف],'Report'!$C$3,low[تاريخ الإذن],'Report'!C619),\"\")","v":""},"",null,{"$f":"IF( OR(report[[#This Row],[صادر]]>0,report[[#This Row],[وارد]]>0),\"يحسب\",\"\")","v":"يحسب"}]
[null,null,"",{"$f":"IF(C620<>\"\",SUMIFS(add[الكمية المضافة],add[اسم الصنف],'Report'!$G$5,add[مخزن الإضافة],'Report'!$C$3,add[تاريخ الإذن],'Report'!C620),\"\")","v":""},{"$f":"IF(C620<>\"\",SUMIFS(low[الكميه المنصرفه],low[اسم الصنف],'Report'!$G$5,low[مخزن الصرف],'Report'!$C$3,low[تاريخ الإذن],'Report'!C620),\"\")","v":""},"",null,{"$f":"IF( OR(report[[#This Row],[صادر]]>0,report[[#This Row],[وارد]]>0),\"يحسب\",\"\")","v":"يحسب"}]
[null,null,"",{"$f":"IF(C621<>\"\",SUMIFS(add[الكمية المضافة],add[اسم الصنف],'Report'!$G$5,add[مخزن الإضافة],'Report'!$C$3,add[تاريخ الإذن],'Report'!C621),\"\")","v":""},{"$f":"IF(C621<>\"\",SUMIFS(low[الكميه المنصرفه],low[اسم الصنف],'Report'!$G$5,low[مخزن الصرف],'Report'!$C$3,low[تاريخ الإذن],'Report'!C621),\"\")","v":""},"",null,{"$f":"IF( OR(report[[#This Row],[صادر]]>0,report[[#This Row],[وارد]]>0),\"يحسب\",\"\")","v":"يحسب"}]
[null,null,"",{"$f":"IF(C622<>\"\",SUMIFS(add[الكمية المضافة],add[اسم الصنف],'Report'!$G$5,add[مخزن الإضافة],'Report'!$C$3,add[تاريخ الإذن],'Report'!C622),\"\")","v":""},{"$f":"IF(C622<>\"\",SUMIFS(low[الكميه المنصرفه],low[اسم الصنف],'Report'!$G$5,low[مخزن الصرف],'Report'!$C$3,low[تاريخ الإذن],'Report'!C622),\"\")","v":""},"",null,{"$f":"IF( OR(report[[#This Row],[صادر]]>0,report[[#This Row],[وارد]]>0),\"يحسب\",\"\")","v":"يحسب"}]
[null,null,"",{"$f":"IF(C623<>\"\",SUMIFS(add[الكمية المضافة],add[اسم الصنف],'Report'!$G$5,add[مخزن الإضافة],'Report'!$C$3,add[تاريخ الإذن],'Report'!C623),\"\")","v":""},{"$f":"IF(C623<>\"\",SUMIFS(low[الكميه المنصرفه],low[اسم الصنف],'Report'!$G$5,low[مخزن الصرف],'Report'!$C$3,low[تاريخ الإذن],'Report'!C623),\"\")","v":""},"",null,{"$f":"IF( OR(report[[#This Row],[صادر]]>0,report[[#This Row],[وارد]]>0),\"يحسب\",\"\")","v":"يحسب"}]
[null,null,"",{"$f":"IF(C624<>\"\",SUMIFS(add[الكمية المضافة],add[اسم الصنف],'Report'!$G$5,add[مخزن الإضافة],'Report'!$C$3,add[تاريخ الإذن],'Report'!C624),\"\")","v":""},{"$f":"IF(C624<>\"\",SUMIFS(low[الكميه المنصرفه],low[اسم الصنف],'Report'!$G$5,low[مخزن الصرف],'Report'!$C$3,low[تاريخ الإذن],'Report'!C624),\"\")","v":""},"",null,{"$f":"IF( OR(report[[#This Row],[صادر]]>0,report[[#This Row],[وارد]]>0),\"يحسب\",\"\")","v":"يحسب"}]
[null,null,"",{"$f":"IF(C625<>\"\",SUMIFS(add[الكمية المضافة],add[اسم الصنف],'Report'!$G$5,add[مخزن الإضافة],'Report'!$C$3,add[تاريخ الإذن],'Report'!C625),\"\")","v":""},{"$f":"IF(C625<>\"\",SUMIFS(low[الكميه المنصرفه],low[اسم الصنف],'Report'!$G$5,low[مخزن الصرف],'Report'!$C$3,low[تاريخ الإذن],'Report'!C625),\"\")","v":""},"",null,{"$f":"IF( OR(report[[#This Row],[صادر]]>0,report[[#This Row],[وارد]]>0),\"يحسب\",\"\")","v":"يحسب"}]
[null,null,"",{"$f":"IF(C626<>\"\",SUMIFS(add[الكمية المضافة],add[اسم الصنف],'Report'!$G$5,add[مخزن الإضافة],'Report'!$C$3,add[تاريخ الإذن],'Report'!C626),\"\")","v":""},{"$f":"IF(C626<>\"\",SUMIFS(low[الكميه المنصرفه],low[اسم الصنف],'Report'!$G$5,low[مخزن الصرف],'Report'!$C$3,low[تاريخ الإذن],'Report'!C626),\"\")","v":""},"",null,{"$f":"IF( OR(report[[#This Row],[صادر]]>0,report[[#This Row],[وارد]]>0),\"يحسب\",\"\")","v":"يحسب"}]
[null,null,"",{"$f":"IF(C627<>\"\",SUMIFS(add[الكمية المضافة],add[اسم الصنف],'Report'!$G$5,add[مخزن الإضافة],'Report'!$C$3,add[تاريخ الإذن],'Report'!C627),\"\")","v":""},{"$f":"IF(C627<>\"\",SUMIFS(low[الكميه المنصرفه],low[اسم الصنف],'Report'!$G$5,low[مخزن الصرف],'Report'!$C$3,low[تاريخ الإذن],'Report'!C627),\"\")","v":""},"",null,{"$f":"IF( OR(report[[#This Row],[صادر]]>0,report[[#This Row],[وارد]]>0),\"يحسب\",\"\")","v":"يحسب"}]
[null,null,"",{"$f":"IF(C628<>\"\",SUMIFS(add[الكمية المضافة],add[اسم الصنف],'Report'!$G$5,add[مخزن الإضافة],'Report'!$C$3,add[تاريخ الإذن],'Report'!C628),\"\")","v":""},{"$f":"IF(C628<>\"\",SUMIFS(low[الكميه المنصرفه],low[اسم الصنف],'Report'!$G$5,low[مخزن الصرف],'Report'!$C$3,low[تاريخ الإذن],'Report'!C628),\"\")","v":""},"",null,{"$f":"IF( OR(report[[#This Row],[صادر]]>0,report[[#This Row],[وارد]]>0),\"يحسب\",\"\")","v":"يحسب"}]
[null,null,"",{"$f":"IF(C629<>\"\",SUMIFS(add[الكمية المضافة],add[اسم الصنف],'Report'!$G$5,add[مخزن الإضافة],'Report'!$C$3,add[تاريخ الإذن],'Report'!C629),\"\")","v":""},{"$f":"IF(C629<>\"\",SUMIFS(low[الكميه المنصرفه],low[اسم الصنف],'Report'!$G$5,low[مخزن الصرف],'Report'!$C$3,low[تاريخ الإذن],'Report'!C629),\"\")","v":""},"",null,{"$f":"IF( OR(report[[#This Row],[صادر]]>0,report[[#This Row],[وارد]]>0),\"يحسب\",\"\")","v":"يحسب"}]
[null,null,"",{"$f":"IF(C630<>\"\",SUMIFS(add[الكمية المضافة],add[اسم الصنف],'Report'!$G$5,add[مخزن الإضافة],'Report'!$C$3,add[تاريخ الإذن],'Report'!C630),\"\")","v":""},{"$f":"IF(C630<>\"\",SUMIFS(low[الكميه المنصرفه],low[اسم الصنف],'Report'!$G$5,low[مخزن الصرف],'Report'!$C$3,low[تاريخ الإذن],'Report'!C630),\"\")","v":""},"",null,{"$f":"IF( OR(report[[#This Row],[صادر]]>0,report[[#This Row],[وارد]]>0),\"يحسب\",\"\")","v":"يحسب"}]
[null,null,"",{"$f":"IF(C631<>\"\",SUMIFS(add[الكمية المضافة],add[اسم الصنف],'Report'!$G$5,add[مخزن الإضافة],'Report'!$C$3,add[تاريخ الإذن],'Report'!C631),\"\")","v":""},{"$f":"IF(C631<>\"\",SUMIFS(low[الكميه المنصرفه],low[اسم الصنف],'Report'!$G$5,low[مخزن الصرف],'Report'!$C$3,low[تاريخ الإذن],'Report'!C631),\"\")","v":""},"",null,{"$f":"IF( OR(report[[#This Row],[صادر]]>0,report[[#This Row],[وارد]]>0),\"يحسب\",\"\")","v":"يحسب"}]
[null,null,"",{"$f":"IF(C632<>\"\",SUMIFS(add[الكمية المضافة],add[اسم الصنف],'Report'!$G$5,add[مخزن الإضافة],'Report'!$C$3,add[تاريخ الإذن],'Report'!C632),\"\")","v":""},{"$f":"IF(C632<>\"\",SUMIFS(low[الكميه المنصرفه],low[اسم الصنف],'Report'!$G$5,low[مخزن الصرف],'Report'!$C$3,low[تاريخ الإذن],'Report'!C632),\"\")","v":""},"",null,{"$f":"IF( OR(report[[#This Row],[صادر]]>0,report[[#This Row],[وارد]]>0),\"يحسب\",\"\")","v":"يحسب"}]
[null,null,"",{"$f":"IF(C633<>\"\",SUMIFS(add[الكمية المضافة],add[اسم الصنف],'Report'!$G$5,add[مخزن الإضافة],'Report'!$C$3,add[تاريخ الإذن],'Report'!C633),\"\")","v":""},{"$f":"IF(C633<>\"\",SUMIFS(low[الكميه المنصرفه],low[اسم الصنف],'Report'!$G$5,low[مخزن الصرف],'Report'!$C$3,low[تاريخ الإذن],'Report'!C633),\"\")","v":""},"",null,{"$f":"IF( OR(report[[#This Row],[صادر]]>0,report[[#This Row],[وارد]]>0),\"يحسب\",\"\")","v":"يحسب"}]
[null,null,"",{"$f":"IF(C634<>\"\",SUMIFS(add[الكمية المضافة],add[اسم الصنف],'Report'!$G$5,add[مخزن الإضافة],'Report'!$C$3,add[تاريخ الإذن],'Report'!C634),\"\")","v":""},{"$f":"IF(C634<>\"\",SUMIFS(low[الكميه المنصرفه],low[اسم الصنف],'Report'!$G$5,low[مخزن الصرف],'Report'!$C$3,low[تاريخ الإذن],'Report'!C634),\"\")","v":""},"",null,{"$f":"IF( OR(report[[#This Row],[صادر]]>0,report[[#This Row],[وارد]]>0),\"يحسب\",\"\")","v":"يحسب"}]
[null,null,"",{"$f":"IF(C635<>\"\",SUMIFS(add[الكمية المضافة],add[اسم الصنف],'Report'!$G$5,add[مخزن الإضافة],'Report'!$C$3,add[تاريخ الإذن],'Report'!C635),\"\")","v":""},{"$f":"IF(C635<>\"\",SUMIFS(low[الكميه المنصرفه],low[اسم الصنف],'Report'!$G$5,low[مخزن الصرف],'Report'!$C$3,low[تاريخ الإذن],'Report'!C635),\"\")","v":""},"",null,{"$f":"IF( OR(report[[#This Row],[صادر]]>0,report[[#This Row],[وارد]]>0),\"يحسب\",\"\")","v":"يحسب"}]
[null,null,"",{"$f":"IF(C636<>\"\",SUMIFS(add[الكمية المضافة],add[اسم الصنف],'Report'!$G$5,add[مخزن الإضافة],'Report'!$C$3,add[تاريخ الإذن],'Report'!C636),\"\")","v":""},{"$f":"IF(C636<>\"\",SUMIFS(low[الكميه المنصرفه],low[اسم الصنف],'Report'!$G$5,low[مخزن الصرف],'Report'!$C$3,low[تاريخ الإذن],'Report'!C636),\"\")","v":""},"",null,{"$f":"IF( OR(report[[#This Row],[صادر]]>0,report[[#This Row],[وارد]]>0),\"يحسب\",\"\")","v":"يحسب"}]
[null,null,"",{"$f":"IF(C637<>\"\",SUMIFS(add[الكمية المضافة],add[اسم الصنف],'Report'!$G$5,add[مخزن الإضافة],'Report'!$C$3,add[تاريخ الإذن],'Report'!C637),\"\")","v":""},{"$f":"IF(C637<>\"\",SUMIFS(low[الكميه المنصرفه],low[اسم الصنف],'Report'!$G$5,low[مخزن الصرف],'Report'!$C$3,low[تاريخ الإذن],'Report'!C637),\"\")","v":""},"",null,{"$f":"IF( OR(report[[#This Row],[صادر]]>0,report[[#This Row],[وارد]]>0),\"يحسب\",\"\")","v":"يحسب"}]
[null,null,"",{"$f":"IF(C638<>\"\",SUMIFS(add[الكمية المضافة],add[اسم الصنف],'Report'!$G$5,add[مخزن الإضافة],'Report'!$C$3,add[تاريخ الإذن],'Report'!C638),\"\")","v":""},{"$f":"IF(C638<>\"\",SUMIFS(low[الكميه المنصرفه],low[اسم الصنف],'Report'!$G$5,low[مخزن الصرف],'Report'!$C$3,low[تاريخ الإذن],'Report'!C638),\"\")","v":""},"",null,{"$f":"IF( OR(report[[#This Row],[صادر]]>0,report[[#This Row],[وارد]]>0),\"يحسب\",\"\")","v":"يحسب"}]
[null,null,"",{"$f":"IF(C639<>\"\",SUMIFS(add[الكمية المضافة],add[اسم الصنف],'Report'!$G$5,add[مخزن الإضافة],'Report'!$C$3,add[تاريخ الإذن],'Report'!C639),\"\")","v":""},{"$f":"IF(C639<>\"\",SUMIFS(low[الكميه المنصرفه],low[اسم الصنف],'Report'!$G$5,low[مخزن الصرف],'Report'!$C$3,low[تاريخ الإذن],'Report'!C639),\"\")","v":""},"",null,{"$f":"IF( OR(report[[#This Row],[صادر]]>0,report[[#This Row],[وارد]]>0),\"يحسب\",\"\")","v":"يحسب"}]
[null,null,"",{"$f":"IF(C640<>\"\",SUMIFS(add[الكمية المضافة],add[اسم الصنف],'Report'!$G$5,add[مخزن الإضافة],'Report'!$C$3,add[تاريخ الإذن],'Report'!C640),\"\")","v":""},{"$f":"IF(C640<>\"\",SUMIFS(low[الكميه المنصرفه],low[اسم الصنف],'Report'!$G$5,low[مخزن الصرف],'Report'!$C$3,low[تاريخ الإذن],'Report'!C640),\"\")","v":""},"",null,{"$f":"IF( OR(report[[#This Row],[صادر]]>0,report[[#This Row],[وارد]]>0),\"يحسب\",\"\")","v":"يحسب"}]
[null,null,"",{"$f":"IF(C641<>\"\",SUMIFS(add[الكمية المضافة],add[اسم الصنف],'Report'!$G$5,add[مخزن الإضافة],'Report'!$C$3,add[تاريخ الإذن],'Report'!C641),\"\")","v":""},{"$f":"IF(C641<>\"\",SUMIFS(low[الكميه المنصرفه],low[اسم الصنف],'Report'!$G$5,low[مخزن الصرف],'Report'!$C$3,low[تاريخ الإذن],'Report'!C641),\"\")","v":""},"",null,{"$f":"IF( OR(report[[#This Row],[صادر]]>0,report[[#This Row],[وارد]]>0),\"يحسب\",\"\")","v":"يحسب"}]
[null,null,"",{"$f":"IF(C642<>\"\",SUMIFS(add[الكمية المضافة],add[اسم الصنف],'Report'!$G$5,add[مخزن الإضافة],'Report'!$C$3,add[تاريخ الإذن],'Report'!C642),\"\")","v":""},{"$f":"IF(C642<>\"\",SUMIFS(low[الكميه المنصرفه],low[اسم الصنف],'Report'!$G$5,low[مخزن الصرف],'Report'!$C$3,low[تاريخ الإذن],'Report'!C642),\"\")","v":""},"",null,{"$f":"IF( OR(report[[#This Row],[صادر]]>0,report[[#This Row],[وارد]]>0),\"يحسب\",\"\")","v":"يحسب"}]
[null,null,"",{"$f":"IF(C643<>\"\",SUMIFS(add[الكمية المضافة],add[اسم الصنف],'Report'!$G$5,add[مخزن الإضافة],'Report'!$C$3,add[تاريخ الإذن],'Report'!C643),\"\")","v":""},{"$f":"IF(C643<>\"\",SUMIFS(low[الكميه المنصرفه],low[اسم الصنف],'Report'!$G$5,low[مخزن الصرف],'Report'!$C$3,low[تاريخ الإذن],'Report'!C643),\"\")","v":""},"",null,{"$f":"IF( OR(report[[#This Row],[صادر]]>0,report[[#This Row],[وارد]]>0),\"يحسب\",\"\")","v":"يحسب"}]
[null,null,"",{"$f":"IF(C644<>\"\",SUMIFS(add[الكمية المضافة],add[اسم الصنف],'Report'!$G$5,add[مخزن الإضافة],'Report'!$C$3,add[تاريخ الإذن],'Report'!C644),\"\")","v":""},{"$f":"IF(C644<>\"\",SUMIFS(low[الكميه المنصرفه],low[اسم الصنف],'Report'!$G$5,low[مخزن الصرف],'Report'!$C$3,low[تاريخ الإذن],'Report'!C644),\"\")","v":""},"",null,{"$f":"IF( OR(report[[#This Row],[صادر]]>0,report[[#This Row],[وارد]]>0),\"يحسب\",\"\")","v":"يحسب"}]
[null,null,"",{"$f":"IF(C645<>\"\",SUMIFS(add[الكمية المضافة],add[اسم الصنف],'Report'!$G$5,add[مخزن الإضافة],'Report'!$C$3,add[تاريخ الإذن],'Report'!C645),\"\")","v":""},{"$f":"IF(C645<>\"\",SUMIFS(low[الكميه المنصرفه],low[اسم الصنف],'Report'!$G$5,low[مخزن الصرف],'Report'!$C$3,low[تاريخ الإذن],'Report'!C645),\"\")","v":""},"",null,{"$f":"IF( OR(report[[#This Row],[صادر]]>0,report[[#This Row],[وارد]]>0),\"يحسب\",\"\")","v":"يحسب"}]
[null,null,"",{"$f":"IF(C646<>\"\",SUMIFS(add[الكمية المضافة],add[اسم الصنف],'Report'!$G$5,add[مخزن الإضافة],'Report'!$C$3,add[تاريخ الإذن],'Report'!C646),\"\")","v":""},{"$f":"IF(C646<>\"\",SUMIFS(low[الكميه المنصرفه],low[اسم الصنف],'Report'!$G$5,low[مخزن الصرف],'Report'!$C$3,low[تاريخ الإذن],'Report'!C646),\"\")","v":""},"",null,{"$f":"IF( OR(report[[#This Row],[صادر]]>0,report[[#This Row],[وارد]]>0),\"يحسب\",\"\")","v":"يحسب"}]
[null,null,"",{"$f":"IF(C647<>\"\",SUMIFS(add[الكمية المضافة],add[اسم الصنف],'Report'!$G$5,add[مخزن الإضافة],'Report'!$C$3,add[تاريخ الإذن],'Report'!C647),\"\")","v":""},{"$f":"IF(C647<>\"\",SUMIFS(low[الكميه المنصرفه],low[اسم الصنف],'Report'!$G$5,low[مخزن الصرف],'Report'!$C$3,low[تاريخ الإذن],'Report'!C647),\"\")","v":""},{"$f":"IFERROR(IF(C647<>\"\",F646+D647-E647,\"\"),\"\")","v":""},null,{"$f":"IF( OR(report[[#This Row],[صادر]]>0,report[[#This Row],[وارد]]>0),\"يحسب\",\"\")","v":"يحسب"}]
[null,null,"",{"$f":"IF(C648<>\"\",SUMIFS(add[الكمية المضافة],add[اسم الصنف],'Report'!$G$5,add[مخزن الإضافة],'Report'!$C$3,add[تاريخ الإذن],'Report'!C648),\"\")","v":""},{"$f":"IF(C648<>\"\",SUMIFS(low[الكميه المنصرفه],low[اسم الصنف],'Report'!$G$5,low[مخزن الصرف],'Report'!$C$3,low[تاريخ الإذن],'Report'!C648),\"\")","v":""},"",null,{"$f":"IF( OR(report[[#This Row],[صادر]]>0,report[[#This Row],[وارد]]>0),\"يحسب\",\"\")","v":"يحسب"}]
[null,null,"",{"$f":"IF(C649<>\"\",SUMIFS(add[الكمية المضافة],add[اسم الصنف],'Report'!$G$5,add[مخزن الإضافة],'Report'!$C$3,add[تاريخ الإذن],'Report'!C649),\"\")","v":""},{"$f":"IF(C649<>\"\",SUMIFS(low[الكميه المنصرفه],low[اسم الصنف],'Report'!$G$5,low[مخزن الصرف],'Report'!$C$3,low[تاريخ الإذن],'Report'!C649),\"\")","v":""},"",null,{"$f":"IF( OR(report[[#This Row],[صادر]]>0,report[[#This Row],[وارد]]>0),\"يحسب\",\"\")","v":"يحسب"}]
[null,null,"",{"$f":"IF(C650<>\"\",SUMIFS(add[الكمية المضافة],add[اسم الصنف],'Report'!$G$5,add[مخزن الإضافة],'Report'!$C$3,add[تاريخ الإذن],'Report'!C650),\"\")","v":""},{"$f":"IF(C650<>\"\",SUMIFS(low[الكميه المنصرفه],low[اسم الصنف],'Report'!$G$5,low[مخزن الصرف],'Report'!$C$3,low[تاريخ الإذن],'Report'!C650),\"\")","v":""},"",null,{"$f":"IF( OR(report[[#This Row],[صادر]]>0,report[[#This Row],[وارد]]>0),\"يحسب\",\"\")","v":"يحسب"}]
[null,null,"",{"$f":"IF(C651<>\"\",SUMIFS(add[الكمية المضافة],add[اسم الصنف],'Report'!$G$5,add[مخزن الإضافة],'Report'!$C$3,add[تاريخ الإذن],'Report'!C651),\"\")","v":""},{"$f":"IF(C651<>\"\",SUMIFS(low[الكميه المنصرفه],low[اسم الصنف],'Report'!$G$5,low[مخزن الصرف],'Report'!$C$3,low[تاريخ الإذن],'Report'!C651),\"\")","v":""},"",null,{"$f":"IF( OR(report[[#This Row],[صادر]]>0,report[[#This Row],[وارد]]>0),\"يحسب\",\"\")","v":"يحسب"}]
[null,null,"",{"$f":"IF(C652<>\"\",SUMIFS(add[الكمية المضافة],add[اسم الصنف],'Report'!$G$5,add[مخزن الإضافة],'Report'!$C$3,add[تاريخ الإذن],'Report'!C652),\"\")","v":""},{"$f":"IF(C652<>\"\",SUMIFS(low[الكميه المنصرفه],low[اسم الصنف],'Report'!$G$5,low[مخزن الصرف],'Report'!$C$3,low[تاريخ الإذن],'Report'!C652),\"\")","v":""},"",null,{"$f":"IF( OR(report[[#This Row],[صادر]]>0,report[[#This Row],[وارد]]>0),\"يحسب\",\"\")","v":"يحسب"}]
[null,null,"",{"$f":"IF(C653<>\"\",SUMIFS(add[الكمية المضافة],add[اسم الصنف],'Report'!$G$5,add[مخزن الإضافة],'Report'!$C$3,add[تاريخ الإذن],'Report'!C653),\"\")","v":""},{"$f":"IF(C653<>\"\",SUMIFS(low[الكميه المنصرفه],low[اسم الصنف],'Report'!$G$5,low[مخزن الصرف],'Report'!$C$3,low[تاريخ الإذن],'Report'!C653),\"\")","v":""},"",null,{"$f":"IF( OR(report[[#This Row],[صادر]]>0,report[[#This Row],[وارد]]>0),\"يحسب\",\"\")","v":"يحسب"}]
[null,null,"",{"$f":"IF(C654<>\"\",SUMIFS(add[الكمية المضافة],add[اسم الصنف],'Report'!$G$5,add[مخزن الإضافة],'Report'!$C$3,add[تاريخ الإذن],'Report'!C654),\"\")","v":""},{"$f":"IF(C654<>\"\",SUMIFS(low[الكميه المنصرفه],low[اسم الصنف],'Report'!$G$5,low[مخزن الصرف],'Report'!$C$3,low[تاريخ الإذن],'Report'!C654),\"\")","v":""},"",null,{"$f":"IF( OR(report[[#This Row],[صادر]]>0,report[[#This Row],[وارد]]>0),\"يحسب\",\"\")","v":"يحسب"}]
[null,null,"",{"$f":"IF(C655<>\"\",SUMIFS(add[الكمية المضافة],add[اسم الصنف],'Report'!$G$5,add[مخزن الإضافة],'Report'!$C$3,add[تاريخ الإذن],'Report'!C655),\"\")","v":""},{"$f":"IF(C655<>\"\",SUMIFS(low[الكميه المنصرفه],low[اسم الصنف],'Report'!$G$5,low[مخزن الصرف],'Report'!$C$3,low[تاريخ الإذن],'Report'!C655),\"\")","v":""},"",null,{"$f":"IF( OR(report[[#This Row],[صادر]]>0,report[[#This Row],[وارد]]>0),\"يحسب\",\"\")","v":"يحسب"}]
[null,null,{"$f":"IFERROR(IF(C655+1<=$C$7,C655+1,\"\"),\"\")","v":""},{"$f":"IF(C656<>\"\",SUMIFS(add[الكمية المضافة],add[اسم الصنف],'Report'!$G$5,add[مخزن الإضافة],'Report'!$C$3,add[تاريخ الإذن],'Report'!C656),\"\")","v":""},{"$f":"IF(C656<>\"\",SUMIFS(low[الكميه المنصرفه],low[اسم الصنف],'Report'!$G$5,low[مخزن الصرف],'Report'!$C$3,low[تاريخ الإذن],'Report'!C656),\"\")","v":""},"",null,{"$f":"IF( OR(report[[#This Row],[صادر]]>0,report[[#This Row],[وارد]]>0),\"يحسب\",\"\")","v":"يحسب"}]
[null,null,"",{"$f":"IF(C657<>\"\",SUMIFS(add[الكمية المضافة],add[اسم الصنف],'Report'!$G$5,add[مخزن الإضافة],'Report'!$C$3,add[تاريخ الإذن],'Report'!C657),\"\")","v":""},{"$f":"IF(C657<>\"\",SUMIFS(low[الكميه المنصرفه],low[اسم الصنف],'Report'!$G$5,low[مخزن الصرف],'Report'!$C$3,low[تاريخ الإذن],'Report'!C657),\"\")","v":""},"",null,{"$f":"IF( OR(report[[#This Row],[صادر]]>0,report[[#This Row],[وارد]]>0),\"يحسب\",\"\")","v":"يحسب"}]
[null,null,"",{"$f":"IF(C658<>\"\",SUMIFS(add[الكمية المضافة],add[اسم الصنف],'Report'!$G$5,add[مخزن الإضافة],'Report'!$C$3,add[تاريخ الإذن],'Report'!C658),\"\")","v":""},{"$f":"IF(C658<>\"\",SUMIFS(low[الكميه المنصرفه],low[اسم الصنف],'Report'!$G$5,low[مخزن الصرف],'Report'!$C$3,low[تاريخ الإذن],'Report'!C658),\"\")","v":""},"",null,{"$f":"IF( OR(report[[#This Row],[صادر]]>0,report[[#This Row],[وارد]]>0),\"يحسب\",\"\")","v":"يحسب"}]
[null,null,"",{"$f":"IF(C659<>\"\",SUMIFS(add[الكمية المضافة],add[اسم الصنف],'Report'!$G$5,add[مخزن الإضافة],'Report'!$C$3,add[تاريخ الإذن],'Report'!C659),\"\")","v":""},{"$f":"IF(C659<>\"\",SUMIFS(low[الكميه المنصرفه],low[اسم الصنف],'Report'!$G$5,low[مخزن الصرف],'Report'!$C$3,low[تاريخ الإذن],'Report'!C659),\"\")","v":""},"",null,{"$f":"IF( OR(report[[#This Row],[صادر]]>0,report[[#This Row],[وارد]]>0),\"يحسب\",\"\")","v":"يحسب"}]
[null,null,"",{"$f":"IF(C660<>\"\",SUMIFS(add[الكمية المضافة],add[اسم الصنف],'Report'!$G$5,add[مخزن الإضافة],'Report'!$C$3,add[تاريخ الإذن],'Report'!C660),\"\")","v":""},{"$f":"IF(C660<>\"\",SUMIFS(low[الكميه المنصرفه],low[اسم الصنف],'Report'!$G$5,low[مخزن الصرف],'Report'!$C$3,low[تاريخ الإذن],'Report'!C660),\"\")","v":""},"",null,{"$f":"IF( OR(report[[#This Row],[صادر]]>0,report[[#This Row],[وارد]]>0),\"يحسب\",\"\")","v":"يحسب"}]
[null,null,"",{"$f":"IF(C661<>\"\",SUMIFS(add[الكمية المضافة],add[اسم الصنف],'Report'!$G$5,add[مخزن الإضافة],'Report'!$C$3,add[تاريخ الإذن],'Report'!C661),\"\")","v":""},{"$f":"IF(C661<>\"\",SUMIFS(low[الكميه المنصرفه],low[اسم الصنف],'Report'!$G$5,low[مخزن الصرف],'Report'!$C$3,low[تاريخ الإذن],'Report'!C661),\"\")","v":""},"",null,{"$f":"IF( OR(report[[#This Row],[صادر]]>0,report[[#This Row],[وارد]]>0),\"يحسب\",\"\")","v":"يحسب"}]
[null,null,"",{"$f":"IF(C662<>\"\",SUMIFS(add[الكمية المضافة],add[اسم الصنف],'Report'!$G$5,add[مخزن الإضافة],'Report'!$C$3,add[تاريخ الإذن],'Report'!C662),\"\")","v":""},{"$f":"IF(C662<>\"\",SUMIFS(low[الكميه المنصرفه],low[اسم الصنف],'Report'!$G$5,low[مخزن الصرف],'Report'!$C$3,low[تاريخ الإذن],'Report'!C662),\"\")","v":""},"",null,{"$f":"IF( OR(report[[#This Row],[صادر]]>0,report[[#This Row],[وارد]]>0),\"يحسب\",\"\")","v":"يحسب"}]
[null,null,"",{"$f":"IF(C663<>\"\",SUMIFS(add[الكمية المضافة],add[اسم الصنف],'Report'!$G$5,add[مخزن الإضافة],'Report'!$C$3,add[تاريخ الإذن],'Report'!C663),\"\")","v":""},{"$f":"IF(C663<>\"\",SUMIFS(low[الكميه المنصرفه],low[اسم الصنف],'Report'!$G$5,low[مخزن الصرف],'Report'!$C$3,low[تاريخ الإذن],'Report'!C663),\"\")","v":""},"",null,{"$f":"IF( OR(report[[#This Row],[صادر]]>0,report[[#This Row],[وارد]]>0),\"يحسب\",\"\")","v":"يحسب"}]
[null,null,"",{"$f":"IF(C664<>\"\",SUMIFS(add[الكمية المضافة],add[اسم الصنف],'Report'!$G$5,add[مخزن الإضافة],'Report'!$C$3,add[تاريخ الإذن],'Report'!C664),\"\")","v":""},{"$f":"IF(C664<>\"\",SUMIFS(low[الكميه المنصرفه],low[اسم الصنف],'Report'!$G$5,low[مخزن الصرف],'Report'!$C$3,low[تاريخ الإذن],'Report'!C664),\"\")","v":""},"",null,{"$f":"IF( OR(report[[#This Row],[صادر]]>0,report[[#This Row],[وارد]]>0),\"يحسب\",\"\")","v":"يحسب"}]
[null,null,"",{"$f":"IF(C665<>\"\",SUMIFS(add[الكمية المضافة],add[اسم الصنف],'Report'!$G$5,add[مخزن الإضافة],'Report'!$C$3,add[تاريخ الإذن],'Report'!C665),\"\")","v":""},{"$f":"IF(C665<>\"\",SUMIFS(low[الكميه المنصرفه],low[اسم الصنف],'Report'!$G$5,low[مخزن الصرف],'Report'!$C$3,low[تاريخ الإذن],'Report'!C665),\"\")","v":""},"",null,{"$f":"IF( OR(report[[#This Row],[صادر]]>0,report[[#This Row],[وارد]]>0),\"يحسب\",\"\")","v":"يحسب"}]
[null,null,"",{"$f":"IF(C666<>\"\",SUMIFS(add[الكمية المضافة],add[اسم الصنف],'Report'!$G$5,add[مخزن الإضافة],'Report'!$C$3,add[تاريخ الإذن],'Report'!C666),\"\")","v":""},{"$f":"IF(C666<>\"\",SUMIFS(low[الكميه المنصرفه],low[اسم الصنف],'Report'!$G$5,low[مخزن الصرف],'Report'!$C$3,low[تاريخ الإذن],'Report'!C666),\"\")","v":""},"",null,{"$f":"IF( OR(report[[#This Row],[صادر]]>0,report[[#This Row],[وارد]]>0),\"يحسب\",\"\")","v":"يحسب"}]
[null,null,"",{"$f":"IF(C667<>\"\",SUMIFS(add[الكمية المضافة],add[اسم الصنف],'Report'!$G$5,add[مخزن الإضافة],'Report'!$C$3,add[تاريخ الإذن],'Report'!C667),\"\")","v":""},{"$f":"IF(C667<>\"\",SUMIFS(low[الكميه المنصرفه],low[اسم الصنف],'Report'!$G$5,low[مخزن الصرف],'Report'!$C$3,low[تاريخ الإذن],'Report'!C667),\"\")","v":""},"",null,{"$f":"IF( OR(report[[#This Row],[صادر]]>0,report[[#This Row],[وارد]]>0),\"يحسب\",\"\")","v":"يحسب"}]
[null,null,"",{"$f":"IF(C668<>\"\",SUMIFS(add[الكمية المضافة],add[اسم الصنف],'Report'!$G$5,add[مخزن الإضافة],'Report'!$C$3,add[تاريخ الإذن],'Report'!C668),\"\")","v":""},{"$f":"IF(C668<>\"\",SUMIFS(low[الكميه المنصرفه],low[اسم الصنف],'Report'!$G$5,low[مخزن الصرف],'Report'!$C$3,low[تاريخ الإذن],'Report'!C668),\"\")","v":""},"",null,{"$f":"IF( OR(report[[#This Row],[صادر]]>0,report[[#This Row],[وارد]]>0),\"يحسب\",\"\")","v":"يحسب"}]
[null,null,"",{"$f":"IF(C669<>\"\",SUMIFS(add[الكمية المضافة],add[اسم الصنف],'Report'!$G$5,add[مخزن الإضافة],'Report'!$C$3,add[تاريخ الإذن],'Report'!C669),\"\")","v":""},{"$f":"IF(C669<>\"\",SUMIFS(low[الكميه المنصرفه],low[اسم الصنف],'Report'!$G$5,low[مخزن الصرف],'Report'!$C$3,low[تاريخ الإذن],'Report'!C669),\"\")","v":""},"",null,{"$f":"IF( OR(report[[#This Row],[صادر]]>0,report[[#This Row],[وارد]]>0),\"يحسب\",\"\")","v":"يحسب"}]
[null,null,"",{"$f":"IF(C670<>\"\",SUMIFS(add[الكمية المضافة],add[اسم الصنف],'Report'!$G$5,add[مخزن الإضافة],'Report'!$C$3,add[تاريخ الإذن],'Report'!C670),\"\")","v":""},{"$f":"IF(C670<>\"\",SUMIFS(low[الكميه المنصرفه],low[اسم الصنف],'Report'!$G$5,low[مخزن الصرف],'Report'!$C$3,low[تاريخ الإذن],'Report'!C670),\"\")","v":""},"",null,{"$f":"IF( OR(report[[#This Row],[صادر]]>0,report[[#This Row],[وارد]]>0),\"يحسب\",\"\")","v":"يحسب"}]
[null,null,"",{"$f":"IF(C671<>\"\",SUMIFS(add[الكمية المضافة],add[اسم الصنف],'Report'!$G$5,add[مخزن الإضافة],'Report'!$C$3,add[تاريخ الإذن],'Report'!C671),\"\")","v":""},{"$f":"IF(C671<>\"\",SUMIFS(low[الكميه المنصرفه],low[اسم الصنف],'Report'!$G$5,low[مخزن الصرف],'Report'!$C$3,low[تاريخ الإذن],'Report'!C671),\"\")","v":""},"",null,{"$f":"IF( OR(report[[#This Row],[صادر]]>0,report[[#This Row],[وارد]]>0),\"يحسب\",\"\")","v":"يحسب"}]
[null,null,"",{"$f":"IF(C672<>\"\",SUMIFS(add[الكمية المضافة],add[اسم الصنف],'Report'!$G$5,add[مخزن الإضافة],'Report'!$C$3,add[تاريخ الإذن],'Report'!C672),\"\")","v":""},{"$f":"IF(C672<>\"\",SUMIFS(low[الكميه المنصرفه],low[اسم الصنف],'Report'!$G$5,low[مخزن الصرف],'Report'!$C$3,low[تاريخ الإذن],'Report'!C672),\"\")","v":""},"",null,{"$f":"IF( OR(report[[#This Row],[صادر]]>0,report[[#This Row],[وارد]]>0),\"يحسب\",\"\")","v":"يحسب"}]
[null,null,"",{"$f":"IF(C673<>\"\",SUMIFS(add[الكمية المضافة],add[اسم الصنف],'Report'!$G$5,add[مخزن الإضافة],'Report'!$C$3,add[تاريخ الإذن],'Report'!C673),\"\")","v":""},{"$f":"IF(C673<>\"\",SUMIFS(low[الكميه المنصرفه],low[اسم الصنف],'Report'!$G$5,low[مخزن الصرف],'Report'!$C$3,low[تاريخ الإذن],'Report'!C673),\"\")","v":""},"",null,{"$f":"IF( OR(report[[#This Row],[صادر]]>0,report[[#This Row],[وارد]]>0),\"يحسب\",\"\")","v":"يحسب"}]
[null,null,"",{"$f":"IF(C674<>\"\",SUMIFS(add[الكمية المضافة],add[اسم الصنف],'Report'!$G$5,add[مخزن الإضافة],'Report'!$C$3,add[تاريخ الإذن],'Report'!C674),\"\")","v":""},{"$f":"IF(C674<>\"\",SUMIFS(low[الكميه المنصرفه],low[اسم الصنف],'Report'!$G$5,low[مخزن الصرف],'Report'!$C$3,low[تاريخ الإذن],'Report'!C674),\"\")","v":""},"",null,{"$f":"IF( OR(report[[#This Row],[صادر]]>0,report[[#This Row],[وارد]]>0),\"يحسب\",\"\")","v":"يحسب"}]
[null,null,"",{"$f":"IF(C675<>\"\",SUMIFS(add[الكمية المضافة],add[اسم الصنف],'Report'!$G$5,add[مخزن الإضافة],'Report'!$C$3,add[تاريخ الإذن],'Report'!C675),\"\")","v":""},{"$f":"IF(C675<>\"\",SUMIFS(low[الكميه المنصرفه],low[اسم الصنف],'Report'!$G$5,low[مخزن الصرف],'Report'!$C$3,low[تاريخ الإذن],'Report'!C675),\"\")","v":""},"",null,{"$f":"IF( OR(report[[#This Row],[صادر]]>0,report[[#This Row],[وارد]]>0),\"يحسب\",\"\")","v":"يحسب"}]
[null,null,"",{"$f":"IF(C676<>\"\",SUMIFS(add[الكمية المضافة],add[اسم الصنف],'Report'!$G$5,add[مخزن الإضافة],'Report'!$C$3,add[تاريخ الإذن],'Report'!C676),\"\")","v":""},{"$f":"IF(C676<>\"\",SUMIFS(low[الكميه المنصرفه],low[اسم الصنف],'Report'!$G$5,low[مخزن الصرف],'Report'!$C$3,low[تاريخ الإذن],'Report'!C676),\"\")","v":""},"",null,{"$f":"IF( OR(report[[#This Row],[صادر]]>0,report[[#This Row],[وارد]]>0),\"يحسب\",\"\")","v":"يحسب"}]
[null,null,"",{"$f":"IF(C677<>\"\",SUMIFS(add[الكمية المضافة],add[اسم الصنف],'Report'!$G$5,add[مخزن الإضافة],'Report'!$C$3,add[تاريخ الإذن],'Report'!C677),\"\")","v":""},{"$f":"IF(C677<>\"\",SUMIFS(low[الكميه المنصرفه],low[اسم الصنف],'Report'!$G$5,low[مخزن الصرف],'Report'!$C$3,low[تاريخ الإذن],'Report'!C677),\"\")","v":""},"",null,{"$f":"IF( OR(report[[#This Row],[صادر]]>0,report[[#This Row],[وارد]]>0),\"يحسب\",\"\")","v":"يحسب"}]
[null,null,"",{"$f":"IF(C678<>\"\",SUMIFS(add[الكمية المضافة],add[اسم الصنف],'Report'!$G$5,add[مخزن الإضافة],'Report'!$C$3,add[تاريخ الإذن],'Report'!C678),\"\")","v":""},{"$f":"IF(C678<>\"\",SUMIFS(low[الكميه المنصرفه],low[اسم الصنف],'Report'!$G$5,low[مخزن الصرف],'Report'!$C$3,low[تاريخ الإذن],'Report'!C678),\"\")","v":""},"",null,{"$f":"IF( OR(report[[#This Row],[صادر]]>0,report[[#This Row],[وارد]]>0),\"يحسب\",\"\")","v":"يحسب"}]
[null,null,"",{"$f":"IF(C679<>\"\",SUMIFS(add[الكمية المضافة],add[اسم الصنف],'Report'!$G$5,add[مخزن الإضافة],'Report'!$C$3,add[تاريخ الإذن],'Report'!C679),\"\")","v":""},{"$f":"IF(C679<>\"\",SUMIFS(low[الكميه المنصرفه],low[اسم الصنف],'Report'!$G$5,low[مخزن الصرف],'Report'!$C$3,low[تاريخ الإذن],'Report'!C679),\"\")","v":""},"",null,{"$f":"IF( OR(report[[#This Row],[صادر]]>0,report[[#This Row],[وارد]]>0),\"يحسب\",\"\")","v":"يحسب"}]
[null,null,"",{"$f":"IF(C680<>\"\",SUMIFS(add[الكمية المضافة],add[اسم الصنف],'Report'!$G$5,add[مخزن الإضافة],'Report'!$C$3,add[تاريخ الإذن],'Report'!C680),\"\")","v":""},{"$f":"IF(C680<>\"\",SUMIFS(low[الكميه المنصرفه],low[اسم الصنف],'Report'!$G$5,low[مخزن الصرف],'Report'!$C$3,low[تاريخ الإذن],'Report'!C680),\"\")","v":""},"",null,{"$f":"IF( OR(report[[#This Row],[صادر]]>0,report[[#This Row],[وارد]]>0),\"يحسب\",\"\")","v":"يحسب"}]
[null,null,"",{"$f":"IF(C681<>\"\",SUMIFS(add[الكمية المضافة],add[اسم الصنف],'Report'!$G$5,add[مخزن الإضافة],'Report'!$C$3,add[تاريخ الإذن],'Report'!C681),\"\")","v":""},{"$f":"IF(C681<>\"\",SUMIFS(low[الكميه المنصرفه],low[اسم الصنف],'Report'!$G$5,low[مخزن الصرف],'Report'!$C$3,low[تاريخ الإذن],'Report'!C681),\"\")","v":""},"",null,{"$f":"IF( OR(report[[#This Row],[صادر]]>0,report[[#This Row],[وارد]]>0),\"يحسب\",\"\")","v":"يحسب"}]
[null,null,"",{"$f":"IF(C682<>\"\",SUMIFS(add[الكمية المضافة],add[اسم الصنف],'Report'!$G$5,add[مخزن الإضافة],'Report'!$C$3,add[تاريخ الإذن],'Report'!C682),\"\")","v":""},{"$f":"IF(C682<>\"\",SUMIFS(low[الكميه المنصرفه],low[اسم الصنف],'Report'!$G$5,low[مخزن الصرف],'Report'!$C$3,low[تاريخ الإذن],'Report'!C682),\"\")","v":""},"",null,{"$f":"IF( OR(report[[#This Row],[صادر]]>0,report[[#This Row],[وارد]]>0),\"يحسب\",\"\")","v":"يحسب"}]
[null,null,"",{"$f":"IF(C683<>\"\",SUMIFS(add[الكمية المضافة],add[اسم الصنف],'Report'!$G$5,add[مخزن الإضافة],'Report'!$C$3,add[تاريخ الإذن],'Report'!C683),\"\")","v":""},{"$f":"IF(C683<>\"\",SUMIFS(low[الكميه المنصرفه],low[اسم الصنف],'Report'!$G$5,low[مخزن الصرف],'Report'!$C$3,low[تاريخ الإذن],'Report'!C683),\"\")","v":""},"",null,{"$f":"IF( OR(report[[#This Row],[صادر]]>0,report[[#This Row],[وارد]]>0),\"يحسب\",\"\")","v":"يحسب"}]
[null,null,"",{"$f":"IF(C684<>\"\",SUMIFS(add[الكمية المضافة],add[اسم الصنف],'Report'!$G$5,add[مخزن الإضافة],'Report'!$C$3,add[تاريخ الإذن],'Report'!C684),\"\")","v":""},{"$f":"IF(C684<>\"\",SUMIFS(low[الكميه المنصرفه],low[اسم الصنف],'Report'!$G$5,low[مخزن الصرف],'Report'!$C$3,low[تاريخ الإذن],'Report'!C684),\"\")","v":""},"",null,{"$f":"IF( OR(report[[#This Row],[صادر]]>0,report[[#This Row],[وارد]]>0),\"يحسب\",\"\")","v":"يحسب"}]
[null,null,"",{"$f":"IF(C685<>\"\",SUMIFS(add[الكمية المضافة],add[اسم الصنف],'Report'!$G$5,add[مخزن الإضافة],'Report'!$C$3,add[تاريخ الإذن],'Report'!C685),\"\")","v":""},{"$f":"IF(C685<>\"\",SUMIFS(low[الكميه المنصرفه],low[اسم الصنف],'Report'!$G$5,low[مخزن الصرف],'Report'!$C$3,low[تاريخ الإذن],'Report'!C685),\"\")","v":""},"",null,{"$f":"IF( OR(report[[#This Row],[صادر]]>0,report[[#This Row],[وارد]]>0),\"يحسب\",\"\")","v":"يحسب"}]
[null,null,"",{"$f":"IF(C686<>\"\",SUMIFS(add[الكمية المضافة],add[اسم الصنف],'Report'!$G$5,add[مخزن الإضافة],'Report'!$C$3,add[تاريخ الإذن],'Report'!C686),\"\")","v":""},{"$f":"IF(C686<>\"\",SUMIFS(low[الكميه المنصرفه],low[اسم الصنف],'Report'!$G$5,low[مخزن الصرف],'Report'!$C$3,low[تاريخ الإذن],'Report'!C686),\"\")","v":""},"",null,{"$f":"IF( OR(report[[#This Row],[صادر]]>0,report[[#This Row],[وارد]]>0),\"يحسب\",\"\")","v":"يحسب"}]
[null,null,"",{"$f":"IF(C687<>\"\",SUMIFS(add[الكمية المضافة],add[اسم الصنف],'Report'!$G$5,add[مخزن الإضافة],'Report'!$C$3,add[تاريخ الإذن],'Report'!C687),\"\")","v":""},{"$f":"IF(C687<>\"\",SUMIFS(low[الكميه المنصرفه],low[اسم الصنف],'Report'!$G$5,low[مخزن الصرف],'Report'!$C$3,low[تاريخ الإذن],'Report'!C687),\"\")","v":""},"",null,{"$f":"IF( OR(report[[#This Row],[صادر]]>0,report[[#This Row],[وارد]]>0),\"يحسب\",\"\")","v":"يحسب"}]
[null,null,"",{"$f":"IF(C688<>\"\",SUMIFS(add[الكمية المضافة],add[اسم الصنف],'Report'!$G$5,add[مخزن الإضافة],'Report'!$C$3,add[تاريخ الإذن],'Report'!C688),\"\")","v":""},{"$f":"IF(C688<>\"\",SUMIFS(low[الكميه المنصرفه],low[اسم الصنف],'Report'!$G$5,low[مخزن الصرف],'Report'!$C$3,low[تاريخ الإذن],'Report'!C688),\"\")","v":""},"",null,{"$f":"IF( OR(report[[#This Row],[صادر]]>0,report[[#This Row],[وارد]]>0),\"يحسب\",\"\")","v":"يحسب"}]
[null,null,"",{"$f":"IF(C689<>\"\",SUMIFS(add[الكمية المضافة],add[اسم الصنف],'Report'!$G$5,add[مخزن الإضافة],'Report'!$C$3,add[تاريخ الإذن],'Report'!C689),\"\")","v":""},{"$f":"IF(C689<>\"\",SUMIFS(low[الكميه المنصرفه],low[اسم الصنف],'Report'!$G$5,low[مخزن الصرف],'Report'!$C$3,low[تاريخ الإذن],'Report'!C689),\"\")","v":""},"",null,{"$f":"IF( OR(report[[#This Row],[صادر]]>0,report[[#This Row],[وارد]]>0),\"يحسب\",\"\")","v":"يحسب"}]
[null,null,"",{"$f":"IF(C690<>\"\",SUMIFS(add[الكمية المضافة],add[اسم الصنف],'Report'!$G$5,add[مخزن الإضافة],'Report'!$C$3,add[تاريخ الإذن],'Report'!C690),\"\")","v":""},{"$f":"IF(C690<>\"\",SUMIFS(low[الكميه المنصرفه],low[اسم الصنف],'Report'!$G$5,low[مخزن الصرف],'Report'!$C$3,low[تاريخ الإذن],'Report'!C690),\"\")","v":""},"",null,{"$f":"IF( OR(report[[#This Row],[صادر]]>0,report[[#This Row],[وارد]]>0),\"يحسب\",\"\")","v":"يحسب"}]
[null,null,"",{"$f":"IF(C691<>\"\",SUMIFS(add[الكمية المضافة],add[اسم الصنف],'Report'!$G$5,add[مخزن الإضافة],'Report'!$C$3,add[تاريخ الإذن],'Report'!C691),\"\")","v":""},{"$f":"IF(C691<>\"\",SUMIFS(low[الكميه المنصرفه],low[اسم الصنف],'Report'!$G$5,low[مخزن الصرف],'Report'!$C$3,low[تاريخ الإذن],'Report'!C691),\"\")","v":""},"",null,{"$f":"IF( OR(report[[#This Row],[صادر]]>0,report[[#This Row],[وارد]]>0),\"يحسب\",\"\")","v":"يحسب"}]
[null,null,"",{"$f":"IF(C692<>\"\",SUMIFS(add[الكمية المضافة],add[اسم الصنف],'Report'!$G$5,add[مخزن الإضافة],'Report'!$C$3,add[تاريخ الإذن],'Report'!C692),\"\")","v":""},{"$f":"IF(C692<>\"\",SUMIFS(low[الكميه المنصرفه],low[اسم الصنف],'Report'!$G$5,low[مخزن الصرف],'Report'!$C$3,low[تاريخ الإذن],'Report'!C692),\"\")","v":""},"",null,{"$f":"IF( OR(report[[#This Row],[صادر]]>0,report[[#This Row],[وارد]]>0),\"يحسب\",\"\")","v":"يحسب"}]
[null,null,"",{"$f":"IF(C693<>\"\",SUMIFS(add[الكمية المضافة],add[اسم الصنف],'Report'!$G$5,add[مخزن الإضافة],'Report'!$C$3,add[تاريخ الإذن],'Report'!C693),\"\")","v":""},{"$f":"IF(C693<>\"\",SUMIFS(low[الكميه المنصرفه],low[اسم الصنف],'Report'!$G$5,low[مخزن الصرف],'Report'!$C$3,low[تاريخ الإذن],'Report'!C693),\"\")","v":""},"",null,{"$f":"IF( OR(report[[#This Row],[صادر]]>0,report[[#This Row],[وارد]]>0),\"يحسب\",\"\")","v":"يحسب"}]
[null,null,"",{"$f":"IF(C694<>\"\",SUMIFS(add[الكمية المضافة],add[اسم الصنف],'Report'!$G$5,add[مخزن الإضافة],'Report'!$C$3,add[تاريخ الإذن],'Report'!C694),\"\")","v":""},{"$f":"IF(C694<>\"\",SUMIFS(low[الكميه المنصرفه],low[اسم الصنف],'Report'!$G$5,low[مخزن الصرف],'Report'!$C$3,low[تاريخ الإذن],'Report'!C694),\"\")","v":""},"",null,{"$f":"IF( OR(report[[#This Row],[صادر]]>0,report[[#This Row],[وارد]]>0),\"يحسب\",\"\")","v":"يحسب"}]
[null,null,"",{"$f":"IF(C695<>\"\",SUMIFS(add[الكمية المضافة],add[اسم الصنف],'Report'!$G$5,add[مخزن الإضافة],'Report'!$C$3,add[تاريخ الإذن],'Report'!C695),\"\")","v":""},{"$f":"IF(C695<>\"\",SUMIFS(low[الكميه المنصرفه],low[اسم الصنف],'Report'!$G$5,low[مخزن الصرف],'Report'!$C$3,low[تاريخ الإذن],'Report'!C695),\"\")","v":""},"",null,{"$f":"IF( OR(report[[#This Row],[صادر]]>0,report[[#This Row],[وارد]]>0),\"يحسب\",\"\")","v":"يحسب"}]
[null,null,"",{"$f":"IF(C696<>\"\",SUMIFS(add[الكمية المضافة],add[اسم الصنف],'Report'!$G$5,add[مخزن الإضافة],'Report'!$C$3,add[تاريخ الإذن],'Report'!C696),\"\")","v":""},{"$f":"IF(C696<>\"\",SUMIFS(low[الكميه المنصرفه],low[اسم الصنف],'Report'!$G$5,low[مخزن الصرف],'Report'!$C$3,low[تاريخ الإذن],'Report'!C696),\"\")","v":""},"",null,{"$f":"IF( OR(report[[#This Row],[صادر]]>0,report[[#This Row],[وارد]]>0),\"يحسب\",\"\")","v":"يحسب"}]
[null,null,"",{"$f":"IF(C697<>\"\",SUMIFS(add[الكمية المضافة],add[اسم الصنف],'Report'!$G$5,add[مخزن الإضافة],'Report'!$C$3,add[تاريخ الإذن],'Report'!C697),\"\")","v":""},{"$f":"IF(C697<>\"\",SUMIFS(low[الكميه المنصرفه],low[اسم الصنف],'Report'!$G$5,low[مخزن الصرف],'Report'!$C$3,low[تاريخ الإذن],'Report'!C697),\"\")","v":""},"",null,{"$f":"IF( OR(report[[#This Row],[صادر]]>0,report[[#This Row],[وارد]]>0),\"يحسب\",\"\")","v":"يحسب"}]
[null,null,"",{"$f":"IF(C698<>\"\",SUMIFS(add[الكمية المضافة],add[اسم الصنف],'Report'!$G$5,add[مخزن الإضافة],'Report'!$C$3,add[تاريخ الإذن],'Report'!C698),\"\")","v":""},{"$f":"IF(C698<>\"\",SUMIFS(low[الكميه المنصرفه],low[اسم الصنف],'Report'!$G$5,low[مخزن الصرف],'Report'!$C$3,low[تاريخ الإذن],'Report'!C698),\"\")","v":""},"",null,{"$f":"IF( OR(report[[#This Row],[صادر]]>0,report[[#This Row],[وارد]]>0),\"يحسب\",\"\")","v":"يحسب"}]
[null,null,"",{"$f":"IF(C699<>\"\",SUMIFS(add[الكمية المضافة],add[اسم الصنف],'Report'!$G$5,add[مخزن الإضافة],'Report'!$C$3,add[تاريخ الإذن],'Report'!C699),\"\")","v":""},{"$f":"IF(C699<>\"\",SUMIFS(low[الكميه المنصرفه],low[اسم الصنف],'Report'!$G$5,low[مخزن الصرف],'Report'!$C$3,low[تاريخ الإذن],'Report'!C699),\"\")","v":""},"",null,{"$f":"IF( OR(report[[#This Row],[صادر]]>0,report[[#This Row],[وارد]]>0),\"يحسب\",\"\")","v":"يحسب"}]
[null,null,"",{"$f":"IF(C700<>\"\",SUMIFS(add[الكمية المضافة],add[اسم الصنف],'Report'!$G$5,add[مخزن الإضافة],'Report'!$C$3,add[تاريخ الإذن],'Report'!C700),\"\")","v":""},{"$f":"IF(C700<>\"\",SUMIFS(low[الكميه المنصرفه],low[اسم الصنف],'Report'!$G$5,low[مخزن الصرف],'Report'!$C$3,low[تاريخ الإذن],'Report'!C700),\"\")","v":""},"",null,{"$f":"IF( OR(report[[#This Row],[صادر]]>0,report[[#This Row],[وارد]]>0),\"يحسب\",\"\")","v":"يحسب"}]
[null,null,"",{"$f":"IF(C701<>\"\",SUMIFS(add[الكمية المضافة],add[اسم الصنف],'Report'!$G$5,add[مخزن الإضافة],'Report'!$C$3,add[تاريخ الإذن],'Report'!C701),\"\")","v":""},{"$f":"IF(C701<>\"\",SUMIFS(low[الكميه المنصرفه],low[اسم الصنف],'Report'!$G$5,low[مخزن الصرف],'Report'!$C$3,low[تاريخ الإذن],'Report'!C701),\"\")","v":""},"",null,{"$f":"IF( OR(report[[#This Row],[صادر]]>0,report[[#This Row],[وارد]]>0),\"يحسب\",\"\")","v":"يحسب"}]
[null,null,"",{"$f":"IF(C702<>\"\",SUMIFS(add[الكمية المضافة],add[اسم الصنف],'Report'!$G$5,add[مخزن الإضافة],'Report'!$C$3,add[تاريخ الإذن],'Report'!C702),\"\")","v":""},{"$f":"IF(C702<>\"\",SUMIFS(low[الكميه المنصرفه],low[اسم الصنف],'Report'!$G$5,low[مخزن الصرف],'Report'!$C$3,low[تاريخ الإذن],'Report'!C702),\"\")","v":""},"",null,{"$f":"IF( OR(report[[#This Row],[صادر]]>0,report[[#This Row],[وارد]]>0),\"يحسب\",\"\")","v":"يحسب"}]
[null,null,"",{"$f":"IF(C703<>\"\",SUMIFS(add[الكمية المضافة],add[اسم الصنف],'Report'!$G$5,add[مخزن الإضافة],'Report'!$C$3,add[تاريخ الإذن],'Report'!C703),\"\")","v":""},{"$f":"IF(C703<>\"\",SUMIFS(low[الكميه المنصرفه],low[اسم الصنف],'Report'!$G$5,low[مخزن الصرف],'Report'!$C$3,low[تاريخ الإذن],'Report'!C703),\"\")","v":""},"",null,{"$f":"IF( OR(report[[#This Row],[صادر]]>0,report[[#This Row],[وارد]]>0),\"يحسب\",\"\")","v":"يحسب"}]
[null,null,"",{"$f":"IF(C704<>\"\",SUMIFS(add[الكمية المضافة],add[اسم الصنف],'Report'!$G$5,add[مخزن الإضافة],'Report'!$C$3,add[تاريخ الإذن],'Report'!C704),\"\")","v":""},{"$f":"IF(C704<>\"\",SUMIFS(low[الكميه المنصرفه],low[اسم الصنف],'Report'!$G$5,low[مخزن الصرف],'Report'!$C$3,low[تاريخ الإذن],'Report'!C704),\"\")","v":""},"",null,{"$f":"IF( OR(report[[#This Row],[صادر]]>0,report[[#This Row],[وارد]]>0),\"يحسب\",\"\")","v":"يحسب"}]
[null,null,"",{"$f":"IF(C705<>\"\",SUMIFS(add[الكمية المضافة],add[اسم الصنف],'Report'!$G$5,add[مخزن الإضافة],'Report'!$C$3,add[تاريخ الإذن],'Report'!C705),\"\")","v":""},{"$f":"IF(C705<>\"\",SUMIFS(low[الكميه المنصرفه],low[اسم الصنف],'Report'!$G$5,low[مخزن الصرف],'Report'!$C$3,low[تاريخ الإذن],'Report'!C705),\"\")","v":""},"",null,{"$f":"IF( OR(report[[#This Row],[صادر]]>0,report[[#This Row],[وارد]]>0),\"يحسب\",\"\")","v":"يحسب"}]
[null,null,"",{"$f":"IF(C706<>\"\",SUMIFS(add[الكمية المضافة],add[اسم الصنف],'Report'!$G$5,add[مخزن الإضافة],'Report'!$C$3,add[تاريخ الإذن],'Report'!C706),\"\")","v":""},{"$f":"IF(C706<>\"\",SUMIFS(low[الكميه المنصرفه],low[اسم الصنف],'Report'!$G$5,low[مخزن الصرف],'Report'!$C$3,low[تاريخ الإذن],'Report'!C706),\"\")","v":""},"",null,{"$f":"IF( OR(report[[#This Row],[صادر]]>0,report[[#This Row],[وارد]]>0),\"يحسب\",\"\")","v":"يحسب"}]
[null,null,"",{"$f":"IF(C707<>\"\",SUMIFS(add[الكمية المضافة],add[اسم الصنف],'Report'!$G$5,add[مخزن الإضافة],'Report'!$C$3,add[تاريخ الإذن],'Report'!C707),\"\")","v":""},{"$f":"IF(C707<>\"\",SUMIFS(low[الكميه المنصرفه],low[اسم الصنف],'Report'!$G$5,low[مخزن الصرف],'Report'!$C$3,low[تاريخ الإذن],'Report'!C707),\"\")","v":""},"",null,{"$f":"IF( OR(report[[#This Row],[صادر]]>0,report[[#This Row],[وارد]]>0),\"يحسب\",\"\")","v":"يحسب"}]
[null,null,"",{"$f":"IF(C708<>\"\",SUMIFS(add[الكمية المضافة],add[اسم الصنف],'Report'!$G$5,add[مخزن الإضافة],'Report'!$C$3,add[تاريخ الإذن],'Report'!C708),\"\")","v":""},{"$f":"IF(C708<>\"\",SUMIFS(low[الكميه المنصرفه],low[اسم الصنف],'Report'!$G$5,low[مخزن الصرف],'Report'!$C$3,low[تاريخ الإذن],'Report'!C708),\"\")","v":""},"",null,{"$f":"IF( OR(report[[#This Row],[صادر]]>0,report[[#This Row],[وارد]]>0),\"يحسب\",\"\")","v":"يحسب"}]
[null,null,"",{"$f":"IF(C709<>\"\",SUMIFS(add[الكمية المضافة],add[اسم الصنف],'Report'!$G$5,add[مخزن الإضافة],'Report'!$C$3,add[تاريخ الإذن],'Report'!C709),\"\")","v":""},{"$f":"IF(C709<>\"\",SUMIFS(low[الكميه المنصرفه],low[اسم الصنف],'Report'!$G$5,low[مخزن الصرف],'Report'!$C$3,low[تاريخ الإذن],'Report'!C709),\"\")","v":""},"",null,{"$f":"IF( OR(report[[#This Row],[صادر]]>0,report[[#This Row],[وارد]]>0),\"يحسب\",\"\")","v":"يحسب"}]
[null,null,"",{"$f":"IF(C710<>\"\",SUMIFS(add[الكمية المضافة],add[اسم الصنف],'Report'!$G$5,add[مخزن الإضافة],'Report'!$C$3,add[تاريخ الإذن],'Report'!C710),\"\")","v":""},{"$f":"IF(C710<>\"\",SUMIFS(low[الكميه المنصرفه],low[اسم الصنف],'Report'!$G$5,low[مخزن الصرف],'Report'!$C$3,low[تاريخ الإذن],'Report'!C710),\"\")","v":""},"",null,{"$f":"IF( OR(report[[#This Row],[صادر]]>0,report[[#This Row],[وارد]]>0),\"يحسب\",\"\")","v":"يحسب"}]
[null,null,"",{"$f":"IF(C711<>\"\",SUMIFS(add[الكمية المضافة],add[اسم الصنف],'Report'!$G$5,add[مخزن الإضافة],'Report'!$C$3,add[تاريخ الإذن],'Report'!C711),\"\")","v":""},{"$f":"IF(C711<>\"\",SUMIFS(low[الكميه المنصرفه],low[اسم الصنف],'Report'!$G$5,low[مخزن الصرف],'Report'!$C$3,low[تاريخ الإذن],'Report'!C711),\"\")","v":""},{"$f":"IFERROR(IF(C711<>\"\",F710+D711-E711,\"\"),\"\")","v":""},null,{"$f":"IF( OR(report[[#This Row],[صادر]]>0,report[[#This Row],[وارد]]>0),\"يحسب\",\"\")","v":"يحسب"}]
[null,null,"",{"$f":"IF(C712<>\"\",SUMIFS(add[الكمية المضافة],add[اسم الصنف],'Report'!$G$5,add[مخزن الإضافة],'Report'!$C$3,add[تاريخ الإذن],'Report'!C712),\"\")","v":""},{"$f":"IF(C712<>\"\",SUMIFS(low[الكميه المنصرفه],low[اسم الصنف],'Report'!$G$5,low[مخزن الصرف],'Report'!$C$3,low[تاريخ الإذن],'Report'!C712),\"\")","v":""},"",null,{"$f":"IF( OR(report[[#This Row],[صادر]]>0,report[[#This Row],[وارد]]>0),\"يحسب\",\"\")","v":"يحسب"}]
[null,null,"",{"$f":"IF(C713<>\"\",SUMIFS(add[الكمية المضافة],add[اسم الصنف],'Report'!$G$5,add[مخزن الإضافة],'Report'!$C$3,add[تاريخ الإذن],'Report'!C713),\"\")","v":""},{"$f":"IF(C713<>\"\",SUMIFS(low[الكميه المنصرفه],low[اسم الصنف],'Report'!$G$5,low[مخزن الصرف],'Report'!$C$3,low[تاريخ الإذن],'Report'!C713),\"\")","v":""},"",null,{"$f":"IF( OR(report[[#This Row],[صادر]]>0,report[[#This Row],[وارد]]>0),\"يحسب\",\"\")","v":"يحسب"}]
[null,null,"",{"$f":"IF(C714<>\"\",SUMIFS(add[الكمية المضافة],add[اسم الصنف],'Report'!$G$5,add[مخزن الإضافة],'Report'!$C$3,add[تاريخ الإذن],'Report'!C714),\"\")","v":""},{"$f":"IF(C714<>\"\",SUMIFS(low[الكميه المنصرفه],low[اسم الصنف],'Report'!$G$5,low[مخزن الصرف],'Report'!$C$3,low[تاريخ الإذن],'Report'!C714),\"\")","v":""},"",null,{"$f":"IF( OR(report[[#This Row],[صادر]]>0,report[[#This Row],[وارد]]>0),\"يحسب\",\"\")","v":"يحسب"}]
[null,null,"",{"$f":"IF(C715<>\"\",SUMIFS(add[الكمية المضافة],add[اسم الصنف],'Report'!$G$5,add[مخزن الإضافة],'Report'!$C$3,add[تاريخ الإذن],'Report'!C715),\"\")","v":""},{"$f":"IF(C715<>\"\",SUMIFS(low[الكميه المنصرفه],low[اسم الصنف],'Report'!$G$5,low[مخزن الصرف],'Report'!$C$3,low[تاريخ الإذن],'Report'!C715),\"\")","v":""},"",null,{"$f":"IF( OR(report[[#This Row],[صادر]]>0,report[[#This Row],[وارد]]>0),\"يحسب\",\"\")","v":"يحسب"}]
[null,null,"",{"$f":"IF(C716<>\"\",SUMIFS(add[الكمية المضافة],add[اسم الصنف],'Report'!$G$5,add[مخزن الإضافة],'Report'!$C$3,add[تاريخ الإذن],'Report'!C716),\"\")","v":""},{"$f":"IF(C716<>\"\",SUMIFS(low[الكميه المنصرفه],low[اسم الصنف],'Report'!$G$5,low[مخزن الصرف],'Report'!$C$3,low[تاريخ الإذن],'Report'!C716),\"\")","v":""},"",null,{"$f":"IF( OR(report[[#This Row],[صادر]]>0,report[[#This Row],[وارد]]>0),\"يحسب\",\"\")","v":"يحسب"}]
[null,null,"",{"$f":"IF(C717<>\"\",SUMIFS(add[الكمية المضافة],add[اسم الصنف],'Report'!$G$5,add[مخزن الإضافة],'Report'!$C$3,add[تاريخ الإذن],'Report'!C717),\"\")","v":""},{"$f":"IF(C717<>\"\",SUMIFS(low[الكميه المنصرفه],low[اسم الصنف],'Report'!$G$5,low[مخزن الصرف],'Report'!$C$3,low[تاريخ الإذن],'Report'!C717),\"\")","v":""},"",null,{"$f":"IF( OR(report[[#This Row],[صادر]]>0,report[[#This Row],[وارد]]>0),\"يحسب\",\"\")","v":"يحسب"}]
[null,null,"",{"$f":"IF(C718<>\"\",SUMIFS(add[الكمية المضافة],add[اسم الصنف],'Report'!$G$5,add[مخزن الإضافة],'Report'!$C$3,add[تاريخ الإذن],'Report'!C718),\"\")","v":""},{"$f":"IF(C718<>\"\",SUMIFS(low[الكميه المنصرفه],low[اسم الصنف],'Report'!$G$5,low[مخزن الصرف],'Report'!$C$3,low[تاريخ الإذن],'Report'!C718),\"\")","v":""},"",null,{"$f":"IF( OR(report[[#This Row],[صادر]]>0,report[[#This Row],[وارد]]>0),\"يحسب\",\"\")","v":"يحسب"}]
[null,null,"",{"$f":"IF(C719<>\"\",SUMIFS(add[الكمية المضافة],add[اسم الصنف],'Report'!$G$5,add[مخزن الإضافة],'Report'!$C$3,add[تاريخ الإذن],'Report'!C719),\"\")","v":""},{"$f":"IF(C719<>\"\",SUMIFS(low[الكميه المنصرفه],low[اسم الصنف],'Report'!$G$5,low[مخزن الصرف],'Report'!$C$3,low[تاريخ الإذن],'Report'!C719),\"\")","v":""},"",null,{"$f":"IF( OR(report[[#This Row],[صادر]]>0,report[[#This Row],[وارد]]>0),\"يحسب\",\"\")","v":"يحسب"}]
[null,null,{"$f":"IFERROR(IF(C719+1<=$C$7,C719+1,\"\"),\"\")","v":""},{"$f":"IF(C720<>\"\",SUMIFS(add[الكمية المضافة],add[اسم الصنف],'Report'!$G$5,add[مخزن الإضافة],'Report'!$C$3,add[تاريخ الإذن],'Report'!C720),\"\")","v":""},{"$f":"IF(C720<>\"\",SUMIFS(low[الكميه المنصرفه],low[اسم الصنف],'Report'!$G$5,low[مخزن الصرف],'Report'!$C$3,low[تاريخ الإذن],'Report'!C720),\"\")","v":""},"",null,{"$f":"IF( OR(report[[#This Row],[صادر]]>0,report[[#This Row],[وارد]]>0),\"يحسب\",\"\")","v":"يحسب"}]
[null,null,"",{"$f":"IF(C721<>\"\",SUMIFS(add[الكمية المضافة],add[اسم الصنف],'Report'!$G$5,add[مخزن الإضافة],'Report'!$C$3,add[تاريخ الإذن],'Report'!C721),\"\")","v":""},{"$f":"IF(C721<>\"\",SUMIFS(low[الكميه المنصرفه],low[اسم الصنف],'Report'!$G$5,low[مخزن الصرف],'Report'!$C$3,low[تاريخ الإذن],'Report'!C721),\"\")","v":""},"",null,{"$f":"IF( OR(report[[#This Row],[صادر]]>0,report[[#This Row],[وارد]]>0),\"يحسب\",\"\")","v":"يحسب"}]
[null,null,"",{"$f":"IF(C722<>\"\",SUMIFS(add[الكمية المضافة],add[اسم الصنف],'Report'!$G$5,add[مخزن الإضافة],'Report'!$C$3,add[تاريخ الإذن],'Report'!C722),\"\")","v":""},{"$f":"IF(C722<>\"\",SUMIFS(low[الكميه المنصرفه],low[اسم الصنف],'Report'!$G$5,low[مخزن الصرف],'Report'!$C$3,low[تاريخ الإذن],'Report'!C722),\"\")","v":""},"",null,{"$f":"IF( OR(report[[#This Row],[صادر]]>0,report[[#This Row],[وارد]]>0),\"يحسب\",\"\")","v":"يحسب"}]
[null,null,"",{"$f":"IF(C723<>\"\",SUMIFS(add[الكمية المضافة],add[اسم الصنف],'Report'!$G$5,add[مخزن الإضافة],'Report'!$C$3,add[تاريخ الإذن],'Report'!C723),\"\")","v":""},{"$f":"IF(C723<>\"\",SUMIFS(low[الكميه المنصرفه],low[اسم الصنف],'Report'!$G$5,low[مخزن الصرف],'Report'!$C$3,low[تاريخ الإذن],'Report'!C723),\"\")","v":""},"",null,{"$f":"IF( OR(report[[#This Row],[صادر]]>0,report[[#This Row],[وارد]]>0),\"يحسب\",\"\")","v":"يحسب"}]
[null,null,"",{"$f":"IF(C724<>\"\",SUMIFS(add[الكمية المضافة],add[اسم الصنف],'Report'!$G$5,add[مخزن الإضافة],'Report'!$C$3,add[تاريخ الإذن],'Report'!C724),\"\")","v":""},{"$f":"IF(C724<>\"\",SUMIFS(low[الكميه المنصرفه],low[اسم الصنف],'Report'!$G$5,low[مخزن الصرف],'Report'!$C$3,low[تاريخ الإذن],'Report'!C724),\"\")","v":""},"",null,{"$f":"IF( OR(report[[#This Row],[صادر]]>0,report[[#This Row],[وارد]]>0),\"يحسب\",\"\")","v":"يحسب"}]
[null,null,"",{"$f":"IF(C725<>\"\",SUMIFS(add[الكمية المضافة],add[اسم الصنف],'Report'!$G$5,add[مخزن الإضافة],'Report'!$C$3,add[تاريخ الإذن],'Report'!C725),\"\")","v":""},{"$f":"IF(C725<>\"\",SUMIFS(low[الكميه المنصرفه],low[اسم الصنف],'Report'!$G$5,low[مخزن الصرف],'Report'!$C$3,low[تاريخ الإذن],'Report'!C725),\"\")","v":""},"",null,{"$f":"IF( OR(report[[#This Row],[صادر]]>0,report[[#This Row],[وارد]]>0),\"يحسب\",\"\")","v":"يحسب"}]
[null,null,"",{"$f":"IF(C726<>\"\",SUMIFS(add[الكمية المضافة],add[اسم الصنف],'Report'!$G$5,add[مخزن الإضافة],'Report'!$C$3,add[تاريخ الإذن],'Report'!C726),\"\")","v":""},{"$f":"IF(C726<>\"\",SUMIFS(low[الكميه المنصرفه],low[اسم الصنف],'Report'!$G$5,low[مخزن الصرف],'Report'!$C$3,low[تاريخ الإذن],'Report'!C726),\"\")","v":""},"",null,{"$f":"IF( OR(report[[#This Row],[صادر]]>0,report[[#This Row],[وارد]]>0),\"يحسب\",\"\")","v":"يحسب"}]
[null,null,"",{"$f":"IF(C727<>\"\",SUMIFS(add[الكمية المضافة],add[اسم الصنف],'Report'!$G$5,add[مخزن الإضافة],'Report'!$C$3,add[تاريخ الإذن],'Report'!C727),\"\")","v":""},{"$f":"IF(C727<>\"\",SUMIFS(low[الكميه المنصرفه],low[اسم الصنف],'Report'!$G$5,low[مخزن الصرف],'Report'!$C$3,low[تاريخ الإذن],'Report'!C727),\"\")","v":""},"",null,{"$f":"IF( OR(report[[#This Row],[صادر]]>0,report[[#This Row],[وارد]]>0),\"يحسب\",\"\")","v":"يحسب"}]
[null,null,"",{"$f":"IF(C728<>\"\",SUMIFS(add[الكمية المضافة],add[اسم الصنف],'Report'!$G$5,add[مخزن الإضافة],'Report'!$C$3,add[تاريخ الإذن],'Report'!C728),\"\")","v":""},{"$f":"IF(C728<>\"\",SUMIFS(low[الكميه المنصرفه],low[اسم الصنف],'Report'!$G$5,low[مخزن الصرف],'Report'!$C$3,low[تاريخ الإذن],'Report'!C728),\"\")","v":""},"",null,{"$f":"IF( OR(report[[#This Row],[صادر]]>0,report[[#This Row],[وارد]]>0),\"يحسب\",\"\")","v":"يحسب"}]
[null,null,"",{"$f":"IF(C729<>\"\",SUMIFS(add[الكمية المضافة],add[اسم الصنف],'Report'!$G$5,add[مخزن الإضافة],'Report'!$C$3,add[تاريخ الإذن],'Report'!C729),\"\")","v":""},{"$f":"IF(C729<>\"\",SUMIFS(low[الكميه المنصرفه],low[اسم الصنف],'Report'!$G$5,low[مخزن الصرف],'Report'!$C$3,low[تاريخ الإذن],'Report'!C729),\"\")","v":""},"",null,{"$f":"IF( OR(report[[#This Row],[صادر]]>0,report[[#This Row],[وارد]]>0),\"يحسب\",\"\")","v":"يحسب"}]
[null,null,"",{"$f":"IF(C730<>\"\",SUMIFS(add[الكمية المضافة],add[اسم الصنف],'Report'!$G$5,add[مخزن الإضافة],'Report'!$C$3,add[تاريخ الإذن],'Report'!C730),\"\")","v":""},{"$f":"IF(C730<>\"\",SUMIFS(low[الكميه المنصرفه],low[اسم الصنف],'Report'!$G$5,low[مخزن الصرف],'Report'!$C$3,low[تاريخ الإذن],'Report'!C730),\"\")","v":""},"",null,{"$f":"IF( OR(report[[#This Row],[صادر]]>0,report[[#This Row],[وارد]]>0),\"يحسب\",\"\")","v":"يحسب"}]
[null,null,"",{"$f":"IF(C731<>\"\",SUMIFS(add[الكمية المضافة],add[اسم الصنف],'Report'!$G$5,add[مخزن الإضافة],'Report'!$C$3,add[تاريخ الإذن],'Report'!C731),\"\")","v":""},{"$f":"IF(C731<>\"\",SUMIFS(low[الكميه المنصرفه],low[اسم الصنف],'Report'!$G$5,low[مخزن الصرف],'Report'!$C$3,low[تاريخ الإذن],'Report'!C731),\"\")","v":""},"",null,{"$f":"IF( OR(report[[#This Row],[صادر]]>0,report[[#This Row],[وارد]]>0),\"يحسب\",\"\")","v":"يحسب"}]
[null,null,"",{"$f":"IF(C732<>\"\",SUMIFS(add[الكمية المضافة],add[اسم الصنف],'Report'!$G$5,add[مخزن الإضافة],'Report'!$C$3,add[تاريخ الإذن],'Report'!C732),\"\")","v":""},{"$f":"IF(C732<>\"\",SUMIFS(low[الكميه المنصرفه],low[اسم الصنف],'Report'!$G$5,low[مخزن الصرف],'Report'!$C$3,low[تاريخ الإذن],'Report'!C732),\"\")","v":""},"",null,{"$f":"IF( OR(report[[#This Row],[صادر]]>0,report[[#This Row],[وارد]]>0),\"يحسب\",\"\")","v":"يحسب"}]
[null,null,"",{"$f":"IF(C733<>\"\",SUMIFS(add[الكمية المضافة],add[اسم الصنف],'Report'!$G$5,add[مخزن الإضافة],'Report'!$C$3,add[تاريخ الإذن],'Report'!C733),\"\")","v":""},{"$f":"IF(C733<>\"\",SUMIFS(low[الكميه المنصرفه],low[اسم الصنف],'Report'!$G$5,low[مخزن الصرف],'Report'!$C$3,low[تاريخ الإذن],'Report'!C733),\"\")","v":""},"",null,{"$f":"IF( OR(report[[#This Row],[صادر]]>0,report[[#This Row],[وارد]]>0),\"يحسب\",\"\")","v":"يحسب"}]
[null,null,"",{"$f":"IF(C734<>\"\",SUMIFS(add[الكمية المضافة],add[اسم الصنف],'Report'!$G$5,add[مخزن الإضافة],'Report'!$C$3,add[تاريخ الإذن],'Report'!C734),\"\")","v":""},{"$f":"IF(C734<>\"\",SUMIFS(low[الكميه المنصرفه],low[اسم الصنف],'Report'!$G$5,low[مخزن الصرف],'Report'!$C$3,low[تاريخ الإذن],'Report'!C734),\"\")","v":""},"",null,{"$f":"IF( OR(report[[#This Row],[صادر]]>0,report[[#This Row],[وارد]]>0),\"يحسب\",\"\")","v":"يحسب"}]
[null,null,"",{"$f":"IF(C735<>\"\",SUMIFS(add[الكمية المضافة],add[اسم الصنف],'Report'!$G$5,add[مخزن الإضافة],'Report'!$C$3,add[تاريخ الإذن],'Report'!C735),\"\")","v":""},{"$f":"IF(C735<>\"\",SUMIFS(low[الكميه المنصرفه],low[اسم الصنف],'Report'!$G$5,low[مخزن الصرف],'Report'!$C$3,low[تاريخ الإذن],'Report'!C735),\"\")","v":""},"",null,{"$f":"IF( OR(report[[#This Row],[صادر]]>0,report[[#This Row],[وارد]]>0),\"يحسب\",\"\")","v":"يحسب"}]
[null,null,"",{"$f":"IF(C736<>\"\",SUMIFS(add[الكمية المضافة],add[اسم الصنف],'Report'!$G$5,add[مخزن الإضافة],'Report'!$C$3,add[تاريخ الإذن],'Report'!C736),\"\")","v":""},{"$f":"IF(C736<>\"\",SUMIFS(low[الكميه المنصرفه],low[اسم الصنف],'Report'!$G$5,low[مخزن الصرف],'Report'!$C$3,low[تاريخ الإذن],'Report'!C736),\"\")","v":""},"",null,{"$f":"IF( OR(report[[#This Row],[صادر]]>0,report[[#This Row],[وارد]]>0),\"يحسب\",\"\")","v":"يحسب"}]
[null,null,"",{"$f":"IF(C737<>\"\",SUMIFS(add[الكمية المضافة],add[اسم الصنف],'Report'!$G$5,add[مخزن الإضافة],'Report'!$C$3,add[تاريخ الإذن],'Report'!C737),\"\")","v":""},{"$f":"IF(C737<>\"\",SUMIFS(low[الكميه المنصرفه],low[اسم الصنف],'Report'!$G$5,low[مخزن الصرف],'Report'!$C$3,low[تاريخ الإذن],'Report'!C737),\"\")","v":""},"",null,{"$f":"IF( OR(report[[#This Row],[صادر]]>0,report[[#This Row],[وارد]]>0),\"يحسب\",\"\")","v":"يحسب"}]
[null,null,"",{"$f":"IF(C738<>\"\",SUMIFS(add[الكمية المضافة],add[اسم الصنف],'Report'!$G$5,add[مخزن الإضافة],'Report'!$C$3,add[تاريخ الإذن],'Report'!C738),\"\")","v":""},{"$f":"IF(C738<>\"\",SUMIFS(low[الكميه المنصرفه],low[اسم الصنف],'Report'!$G$5,low[مخزن الصرف],'Report'!$C$3,low[تاريخ الإذن],'Report'!C738),\"\")","v":""},"",null,{"$f":"IF( OR(report[[#This Row],[صادر]]>0,report[[#This Row],[وارد]]>0),\"يحسب\",\"\")","v":"يحسب"}]
[null,null,"",{"$f":"IF(C739<>\"\",SUMIFS(add[الكمية المضافة],add[اسم الصنف],'Report'!$G$5,add[مخزن الإضافة],'Report'!$C$3,add[تاريخ الإذن],'Report'!C739),\"\")","v":""},{"$f":"IF(C739<>\"\",SUMIFS(low[الكميه المنصرفه],low[اسم الصنف],'Report'!$G$5,low[مخزن الصرف],'Report'!$C$3,low[تاريخ الإذن],'Report'!C739),\"\")","v":""},"",null,{"$f":"IF( OR(report[[#This Row],[صادر]]>0,report[[#This Row],[وارد]]>0),\"يحسب\",\"\")","v":"يحسب"}]
[null,null,"",{"$f":"IF(C740<>\"\",SUMIFS(add[الكمية المضافة],add[اسم الصنف],'Report'!$G$5,add[مخزن الإضافة],'Report'!$C$3,add[تاريخ الإذن],'Report'!C740),\"\")","v":""},{"$f":"IF(C740<>\"\",SUMIFS(low[الكميه المنصرفه],low[اسم الصنف],'Report'!$G$5,low[مخزن الصرف],'Report'!$C$3,low[تاريخ الإذن],'Report'!C740),\"\")","v":""},"",null,{"$f":"IF( OR(report[[#This Row],[صادر]]>0,report[[#This Row],[وارد]]>0),\"يحسب\",\"\")","v":"يحسب"}]
[null,null,"",{"$f":"IF(C741<>\"\",SUMIFS(add[الكمية المضافة],add[اسم الصنف],'Report'!$G$5,add[مخزن الإضافة],'Report'!$C$3,add[تاريخ الإذن],'Report'!C741),\"\")","v":""},{"$f":"IF(C741<>\"\",SUMIFS(low[الكميه المنصرفه],low[اسم الصنف],'Report'!$G$5,low[مخزن الصرف],'Report'!$C$3,low[تاريخ الإذن],'Report'!C741),\"\")","v":""},"",null,{"$f":"IF( OR(report[[#This Row],[صادر]]>0,report[[#This Row],[وارد]]>0),\"يحسب\",\"\")","v":"يحسب"}]
[null,null,"",{"$f":"IF(C742<>\"\",SUMIFS(add[الكمية المضافة],add[اسم الصنف],'Report'!$G$5,add[مخزن الإضافة],'Report'!$C$3,add[تاريخ الإذن],'Report'!C742),\"\")","v":""},{"$f":"IF(C742<>\"\",SUMIFS(low[الكميه المنصرفه],low[اسم الصنف],'Report'!$G$5,low[مخزن الصرف],'Report'!$C$3,low[تاريخ الإذن],'Report'!C742),\"\")","v":""},"",null,{"$f":"IF( OR(report[[#This Row],[صادر]]>0,report[[#This Row],[وارد]]>0),\"يحسب\",\"\")","v":"يحسب"}]
[null,null,"",{"$f":"IF(C743<>\"\",SUMIFS(add[الكمية المضافة],add[اسم الصنف],'Report'!$G$5,add[مخزن الإضافة],'Report'!$C$3,add[تاريخ الإذن],'Report'!C743),\"\")","v":""},{"$f":"IF(C743<>\"\",SUMIFS(low[الكميه المنصرفه],low[اسم الصنف],'Report'!$G$5,low[مخزن الصرف],'Report'!$C$3,low[تاريخ الإذن],'Report'!C743),\"\")","v":""},"",null,{"$f":"IF( OR(report[[#This Row],[صادر]]>0,report[[#This Row],[وارد]]>0),\"يحسب\",\"\")","v":"يحسب"}]
[null,null,"",{"$f":"IF(C744<>\"\",SUMIFS(add[الكمية المضافة],add[اسم الصنف],'Report'!$G$5,add[مخزن الإضافة],'Report'!$C$3,add[تاريخ الإذن],'Report'!C744),\"\")","v":""},{"$f":"IF(C744<>\"\",SUMIFS(low[الكميه المنصرفه],low[اسم الصنف],'Report'!$G$5,low[مخزن الصرف],'Report'!$C$3,low[تاريخ الإذن],'Report'!C744),\"\")","v":""},"",null,{"$f":"IF( OR(report[[#This Row],[صادر]]>0,report[[#This Row],[وارد]]>0),\"يحسب\",\"\")","v":"يحسب"}]
[null,null,"",{"$f":"IF(C745<>\"\",SUMIFS(add[الكمية المضافة],add[اسم الصنف],'Report'!$G$5,add[مخزن الإضافة],'Report'!$C$3,add[تاريخ الإذن],'Report'!C745),\"\")","v":""},{"$f":"IF(C745<>\"\",SUMIFS(low[الكميه المنصرفه],low[اسم الصنف],'Report'!$G$5,low[مخزن الصرف],'Report'!$C$3,low[تاريخ الإذن],'Report'!C745),\"\")","v":""},"",null,{"$f":"IF( OR(report[[#This Row],[صادر]]>0,report[[#This Row],[وارد]]>0),\"يحسب\",\"\")","v":"يحسب"}]
[null,null,"",{"$f":"IF(C746<>\"\",SUMIFS(add[الكمية المضافة],add[اسم الصنف],'Report'!$G$5,add[مخزن الإضافة],'Report'!$C$3,add[تاريخ الإذن],'Report'!C746),\"\")","v":""},{"$f":"IF(C746<>\"\",SUMIFS(low[الكميه المنصرفه],low[اسم الصنف],'Report'!$G$5,low[مخزن الصرف],'Report'!$C$3,low[تاريخ الإذن],'Report'!C746),\"\")","v":""},"",null,{"$f":"IF( OR(report[[#This Row],[صادر]]>0,report[[#This Row],[وارد]]>0),\"يحسب\",\"\")","v":"يحسب"}]
[null,null,"",{"$f":"IF(C747<>\"\",SUMIFS(add[الكمية المضافة],add[اسم الصنف],'Report'!$G$5,add[مخزن الإضافة],'Report'!$C$3,add[تاريخ الإذن],'Report'!C747),\"\")","v":""},{"$f":"IF(C747<>\"\",SUMIFS(low[الكميه المنصرفه],low[اسم الصنف],'Report'!$G$5,low[مخزن الصرف],'Report'!$C$3,low[تاريخ الإذن],'Report'!C747),\"\")","v":""},"",null,{"$f":"IF( OR(report[[#This Row],[صادر]]>0,report[[#This Row],[وارد]]>0),\"يحسب\",\"\")","v":"يحسب"}]
[null,null,"",{"$f":"IF(C748<>\"\",SUMIFS(add[الكمية المضافة],add[اسم الصنف],'Report'!$G$5,add[مخزن الإضافة],'Report'!$C$3,add[تاريخ الإذن],'Report'!C748),\"\")","v":""},{"$f":"IF(C748<>\"\",SUMIFS(low[الكميه المنصرفه],low[اسم الصنف],'Report'!$G$5,low[مخزن الصرف],'Report'!$C$3,low[تاريخ الإذن],'Report'!C748),\"\")","v":""},"",null,{"$f":"IF( OR(report[[#This Row],[صادر]]>0,report[[#This Row],[وارد]]>0),\"يحسب\",\"\")","v":"يحسب"}]
[null,null,"",{"$f":"IF(C749<>\"\",SUMIFS(add[الكمية المضافة],add[اسم الصنف],'Report'!$G$5,add[مخزن الإضافة],'Report'!$C$3,add[تاريخ الإذن],'Report'!C749),\"\")","v":""},{"$f":"IF(C749<>\"\",SUMIFS(low[الكميه المنصرفه],low[اسم الصنف],'Report'!$G$5,low[مخزن الصرف],'Report'!$C$3,low[تاريخ الإذن],'Report'!C749),\"\")","v":""},"",null,{"$f":"IF( OR(report[[#This Row],[صادر]]>0,report[[#This Row],[وارد]]>0),\"يحسب\",\"\")","v":"يحسب"}]
[null,null,"",{"$f":"IF(C750<>\"\",SUMIFS(add[الكمية المضافة],add[اسم الصنف],'Report'!$G$5,add[مخزن الإضافة],'Report'!$C$3,add[تاريخ الإذن],'Report'!C750),\"\")","v":""},{"$f":"IF(C750<>\"\",SUMIFS(low[الكميه المنصرفه],low[اسم الصنف],'Report'!$G$5,low[مخزن الصرف],'Report'!$C$3,low[تاريخ الإذن],'Report'!C750),\"\")","v":""},"",null,{"$f":"IF( OR(report[[#This Row],[صادر]]>0,report[[#This Row],[وارد]]>0),\"يحسب\",\"\")","v":"يحسب"}]
[null,null,"",{"$f":"IF(C751<>\"\",SUMIFS(add[الكمية المضافة],add[اسم الصنف],'Report'!$G$5,add[مخزن الإضافة],'Report'!$C$3,add[تاريخ الإذن],'Report'!C751),\"\")","v":""},{"$f":"IF(C751<>\"\",SUMIFS(low[الكميه المنصرفه],low[اسم الصنف],'Report'!$G$5,low[مخزن الصرف],'Report'!$C$3,low[تاريخ الإذن],'Report'!C751),\"\")","v":""},"",null,{"$f":"IF( OR(report[[#This Row],[صادر]]>0,report[[#This Row],[وارد]]>0),\"يحسب\",\"\")","v":"يحسب"}]
[null,null,"",{"$f":"IF(C752<>\"\",SUMIFS(add[الكمية المضافة],add[اسم الصنف],'Report'!$G$5,add[مخزن الإضافة],'Report'!$C$3,add[تاريخ الإذن],'Report'!C752),\"\")","v":""},{"$f":"IF(C752<>\"\",SUMIFS(low[الكميه المنصرفه],low[اسم الصنف],'Report'!$G$5,low[مخزن الصرف],'Report'!$C$3,low[تاريخ الإذن],'Report'!C752),\"\")","v":""},"",null,{"$f":"IF( OR(report[[#This Row],[صادر]]>0,report[[#This Row],[وارد]]>0),\"يحسب\",\"\")","v":"يحسب"}]
[null,null,"",{"$f":"IF(C753<>\"\",SUMIFS(add[الكمية المضافة],add[اسم الصنف],'Report'!$G$5,add[مخزن الإضافة],'Report'!$C$3,add[تاريخ الإذن],'Report'!C753),\"\")","v":""},{"$f":"IF(C753<>\"\",SUMIFS(low[الكميه المنصرفه],low[اسم الصنف],'Report'!$G$5,low[مخزن الصرف],'Report'!$C$3,low[تاريخ الإذن],'Report'!C753),\"\")","v":""},"",null,{"$f":"IF( OR(report[[#This Row],[صادر]]>0,report[[#This Row],[وارد]]>0),\"يحسب\",\"\")","v":"يحسب"}]
[null,null,"",{"$f":"IF(C754<>\"\",SUMIFS(add[الكمية المضافة],add[اسم الصنف],'Report'!$G$5,add[مخزن الإضافة],'Report'!$C$3,add[تاريخ الإذن],'Report'!C754),\"\")","v":""},{"$f":"IF(C754<>\"\",SUMIFS(low[الكميه المنصرفه],low[اسم الصنف],'Report'!$G$5,low[مخزن الصرف],'Report'!$C$3,low[تاريخ الإذن],'Report'!C754),\"\")","v":""},"",null,{"$f":"IF( OR(report[[#This Row],[صادر]]>0,report[[#This Row],[وارد]]>0),\"يحسب\",\"\")","v":"يحسب"}]
[null,null,"",{"$f":"IF(C755<>\"\",SUMIFS(add[الكمية المضافة],add[اسم الصنف],'Report'!$G$5,add[مخزن الإضافة],'Report'!$C$3,add[تاريخ الإذن],'Report'!C755),\"\")","v":""},{"$f":"IF(C755<>\"\",SUMIFS(low[الكميه المنصرفه],low[اسم الصنف],'Report'!$G$5,low[مخزن الصرف],'Report'!$C$3,low[تاريخ الإذن],'Report'!C755),\"\")","v":""},"",null,{"$f":"IF( OR(report[[#This Row],[صادر]]>0,report[[#This Row],[وارد]]>0),\"يحسب\",\"\")","v":"يحسب"}]
[null,null,"",{"$f":"IF(C756<>\"\",SUMIFS(add[الكمية المضافة],add[اسم الصنف],'Report'!$G$5,add[مخزن الإضافة],'Report'!$C$3,add[تاريخ الإذن],'Report'!C756),\"\")","v":""},{"$f":"IF(C756<>\"\",SUMIFS(low[الكميه المنصرفه],low[اسم الصنف],'Report'!$G$5,low[مخزن الصرف],'Report'!$C$3,low[تاريخ الإذن],'Report'!C756),\"\")","v":""},"",null,{"$f":"IF( OR(report[[#This Row],[صادر]]>0,report[[#This Row],[وارد]]>0),\"يحسب\",\"\")","v":"يحسب"}]
[null,null,"",{"$f":"IF(C757<>\"\",SUMIFS(add[الكمية المضافة],add[اسم الصنف],'Report'!$G$5,add[مخزن الإضافة],'Report'!$C$3,add[تاريخ الإذن],'Report'!C757),\"\")","v":""},{"$f":"IF(C757<>\"\",SUMIFS(low[الكميه المنصرفه],low[اسم الصنف],'Report'!$G$5,low[مخزن الصرف],'Report'!$C$3,low[تاريخ الإذن],'Report'!C757),\"\")","v":""},"",null,{"$f":"IF( OR(report[[#This Row],[صادر]]>0,report[[#This Row],[وارد]]>0),\"يحسب\",\"\")","v":"يحسب"}]
[null,null,"",{"$f":"IF(C758<>\"\",SUMIFS(add[الكمية المضافة],add[اسم الصنف],'Report'!$G$5,add[مخزن الإضافة],'Report'!$C$3,add[تاريخ الإذن],'Report'!C758),\"\")","v":""},{"$f":"IF(C758<>\"\",SUMIFS(low[الكميه المنصرفه],low[اسم الصنف],'Report'!$G$5,low[مخزن الصرف],'Report'!$C$3,low[تاريخ الإذن],'Report'!C758),\"\")","v":""},"",null,{"$f":"IF( OR(report[[#This Row],[صادر]]>0,report[[#This Row],[وارد]]>0),\"يحسب\",\"\")","v":"يحسب"}]
[null,null,"",{"$f":"IF(C759<>\"\",SUMIFS(add[الكمية المضافة],add[اسم الصنف],'Report'!$G$5,add[مخزن الإضافة],'Report'!$C$3,add[تاريخ الإذن],'Report'!C759),\"\")","v":""},{"$f":"IF(C759<>\"\",SUMIFS(low[الكميه المنصرفه],low[اسم الصنف],'Report'!$G$5,low[مخزن الصرف],'Report'!$C$3,low[تاريخ الإذن],'Report'!C759),\"\")","v":""},"",null,{"$f":"IF( OR(report[[#This Row],[صادر]]>0,report[[#This Row],[وارد]]>0),\"يحسب\",\"\")","v":"يحسب"}]
[null,null,"",{"$f":"IF(C760<>\"\",SUMIFS(add[الكمية المضافة],add[اسم الصنف],'Report'!$G$5,add[مخزن الإضافة],'Report'!$C$3,add[تاريخ الإذن],'Report'!C760),\"\")","v":""},{"$f":"IF(C760<>\"\",SUMIFS(low[الكميه المنصرفه],low[اسم الصنف],'Report'!$G$5,low[مخزن الصرف],'Report'!$C$3,low[تاريخ الإذن],'Report'!C760),\"\")","v":""},"",null,{"$f":"IF( OR(report[[#This Row],[صادر]]>0,report[[#This Row],[وارد]]>0),\"يحسب\",\"\")","v":"يحسب"}]
[null,null,"",{"$f":"IF(C761<>\"\",SUMIFS(add[الكمية المضافة],add[اسم الصنف],'Report'!$G$5,add[مخزن الإضافة],'Report'!$C$3,add[تاريخ الإذن],'Report'!C761),\"\")","v":""},{"$f":"IF(C761<>\"\",SUMIFS(low[الكميه المنصرفه],low[اسم الصنف],'Report'!$G$5,low[مخزن الصرف],'Report'!$C$3,low[تاريخ الإذن],'Report'!C761),\"\")","v":""},"",null,{"$f":"IF( OR(report[[#This Row],[صادر]]>0,report[[#This Row],[وارد]]>0),\"يحسب\",\"\")","v":"يحسب"}]
[null,null,"",{"$f":"IF(C762<>\"\",SUMIFS(add[الكمية المضافة],add[اسم الصنف],'Report'!$G$5,add[مخزن الإضافة],'Report'!$C$3,add[تاريخ الإذن],'Report'!C762),\"\")","v":""},{"$f":"IF(C762<>\"\",SUMIFS(low[الكميه المنصرفه],low[اسم الصنف],'Report'!$G$5,low[مخزن الصرف],'Report'!$C$3,low[تاريخ الإذن],'Report'!C762),\"\")","v":""},"",null,{"$f":"IF( OR(report[[#This Row],[صادر]]>0,report[[#This Row],[وارد]]>0),\"يحسب\",\"\")","v":"يحسب"}]
[null,null,"",{"$f":"IF(C763<>\"\",SUMIFS(add[الكمية المضافة],add[اسم الصنف],'Report'!$G$5,add[مخزن الإضافة],'Report'!$C$3,add[تاريخ الإذن],'Report'!C763),\"\")","v":""},{"$f":"IF(C763<>\"\",SUMIFS(low[الكميه المنصرفه],low[اسم الصنف],'Report'!$G$5,low[مخزن الصرف],'Report'!$C$3,low[تاريخ الإذن],'Report'!C763),\"\")","v":""},"",null,{"$f":"IF( OR(report[[#This Row],[صادر]]>0,report[[#This Row],[وارد]]>0),\"يحسب\",\"\")","v":"يحسب"}]
[null,null,"",{"$f":"IF(C764<>\"\",SUMIFS(add[الكمية المضافة],add[اسم الصنف],'Report'!$G$5,add[مخزن الإضافة],'Report'!$C$3,add[تاريخ الإذن],'Report'!C764),\"\")","v":""},{"$f":"IF(C764<>\"\",SUMIFS(low[الكميه المنصرفه],low[اسم الصنف],'Report'!$G$5,low[مخزن الصرف],'Report'!$C$3,low[تاريخ الإذن],'Report'!C764),\"\")","v":""},"",null,{"$f":"IF( OR(report[[#This Row],[صادر]]>0,report[[#This Row],[وارد]]>0),\"يحسب\",\"\")","v":"يحسب"}]
[null,null,"",{"$f":"IF(C765<>\"\",SUMIFS(add[الكمية المضافة],add[اسم الصنف],'Report'!$G$5,add[مخزن الإضافة],'Report'!$C$3,add[تاريخ الإذن],'Report'!C765),\"\")","v":""},{"$f":"IF(C765<>\"\",SUMIFS(low[الكميه المنصرفه],low[اسم الصنف],'Report'!$G$5,low[مخزن الصرف],'Report'!$C$3,low[تاريخ الإذن],'Report'!C765),\"\")","v":""},"",null,{"$f":"IF( OR(report[[#This Row],[صادر]]>0,report[[#This Row],[وارد]]>0),\"يحسب\",\"\")","v":"يحسب"}]
[null,null,"",{"$f":"IF(C766<>\"\",SUMIFS(add[الكمية المضافة],add[اسم الصنف],'Report'!$G$5,add[مخزن الإضافة],'Report'!$C$3,add[تاريخ الإذن],'Report'!C766),\"\")","v":""},{"$f":"IF(C766<>\"\",SUMIFS(low[الكميه المنصرفه],low[اسم الصنف],'Report'!$G$5,low[مخزن الصرف],'Report'!$C$3,low[تاريخ الإذن],'Report'!C766),\"\")","v":""},"",null,{"$f":"IF( OR(report[[#This Row],[صادر]]>0,report[[#This Row],[وارد]]>0),\"يحسب\",\"\")","v":"يحسب"}]
[null,null,"",{"$f":"IF(C767<>\"\",SUMIFS(add[الكمية المضافة],add[اسم الصنف],'Report'!$G$5,add[مخزن الإضافة],'Report'!$C$3,add[تاريخ الإذن],'Report'!C767),\"\")","v":""},{"$f":"IF(C767<>\"\",SUMIFS(low[الكميه المنصرفه],low[اسم الصنف],'Report'!$G$5,low[مخزن الصرف],'Report'!$C$3,low[تاريخ الإذن],'Report'!C767),\"\")","v":""},"",null,{"$f":"IF( OR(report[[#This Row],[صادر]]>0,report[[#This Row],[وارد]]>0),\"يحسب\",\"\")","v":"يحسب"}]
[null,null,"",{"$f":"IF(C768<>\"\",SUMIFS(add[الكمية المضافة],add[اسم الصنف],'Report'!$G$5,add[مخزن الإضافة],'Report'!$C$3,add[تاريخ الإذن],'Report'!C768),\"\")","v":""},{"$f":"IF(C768<>\"\",SUMIFS(low[الكميه المنصرفه],low[اسم الصنف],'Report'!$G$5,low[مخزن الصرف],'Report'!$C$3,low[تاريخ الإذن],'Report'!C768),\"\")","v":""},"",null,{"$f":"IF( OR(report[[#This Row],[صادر]]>0,report[[#This Row],[وارد]]>0),\"يحسب\",\"\")","v":"يحسب"}]
[null,null,"",{"$f":"IF(C769<>\"\",SUMIFS(add[الكمية المضافة],add[اسم الصنف],'Report'!$G$5,add[مخزن الإضافة],'Report'!$C$3,add[تاريخ الإذن],'Report'!C769),\"\")","v":""},{"$f":"IF(C769<>\"\",SUMIFS(low[الكميه المنصرفه],low[اسم الصنف],'Report'!$G$5,low[مخزن الصرف],'Report'!$C$3,low[تاريخ الإذن],'Report'!C769),\"\")","v":""},"",null,{"$f":"IF( OR(report[[#This Row],[صادر]]>0,report[[#This Row],[وارد]]>0),\"يحسب\",\"\")","v":"يحسب"}]
[null,null,"",{"$f":"IF(C770<>\"\",SUMIFS(add[الكمية المضافة],add[اسم الصنف],'Report'!$G$5,add[مخزن الإضافة],'Report'!$C$3,add[تاريخ الإذن],'Report'!C770),\"\")","v":""},{"$f":"IF(C770<>\"\",SUMIFS(low[الكميه المنصرفه],low[اسم الصنف],'Report'!$G$5,low[مخزن الصرف],'Report'!$C$3,low[تاريخ الإذن],'Report'!C770),\"\")","v":""},"",null,{"$f":"IF( OR(report[[#This Row],[صادر]]>0,report[[#This Row],[وارد]]>0),\"يحسب\",\"\")","v":"يحسب"}]
[null,null,"",{"$f":"IF(C771<>\"\",SUMIFS(add[الكمية المضافة],add[اسم الصنف],'Report'!$G$5,add[مخزن الإضافة],'Report'!$C$3,add[تاريخ الإذن],'Report'!C771),\"\")","v":""},{"$f":"IF(C771<>\"\",SUMIFS(low[الكميه المنصرفه],low[اسم الصنف],'Report'!$G$5,low[مخزن الصرف],'Report'!$C$3,low[تاريخ الإذن],'Report'!C771),\"\")","v":""},"",null,{"$f":"IF( OR(report[[#This Row],[صادر]]>0,report[[#This Row],[وارد]]>0),\"يحسب\",\"\")","v":"يحسب"}]
[null,null,"",{"$f":"IF(C772<>\"\",SUMIFS(add[الكمية المضافة],add[اسم الصنف],'Report'!$G$5,add[مخزن الإضافة],'Report'!$C$3,add[تاريخ الإذن],'Report'!C772),\"\")","v":""},{"$f":"IF(C772<>\"\",SUMIFS(low[الكميه المنصرفه],low[اسم الصنف],'Report'!$G$5,low[مخزن الصرف],'Report'!$C$3,low[تاريخ الإذن],'Report'!C772),\"\")","v":""},"",null,{"$f":"IF( OR(report[[#This Row],[صادر]]>0,report[[#This Row],[وارد]]>0),\"يحسب\",\"\")","v":"يحسب"}]
[null,null,"",{"$f":"IF(C773<>\"\",SUMIFS(add[الكمية المضافة],add[اسم الصنف],'Report'!$G$5,add[مخزن الإضافة],'Report'!$C$3,add[تاريخ الإذن],'Report'!C773),\"\")","v":""},{"$f":"IF(C773<>\"\",SUMIFS(low[الكميه المنصرفه],low[اسم الصنف],'Report'!$G$5,low[مخزن الصرف],'Report'!$C$3,low[تاريخ الإذن],'Report'!C773),\"\")","v":""},"",null,{"$f":"IF( OR(report[[#This Row],[صادر]]>0,report[[#This Row],[وارد]]>0),\"يحسب\",\"\")","v":"يحسب"}]
[null,null,"",{"$f":"IF(C774<>\"\",SUMIFS(add[الكمية المضافة],add[اسم الصنف],'Report'!$G$5,add[مخزن الإضافة],'Report'!$C$3,add[تاريخ الإذن],'Report'!C774),\"\")","v":""},{"$f":"IF(C774<>\"\",SUMIFS(low[الكميه المنصرفه],low[اسم الصنف],'Report'!$G$5,low[مخزن الصرف],'Report'!$C$3,low[تاريخ الإذن],'Report'!C774),\"\")","v":""},"",null,{"$f":"IF( OR(report[[#This Row],[صادر]]>0,report[[#This Row],[وارد]]>0),\"يحسب\",\"\")","v":"يحسب"}]
[null,null,"",{"$f":"IF(C775<>\"\",SUMIFS(add[الكمية المضافة],add[اسم الصنف],'Report'!$G$5,add[مخزن الإضافة],'Report'!$C$3,add[تاريخ الإذن],'Report'!C775),\"\")","v":""},{"$f":"IF(C775<>\"\",SUMIFS(low[الكميه المنصرفه],low[اسم الصنف],'Report'!$G$5,low[مخزن الصرف],'Report'!$C$3,low[تاريخ الإذن],'Report'!C775),\"\")","v":""},{"$f":"IFERROR(IF(C775<>\"\",F774+D775-E775,\"\"),\"\")","v":""},null,{"$f":"IF( OR(report[[#This Row],[صادر]]>0,report[[#This Row],[وارد]]>0),\"يحسب\",\"\")","v":"يحسب"}]
[null,null,"",{"$f":"IF(C776<>\"\",SUMIFS(add[الكمية المضافة],add[اسم الصنف],'Report'!$G$5,add[مخزن الإضافة],'Report'!$C$3,add[تاريخ الإذن],'Report'!C776),\"\")","v":""},{"$f":"IF(C776<>\"\",SUMIFS(low[الكميه المنصرفه],low[اسم الصنف],'Report'!$G$5,low[مخزن الصرف],'Report'!$C$3,low[تاريخ الإذن],'Report'!C776),\"\")","v":""},"",null,{"$f":"IF( OR(report[[#This Row],[صادر]]>0,report[[#This Row],[وارد]]>0),\"يحسب\",\"\")","v":"يحسب"}]
[null,null,"",{"$f":"IF(C777<>\"\",SUMIFS(add[الكمية المضافة],add[اسم الصنف],'Report'!$G$5,add[مخزن الإضافة],'Report'!$C$3,add[تاريخ الإذن],'Report'!C777),\"\")","v":""},{"$f":"IF(C777<>\"\",SUMIFS(low[الكميه المنصرفه],low[اسم الصنف],'Report'!$G$5,low[مخزن الصرف],'Report'!$C$3,low[تاريخ الإذن],'Report'!C777),\"\")","v":""},"",null,{"$f":"IF( OR(report[[#This Row],[صادر]]>0,report[[#This Row],[وارد]]>0),\"يحسب\",\"\")","v":"يحسب"}]
[null,null,"",{"$f":"IF(C778<>\"\",SUMIFS(add[الكمية المضافة],add[اسم الصنف],'Report'!$G$5,add[مخزن الإضافة],'Report'!$C$3,add[تاريخ الإذن],'Report'!C778),\"\")","v":""},{"$f":"IF(C778<>\"\",SUMIFS(low[الكميه المنصرفه],low[اسم الصنف],'Report'!$G$5,low[مخزن الصرف],'Report'!$C$3,low[تاريخ الإذن],'Report'!C778),\"\")","v":""},"",null,{"$f":"IF( OR(report[[#This Row],[صادر]]>0,report[[#This Row],[وارد]]>0),\"يحسب\",\"\")","v":"يحسب"}]
[null,null,"",{"$f":"IF(C779<>\"\",SUMIFS(add[الكمية المضافة],add[اسم الصنف],'Report'!$G$5,add[مخزن الإضافة],'Report'!$C$3,add[تاريخ الإذن],'Report'!C779),\"\")","v":""},{"$f":"IF(C779<>\"\",SUMIFS(low[الكميه المنصرفه],low[اسم الصنف],'Report'!$G$5,low[مخزن الصرف],'Report'!$C$3,low[تاريخ الإذن],'Report'!C779),\"\")","v":""},"",null,{"$f":"IF( OR(report[[#This Row],[صادر]]>0,report[[#This Row],[وارد]]>0),\"يحسب\",\"\")","v":"يحسب"}]
[null,null,"",{"$f":"IF(C780<>\"\",SUMIFS(add[الكمية المضافة],add[اسم الصنف],'Report'!$G$5,add[مخزن الإضافة],'Report'!$C$3,add[تاريخ الإذن],'Report'!C780),\"\")","v":""},{"$f":"IF(C780<>\"\",SUMIFS(low[الكميه المنصرفه],low[اسم الصنف],'Report'!$G$5,low[مخزن الصرف],'Report'!$C$3,low[تاريخ الإذن],'Report'!C780),\"\")","v":""},"",null,{"$f":"IF( OR(report[[#This Row],[صادر]]>0,report[[#This Row],[وارد]]>0),\"يحسب\",\"\")","v":"يحسب"}]
[null,null,"",{"$f":"IF(C781<>\"\",SUMIFS(add[الكمية المضافة],add[اسم الصنف],'Report'!$G$5,add[مخزن الإضافة],'Report'!$C$3,add[تاريخ الإذن],'Report'!C781),\"\")","v":""},{"$f":"IF(C781<>\"\",SUMIFS(low[الكميه المنصرفه],low[اسم الصنف],'Report'!$G$5,low[مخزن الصرف],'Report'!$C$3,low[تاريخ الإذن],'Report'!C781),\"\")","v":""},"",null,{"$f":"IF( OR(report[[#This Row],[صادر]]>0,report[[#This Row],[وارد]]>0),\"يحسب\",\"\")","v":"يحسب"}]
[null,null,"",{"$f":"IF(C782<>\"\",SUMIFS(add[الكمية المضافة],add[اسم الصنف],'Report'!$G$5,add[مخزن الإضافة],'Report'!$C$3,add[تاريخ الإذن],'Report'!C782),\"\")","v":""},{"$f":"IF(C782<>\"\",SUMIFS(low[الكميه المنصرفه],low[اسم الصنف],'Report'!$G$5,low[مخزن الصرف],'Report'!$C$3,low[تاريخ الإذن],'Report'!C782),\"\")","v":""},"",null,{"$f":"IF( OR(report[[#This Row],[صادر]]>0,report[[#This Row],[وارد]]>0),\"يحسب\",\"\")","v":"يحسب"}]
[null,null,"",{"$f":"IF(C783<>\"\",SUMIFS(add[الكمية المضافة],add[اسم الصنف],'Report'!$G$5,add[مخزن الإضافة],'Report'!$C$3,add[تاريخ الإذن],'Report'!C783),\"\")","v":""},{"$f":"IF(C783<>\"\",SUMIFS(low[الكميه المنصرفه],low[اسم الصنف],'Report'!$G$5,low[مخزن الصرف],'Report'!$C$3,low[تاريخ الإذن],'Report'!C783),\"\")","v":""},"",null,{"$f":"IF( OR(report[[#This Row],[صادر]]>0,report[[#This Row],[وارد]]>0),\"يحسب\",\"\")","v":"يحسب"}]
[null,null,{"$f":"IFERROR(IF(C783+1<=$C$7,C783+1,\"\"),\"\")","v":""},{"$f":"IF(C784<>\"\",SUMIFS(add[الكمية المضافة],add[اسم الصنف],'Report'!$G$5,add[مخزن الإضافة],'Report'!$C$3,add[تاريخ الإذن],'Report'!C784),\"\")","v":""},{"$f":"IF(C784<>\"\",SUMIFS(low[الكميه المنصرفه],low[اسم الصنف],'Report'!$G$5,low[مخزن الصرف],'Report'!$C$3,low[تاريخ الإذن],'Report'!C784),\"\")","v":""},"",null,{"$f":"IF( OR(report[[#This Row],[صادر]]>0,report[[#This Row],[وارد]]>0),\"يحسب\",\"\")","v":"يحسب"}]
[null,null,"",{"$f":"IF(C785<>\"\",SUMIFS(add[الكمية المضافة],add[اسم الصنف],'Report'!$G$5,add[مخزن الإضافة],'Report'!$C$3,add[تاريخ الإذن],'Report'!C785),\"\")","v":""},{"$f":"IF(C785<>\"\",SUMIFS(low[الكميه المنصرفه],low[اسم الصنف],'Report'!$G$5,low[مخزن الصرف],'Report'!$C$3,low[تاريخ الإذن],'Report'!C785),\"\")","v":""},"",null,{"$f":"IF( OR(report[[#This Row],[صادر]]>0,report[[#This Row],[وارد]]>0),\"يحسب\",\"\")","v":"يحسب"}]
[null,null,"",{"$f":"IF(C786<>\"\",SUMIFS(add[الكمية المضافة],add[اسم الصنف],'Report'!$G$5,add[مخزن الإضافة],'Report'!$C$3,add[تاريخ الإذن],'Report'!C786),\"\")","v":""},{"$f":"IF(C786<>\"\",SUMIFS(low[الكميه المنصرفه],low[اسم الصنف],'Report'!$G$5,low[مخزن الصرف],'Report'!$C$3,low[تاريخ الإذن],'Report'!C786),\"\")","v":""},"",null,{"$f":"IF( OR(report[[#This Row],[صادر]]>0,report[[#This Row],[وارد]]>0),\"يحسب\",\"\")","v":"يحسب"}]
[null,null,"",{"$f":"IF(C787<>\"\",SUMIFS(add[الكمية المضافة],add[اسم الصنف],'Report'!$G$5,add[مخزن الإضافة],'Report'!$C$3,add[تاريخ الإذن],'Report'!C787),\"\")","v":""},{"$f":"IF(C787<>\"\",SUMIFS(low[الكميه المنصرفه],low[اسم الصنف],'Report'!$G$5,low[مخزن الصرف],'Report'!$C$3,low[تاريخ الإذن],'Report'!C787),\"\")","v":""},"",null,{"$f":"IF( OR(report[[#This Row],[صادر]]>0,report[[#This Row],[وارد]]>0),\"يحسب\",\"\")","v":"يحسب"}]
[null,null,"",{"$f":"IF(C788<>\"\",SUMIFS(add[الكمية المضافة],add[اسم الصنف],'Report'!$G$5,add[مخزن الإضافة],'Report'!$C$3,add[تاريخ الإذن],'Report'!C788),\"\")","v":""},{"$f":"IF(C788<>\"\",SUMIFS(low[الكميه المنصرفه],low[اسم الصنف],'Report'!$G$5,low[مخزن الصرف],'Report'!$C$3,low[تاريخ الإذن],'Report'!C788),\"\")","v":""},"",null,{"$f":"IF( OR(report[[#This Row],[صادر]]>0,report[[#This Row],[وارد]]>0),\"يحسب\",\"\")","v":"يحسب"}]
[null,null,"",{"$f":"IF(C789<>\"\",SUMIFS(add[الكمية المضافة],add[اسم الصنف],'Report'!$G$5,add[مخزن الإضافة],'Report'!$C$3,add[تاريخ الإذن],'Report'!C789),\"\")","v":""},{"$f":"IF(C789<>\"\",SUMIFS(low[الكميه المنصرفه],low[اسم الصنف],'Report'!$G$5,low[مخزن الصرف],'Report'!$C$3,low[تاريخ الإذن],'Report'!C789),\"\")","v":""},"",null,{"$f":"IF( OR(report[[#This Row],[صادر]]>0,report[[#This Row],[وارد]]>0),\"يحسب\",\"\")","v":"يحسب"}]
[null,null,"",{"$f":"IF(C790<>\"\",SUMIFS(add[الكمية المضافة],add[اسم الصنف],'Report'!$G$5,add[مخزن الإضافة],'Report'!$C$3,add[تاريخ الإذن],'Report'!C790),\"\")","v":""},{"$f":"IF(C790<>\"\",SUMIFS(low[الكميه المنصرفه],low[اسم الصنف],'Report'!$G$5,low[مخزن الصرف],'Report'!$C$3,low[تاريخ الإذن],'Report'!C790),\"\")","v":""},"",null,{"$f":"IF( OR(report[[#This Row],[صادر]]>0,report[[#This Row],[وارد]]>0),\"يحسب\",\"\")","v":"يحسب"}]
[null,null,"",{"$f":"IF(C791<>\"\",SUMIFS(add[الكمية المضافة],add[اسم الصنف],'Report'!$G$5,add[مخزن الإضافة],'Report'!$C$3,add[تاريخ الإذن],'Report'!C791),\"\")","v":""},{"$f":"IF(C791<>\"\",SUMIFS(low[الكميه المنصرفه],low[اسم الصنف],'Report'!$G$5,low[مخزن الصرف],'Report'!$C$3,low[تاريخ الإذن],'Report'!C791),\"\")","v":""},"",null,{"$f":"IF( OR(report[[#This Row],[صادر]]>0,report[[#This Row],[وارد]]>0),\"يحسب\",\"\")","v":"يحسب"}]
[null,null,"",{"$f":"IF(C792<>\"\",SUMIFS(add[الكمية المضافة],add[اسم الصنف],'Report'!$G$5,add[مخزن الإضافة],'Report'!$C$3,add[تاريخ الإذن],'Report'!C792),\"\")","v":""},{"$f":"IF(C792<>\"\",SUMIFS(low[الكميه المنصرفه],low[اسم الصنف],'Report'!$G$5,low[مخزن الصرف],'Report'!$C$3,low[تاريخ الإذن],'Report'!C792),\"\")","v":""},"",null,{"$f":"IF( OR(report[[#This Row],[صادر]]>0,report[[#This Row],[وارد]]>0),\"يحسب\",\"\")","v":"يحسب"}]
[null,null,"",{"$f":"IF(C793<>\"\",SUMIFS(add[الكمية المضافة],add[اسم الصنف],'Report'!$G$5,add[مخزن الإضافة],'Report'!$C$3,add[تاريخ الإذن],'Report'!C793),\"\")","v":""},{"$f":"IF(C793<>\"\",SUMIFS(low[الكميه المنصرفه],low[اسم الصنف],'Report'!$G$5,low[مخزن الصرف],'Report'!$C$3,low[تاريخ الإذن],'Report'!C793),\"\")","v":""},"",null,{"$f":"IF( OR(report[[#This Row],[صادر]]>0,report[[#This Row],[وارد]]>0),\"يحسب\",\"\")","v":"يحسب"}]
[null,null,"",{"$f":"IF(C794<>\"\",SUMIFS(add[الكمية المضافة],add[اسم الصنف],'Report'!$G$5,add[مخزن الإضافة],'Report'!$C$3,add[تاريخ الإذن],'Report'!C794),\"\")","v":""},{"$f":"IF(C794<>\"\",SUMIFS(low[الكميه المنصرفه],low[اسم الصنف],'Report'!$G$5,low[مخزن الصرف],'Report'!$C$3,low[تاريخ الإذن],'Report'!C794),\"\")","v":""},"",null,{"$f":"IF( OR(report[[#This Row],[صادر]]>0,report[[#This Row],[وارد]]>0),\"يحسب\",\"\")","v":"يحسب"}]
[null,null,"",{"$f":"IF(C795<>\"\",SUMIFS(add[الكمية المضافة],add[اسم الصنف],'Report'!$G$5,add[مخزن الإضافة],'Report'!$C$3,add[تاريخ الإذن],'Report'!C795),\"\")","v":""},{"$f":"IF(C795<>\"\",SUMIFS(low[الكميه المنصرفه],low[اسم الصنف],'Report'!$G$5,low[مخزن الصرف],'Report'!$C$3,low[تاريخ الإذن],'Report'!C795),\"\")","v":""},"",null,{"$f":"IF( OR(report[[#This Row],[صادر]]>0,report[[#This Row],[وارد]]>0),\"يحسب\",\"\")","v":"يحسب"}]
[null,null,"",{"$f":"IF(C796<>\"\",SUMIFS(add[الكمية المضافة],add[اسم الصنف],'Report'!$G$5,add[مخزن الإضافة],'Report'!$C$3,add[تاريخ الإذن],'Report'!C796),\"\")","v":""},{"$f":"IF(C796<>\"\",SUMIFS(low[الكميه المنصرفه],low[اسم الصنف],'Report'!$G$5,low[مخزن الصرف],'Report'!$C$3,low[تاريخ الإذن],'Report'!C796),\"\")","v":""},"",null,{"$f":"IF( OR(report[[#This Row],[صادر]]>0,report[[#This Row],[وارد]]>0),\"يحسب\",\"\")","v":"يحسب"}]
[null,null,"",{"$f":"IF(C797<>\"\",SUMIFS(add[الكمية المضافة],add[اسم الصنف],'Report'!$G$5,add[مخزن الإضافة],'Report'!$C$3,add[تاريخ الإذن],'Report'!C797),\"\")","v":""},{"$f":"IF(C797<>\"\",SUMIFS(low[الكميه المنصرفه],low[اسم الصنف],'Report'!$G$5,low[مخزن الصرف],'Report'!$C$3,low[تاريخ الإذن],'Report'!C797),\"\")","v":""},"",null,{"$f":"IF( OR(report[[#This Row],[صادر]]>0,report[[#This Row],[وارد]]>0),\"يحسب\",\"\")","v":"يحسب"}]
[null,null,"",{"$f":"IF(C798<>\"\",SUMIFS(add[الكمية المضافة],add[اسم الصنف],'Report'!$G$5,add[مخزن الإضافة],'Report'!$C$3,add[تاريخ الإذن],'Report'!C798),\"\")","v":""},{"$f":"IF(C798<>\"\",SUMIFS(low[الكميه المنصرفه],low[اسم الصنف],'Report'!$G$5,low[مخزن الصرف],'Report'!$C$3,low[تاريخ الإذن],'Report'!C798),\"\")","v":""},"",null,{"$f":"IF( OR(report[[#This Row],[صادر]]>0,report[[#This Row],[وارد]]>0),\"يحسب\",\"\")","v":"يحسب"}]
[null,null,"",{"$f":"IF(C799<>\"\",SUMIFS(add[الكمية المضافة],add[اسم الصنف],'Report'!$G$5,add[مخزن الإضافة],'Report'!$C$3,add[تاريخ الإذن],'Report'!C799),\"\")","v":""},{"$f":"IF(C799<>\"\",SUMIFS(low[الكميه المنصرفه],low[اسم الصنف],'Report'!$G$5,low[مخزن الصرف],'Report'!$C$3,low[تاريخ الإذن],'Report'!C799),\"\")","v":""},"",null,{"$f":"IF( OR(report[[#This Row],[صادر]]>0,report[[#This Row],[وارد]]>0),\"يحسب\",\"\")","v":"يحسب"}]
[null,null,"",{"$f":"IF(C800<>\"\",SUMIFS(add[الكمية المضافة],add[اسم الصنف],'Report'!$G$5,add[مخزن الإضافة],'Report'!$C$3,add[تاريخ الإذن],'Report'!C800),\"\")","v":""},{"$f":"IF(C800<>\"\",SUMIFS(low[الكميه المنصرفه],low[اسم الصنف],'Report'!$G$5,low[مخزن الصرف],'Report'!$C$3,low[تاريخ الإذن],'Report'!C800),\"\")","v":""},"",null,{"$f":"IF( OR(report[[#This Row],[صادر]]>0,report[[#This Row],[وارد]]>0),\"يحسب\",\"\")","v":"يحسب"}]
[null,null,"",{"$f":"IF(C801<>\"\",SUMIFS(add[الكمية المضافة],add[اسم الصنف],'Report'!$G$5,add[مخزن الإضافة],'Report'!$C$3,add[تاريخ الإذن],'Report'!C801),\"\")","v":""},{"$f":"IF(C801<>\"\",SUMIFS(low[الكميه المنصرفه],low[اسم الصنف],'Report'!$G$5,low[مخزن الصرف],'Report'!$C$3,low[تاريخ الإذن],'Report'!C801),\"\")","v":""},"",null,{"$f":"IF( OR(report[[#This Row],[صادر]]>0,report[[#This Row],[وارد]]>0),\"يحسب\",\"\")","v":"يحسب"}]
[null,null,"",{"$f":"IF(C802<>\"\",SUMIFS(add[الكمية المضافة],add[اسم الصنف],'Report'!$G$5,add[مخزن الإضافة],'Report'!$C$3,add[تاريخ الإذن],'Report'!C802),\"\")","v":""},{"$f":"IF(C802<>\"\",SUMIFS(low[الكميه المنصرفه],low[اسم الصنف],'Report'!$G$5,low[مخزن الصرف],'Report'!$C$3,low[تاريخ الإذن],'Report'!C802),\"\")","v":""},"",null,{"$f":"IF( OR(report[[#This Row],[صادر]]>0,report[[#This Row],[وارد]]>0),\"يحسب\",\"\")","v":"يحسب"}]
[null,null,"",{"$f":"IF(C803<>\"\",SUMIFS(add[الكمية المضافة],add[اسم الصنف],'Report'!$G$5,add[مخزن الإضافة],'Report'!$C$3,add[تاريخ الإذن],'Report'!C803),\"\")","v":""},{"$f":"IF(C803<>\"\",SUMIFS(low[الكميه المنصرفه],low[اسم الصنف],'Report'!$G$5,low[مخزن الصرف],'Report'!$C$3,low[تاريخ الإذن],'Report'!C803),\"\")","v":""},"",null,{"$f":"IF( OR(report[[#This Row],[صادر]]>0,report[[#This Row],[وارد]]>0),\"يحسب\",\"\")","v":"يحسب"}]
[null,null,"",{"$f":"IF(C804<>\"\",SUMIFS(add[الكمية المضافة],add[اسم الصنف],'Report'!$G$5,add[مخزن الإضافة],'Report'!$C$3,add[تاريخ الإذن],'Report'!C804),\"\")","v":""},{"$f":"IF(C804<>\"\",SUMIFS(low[الكميه المنصرفه],low[اسم الصنف],'Report'!$G$5,low[مخزن الصرف],'Report'!$C$3,low[تاريخ الإذن],'Report'!C804),\"\")","v":""},"",null,{"$f":"IF( OR(report[[#This Row],[صادر]]>0,report[[#This Row],[وارد]]>0),\"يحسب\",\"\")","v":"يحسب"}]
[null,null,"",{"$f":"IF(C805<>\"\",SUMIFS(add[الكمية المضافة],add[اسم الصنف],'Report'!$G$5,add[مخزن الإضافة],'Report'!$C$3,add[تاريخ الإذن],'Report'!C805),\"\")","v":""},{"$f":"IF(C805<>\"\",SUMIFS(low[الكميه المنصرفه],low[اسم الصنف],'Report'!$G$5,low[مخزن الصرف],'Report'!$C$3,low[تاريخ الإذن],'Report'!C805),\"\")","v":""},"",null,{"$f":"IF( OR(report[[#This Row],[صادر]]>0,report[[#This Row],[وارد]]>0),\"يحسب\",\"\")","v":"يحسب"}]
[null,null,"",{"$f":"IF(C806<>\"\",SUMIFS(add[الكمية المضافة],add[اسم الصنف],'Report'!$G$5,add[مخزن الإضافة],'Report'!$C$3,add[تاريخ الإذن],'Report'!C806),\"\")","v":""},{"$f":"IF(C806<>\"\",SUMIFS(low[الكميه المنصرفه],low[اسم الصنف],'Report'!$G$5,low[مخزن الصرف],'Report'!$C$3,low[تاريخ الإذن],'Report'!C806),\"\")","v":""},"",null,{"$f":"IF( OR(report[[#This Row],[صادر]]>0,report[[#This Row],[وارد]]>0),\"يحسب\",\"\")","v":"يحسب"}]
[null,null,"",{"$f":"IF(C807<>\"\",SUMIFS(add[الكمية المضافة],add[اسم الصنف],'Report'!$G$5,add[مخزن الإضافة],'Report'!$C$3,add[تاريخ الإذن],'Report'!C807),\"\")","v":""},{"$f":"IF(C807<>\"\",SUMIFS(low[الكميه المنصرفه],low[اسم الصنف],'Report'!$G$5,low[مخزن الصرف],'Report'!$C$3,low[تاريخ الإذن],'Report'!C807),\"\")","v":""},"",null,{"$f":"IF( OR(report[[#This Row],[صادر]]>0,report[[#This Row],[وارد]]>0),\"يحسب\",\"\")","v":"يحسب"}]
[null,null,"",{"$f":"IF(C808<>\"\",SUMIFS(add[الكمية المضافة],add[اسم الصنف],'Report'!$G$5,add[مخزن الإضافة],'Report'!$C$3,add[تاريخ الإذن],'Report'!C808),\"\")","v":""},{"$f":"IF(C808<>\"\",SUMIFS(low[الكميه المنصرفه],low[اسم الصنف],'Report'!$G$5,low[مخزن الصرف],'Report'!$C$3,low[تاريخ الإذن],'Report'!C808),\"\")","v":""},"",null,{"$f":"IF( OR(report[[#This Row],[صادر]]>0,report[[#This Row],[وارد]]>0),\"يحسب\",\"\")","v":"يحسب"}]
[null,null,"",{"$f":"IF(C809<>\"\",SUMIFS(add[الكمية المضافة],add[اسم الصنف],'Report'!$G$5,add[مخزن الإضافة],'Report'!$C$3,add[تاريخ الإذن],'Report'!C809),\"\")","v":""},{"$f":"IF(C809<>\"\",SUMIFS(low[الكميه المنصرفه],low[اسم الصنف],'Report'!$G$5,low[مخزن الصرف],'Report'!$C$3,low[تاريخ الإذن],'Report'!C809),\"\")","v":""},"",null,{"$f":"IF( OR(report[[#This Row],[صادر]]>0,report[[#This Row],[وارد]]>0),\"يحسب\",\"\")","v":"يحسب"}]
[null,null,"",{"$f":"IF(C810<>\"\",SUMIFS(add[الكمية المضافة],add[اسم الصنف],'Report'!$G$5,add[مخزن الإضافة],'Report'!$C$3,add[تاريخ الإذن],'Report'!C810),\"\")","v":""},{"$f":"IF(C810<>\"\",SUMIFS(low[الكميه المنصرفه],low[اسم الصنف],'Report'!$G$5,low[مخزن الصرف],'Report'!$C$3,low[تاريخ الإذن],'Report'!C810),\"\")","v":""},"",null,{"$f":"IF( OR(report[[#This Row],[صادر]]>0,report[[#This Row],[وارد]]>0),\"يحسب\",\"\")","v":"يحسب"}]
[null,null,"",{"$f":"IF(C811<>\"\",SUMIFS(add[الكمية المضافة],add[اسم الصنف],'Report'!$G$5,add[مخزن الإضافة],'Report'!$C$3,add[تاريخ الإذن],'Report'!C811),\"\")","v":""},{"$f":"IF(C811<>\"\",SUMIFS(low[الكميه المنصرفه],low[اسم الصنف],'Report'!$G$5,low[مخزن الصرف],'Report'!$C$3,low[تاريخ الإذن],'Report'!C811),\"\")","v":""},"",null,{"$f":"IF( OR(report[[#This Row],[صادر]]>0,report[[#This Row],[وارد]]>0),\"يحسب\",\"\")","v":"يحسب"}]
[null,null,"",{"$f":"IF(C812<>\"\",SUMIFS(add[الكمية المضافة],add[اسم الصنف],'Report'!$G$5,add[مخزن الإضافة],'Report'!$C$3,add[تاريخ الإذن],'Report'!C812),\"\")","v":""},{"$f":"IF(C812<>\"\",SUMIFS(low[الكميه المنصرفه],low[اسم الصنف],'Report'!$G$5,low[مخزن الصرف],'Report'!$C$3,low[تاريخ الإذن],'Report'!C812),\"\")","v":""},"",null,{"$f":"IF( OR(report[[#This Row],[صادر]]>0,report[[#This Row],[وارد]]>0),\"يحسب\",\"\")","v":"يحسب"}]
[null,null,"",{"$f":"IF(C813<>\"\",SUMIFS(add[الكمية المضافة],add[اسم الصنف],'Report'!$G$5,add[مخزن الإضافة],'Report'!$C$3,add[تاريخ الإذن],'Report'!C813),\"\")","v":""},{"$f":"IF(C813<>\"\",SUMIFS(low[الكميه المنصرفه],low[اسم الصنف],'Report'!$G$5,low[مخزن الصرف],'Report'!$C$3,low[تاريخ الإذن],'Report'!C813),\"\")","v":""},"",null,{"$f":"IF( OR(report[[#This Row],[صادر]]>0,report[[#This Row],[وارد]]>0),\"يحسب\",\"\")","v":"يحسب"}]
[null,null,"",{"$f":"IF(C814<>\"\",SUMIFS(add[الكمية المضافة],add[اسم الصنف],'Report'!$G$5,add[مخزن الإضافة],'Report'!$C$3,add[تاريخ الإذن],'Report'!C814),\"\")","v":""},{"$f":"IF(C814<>\"\",SUMIFS(low[الكميه المنصرفه],low[اسم الصنف],'Report'!$G$5,low[مخزن الصرف],'Report'!$C$3,low[تاريخ الإذن],'Report'!C814),\"\")","v":""},"",null,{"$f":"IF( OR(report[[#This Row],[صادر]]>0,report[[#This Row],[وارد]]>0),\"يحسب\",\"\")","v":"يحسب"}]
[null,null,"",{"$f":"IF(C815<>\"\",SUMIFS(add[الكمية المضافة],add[اسم الصنف],'Report'!$G$5,add[مخزن الإضافة],'Report'!$C$3,add[تاريخ الإذن],'Report'!C815),\"\")","v":""},{"$f":"IF(C815<>\"\",SUMIFS(low[الكميه المنصرفه],low[اسم الصنف],'Report'!$G$5,low[مخزن الصرف],'Report'!$C$3,low[تاريخ الإذن],'Report'!C815),\"\")","v":""},"",null,{"$f":"IF( OR(report[[#This Row],[صادر]]>0,report[[#This Row],[وارد]]>0),\"يحسب\",\"\")","v":"يحسب"}]
[null,null,"",{"$f":"IF(C816<>\"\",SUMIFS(add[الكمية المضافة],add[اسم الصنف],'Report'!$G$5,add[مخزن الإضافة],'Report'!$C$3,add[تاريخ الإذن],'Report'!C816),\"\")","v":""},{"$f":"IF(C816<>\"\",SUMIFS(low[الكميه المنصرفه],low[اسم الصنف],'Report'!$G$5,low[مخزن الصرف],'Report'!$C$3,low[تاريخ الإذن],'Report'!C816),\"\")","v":""},"",null,{"$f":"IF( OR(report[[#This Row],[صادر]]>0,report[[#This Row],[وارد]]>0),\"يحسب\",\"\")","v":"يحسب"}]
[null,null,"",{"$f":"IF(C817<>\"\",SUMIFS(add[الكمية المضافة],add[اسم الصنف],'Report'!$G$5,add[مخزن الإضافة],'Report'!$C$3,add[تاريخ الإذن],'Report'!C817),\"\")","v":""},{"$f":"IF(C817<>\"\",SUMIFS(low[الكميه المنصرفه],low[اسم الصنف],'Report'!$G$5,low[مخزن الصرف],'Report'!$C$3,low[تاريخ الإذن],'Report'!C817),\"\")","v":""},"",null,{"$f":"IF( OR(report[[#This Row],[صادر]]>0,report[[#This Row],[وارد]]>0),\"يحسب\",\"\")","v":"يحسب"}]
[null,null,"",{"$f":"IF(C818<>\"\",SUMIFS(add[الكمية المضافة],add[اسم الصنف],'Report'!$G$5,add[مخزن الإضافة],'Report'!$C$3,add[تاريخ الإذن],'Report'!C818),\"\")","v":""},{"$f":"IF(C818<>\"\",SUMIFS(low[الكميه المنصرفه],low[اسم الصنف],'Report'!$G$5,low[مخزن الصرف],'Report'!$C$3,low[تاريخ الإذن],'Report'!C818),\"\")","v":""},"",null,{"$f":"IF( OR(report[[#This Row],[صادر]]>0,report[[#This Row],[وارد]]>0),\"يحسب\",\"\")","v":"يحسب"}]
[null,null,"",{"$f":"IF(C819<>\"\",SUMIFS(add[الكمية المضافة],add[اسم الصنف],'Report'!$G$5,add[مخزن الإضافة],'Report'!$C$3,add[تاريخ الإذن],'Report'!C819),\"\")","v":""},{"$f":"IF(C819<>\"\",SUMIFS(low[الكميه المنصرفه],low[اسم الصنف],'Report'!$G$5,low[مخزن الصرف],'Report'!$C$3,low[تاريخ الإذن],'Report'!C819),\"\")","v":""},"",null,{"$f":"IF( OR(report[[#This Row],[صادر]]>0,report[[#This Row],[وارد]]>0),\"يحسب\",\"\")","v":"يحسب"}]
[null,null,"",{"$f":"IF(C820<>\"\",SUMIFS(add[الكمية المضافة],add[اسم الصنف],'Report'!$G$5,add[مخزن الإضافة],'Report'!$C$3,add[تاريخ الإذن],'Report'!C820),\"\")","v":""},{"$f":"IF(C820<>\"\",SUMIFS(low[الكميه المنصرفه],low[اسم الصنف],'Report'!$G$5,low[مخزن الصرف],'Report'!$C$3,low[تاريخ الإذن],'Report'!C820),\"\")","v":""},"",null,{"$f":"IF( OR(report[[#This Row],[صادر]]>0,report[[#This Row],[وارد]]>0),\"يحسب\",\"\")","v":"يحسب"}]
[null,null,"",{"$f":"IF(C821<>\"\",SUMIFS(add[الكمية المضافة],add[اسم الصنف],'Report'!$G$5,add[مخزن الإضافة],'Report'!$C$3,add[تاريخ الإذن],'Report'!C821),\"\")","v":""},{"$f":"IF(C821<>\"\",SUMIFS(low[الكميه المنصرفه],low[اسم الصنف],'Report'!$G$5,low[مخزن الصرف],'Report'!$C$3,low[تاريخ الإذن],'Report'!C821),\"\")","v":""},"",null,{"$f":"IF( OR(report[[#This Row],[صادر]]>0,report[[#This Row],[وارد]]>0),\"يحسب\",\"\")","v":"يحسب"}]
[null,null,"",{"$f":"IF(C822<>\"\",SUMIFS(add[الكمية المضافة],add[اسم الصنف],'Report'!$G$5,add[مخزن الإضافة],'Report'!$C$3,add[تاريخ الإذن],'Report'!C822),\"\")","v":""},{"$f":"IF(C822<>\"\",SUMIFS(low[الكميه المنصرفه],low[اسم الصنف],'Report'!$G$5,low[مخزن الصرف],'Report'!$C$3,low[تاريخ الإذن],'Report'!C822),\"\")","v":""},"",null,{"$f":"IF( OR(report[[#This Row],[صادر]]>0,report[[#This Row],[وارد]]>0),\"يحسب\",\"\")","v":"يحسب"}]
[null,null,"",{"$f":"IF(C823<>\"\",SUMIFS(add[الكمية المضافة],add[اسم الصنف],'Report'!$G$5,add[مخزن الإضافة],'Report'!$C$3,add[تاريخ الإذن],'Report'!C823),\"\")","v":""},{"$f":"IF(C823<>\"\",SUMIFS(low[الكميه المنصرفه],low[اسم الصنف],'Report'!$G$5,low[مخزن الصرف],'Report'!$C$3,low[تاريخ الإذن],'Report'!C823),\"\")","v":""},"",null,{"$f":"IF( OR(report[[#This Row],[صادر]]>0,report[[#This Row],[وارد]]>0),\"يحسب\",\"\")","v":"يحسب"}]
[null,null,"",{"$f":"IF(C824<>\"\",SUMIFS(add[الكمية المضافة],add[اسم الصنف],'Report'!$G$5,add[مخزن الإضافة],'Report'!$C$3,add[تاريخ الإذن],'Report'!C824),\"\")","v":""},{"$f":"IF(C824<>\"\",SUMIFS(low[الكميه المنصرفه],low[اسم الصنف],'Report'!$G$5,low[مخزن الصرف],'Report'!$C$3,low[تاريخ الإذن],'Report'!C824),\"\")","v":""},"",null,{"$f":"IF( OR(report[[#This Row],[صادر]]>0,report[[#This Row],[وارد]]>0),\"يحسب\",\"\")","v":"يحسب"}]
[null,null,"",{"$f":"IF(C825<>\"\",SUMIFS(add[الكمية المضافة],add[اسم الصنف],'Report'!$G$5,add[مخزن الإضافة],'Report'!$C$3,add[تاريخ الإذن],'Report'!C825),\"\")","v":""},{"$f":"IF(C825<>\"\",SUMIFS(low[الكميه المنصرفه],low[اسم الصنف],'Report'!$G$5,low[مخزن الصرف],'Report'!$C$3,low[تاريخ الإذن],'Report'!C825),\"\")","v":""},"",null,{"$f":"IF( OR(report[[#This Row],[صادر]]>0,report[[#This Row],[وارد]]>0),\"يحسب\",\"\")","v":"يحسب"}]
[null,null,"",{"$f":"IF(C826<>\"\",SUMIFS(add[الكمية المضافة],add[اسم الصنف],'Report'!$G$5,add[مخزن الإضافة],'Report'!$C$3,add[تاريخ الإذن],'Report'!C826),\"\")","v":""},{"$f":"IF(C826<>\"\",SUMIFS(low[الكميه المنصرفه],low[اسم الصنف],'Report'!$G$5,low[مخزن الصرف],'Report'!$C$3,low[تاريخ الإذن],'Report'!C826),\"\")","v":""},"",null,{"$f":"IF( OR(report[[#This Row],[صادر]]>0,report[[#This Row],[وارد]]>0),\"يحسب\",\"\")","v":"يحسب"}]
[null,null,"",{"$f":"IF(C827<>\"\",SUMIFS(add[الكمية المضافة],add[اسم الصنف],'Report'!$G$5,add[مخزن الإضافة],'Report'!$C$3,add[تاريخ الإذن],'Report'!C827),\"\")","v":""},{"$f":"IF(C827<>\"\",SUMIFS(low[الكميه المنصرفه],low[اسم الصنف],'Report'!$G$5,low[مخزن الصرف],'Report'!$C$3,low[تاريخ الإذن],'Report'!C827),\"\")","v":""},"",null,{"$f":"IF( OR(report[[#This Row],[صادر]]>0,report[[#This Row],[وارد]]>0),\"يحسب\",\"\")","v":"يحسب"}]
[null,null,"",{"$f":"IF(C828<>\"\",SUMIFS(add[الكمية المضافة],add[اسم الصنف],'Report'!$G$5,add[مخزن الإضافة],'Report'!$C$3,add[تاريخ الإذن],'Report'!C828),\"\")","v":""},{"$f":"IF(C828<>\"\",SUMIFS(low[الكميه المنصرفه],low[اسم الصنف],'Report'!$G$5,low[مخزن الصرف],'Report'!$C$3,low[تاريخ الإذن],'Report'!C828),\"\")","v":""},"",null,{"$f":"IF( OR(report[[#This Row],[صادر]]>0,report[[#This Row],[وارد]]>0),\"يحسب\",\"\")","v":"يحسب"}]
[null,null,"",{"$f":"IF(C829<>\"\",SUMIFS(add[الكمية المضافة],add[اسم الصنف],'Report'!$G$5,add[مخزن الإضافة],'Report'!$C$3,add[تاريخ الإذن],'Report'!C829),\"\")","v":""},{"$f":"IF(C829<>\"\",SUMIFS(low[الكميه المنصرفه],low[اسم الصنف],'Report'!$G$5,low[مخزن الصرف],'Report'!$C$3,low[تاريخ الإذن],'Report'!C829),\"\")","v":""},"",null,{"$f":"IF( OR(report[[#This Row],[صادر]]>0,report[[#This Row],[وارد]]>0),\"يحسب\",\"\")","v":"يحسب"}]
[null,null,"",{"$f":"IF(C830<>\"\",SUMIFS(add[الكمية المضافة],add[اسم الصنف],'Report'!$G$5,add[مخزن الإضافة],'Report'!$C$3,add[تاريخ الإذن],'Report'!C830),\"\")","v":""},{"$f":"IF(C830<>\"\",SUMIFS(low[الكميه المنصرفه],low[اسم الصنف],'Report'!$G$5,low[مخزن الصرف],'Report'!$C$3,low[تاريخ الإذن],'Report'!C830),\"\")","v":""},"",null,{"$f":"IF( OR(report[[#This Row],[صادر]]>0,report[[#This Row],[وارد]]>0),\"يحسب\",\"\")","v":"يحسب"}]
[null,null,"",{"$f":"IF(C831<>\"\",SUMIFS(add[الكمية المضافة],add[اسم الصنف],'Report'!$G$5,add[مخزن الإضافة],'Report'!$C$3,add[تاريخ الإذن],'Report'!C831),\"\")","v":""},{"$f":"IF(C831<>\"\",SUMIFS(low[الكميه المنصرفه],low[اسم الصنف],'Report'!$G$5,low[مخزن الصرف],'Report'!$C$3,low[تاريخ الإذن],'Report'!C831),\"\")","v":""},"",null,{"$f":"IF( OR(report[[#This Row],[صادر]]>0,report[[#This Row],[وارد]]>0),\"يحسب\",\"\")","v":"يحسب"}]
[null,null,"",{"$f":"IF(C832<>\"\",SUMIFS(add[الكمية المضافة],add[اسم الصنف],'Report'!$G$5,add[مخزن الإضافة],'Report'!$C$3,add[تاريخ الإذن],'Report'!C832),\"\")","v":""},{"$f":"IF(C832<>\"\",SUMIFS(low[الكميه المنصرفه],low[اسم الصنف],'Report'!$G$5,low[مخزن الصرف],'Report'!$C$3,low[تاريخ الإذن],'Report'!C832),\"\")","v":""},"",null,{"$f":"IF( OR(report[[#This Row],[صادر]]>0,report[[#This Row],[وارد]]>0),\"يحسب\",\"\")","v":"يحسب"}]
[null,null,"",{"$f":"IF(C833<>\"\",SUMIFS(add[الكمية المضافة],add[اسم الصنف],'Report'!$G$5,add[مخزن الإضافة],'Report'!$C$3,add[تاريخ الإذن],'Report'!C833),\"\")","v":""},{"$f":"IF(C833<>\"\",SUMIFS(low[الكميه المنصرفه],low[اسم الصنف],'Report'!$G$5,low[مخزن الصرف],'Report'!$C$3,low[تاريخ الإذن],'Report'!C833),\"\")","v":""},"",null,{"$f":"IF( OR(report[[#This Row],[صادر]]>0,report[[#This Row],[وارد]]>0),\"يحسب\",\"\")","v":"يحسب"}]
[null,null,"",{"$f":"IF(C834<>\"\",SUMIFS(add[الكمية المضافة],add[اسم الصنف],'Report'!$G$5,add[مخزن الإضافة],'Report'!$C$3,add[تاريخ الإذن],'Report'!C834),\"\")","v":""},{"$f":"IF(C834<>\"\",SUMIFS(low[الكميه المنصرفه],low[اسم الصنف],'Report'!$G$5,low[مخزن الصرف],'Report'!$C$3,low[تاريخ الإذن],'Report'!C834),\"\")","v":""},"",null,{"$f":"IF( OR(report[[#This Row],[صادر]]>0,report[[#This Row],[وارد]]>0),\"يحسب\",\"\")","v":"يحسب"}]
[null,null,"",{"$f":"IF(C835<>\"\",SUMIFS(add[الكمية المضافة],add[اسم الصنف],'Report'!$G$5,add[مخزن الإضافة],'Report'!$C$3,add[تاريخ الإذن],'Report'!C835),\"\")","v":""},{"$f":"IF(C835<>\"\",SUMIFS(low[الكميه المنصرفه],low[اسم الصنف],'Report'!$G$5,low[مخزن الصرف],'Report'!$C$3,low[تاريخ الإذن],'Report'!C835),\"\")","v":""},"",null,{"$f":"IF( OR(report[[#This Row],[صادر]]>0,report[[#This Row],[وارد]]>0),\"يحسب\",\"\")","v":"يحسب"}]
[null,null,"",{"$f":"IF(C836<>\"\",SUMIFS(add[الكمية المضافة],add[اسم الصنف],'Report'!$G$5,add[مخزن الإضافة],'Report'!$C$3,add[تاريخ الإذن],'Report'!C836),\"\")","v":""},{"$f":"IF(C836<>\"\",SUMIFS(low[الكميه المنصرفه],low[اسم الصنف],'Report'!$G$5,low[مخزن الصرف],'Report'!$C$3,low[تاريخ الإذن],'Report'!C836),\"\")","v":""},"",null,{"$f":"IF( OR(report[[#This Row],[صادر]]>0,report[[#This Row],[وارد]]>0),\"يحسب\",\"\")","v":"يحسب"}]
[null,null,"",{"$f":"IF(C837<>\"\",SUMIFS(add[الكمية المضافة],add[اسم الصنف],'Report'!$G$5,add[مخزن الإضافة],'Report'!$C$3,add[تاريخ الإذن],'Report'!C837),\"\")","v":""},{"$f":"IF(C837<>\"\",SUMIFS(low[الكميه المنصرفه],low[اسم الصنف],'Report'!$G$5,low[مخزن الصرف],'Report'!$C$3,low[تاريخ الإذن],'Report'!C837),\"\")","v":""},"",null,{"$f":"IF( OR(report[[#This Row],[صادر]]>0,report[[#This Row],[وارد]]>0),\"يحسب\",\"\")","v":"يحسب"}]
[null,null,"",{"$f":"IF(C838<>\"\",SUMIFS(add[الكمية المضافة],add[اسم الصنف],'Report'!$G$5,add[مخزن الإضافة],'Report'!$C$3,add[تاريخ الإذن],'Report'!C838),\"\")","v":""},{"$f":"IF(C838<>\"\",SUMIFS(low[الكميه المنصرفه],low[اسم الصنف],'Report'!$G$5,low[مخزن الصرف],'Report'!$C$3,low[تاريخ الإذن],'Report'!C838),\"\")","v":""},"",null,{"$f":"IF( OR(report[[#This Row],[صادر]]>0,report[[#This Row],[وارد]]>0),\"يحسب\",\"\")","v":"يحسب"}]
[null,null,"",{"$f":"IF(C839<>\"\",SUMIFS(add[الكمية المضافة],add[اسم الصنف],'Report'!$G$5,add[مخزن الإضافة],'Report'!$C$3,add[تاريخ الإذن],'Report'!C839),\"\")","v":""},{"$f":"IF(C839<>\"\",SUMIFS(low[الكميه المنصرفه],low[اسم الصنف],'Report'!$G$5,low[مخزن الصرف],'Report'!$C$3,low[تاريخ الإذن],'Report'!C839),\"\")","v":""},{"$f":"IFERROR(IF(C839<>\"\",F838+D839-E839,\"\"),\"\")","v":""},null,{"$f":"IF( OR(report[[#This Row],[صادر]]>0,report[[#This Row],[وارد]]>0),\"يحسب\",\"\")","v":"يحسب"}]
[null,null,"",{"$f":"IF(C840<>\"\",SUMIFS(add[الكمية المضافة],add[اسم الصنف],'Report'!$G$5,add[مخزن الإضافة],'Report'!$C$3,add[تاريخ الإذن],'Report'!C840),\"\")","v":""},{"$f":"IF(C840<>\"\",SUMIFS(low[الكميه المنصرفه],low[اسم الصنف],'Report'!$G$5,low[مخزن الصرف],'Report'!$C$3,low[تاريخ الإذن],'Report'!C840),\"\")","v":""},"",null,{"$f":"IF( OR(report[[#This Row],[صادر]]>0,report[[#This Row],[وارد]]>0),\"يحسب\",\"\")","v":"يحسب"}]
[null,null,"",{"$f":"IF(C841<>\"\",SUMIFS(add[الكمية المضافة],add[اسم الصنف],'Report'!$G$5,add[مخزن الإضافة],'Report'!$C$3,add[تاريخ الإذن],'Report'!C841),\"\")","v":""},{"$f":"IF(C841<>\"\",SUMIFS(low[الكميه المنصرفه],low[اسم الصنف],'Report'!$G$5,low[مخزن الصرف],'Report'!$C$3,low[تاريخ الإذن],'Report'!C841),\"\")","v":""},"",null,{"$f":"IF( OR(report[[#This Row],[صادر]]>0,report[[#This Row],[وارد]]>0),\"يحسب\",\"\")","v":"يحسب"}]
[null,null,"",{"$f":"IF(C842<>\"\",SUMIFS(add[الكمية المضافة],add[اسم الصنف],'Report'!$G$5,add[مخزن الإضافة],'Report'!$C$3,add[تاريخ الإذن],'Report'!C842),\"\")","v":""},{"$f":"IF(C842<>\"\",SUMIFS(low[الكميه المنصرفه],low[اسم الصنف],'Report'!$G$5,low[مخزن الصرف],'Report'!$C$3,low[تاريخ الإذن],'Report'!C842),\"\")","v":""},"",null,{"$f":"IF( OR(report[[#This Row],[صادر]]>0,report[[#This Row],[وارد]]>0),\"يحسب\",\"\")","v":"يحسب"}]
[null,null,"",{"$f":"IF(C843<>\"\",SUMIFS(add[الكمية المضافة],add[اسم الصنف],'Report'!$G$5,add[مخزن الإضافة],'Report'!$C$3,add[تاريخ الإذن],'Report'!C843),\"\")","v":""},{"$f":"IF(C843<>\"\",SUMIFS(low[الكميه المنصرفه],low[اسم الصنف],'Report'!$G$5,low[مخزن الصرف],'Report'!$C$3,low[تاريخ الإذن],'Report'!C843),\"\")","v":""},"",null,{"$f":"IF( OR(report[[#This Row],[صادر]]>0,report[[#This Row],[وارد]]>0),\"يحسب\",\"\")","v":"يحسب"}]
[null,null,"",{"$f":"IF(C844<>\"\",SUMIFS(add[الكمية المضافة],add[اسم الصنف],'Report'!$G$5,add[مخزن الإضافة],'Report'!$C$3,add[تاريخ الإذن],'Report'!C844),\"\")","v":""},{"$f":"IF(C844<>\"\",SUMIFS(low[الكميه المنصرفه],low[اسم الصنف],'Report'!$G$5,low[مخزن الصرف],'Report'!$C$3,low[تاريخ الإذن],'Report'!C844),\"\")","v":""},"",null,{"$f":"IF( OR(report[[#This Row],[صادر]]>0,report[[#This Row],[وارد]]>0),\"يحسب\",\"\")","v":"يحسب"}]
[null,null,"",{"$f":"IF(C845<>\"\",SUMIFS(add[الكمية المضافة],add[اسم الصنف],'Report'!$G$5,add[مخزن الإضافة],'Report'!$C$3,add[تاريخ الإذن],'Report'!C845),\"\")","v":""},{"$f":"IF(C845<>\"\",SUMIFS(low[الكميه المنصرفه],low[اسم الصنف],'Report'!$G$5,low[مخزن الصرف],'Report'!$C$3,low[تاريخ الإذن],'Report'!C845),\"\")","v":""},"",null,{"$f":"IF( OR(report[[#This Row],[صادر]]>0,report[[#This Row],[وارد]]>0),\"يحسب\",\"\")","v":"يحسب"}]
[null,null,"",{"$f":"IF(C846<>\"\",SUMIFS(add[الكمية المضافة],add[اسم الصنف],'Report'!$G$5,add[مخزن الإضافة],'Report'!$C$3,add[تاريخ الإذن],'Report'!C846),\"\")","v":""},{"$f":"IF(C846<>\"\",SUMIFS(low[الكميه المنصرفه],low[اسم الصنف],'Report'!$G$5,low[مخزن الصرف],'Report'!$C$3,low[تاريخ الإذن],'Report'!C846),\"\")","v":""},"",null,{"$f":"IF( OR(report[[#This Row],[صادر]]>0,report[[#This Row],[وارد]]>0),\"يحسب\",\"\")","v":"يحسب"}]
[null,null,"",{"$f":"IF(C847<>\"\",SUMIFS(add[الكمية المضافة],add[اسم الصنف],'Report'!$G$5,add[مخزن الإضافة],'Report'!$C$3,add[تاريخ الإذن],'Report'!C847),\"\")","v":""},{"$f":"IF(C847<>\"\",SUMIFS(low[الكميه المنصرفه],low[اسم الصنف],'Report'!$G$5,low[مخزن الصرف],'Report'!$C$3,low[تاريخ الإذن],'Report'!C847),\"\")","v":""},"",null,{"$f":"IF( OR(report[[#This Row],[صادر]]>0,report[[#This Row],[وارد]]>0),\"يحسب\",\"\")","v":"يحسب"}]
[null,null,{"$f":"IFERROR(IF(C847+1<=$C$7,C847+1,\"\"),\"\")","v":""},{"$f":"IF(C848<>\"\",SUMIFS(add[الكمية المضافة],add[اسم الصنف],'Report'!$G$5,add[مخزن الإضافة],'Report'!$C$3,add[تاريخ الإذن],'Report'!C848),\"\")","v":""},{"$f":"IF(C848<>\"\",SUMIFS(low[الكميه المنصرفه],low[اسم الصنف],'Report'!$G$5,low[مخزن الصرف],'Report'!$C$3,low[تاريخ الإذن],'Report'!C848),\"\")","v":""},"",null,{"$f":"IF( OR(report[[#This Row],[صادر]]>0,report[[#This Row],[وارد]]>0),\"يحسب\",\"\")","v":"يحسب"}]
[null,null,"",{"$f":"IF(C849<>\"\",SUMIFS(add[الكمية المضافة],add[اسم الصنف],'Report'!$G$5,add[مخزن الإضافة],'Report'!$C$3,add[تاريخ الإذن],'Report'!C849),\"\")","v":""},{"$f":"IF(C849<>\"\",SUMIFS(low[الكميه المنصرفه],low[اسم الصنف],'Report'!$G$5,low[مخزن الصرف],'Report'!$C$3,low[تاريخ الإذن],'Report'!C849),\"\")","v":""},"",null,{"$f":"IF( OR(report[[#This Row],[صادر]]>0,report[[#This Row],[وارد]]>0),\"يحسب\",\"\")","v":"يحسب"}]
[null,null,"",{"$f":"IF(C850<>\"\",SUMIFS(add[الكمية المضافة],add[اسم الصنف],'Report'!$G$5,add[مخزن الإضافة],'Report'!$C$3,add[تاريخ الإذن],'Report'!C850),\"\")","v":""},{"$f":"IF(C850<>\"\",SUMIFS(low[الكميه المنصرفه],low[اسم الصنف],'Report'!$G$5,low[مخزن الصرف],'Report'!$C$3,low[تاريخ الإذن],'Report'!C850),\"\")","v":""},"",null,{"$f":"IF( OR(report[[#This Row],[صادر]]>0,report[[#This Row],[وارد]]>0),\"يحسب\",\"\")","v":"يحسب"}]
[null,null,"",{"$f":"IF(C851<>\"\",SUMIFS(add[الكمية المضافة],add[اسم الصنف],'Report'!$G$5,add[مخزن الإضافة],'Report'!$C$3,add[تاريخ الإذن],'Report'!C851),\"\")","v":""},{"$f":"IF(C851<>\"\",SUMIFS(low[الكميه المنصرفه],low[اسم الصنف],'Report'!$G$5,low[مخزن الصرف],'Report'!$C$3,low[تاريخ الإذن],'Report'!C851),\"\")","v":""},"",null,{"$f":"IF( OR(report[[#This Row],[صادر]]>0,report[[#This Row],[وارد]]>0),\"يحسب\",\"\")","v":"يحسب"}]
[null,null,"",{"$f":"IF(C852<>\"\",SUMIFS(add[الكمية المضافة],add[اسم الصنف],'Report'!$G$5,add[مخزن الإضافة],'Report'!$C$3,add[تاريخ الإذن],'Report'!C852),\"\")","v":""},{"$f":"IF(C852<>\"\",SUMIFS(low[الكميه المنصرفه],low[اسم الصنف],'Report'!$G$5,low[مخزن الصرف],'Report'!$C$3,low[تاريخ الإذن],'Report'!C852),\"\")","v":""},"",null,{"$f":"IF( OR(report[[#This Row],[صادر]]>0,report[[#This Row],[وارد]]>0),\"يحسب\",\"\")","v":"يحسب"}]
[null,null,"",{"$f":"IF(C853<>\"\",SUMIFS(add[الكمية المضافة],add[اسم الصنف],'Report'!$G$5,add[مخزن الإضافة],'Report'!$C$3,add[تاريخ الإذن],'Report'!C853),\"\")","v":""},{"$f":"IF(C853<>\"\",SUMIFS(low[الكميه المنصرفه],low[اسم الصنف],'Report'!$G$5,low[مخزن الصرف],'Report'!$C$3,low[تاريخ الإذن],'Report'!C853),\"\")","v":""},"",null,{"$f":"IF( OR(report[[#This Row],[صادر]]>0,report[[#This Row],[وارد]]>0),\"يحسب\",\"\")","v":"يحسب"}]
[null,null,"",{"$f":"IF(C854<>\"\",SUMIFS(add[الكمية المضافة],add[اسم الصنف],'Report'!$G$5,add[مخزن الإضافة],'Report'!$C$3,add[تاريخ الإذن],'Report'!C854),\"\")","v":""},{"$f":"IF(C854<>\"\",SUMIFS(low[الكميه المنصرفه],low[اسم الصنف],'Report'!$G$5,low[مخزن الصرف],'Report'!$C$3,low[تاريخ الإذن],'Report'!C854),\"\")","v":""},"",null,{"$f":"IF( OR(report[[#This Row],[صادر]]>0,report[[#This Row],[وارد]]>0),\"يحسب\",\"\")","v":"يحسب"}]
[null,null,"",{"$f":"IF(C855<>\"\",SUMIFS(add[الكمية المضافة],add[اسم الصنف],'Report'!$G$5,add[مخزن الإضافة],'Report'!$C$3,add[تاريخ الإذن],'Report'!C855),\"\")","v":""},{"$f":"IF(C855<>\"\",SUMIFS(low[الكميه المنصرفه],low[اسم الصنف],'Report'!$G$5,low[مخزن الصرف],'Report'!$C$3,low[تاريخ الإذن],'Report'!C855),\"\")","v":""},"",null,{"$f":"IF( OR(report[[#This Row],[صادر]]>0,report[[#This Row],[وارد]]>0),\"يحسب\",\"\")","v":"يحسب"}]
[null,null,"",{"$f":"IF(C856<>\"\",SUMIFS(add[الكمية المضافة],add[اسم الصنف],'Report'!$G$5,add[مخزن الإضافة],'Report'!$C$3,add[تاريخ الإذن],'Report'!C856),\"\")","v":""},{"$f":"IF(C856<>\"\",SUMIFS(low[الكميه المنصرفه],low[اسم الصنف],'Report'!$G$5,low[مخزن الصرف],'Report'!$C$3,low[تاريخ الإذن],'Report'!C856),\"\")","v":""},"",null,{"$f":"IF( OR(report[[#This Row],[صادر]]>0,report[[#This Row],[وارد]]>0),\"يحسب\",\"\")","v":"يحسب"}]
[null,null,"",{"$f":"IF(C857<>\"\",SUMIFS(add[الكمية المضافة],add[اسم الصنف],'Report'!$G$5,add[مخزن الإضافة],'Report'!$C$3,add[تاريخ الإذن],'Report'!C857),\"\")","v":""},{"$f":"IF(C857<>\"\",SUMIFS(low[الكميه المنصرفه],low[اسم الصنف],'Report'!$G$5,low[مخزن الصرف],'Report'!$C$3,low[تاريخ الإذن],'Report'!C857),\"\")","v":""},"",null,{"$f":"IF( OR(report[[#This Row],[صادر]]>0,report[[#This Row],[وارد]]>0),\"يحسب\",\"\")","v":"يحسب"}]
[null,null,"",{"$f":"IF(C858<>\"\",SUMIFS(add[الكمية المضافة],add[اسم الصنف],'Report'!$G$5,add[مخزن الإضافة],'Report'!$C$3,add[تاريخ الإذن],'Report'!C858),\"\")","v":""},{"$f":"IF(C858<>\"\",SUMIFS(low[الكميه المنصرفه],low[اسم الصنف],'Report'!$G$5,low[مخزن الصرف],'Report'!$C$3,low[تاريخ الإذن],'Report'!C858),\"\")","v":""},"",null,{"$f":"IF( OR(report[[#This Row],[صادر]]>0,report[[#This Row],[وارد]]>0),\"يحسب\",\"\")","v":"يحسب"}]
[null,null,"",{"$f":"IF(C859<>\"\",SUMIFS(add[الكمية المضافة],add[اسم الصنف],'Report'!$G$5,add[مخزن الإضافة],'Report'!$C$3,add[تاريخ الإذن],'Report'!C859),\"\")","v":""},{"$f":"IF(C859<>\"\",SUMIFS(low[الكميه المنصرفه],low[اسم الصنف],'Report'!$G$5,low[مخزن الصرف],'Report'!$C$3,low[تاريخ الإذن],'Report'!C859),\"\")","v":""},"",null,{"$f":"IF( OR(report[[#This Row],[صادر]]>0,report[[#This Row],[وارد]]>0),\"يحسب\",\"\")","v":"يحسب"}]
[null,null,"",{"$f":"IF(C860<>\"\",SUMIFS(add[الكمية المضافة],add[اسم الصنف],'Report'!$G$5,add[مخزن الإضافة],'Report'!$C$3,add[تاريخ الإذن],'Report'!C860),\"\")","v":""},{"$f":"IF(C860<>\"\",SUMIFS(low[الكميه المنصرفه],low[اسم الصنف],'Report'!$G$5,low[مخزن الصرف],'Report'!$C$3,low[تاريخ الإذن],'Report'!C860),\"\")","v":""},"",null,{"$f":"IF( OR(report[[#This Row],[صادر]]>0,report[[#This Row],[وارد]]>0),\"يحسب\",\"\")","v":"يحسب"}]
[null,null,"",{"$f":"IF(C861<>\"\",SUMIFS(add[الكمية المضافة],add[اسم الصنف],'Report'!$G$5,add[مخزن الإضافة],'Report'!$C$3,add[تاريخ الإذن],'Report'!C861),\"\")","v":""},{"$f":"IF(C861<>\"\",SUMIFS(low[الكميه المنصرفه],low[اسم الصنف],'Report'!$G$5,low[مخزن الصرف],'Report'!$C$3,low[تاريخ الإذن],'Report'!C861),\"\")","v":""},"",null,{"$f":"IF( OR(report[[#This Row],[صادر]]>0,report[[#This Row],[وارد]]>0),\"يحسب\",\"\")","v":"يحسب"}]
[null,null,"",{"$f":"IF(C862<>\"\",SUMIFS(add[الكمية المضافة],add[اسم الصنف],'Report'!$G$5,add[مخزن الإضافة],'Report'!$C$3,add[تاريخ الإذن],'Report'!C862),\"\")","v":""},{"$f":"IF(C862<>\"\",SUMIFS(low[الكميه المنصرفه],low[اسم الصنف],'Report'!$G$5,low[مخزن الصرف],'Report'!$C$3,low[تاريخ الإذن],'Report'!C862),\"\")","v":""},"",null,{"$f":"IF( OR(report[[#This Row],[صادر]]>0,report[[#This Row],[وارد]]>0),\"يحسب\",\"\")","v":"يحسب"}]
[null,null,"",{"$f":"IF(C863<>\"\",SUMIFS(add[الكمية المضافة],add[اسم الصنف],'Report'!$G$5,add[مخزن الإضافة],'Report'!$C$3,add[تاريخ الإذن],'Report'!C863),\"\")","v":""},{"$f":"IF(C863<>\"\",SUMIFS(low[الكميه المنصرفه],low[اسم الصنف],'Report'!$G$5,low[مخزن الصرف],'Report'!$C$3,low[تاريخ الإذن],'Report'!C863),\"\")","v":""},"",null,{"$f":"IF( OR(report[[#This Row],[صادر]]>0,report[[#This Row],[وارد]]>0),\"يحسب\",\"\")","v":"يحسب"}]
[null,null,"",{"$f":"IF(C864<>\"\",SUMIFS(add[الكمية المضافة],add[اسم الصنف],'Report'!$G$5,add[مخزن الإضافة],'Report'!$C$3,add[تاريخ الإذن],'Report'!C864),\"\")","v":""},{"$f":"IF(C864<>\"\",SUMIFS(low[الكميه المنصرفه],low[اسم الصنف],'Report'!$G$5,low[مخزن الصرف],'Report'!$C$3,low[تاريخ الإذن],'Report'!C864),\"\")","v":""},"",null,{"$f":"IF( OR(report[[#This Row],[صادر]]>0,report[[#This Row],[وارد]]>0),\"يحسب\",\"\")","v":"يحسب"}]
[null,null,"",{"$f":"IF(C865<>\"\",SUMIFS(add[الكمية المضافة],add[اسم الصنف],'Report'!$G$5,add[مخزن الإضافة],'Report'!$C$3,add[تاريخ الإذن],'Report'!C865),\"\")","v":""},{"$f":"IF(C865<>\"\",SUMIFS(low[الكميه المنصرفه],low[اسم الصنف],'Report'!$G$5,low[مخزن الصرف],'Report'!$C$3,low[تاريخ الإذن],'Report'!C865),\"\")","v":""},"",null,{"$f":"IF( OR(report[[#This Row],[صادر]]>0,report[[#This Row],[وارد]]>0),\"يحسب\",\"\")","v":"يحسب"}]
[null,null,"",{"$f":"IF(C866<>\"\",SUMIFS(add[الكمية المضافة],add[اسم الصنف],'Report'!$G$5,add[مخزن الإضافة],'Report'!$C$3,add[تاريخ الإذن],'Report'!C866),\"\")","v":""},{"$f":"IF(C866<>\"\",SUMIFS(low[الكميه المنصرفه],low[اسم الصنف],'Report'!$G$5,low[مخزن الصرف],'Report'!$C$3,low[تاريخ الإذن],'Report'!C866),\"\")","v":""},"",null,{"$f":"IF( OR(report[[#This Row],[صادر]]>0,report[[#This Row],[وارد]]>0),\"يحسب\",\"\")","v":"يحسب"}]
[null,null,"",{"$f":"IF(C867<>\"\",SUMIFS(add[الكمية المضافة],add[اسم الصنف],'Report'!$G$5,add[مخزن الإضافة],'Report'!$C$3,add[تاريخ الإذن],'Report'!C867),\"\")","v":""},{"$f":"IF(C867<>\"\",SUMIFS(low[الكميه المنصرفه],low[اسم الصنف],'Report'!$G$5,low[مخزن الصرف],'Report'!$C$3,low[تاريخ الإذن],'Report'!C867),\"\")","v":""},"",null,{"$f":"IF( OR(report[[#This Row],[صادر]]>0,report[[#This Row],[وارد]]>0),\"يحسب\",\"\")","v":"يحسب"}]
[null,null,"",{"$f":"IF(C868<>\"\",SUMIFS(add[الكمية المضافة],add[اسم الصنف],'Report'!$G$5,add[مخزن الإضافة],'Report'!$C$3,add[تاريخ الإذن],'Report'!C868),\"\")","v":""},{"$f":"IF(C868<>\"\",SUMIFS(low[الكميه المنصرفه],low[اسم الصنف],'Report'!$G$5,low[مخزن الصرف],'Report'!$C$3,low[تاريخ الإذن],'Report'!C868),\"\")","v":""},"",null,{"$f":"IF( OR(report[[#This Row],[صادر]]>0,report[[#This Row],[وارد]]>0),\"يحسب\",\"\")","v":"يحسب"}]
[null,null,"",{"$f":"IF(C869<>\"\",SUMIFS(add[الكمية المضافة],add[اسم الصنف],'Report'!$G$5,add[مخزن الإضافة],'Report'!$C$3,add[تاريخ الإذن],'Report'!C869),\"\")","v":""},{"$f":"IF(C869<>\"\",SUMIFS(low[الكميه المنصرفه],low[اسم الصنف],'Report'!$G$5,low[مخزن الصرف],'Report'!$C$3,low[تاريخ الإذن],'Report'!C869),\"\")","v":""},"",null,{"$f":"IF( OR(report[[#This Row],[صادر]]>0,report[[#This Row],[وارد]]>0),\"يحسب\",\"\")","v":"يحسب"}]
[null,null,"",{"$f":"IF(C870<>\"\",SUMIFS(add[الكمية المضافة],add[اسم الصنف],'Report'!$G$5,add[مخزن الإضافة],'Report'!$C$3,add[تاريخ الإذن],'Report'!C870),\"\")","v":""},{"$f":"IF(C870<>\"\",SUMIFS(low[الكميه المنصرفه],low[اسم الصنف],'Report'!$G$5,low[مخزن الصرف],'Report'!$C$3,low[تاريخ الإذن],'Report'!C870),\"\")","v":""},"",null,{"$f":"IF( OR(report[[#This Row],[صادر]]>0,report[[#This Row],[وارد]]>0),\"يحسب\",\"\")","v":"يحسب"}]
[null,null,"",{"$f":"IF(C871<>\"\",SUMIFS(add[الكمية المضافة],add[اسم الصنف],'Report'!$G$5,add[مخزن الإضافة],'Report'!$C$3,add[تاريخ الإذن],'Report'!C871),\"\")","v":""},{"$f":"IF(C871<>\"\",SUMIFS(low[الكميه المنصرفه],low[اسم الصنف],'Report'!$G$5,low[مخزن الصرف],'Report'!$C$3,low[تاريخ الإذن],'Report'!C871),\"\")","v":""},"",null,{"$f":"IF( OR(report[[#This Row],[صادر]]>0,report[[#This Row],[وارد]]>0),\"يحسب\",\"\")","v":"يحسب"}]
[null,null,"",{"$f":"IF(C872<>\"\",SUMIFS(add[الكمية المضافة],add[اسم الصنف],'Report'!$G$5,add[مخزن الإضافة],'Report'!$C$3,add[تاريخ الإذن],'Report'!C872),\"\")","v":""},{"$f":"IF(C872<>\"\",SUMIFS(low[الكميه المنصرفه],low[اسم الصنف],'Report'!$G$5,low[مخزن الصرف],'Report'!$C$3,low[تاريخ الإذن],'Report'!C872),\"\")","v":""},"",null,{"$f":"IF( OR(report[[#This Row],[صادر]]>0,report[[#This Row],[وارد]]>0),\"يحسب\",\"\")","v":"يحسب"}]
[null,null,"",{"$f":"IF(C873<>\"\",SUMIFS(add[الكمية المضافة],add[اسم الصنف],'Report'!$G$5,add[مخزن الإضافة],'Report'!$C$3,add[تاريخ الإذن],'Report'!C873),\"\")","v":""},{"$f":"IF(C873<>\"\",SUMIFS(low[الكميه المنصرفه],low[اسم الصنف],'Report'!$G$5,low[مخزن الصرف],'Report'!$C$3,low[تاريخ الإذن],'Report'!C873),\"\")","v":""},"",null,{"$f":"IF( OR(report[[#This Row],[صادر]]>0,report[[#This Row],[وارد]]>0),\"يحسب\",\"\")","v":"يحسب"}]
[null,null,"",{"$f":"IF(C874<>\"\",SUMIFS(add[الكمية المضافة],add[اسم الصنف],'Report'!$G$5,add[مخزن الإضافة],'Report'!$C$3,add[تاريخ الإذن],'Report'!C874),\"\")","v":""},{"$f":"IF(C874<>\"\",SUMIFS(low[الكميه المنصرفه],low[اسم الصنف],'Report'!$G$5,low[مخزن الصرف],'Report'!$C$3,low[تاريخ الإذن],'Report'!C874),\"\")","v":""},"",null,{"$f":"IF( OR(report[[#This Row],[صادر]]>0,report[[#This Row],[وارد]]>0),\"يحسب\",\"\")","v":"يحسب"}]
[null,null,"",{"$f":"IF(C875<>\"\",SUMIFS(add[الكمية المضافة],add[اسم الصنف],'Report'!$G$5,add[مخزن الإضافة],'Report'!$C$3,add[تاريخ الإذن],'Report'!C875),\"\")","v":""},{"$f":"IF(C875<>\"\",SUMIFS(low[الكميه المنصرفه],low[اسم الصنف],'Report'!$G$5,low[مخزن الصرف],'Report'!$C$3,low[تاريخ الإذن],'Report'!C875),\"\")","v":""},"",null,{"$f":"IF( OR(report[[#This Row],[صادر]]>0,report[[#This Row],[وارد]]>0),\"يحسب\",\"\")","v":"يحسب"}]
[null,null,"",{"$f":"IF(C876<>\"\",SUMIFS(add[الكمية المضافة],add[اسم الصنف],'Report'!$G$5,add[مخزن الإضافة],'Report'!$C$3,add[تاريخ الإذن],'Report'!C876),\"\")","v":""},{"$f":"IF(C876<>\"\",SUMIFS(low[الكميه المنصرفه],low[اسم الصنف],'Report'!$G$5,low[مخزن الصرف],'Report'!$C$3,low[تاريخ الإذن],'Report'!C876),\"\")","v":""},"",null,{"$f":"IF( OR(report[[#This Row],[صادر]]>0,report[[#This Row],[وارد]]>0),\"يحسب\",\"\")","v":"يحسب"}]
[null,null,"",{"$f":"IF(C877<>\"\",SUMIFS(add[الكمية المضافة],add[اسم الصنف],'Report'!$G$5,add[مخزن الإضافة],'Report'!$C$3,add[تاريخ الإذن],'Report'!C877),\"\")","v":""},{"$f":"IF(C877<>\"\",SUMIFS(low[الكميه المنصرفه],low[اسم الصنف],'Report'!$G$5,low[مخزن الصرف],'Report'!$C$3,low[تاريخ الإذن],'Report'!C877),\"\")","v":""},"",null,{"$f":"IF( OR(report[[#This Row],[صادر]]>0,report[[#This Row],[وارد]]>0),\"يحسب\",\"\")","v":"يحسب"}]
[null,null,"",{"$f":"IF(C878<>\"\",SUMIFS(add[الكمية المضافة],add[اسم الصنف],'Report'!$G$5,add[مخزن الإضافة],'Report'!$C$3,add[تاريخ الإذن],'Report'!C878),\"\")","v":""},{"$f":"IF(C878<>\"\",SUMIFS(low[الكميه المنصرفه],low[اسم الصنف],'Report'!$G$5,low[مخزن الصرف],'Report'!$C$3,low[تاريخ الإذن],'Report'!C878),\"\")","v":""},"",null,{"$f":"IF( OR(report[[#This Row],[صادر]]>0,report[[#This Row],[وارد]]>0),\"يحسب\",\"\")","v":"يحسب"}]
[null,null,"",{"$f":"IF(C879<>\"\",SUMIFS(add[الكمية المضافة],add[اسم الصنف],'Report'!$G$5,add[مخزن الإضافة],'Report'!$C$3,add[تاريخ الإذن],'Report'!C879),\"\")","v":""},{"$f":"IF(C879<>\"\",SUMIFS(low[الكميه المنصرفه],low[اسم الصنف],'Report'!$G$5,low[مخزن الصرف],'Report'!$C$3,low[تاريخ الإذن],'Report'!C879),\"\")","v":""},"",null,{"$f":"IF( OR(report[[#This Row],[صادر]]>0,report[[#This Row],[وارد]]>0),\"يحسب\",\"\")","v":"يحسب"}]
[null,null,"",{"$f":"IF(C880<>\"\",SUMIFS(add[الكمية المضافة],add[اسم الصنف],'Report'!$G$5,add[مخزن الإضافة],'Report'!$C$3,add[تاريخ الإذن],'Report'!C880),\"\")","v":""},{"$f":"IF(C880<>\"\",SUMIFS(low[الكميه المنصرفه],low[اسم الصنف],'Report'!$G$5,low[مخزن الصرف],'Report'!$C$3,low[تاريخ الإذن],'Report'!C880),\"\")","v":""},"",null,{"$f":"IF( OR(report[[#This Row],[صادر]]>0,report[[#This Row],[وارد]]>0),\"يحسب\",\"\")","v":"يحسب"}]
[null,null,"",{"$f":"IF(C881<>\"\",SUMIFS(add[الكمية المضافة],add[اسم الصنف],'Report'!$G$5,add[مخزن الإضافة],'Report'!$C$3,add[تاريخ الإذن],'Report'!C881),\"\")","v":""},{"$f":"IF(C881<>\"\",SUMIFS(low[الكميه المنصرفه],low[اسم الصنف],'Report'!$G$5,low[مخزن الصرف],'Report'!$C$3,low[تاريخ الإذن],'Report'!C881),\"\")","v":""},"",null,{"$f":"IF( OR(report[[#This Row],[صادر]]>0,report[[#This Row],[وارد]]>0),\"يحسب\",\"\")","v":"يحسب"}]
[null,null,"",{"$f":"IF(C882<>\"\",SUMIFS(add[الكمية المضافة],add[اسم الصنف],'Report'!$G$5,add[مخزن الإضافة],'Report'!$C$3,add[تاريخ الإذن],'Report'!C882),\"\")","v":""},{"$f":"IF(C882<>\"\",SUMIFS(low[الكميه المنصرفه],low[اسم الصنف],'Report'!$G$5,low[مخزن الصرف],'Report'!$C$3,low[تاريخ الإذن],'Report'!C882),\"\")","v":""},"",null,{"$f":"IF( OR(report[[#This Row],[صادر]]>0,report[[#This Row],[وارد]]>0),\"يحسب\",\"\")","v":"يحسب"}]
[null,null,"",{"$f":"IF(C883<>\"\",SUMIFS(add[الكمية المضافة],add[اسم الصنف],'Report'!$G$5,add[مخزن الإضافة],'Report'!$C$3,add[تاريخ الإذن],'Report'!C883),\"\")","v":""},{"$f":"IF(C883<>\"\",SUMIFS(low[الكميه المنصرفه],low[اسم الصنف],'Report'!$G$5,low[مخزن الصرف],'Report'!$C$3,low[تاريخ الإذن],'Report'!C883),\"\")","v":""},"",null,{"$f":"IF( OR(report[[#This Row],[صادر]]>0,report[[#This Row],[وارد]]>0),\"يحسب\",\"\")","v":"يحسب"}]
[null,null,"",{"$f":"IF(C884<>\"\",SUMIFS(add[الكمية المضافة],add[اسم الصنف],'Report'!$G$5,add[مخزن الإضافة],'Report'!$C$3,add[تاريخ الإذن],'Report'!C884),\"\")","v":""},{"$f":"IF(C884<>\"\",SUMIFS(low[الكميه المنصرفه],low[اسم الصنف],'Report'!$G$5,low[مخزن الصرف],'Report'!$C$3,low[تاريخ الإذن],'Report'!C884),\"\")","v":""},"",null,{"$f":"IF( OR(report[[#This Row],[صادر]]>0,report[[#This Row],[وارد]]>0),\"يحسب\",\"\")","v":"يحسب"}]
[null,null,"",{"$f":"IF(C885<>\"\",SUMIFS(add[الكمية المضافة],add[اسم الصنف],'Report'!$G$5,add[مخزن الإضافة],'Report'!$C$3,add[تاريخ الإذن],'Report'!C885),\"\")","v":""},{"$f":"IF(C885<>\"\",SUMIFS(low[الكميه المنصرفه],low[اسم الصنف],'Report'!$G$5,low[مخزن الصرف],'Report'!$C$3,low[تاريخ الإذن],'Report'!C885),\"\")","v":""},"",null,{"$f":"IF( OR(report[[#This Row],[صادر]]>0,report[[#This Row],[وارد]]>0),\"يحسب\",\"\")","v":"يحسب"}]
[null,null,"",{"$f":"IF(C886<>\"\",SUMIFS(add[الكمية المضافة],add[اسم الصنف],'Report'!$G$5,add[مخزن الإضافة],'Report'!$C$3,add[تاريخ الإذن],'Report'!C886),\"\")","v":""},{"$f":"IF(C886<>\"\",SUMIFS(low[الكميه المنصرفه],low[اسم الصنف],'Report'!$G$5,low[مخزن الصرف],'Report'!$C$3,low[تاريخ الإذن],'Report'!C886),\"\")","v":""},"",null,{"$f":"IF( OR(report[[#This Row],[صادر]]>0,report[[#This Row],[وارد]]>0),\"يحسب\",\"\")","v":"يحسب"}]
[null,null,"",{"$f":"IF(C887<>\"\",SUMIFS(add[الكمية المضافة],add[اسم الصنف],'Report'!$G$5,add[مخزن الإضافة],'Report'!$C$3,add[تاريخ الإذن],'Report'!C887),\"\")","v":""},{"$f":"IF(C887<>\"\",SUMIFS(low[الكميه المنصرفه],low[اسم الصنف],'Report'!$G$5,low[مخزن الصرف],'Report'!$C$3,low[تاريخ الإذن],'Report'!C887),\"\")","v":""},"",null,{"$f":"IF( OR(report[[#This Row],[صادر]]>0,report[[#This Row],[وارد]]>0),\"يحسب\",\"\")","v":"يحسب"}]
[null,null,"",{"$f":"IF(C888<>\"\",SUMIFS(add[الكمية المضافة],add[اسم الصنف],'Report'!$G$5,add[مخزن الإضافة],'Report'!$C$3,add[تاريخ الإذن],'Report'!C888),\"\")","v":""},{"$f":"IF(C888<>\"\",SUMIFS(low[الكميه المنصرفه],low[اسم الصنف],'Report'!$G$5,low[مخزن الصرف],'Report'!$C$3,low[تاريخ الإذن],'Report'!C888),\"\")","v":""},"",null,{"$f":"IF( OR(report[[#This Row],[صادر]]>0,report[[#This Row],[وارد]]>0),\"يحسب\",\"\")","v":"يحسب"}]
[null,null,"",{"$f":"IF(C889<>\"\",SUMIFS(add[الكمية المضافة],add[اسم الصنف],'Report'!$G$5,add[مخزن الإضافة],'Report'!$C$3,add[تاريخ الإذن],'Report'!C889),\"\")","v":""},{"$f":"IF(C889<>\"\",SUMIFS(low[الكميه المنصرفه],low[اسم الصنف],'Report'!$G$5,low[مخزن الصرف],'Report'!$C$3,low[تاريخ الإذن],'Report'!C889),\"\")","v":""},"",null,{"$f":"IF( OR(report[[#This Row],[صادر]]>0,report[[#This Row],[وارد]]>0),\"يحسب\",\"\")","v":"يحسب"}]
[null,null,"",{"$f":"IF(C890<>\"\",SUMIFS(add[الكمية المضافة],add[اسم الصنف],'Report'!$G$5,add[مخزن الإضافة],'Report'!$C$3,add[تاريخ الإذن],'Report'!C890),\"\")","v":""},{"$f":"IF(C890<>\"\",SUMIFS(low[الكميه المنصرفه],low[اسم الصنف],'Report'!$G$5,low[مخزن الصرف],'Report'!$C$3,low[تاريخ الإذن],'Report'!C890),\"\")","v":""},"",null,{"$f":"IF( OR(report[[#This Row],[صادر]]>0,report[[#This Row],[وارد]]>0),\"يحسب\",\"\")","v":"يحسب"}]
[null,null,"",{"$f":"IF(C891<>\"\",SUMIFS(add[الكمية المضافة],add[اسم الصنف],'Report'!$G$5,add[مخزن الإضافة],'Report'!$C$3,add[تاريخ الإذن],'Report'!C891),\"\")","v":""},{"$f":"IF(C891<>\"\",SUMIFS(low[الكميه المنصرفه],low[اسم الصنف],'Report'!$G$5,low[مخزن الصرف],'Report'!$C$3,low[تاريخ الإذن],'Report'!C891),\"\")","v":""},"",null,{"$f":"IF( OR(report[[#This Row],[صادر]]>0,report[[#This Row],[وارد]]>0),\"يحسب\",\"\")","v":"يحسب"}]
[null,null,"",{"$f":"IF(C892<>\"\",SUMIFS(add[الكمية المضافة],add[اسم الصنف],'Report'!$G$5,add[مخزن الإضافة],'Report'!$C$3,add[تاريخ الإذن],'Report'!C892),\"\")","v":""},{"$f":"IF(C892<>\"\",SUMIFS(low[الكميه المنصرفه],low[اسم الصنف],'Report'!$G$5,low[مخزن الصرف],'Report'!$C$3,low[تاريخ الإذن],'Report'!C892),\"\")","v":""},"",null,{"$f":"IF( OR(report[[#This Row],[صادر]]>0,report[[#This Row],[وارد]]>0),\"يحسب\",\"\")","v":"يحسب"}]
[null,null,"",{"$f":"IF(C893<>\"\",SUMIFS(add[الكمية المضافة],add[اسم الصنف],'Report'!$G$5,add[مخزن الإضافة],'Report'!$C$3,add[تاريخ الإذن],'Report'!C893),\"\")","v":""},{"$f":"IF(C893<>\"\",SUMIFS(low[الكميه المنصرفه],low[اسم الصنف],'Report'!$G$5,low[مخزن الصرف],'Report'!$C$3,low[تاريخ الإذن],'Report'!C893),\"\")","v":""},"",null,{"$f":"IF( OR(report[[#This Row],[صادر]]>0,report[[#This Row],[وارد]]>0),\"يحسب\",\"\")","v":"يحسب"}]
[null,null,"",{"$f":"IF(C894<>\"\",SUMIFS(add[الكمية المضافة],add[اسم الصنف],'Report'!$G$5,add[مخزن الإضافة],'Report'!$C$3,add[تاريخ الإذن],'Report'!C894),\"\")","v":""},{"$f":"IF(C894<>\"\",SUMIFS(low[الكميه المنصرفه],low[اسم الصنف],'Report'!$G$5,low[مخزن الصرف],'Report'!$C$3,low[تاريخ الإذن],'Report'!C894),\"\")","v":""},"",null,{"$f":"IF( OR(report[[#This Row],[صادر]]>0,report[[#This Row],[وارد]]>0),\"يحسب\",\"\")","v":"يحسب"}]
[null,null,"",{"$f":"IF(C895<>\"\",SUMIFS(add[الكمية المضافة],add[اسم الصنف],'Report'!$G$5,add[مخزن الإضافة],'Report'!$C$3,add[تاريخ الإذن],'Report'!C895),\"\")","v":""},{"$f":"IF(C895<>\"\",SUMIFS(low[الكميه المنصرفه],low[اسم الصنف],'Report'!$G$5,low[مخزن الصرف],'Report'!$C$3,low[تاريخ الإذن],'Report'!C895),\"\")","v":""},"",null,{"$f":"IF( OR(report[[#This Row],[صادر]]>0,report[[#This Row],[وارد]]>0),\"يحسب\",\"\")","v":"يحسب"}]
[null,null,"",{"$f":"IF(C896<>\"\",SUMIFS(add[الكمية المضافة],add[اسم الصنف],'Report'!$G$5,add[مخزن الإضافة],'Report'!$C$3,add[تاريخ الإذن],'Report'!C896),\"\")","v":""},{"$f":"IF(C896<>\"\",SUMIFS(low[الكميه المنصرفه],low[اسم الصنف],'Report'!$G$5,low[مخزن الصرف],'Report'!$C$3,low[تاريخ الإذن],'Report'!C896),\"\")","v":""},"",null,{"$f":"IF( OR(report[[#This Row],[صادر]]>0,report[[#This Row],[وارد]]>0),\"يحسب\",\"\")","v":"يحسب"}]
[null,null,"",{"$f":"IF(C897<>\"\",SUMIFS(add[الكمية المضافة],add[اسم الصنف],'Report'!$G$5,add[مخزن الإضافة],'Report'!$C$3,add[تاريخ الإذن],'Report'!C897),\"\")","v":""},{"$f":"IF(C897<>\"\",SUMIFS(low[الكميه المنصرفه],low[اسم الصنف],'Report'!$G$5,low[مخزن الصرف],'Report'!$C$3,low[تاريخ الإذن],'Report'!C897),\"\")","v":""},"",null,{"$f":"IF( OR(report[[#This Row],[صادر]]>0,report[[#This Row],[وارد]]>0),\"يحسب\",\"\")","v":"يحسب"}]
[null,null,"",{"$f":"IF(C898<>\"\",SUMIFS(add[الكمية المضافة],add[اسم الصنف],'Report'!$G$5,add[مخزن الإضافة],'Report'!$C$3,add[تاريخ الإذن],'Report'!C898),\"\")","v":""},{"$f":"IF(C898<>\"\",SUMIFS(low[الكميه المنصرفه],low[اسم الصنف],'Report'!$G$5,low[مخزن الصرف],'Report'!$C$3,low[تاريخ الإذن],'Report'!C898),\"\")","v":""},"",null,{"$f":"IF( OR(report[[#This Row],[صادر]]>0,report[[#This Row],[وارد]]>0),\"يحسب\",\"\")","v":"يحسب"}]
[null,null,"",{"$f":"IF(C899<>\"\",SUMIFS(add[الكمية المضافة],add[اسم الصنف],'Report'!$G$5,add[مخزن الإضافة],'Report'!$C$3,add[تاريخ الإذن],'Report'!C899),\"\")","v":""},{"$f":"IF(C899<>\"\",SUMIFS(low[الكميه المنصرفه],low[اسم الصنف],'Report'!$G$5,low[مخزن الصرف],'Report'!$C$3,low[تاريخ الإذن],'Report'!C899),\"\")","v":""},"",null,{"$f":"IF( OR(report[[#This Row],[صادر]]>0,report[[#This Row],[وارد]]>0),\"يحسب\",\"\")","v":"يحسب"}]
[null,null,"",{"$f":"IF(C900<>\"\",SUMIFS(add[الكمية المضافة],add[اسم الصنف],'Report'!$G$5,add[مخزن الإضافة],'Report'!$C$3,add[تاريخ الإذن],'Report'!C900),\"\")","v":""},{"$f":"IF(C900<>\"\",SUMIFS(low[الكميه المنصرفه],low[اسم الصنف],'Report'!$G$5,low[مخزن الصرف],'Report'!$C$3,low[تاريخ الإذن],'Report'!C900),\"\")","v":""},"",null,{"$f":"IF( OR(report[[#This Row],[صادر]]>0,report[[#This Row],[وارد]]>0),\"يحسب\",\"\")","v":"يحسب"}]
[null,null,"",{"$f":"IF(C901<>\"\",SUMIFS(add[الكمية المضافة],add[اسم الصنف],'Report'!$G$5,add[مخزن الإضافة],'Report'!$C$3,add[تاريخ الإذن],'Report'!C901),\"\")","v":""},{"$f":"IF(C901<>\"\",SUMIFS(low[الكميه المنصرفه],low[اسم الصنف],'Report'!$G$5,low[مخزن الصرف],'Report'!$C$3,low[تاريخ الإذن],'Report'!C901),\"\")","v":""},"",null,{"$f":"IF( OR(report[[#This Row],[صادر]]>0,report[[#This Row],[وارد]]>0),\"يحسب\",\"\")","v":"يحسب"}]
[null,null,"",{"$f":"IF(C902<>\"\",SUMIFS(add[الكمية المضافة],add[اسم الصنف],'Report'!$G$5,add[مخزن الإضافة],'Report'!$C$3,add[تاريخ الإذن],'Report'!C902),\"\")","v":""},{"$f":"IF(C902<>\"\",SUMIFS(low[الكميه المنصرفه],low[اسم الصنف],'Report'!$G$5,low[مخزن الصرف],'Report'!$C$3,low[تاريخ الإذن],'Report'!C902),\"\")","v":""},"",null,{"$f":"IF( OR(report[[#This Row],[صادر]]>0,report[[#This Row],[وارد]]>0),\"يحسب\",\"\")","v":"يحسب"}]
[null,null,"",{"$f":"IF(C903<>\"\",SUMIFS(add[الكمية المضافة],add[اسم الصنف],'Report'!$G$5,add[مخزن الإضافة],'Report'!$C$3,add[تاريخ الإذن],'Report'!C903),\"\")","v":""},{"$f":"IF(C903<>\"\",SUMIFS(low[الكميه المنصرفه],low[اسم الصنف],'Report'!$G$5,low[مخزن الصرف],'Report'!$C$3,low[تاريخ الإذن],'Report'!C903),\"\")","v":""},{"$f":"IFERROR(IF(C903<>\"\",F902+D903-E903,\"\"),\"\")","v":""},null,{"$f":"IF( OR(report[[#This Row],[صادر]]>0,report[[#This Row],[وارد]]>0),\"يحسب\",\"\")","v":"يحسب"}]
[null,null,"",{"$f":"IF(C904<>\"\",SUMIFS(add[الكمية المضافة],add[اسم الصنف],'Report'!$G$5,add[مخزن الإضافة],'Report'!$C$3,add[تاريخ الإذن],'Report'!C904),\"\")","v":""},{"$f":"IF(C904<>\"\",SUMIFS(low[الكميه المنصرفه],low[اسم الصنف],'Report'!$G$5,low[مخزن الصرف],'Report'!$C$3,low[تاريخ الإذن],'Report'!C904),\"\")","v":""},"",null,{"$f":"IF( OR(report[[#This Row],[صادر]]>0,report[[#This Row],[وارد]]>0),\"يحسب\",\"\")","v":"يحسب"}]
[null,null,"",{"$f":"IF(C905<>\"\",SUMIFS(add[الكمية المضافة],add[اسم الصنف],'Report'!$G$5,add[مخزن الإضافة],'Report'!$C$3,add[تاريخ الإذن],'Report'!C905),\"\")","v":""},{"$f":"IF(C905<>\"\",SUMIFS(low[الكميه المنصرفه],low[اسم الصنف],'Report'!$G$5,low[مخزن الصرف],'Report'!$C$3,low[تاريخ الإذن],'Report'!C905),\"\")","v":""},"",null,{"$f":"IF( OR(report[[#This Row],[صادر]]>0,report[[#This Row],[وارد]]>0),\"يحسب\",\"\")","v":"يحسب"}]
[null,null,"",{"$f":"IF(C906<>\"\",SUMIFS(add[الكمية المضافة],add[اسم الصنف],'Report'!$G$5,add[مخزن الإضافة],'Report'!$C$3,add[تاريخ الإذن],'Report'!C906),\"\")","v":""},{"$f":"IF(C906<>\"\",SUMIFS(low[الكميه المنصرفه],low[اسم الصنف],'Report'!$G$5,low[مخزن الصرف],'Report'!$C$3,low[تاريخ الإذن],'Report'!C906),\"\")","v":""},"",null,{"$f":"IF( OR(report[[#This Row],[صادر]]>0,report[[#This Row],[وارد]]>0),\"يحسب\",\"\")","v":"يحسب"}]
[null,null,"",{"$f":"IF(C907<>\"\",SUMIFS(add[الكمية المضافة],add[اسم الصنف],'Report'!$G$5,add[مخزن الإضافة],'Report'!$C$3,add[تاريخ الإذن],'Report'!C907),\"\")","v":""},{"$f":"IF(C907<>\"\",SUMIFS(low[الكميه المنصرفه],low[اسم الصنف],'Report'!$G$5,low[مخزن الصرف],'Report'!$C$3,low[تاريخ الإذن],'Report'!C907),\"\")","v":""},"",null,{"$f":"IF( OR(report[[#This Row],[صادر]]>0,report[[#This Row],[وارد]]>0),\"يحسب\",\"\")","v":"يحسب"}]
[null,null,"",{"$f":"IF(C908<>\"\",SUMIFS(add[الكمية المضافة],add[اسم الصنف],'Report'!$G$5,add[مخزن الإضافة],'Report'!$C$3,add[تاريخ الإذن],'Report'!C908),\"\")","v":""},{"$f":"IF(C908<>\"\",SUMIFS(low[الكميه المنصرفه],low[اسم الصنف],'Report'!$G$5,low[مخزن الصرف],'Report'!$C$3,low[تاريخ الإذن],'Report'!C908),\"\")","v":""},"",null,{"$f":"IF( OR(report[[#This Row],[صادر]]>0,report[[#This Row],[وارد]]>0),\"يحسب\",\"\")","v":"يحسب"}]
[null,null,"",{"$f":"IF(C909<>\"\",SUMIFS(add[الكمية المضافة],add[اسم الصنف],'Report'!$G$5,add[مخزن الإضافة],'Report'!$C$3,add[تاريخ الإذن],'Report'!C909),\"\")","v":""},{"$f":"IF(C909<>\"\",SUMIFS(low[الكميه المنصرفه],low[اسم الصنف],'Report'!$G$5,low[مخزن الصرف],'Report'!$C$3,low[تاريخ الإذن],'Report'!C909),\"\")","v":""},"",null,{"$f":"IF( OR(report[[#This Row],[صادر]]>0,report[[#This Row],[وارد]]>0),\"يحسب\",\"\")","v":"يحسب"}]
[null,null,"",{"$f":"IF(C910<>\"\",SUMIFS(add[الكمية المضافة],add[اسم الصنف],'Report'!$G$5,add[مخزن الإضافة],'Report'!$C$3,add[تاريخ الإذن],'Report'!C910),\"\")","v":""},{"$f":"IF(C910<>\"\",SUMIFS(low[الكميه المنصرفه],low[اسم الصنف],'Report'!$G$5,low[مخزن الصرف],'Report'!$C$3,low[تاريخ الإذن],'Report'!C910),\"\")","v":""},"",null,{"$f":"IF( OR(report[[#This Row],[صادر]]>0,report[[#This Row],[وارد]]>0),\"يحسب\",\"\")","v":"يحسب"}]
[null,null,"",{"$f":"IF(C911<>\"\",SUMIFS(add[الكمية المضافة],add[اسم الصنف],'Report'!$G$5,add[مخزن الإضافة],'Report'!$C$3,add[تاريخ الإذن],'Report'!C911),\"\")","v":""},{"$f":"IF(C911<>\"\",SUMIFS(low[الكميه المنصرفه],low[اسم الصنف],'Report'!$G$5,low[مخزن الصرف],'Report'!$C$3,low[تاريخ الإذن],'Report'!C911),\"\")","v":""},"",null,{"$f":"IF( OR(report[[#This Row],[صادر]]>0,report[[#This Row],[وارد]]>0),\"يحسب\",\"\")","v":"يحسب"}]
[null,null,{"$f":"IFERROR(IF(C911+1<=$C$7,C911+1,\"\"),\"\")","v":""},{"$f":"IF(C912<>\"\",SUMIFS(add[الكمية المضافة],add[اسم الصنف],'Report'!$G$5,add[مخزن الإضافة],'Report'!$C$3,add[تاريخ الإذن],'Report'!C912),\"\")","v":""},{"$f":"IF(C912<>\"\",SUMIFS(low[الكميه المنصرفه],low[اسم الصنف],'Report'!$G$5,low[مخزن الصرف],'Report'!$C$3,low[تاريخ الإذن],'Report'!C912),\"\")","v":""},"",null,{"$f":"IF( OR(report[[#This Row],[صادر]]>0,report[[#This Row],[وارد]]>0),\"يحسب\",\"\")","v":"يحسب"}]
[null,null,"",{"$f":"IF(C913<>\"\",SUMIFS(add[الكمية المضافة],add[اسم الصنف],'Report'!$G$5,add[مخزن الإضافة],'Report'!$C$3,add[تاريخ الإذن],'Report'!C913),\"\")","v":""},{"$f":"IF(C913<>\"\",SUMIFS(low[الكميه المنصرفه],low[اسم الصنف],'Report'!$G$5,low[مخزن الصرف],'Report'!$C$3,low[تاريخ الإذن],'Report'!C913),\"\")","v":""},"",null,{"$f":"IF( OR(report[[#This Row],[صادر]]>0,report[[#This Row],[وارد]]>0),\"يحسب\",\"\")","v":"يحسب"}]
[null,null,"",{"$f":"IF(C914<>\"\",SUMIFS(add[الكمية المضافة],add[اسم الصنف],'Report'!$G$5,add[مخزن الإضافة],'Report'!$C$3,add[تاريخ الإذن],'Report'!C914),\"\")","v":""},{"$f":"IF(C914<>\"\",SUMIFS(low[الكميه المنصرفه],low[اسم الصنف],'Report'!$G$5,low[مخزن الصرف],'Report'!$C$3,low[تاريخ الإذن],'Report'!C914),\"\")","v":""},"",null,{"$f":"IF( OR(report[[#This Row],[صادر]]>0,report[[#This Row],[وارد]]>0),\"يحسب\",\"\")","v":"يحسب"}]
[null,null,"",{"$f":"IF(C915<>\"\",SUMIFS(add[الكمية المضافة],add[اسم الصنف],'Report'!$G$5,add[مخزن الإضافة],'Report'!$C$3,add[تاريخ الإذن],'Report'!C915),\"\")","v":""},{"$f":"IF(C915<>\"\",SUMIFS(low[الكميه المنصرفه],low[اسم الصنف],'Report'!$G$5,low[مخزن الصرف],'Report'!$C$3,low[تاريخ الإذن],'Report'!C915),\"\")","v":""},"",null,{"$f":"IF( OR(report[[#This Row],[صادر]]>0,report[[#This Row],[وارد]]>0),\"يحسب\",\"\")","v":"يحسب"}]
[null,null,"",{"$f":"IF(C916<>\"\",SUMIFS(add[الكمية المضافة],add[اسم الصنف],'Report'!$G$5,add[مخزن الإضافة],'Report'!$C$3,add[تاريخ الإذن],'Report'!C916),\"\")","v":""},{"$f":"IF(C916<>\"\",SUMIFS(low[الكميه المنصرفه],low[اسم الصنف],'Report'!$G$5,low[مخزن الصرف],'Report'!$C$3,low[تاريخ الإذن],'Report'!C916),\"\")","v":""},"",null,{"$f":"IF( OR(report[[#This Row],[صادر]]>0,report[[#This Row],[وارد]]>0),\"يحسب\",\"\")","v":"يحسب"}]
[null,null,"",{"$f":"IF(C917<>\"\",SUMIFS(add[الكمية المضافة],add[اسم الصنف],'Report'!$G$5,add[مخزن الإضافة],'Report'!$C$3,add[تاريخ الإذن],'Report'!C917),\"\")","v":""},{"$f":"IF(C917<>\"\",SUMIFS(low[الكميه المنصرفه],low[اسم الصنف],'Report'!$G$5,low[مخزن الصرف],'Report'!$C$3,low[تاريخ الإذن],'Report'!C917),\"\")","v":""},"",null,{"$f":"IF( OR(report[[#This Row],[صادر]]>0,report[[#This Row],[وارد]]>0),\"يحسب\",\"\")","v":"يحسب"}]
[null,null,"",{"$f":"IF(C918<>\"\",SUMIFS(add[الكمية المضافة],add[اسم الصنف],'Report'!$G$5,add[مخزن الإضافة],'Report'!$C$3,add[تاريخ الإذن],'Report'!C918),\"\")","v":""},{"$f":"IF(C918<>\"\",SUMIFS(low[الكميه المنصرفه],low[اسم الصنف],'Report'!$G$5,low[مخزن الصرف],'Report'!$C$3,low[تاريخ الإذن],'Report'!C918),\"\")","v":""},"",null,{"$f":"IF( OR(report[[#This Row],[صادر]]>0,report[[#This Row],[وارد]]>0),\"يحسب\",\"\")","v":"يحسب"}]
[null,null,"",{"$f":"IF(C919<>\"\",SUMIFS(add[الكمية المضافة],add[اسم الصنف],'Report'!$G$5,add[مخزن الإضافة],'Report'!$C$3,add[تاريخ الإذن],'Report'!C919),\"\")","v":""},{"$f":"IF(C919<>\"\",SUMIFS(low[الكميه المنصرفه],low[اسم الصنف],'Report'!$G$5,low[مخزن الصرف],'Report'!$C$3,low[تاريخ الإذن],'Report'!C919),\"\")","v":""},"",null,{"$f":"IF( OR(report[[#This Row],[صادر]]>0,report[[#This Row],[وارد]]>0),\"يحسب\",\"\")","v":"يحسب"}]
[null,null,"",{"$f":"IF(C920<>\"\",SUMIFS(add[الكمية المضافة],add[اسم الصنف],'Report'!$G$5,add[مخزن الإضافة],'Report'!$C$3,add[تاريخ الإذن],'Report'!C920),\"\")","v":""},{"$f":"IF(C920<>\"\",SUMIFS(low[الكميه المنصرفه],low[اسم الصنف],'Report'!$G$5,low[مخزن الصرف],'Report'!$C$3,low[تاريخ الإذن],'Report'!C920),\"\")","v":""},"",null,{"$f":"IF( OR(report[[#This Row],[صادر]]>0,report[[#This Row],[وارد]]>0),\"يحسب\",\"\")","v":"يحسب"}]
[null,null,"",{"$f":"IF(C921<>\"\",SUMIFS(add[الكمية المضافة],add[اسم الصنف],'Report'!$G$5,add[مخزن الإضافة],'Report'!$C$3,add[تاريخ الإذن],'Report'!C921),\"\")","v":""},{"$f":"IF(C921<>\"\",SUMIFS(low[الكميه المنصرفه],low[اسم الصنف],'Report'!$G$5,low[مخزن الصرف],'Report'!$C$3,low[تاريخ الإذن],'Report'!C921),\"\")","v":""},"",null,{"$f":"IF( OR(report[[#This Row],[صادر]]>0,report[[#This Row],[وارد]]>0),\"يحسب\",\"\")","v":"يحسب"}]
[null,null,"",{"$f":"IF(C922<>\"\",SUMIFS(add[الكمية المضافة],add[اسم الصنف],'Report'!$G$5,add[مخزن الإضافة],'Report'!$C$3,add[تاريخ الإذن],'Report'!C922),\"\")","v":""},{"$f":"IF(C922<>\"\",SUMIFS(low[الكميه المنصرفه],low[اسم الصنف],'Report'!$G$5,low[مخزن الصرف],'Report'!$C$3,low[تاريخ الإذن],'Report'!C922),\"\")","v":""},"",null,{"$f":"IF( OR(report[[#This Row],[صادر]]>0,report[[#This Row],[وارد]]>0),\"يحسب\",\"\")","v":"يحسب"}]
[null,null,"",{"$f":"IF(C923<>\"\",SUMIFS(add[الكمية المضافة],add[اسم الصنف],'Report'!$G$5,add[مخزن الإضافة],'Report'!$C$3,add[تاريخ الإذن],'Report'!C923),\"\")","v":""},{"$f":"IF(C923<>\"\",SUMIFS(low[الكميه المنصرفه],low[اسم الصنف],'Report'!$G$5,low[مخزن الصرف],'Report'!$C$3,low[تاريخ الإذن],'Report'!C923),\"\")","v":""},"",null,{"$f":"IF( OR(report[[#This Row],[صادر]]>0,report[[#This Row],[وارد]]>0),\"يحسب\",\"\")","v":"يحسب"}]
[null,null,"",{"$f":"IF(C924<>\"\",SUMIFS(add[الكمية المضافة],add[اسم الصنف],'Report'!$G$5,add[مخزن الإضافة],'Report'!$C$3,add[تاريخ الإذن],'Report'!C924),\"\")","v":""},{"$f":"IF(C924<>\"\",SUMIFS(low[الكميه المنصرفه],low[اسم الصنف],'Report'!$G$5,low[مخزن الصرف],'Report'!$C$3,low[تاريخ الإذن],'Report'!C924),\"\")","v":""},"",null,{"$f":"IF( OR(report[[#This Row],[صادر]]>0,report[[#This Row],[وارد]]>0),\"يحسب\",\"\")","v":"يحسب"}]
[null,null,"",{"$f":"IF(C925<>\"\",SUMIFS(add[الكمية المضافة],add[اسم الصنف],'Report'!$G$5,add[مخزن الإضافة],'Report'!$C$3,add[تاريخ الإذن],'Report'!C925),\"\")","v":""},{"$f":"IF(C925<>\"\",SUMIFS(low[الكميه المنصرفه],low[اسم الصنف],'Report'!$G$5,low[مخزن الصرف],'Report'!$C$3,low[تاريخ الإذن],'Report'!C925),\"\")","v":""},"",null,{"$f":"IF( OR(report[[#This Row],[صادر]]>0,report[[#This Row],[وارد]]>0),\"يحسب\",\"\")","v":"يحسب"}]
[null,null,"",{"$f":"IF(C926<>\"\",SUMIFS(add[الكمية المضافة],add[اسم الصنف],'Report'!$G$5,add[مخزن الإضافة],'Report'!$C$3,add[تاريخ الإذن],'Report'!C926),\"\")","v":""},{"$f":"IF(C926<>\"\",SUMIFS(low[الكميه المنصرفه],low[اسم الصنف],'Report'!$G$5,low[مخزن الصرف],'Report'!$C$3,low[تاريخ الإذن],'Report'!C926),\"\")","v":""},"",null,{"$f":"IF( OR(report[[#This Row],[صادر]]>0,report[[#This Row],[وارد]]>0),\"يحسب\",\"\")","v":"يحسب"}]
[null,null,"",{"$f":"IF(C927<>\"\",SUMIFS(add[الكمية المضافة],add[اسم الصنف],'Report'!$G$5,add[مخزن الإضافة],'Report'!$C$3,add[تاريخ الإذن],'Report'!C927),\"\")","v":""},{"$f":"IF(C927<>\"\",SUMIFS(low[الكميه المنصرفه],low[اسم الصنف],'Report'!$G$5,low[مخزن الصرف],'Report'!$C$3,low[تاريخ الإذن],'Report'!C927),\"\")","v":""},"",null,{"$f":"IF( OR(report[[#This Row],[صادر]]>0,report[[#This Row],[وارد]]>0),\"يحسب\",\"\")","v":"يحسب"}]
[null,null,"",{"$f":"IF(C928<>\"\",SUMIFS(add[الكمية المضافة],add[اسم الصنف],'Report'!$G$5,add[مخزن الإضافة],'Report'!$C$3,add[تاريخ الإذن],'Report'!C928),\"\")","v":""},{"$f":"IF(C928<>\"\",SUMIFS(low[الكميه المنصرفه],low[اسم الصنف],'Report'!$G$5,low[مخزن الصرف],'Report'!$C$3,low[تاريخ الإذن],'Report'!C928),\"\")","v":""},"",null,{"$f":"IF( OR(report[[#This Row],[صادر]]>0,report[[#This Row],[وارد]]>0),\"يحسب\",\"\")","v":"يحسب"}]
[null,null,"",{"$f":"IF(C929<>\"\",SUMIFS(add[الكمية المضافة],add[اسم الصنف],'Report'!$G$5,add[مخزن الإضافة],'Report'!$C$3,add[تاريخ الإذن],'Report'!C929),\"\")","v":""},{"$f":"IF(C929<>\"\",SUMIFS(low[الكميه المنصرفه],low[اسم الصنف],'Report'!$G$5,low[مخزن الصرف],'Report'!$C$3,low[تاريخ الإذن],'Report'!C929),\"\")","v":""},"",null,{"$f":"IF( OR(report[[#This Row],[صادر]]>0,report[[#This Row],[وارد]]>0),\"يحسب\",\"\")","v":"يحسب"}]
[null,null,"",{"$f":"IF(C930<>\"\",SUMIFS(add[الكمية المضافة],add[اسم الصنف],'Report'!$G$5,add[مخزن الإضافة],'Report'!$C$3,add[تاريخ الإذن],'Report'!C930),\"\")","v":""},{"$f":"IF(C930<>\"\",SUMIFS(low[الكميه المنصرفه],low[اسم الصنف],'Report'!$G$5,low[مخزن الصرف],'Report'!$C$3,low[تاريخ الإذن],'Report'!C930),\"\")","v":""},"",null,{"$f":"IF( OR(report[[#This Row],[صادر]]>0,report[[#This Row],[وارد]]>0),\"يحسب\",\"\")","v":"يحسب"}]
[null,null,"",{"$f":"IF(C931<>\"\",SUMIFS(add[الكمية المضافة],add[اسم الصنف],'Report'!$G$5,add[مخزن الإضافة],'Report'!$C$3,add[تاريخ الإذن],'Report'!C931),\"\")","v":""},{"$f":"IF(C931<>\"\",SUMIFS(low[الكميه المنصرفه],low[اسم الصنف],'Report'!$G$5,low[مخزن الصرف],'Report'!$C$3,low[تاريخ الإذن],'Report'!C931),\"\")","v":""},"",null,{"$f":"IF( OR(report[[#This Row],[صادر]]>0,report[[#This Row],[وارد]]>0),\"يحسب\",\"\")","v":"يحسب"}]
[null,null,"",{"$f":"IF(C932<>\"\",SUMIFS(add[الكمية المضافة],add[اسم الصنف],'Report'!$G$5,add[مخزن الإضافة],'Report'!$C$3,add[تاريخ الإذن],'Report'!C932),\"\")","v":""},{"$f":"IF(C932<>\"\",SUMIFS(low[الكميه المنصرفه],low[اسم الصنف],'Report'!$G$5,low[مخزن الصرف],'Report'!$C$3,low[تاريخ الإذن],'Report'!C932),\"\")","v":""},"",null,{"$f":"IF( OR(report[[#This Row],[صادر]]>0,report[[#This Row],[وارد]]>0),\"يحسب\",\"\")","v":"يحسب"}]
[null,null,"",{"$f":"IF(C933<>\"\",SUMIFS(add[الكمية المضافة],add[اسم الصنف],'Report'!$G$5,add[مخزن الإضافة],'Report'!$C$3,add[تاريخ الإذن],'Report'!C933),\"\")","v":""},{"$f":"IF(C933<>\"\",SUMIFS(low[الكميه المنصرفه],low[اسم الصنف],'Report'!$G$5,low[مخزن الصرف],'Report'!$C$3,low[تاريخ الإذن],'Report'!C933),\"\")","v":""},"",null,{"$f":"IF( OR(report[[#This Row],[صادر]]>0,report[[#This Row],[وارد]]>0),\"يحسب\",\"\")","v":"يحسب"}]
[null,null,"",{"$f":"IF(C934<>\"\",SUMIFS(add[الكمية المضافة],add[اسم الصنف],'Report'!$G$5,add[مخزن الإضافة],'Report'!$C$3,add[تاريخ الإذن],'Report'!C934),\"\")","v":""},{"$f":"IF(C934<>\"\",SUMIFS(low[الكميه المنصرفه],low[اسم الصنف],'Report'!$G$5,low[مخزن الصرف],'Report'!$C$3,low[تاريخ الإذن],'Report'!C934),\"\")","v":""},"",null,{"$f":"IF( OR(report[[#This Row],[صادر]]>0,report[[#This Row],[وارد]]>0),\"يحسب\",\"\")","v":"يحسب"}]
[null,null,"",{"$f":"IF(C935<>\"\",SUMIFS(add[الكمية المضافة],add[اسم الصنف],'Report'!$G$5,add[مخزن الإضافة],'Report'!$C$3,add[تاريخ الإذن],'Report'!C935),\"\")","v":""},{"$f":"IF(C935<>\"\",SUMIFS(low[الكميه المنصرفه],low[اسم الصنف],'Report'!$G$5,low[مخزن الصرف],'Report'!$C$3,low[تاريخ الإذن],'Report'!C935),\"\")","v":""},"",null,{"$f":"IF( OR(report[[#This Row],[صادر]]>0,report[[#This Row],[وارد]]>0),\"يحسب\",\"\")","v":"يحسب"}]
[null,null,"",{"$f":"IF(C936<>\"\",SUMIFS(add[الكمية المضافة],add[اسم الصنف],'Report'!$G$5,add[مخزن الإضافة],'Report'!$C$3,add[تاريخ الإذن],'Report'!C936),\"\")","v":""},{"$f":"IF(C936<>\"\",SUMIFS(low[الكميه المنصرفه],low[اسم الصنف],'Report'!$G$5,low[مخزن الصرف],'Report'!$C$3,low[تاريخ الإذن],'Report'!C936),\"\")","v":""},"",null,{"$f":"IF( OR(report[[#This Row],[صادر]]>0,report[[#This Row],[وارد]]>0),\"يحسب\",\"\")","v":"يحسب"}]
[null,null,"",{"$f":"IF(C937<>\"\",SUMIFS(add[الكمية المضافة],add[اسم الصنف],'Report'!$G$5,add[مخزن الإضافة],'Report'!$C$3,add[تاريخ الإذن],'Report'!C937),\"\")","v":""},{"$f":"IF(C937<>\"\",SUMIFS(low[الكميه المنصرفه],low[اسم الصنف],'Report'!$G$5,low[مخزن الصرف],'Report'!$C$3,low[تاريخ الإذن],'Report'!C937),\"\")","v":""},"",null,{"$f":"IF( OR(report[[#This Row],[صادر]]>0,report[[#This Row],[وارد]]>0),\"يحسب\",\"\")","v":"يحسب"}]
[null,null,"",{"$f":"IF(C938<>\"\",SUMIFS(add[الكمية المضافة],add[اسم الصنف],'Report'!$G$5,add[مخزن الإضافة],'Report'!$C$3,add[تاريخ الإذن],'Report'!C938),\"\")","v":""},{"$f":"IF(C938<>\"\",SUMIFS(low[الكميه المنصرفه],low[اسم الصنف],'Report'!$G$5,low[مخزن الصرف],'Report'!$C$3,low[تاريخ الإذن],'Report'!C938),\"\")","v":""},"",null,{"$f":"IF( OR(report[[#This Row],[صادر]]>0,report[[#This Row],[وارد]]>0),\"يحسب\",\"\")","v":"يحسب"}]
[null,null,"",{"$f":"IF(C939<>\"\",SUMIFS(add[الكمية المضافة],add[اسم الصنف],'Report'!$G$5,add[مخزن الإضافة],'Report'!$C$3,add[تاريخ الإذن],'Report'!C939),\"\")","v":""},{"$f":"IF(C939<>\"\",SUMIFS(low[الكميه المنصرفه],low[اسم الصنف],'Report'!$G$5,low[مخزن الصرف],'Report'!$C$3,low[تاريخ الإذن],'Report'!C939),\"\")","v":""},"",null,{"$f":"IF( OR(report[[#This Row],[صادر]]>0,report[[#This Row],[وارد]]>0),\"يحسب\",\"\")","v":"يحسب"}]
[null,null,"",{"$f":"IF(C940<>\"\",SUMIFS(add[الكمية المضافة],add[اسم الصنف],'Report'!$G$5,add[مخزن الإضافة],'Report'!$C$3,add[تاريخ الإذن],'Report'!C940),\"\")","v":""},{"$f":"IF(C940<>\"\",SUMIFS(low[الكميه المنصرفه],low[اسم الصنف],'Report'!$G$5,low[مخزن الصرف],'Report'!$C$3,low[تاريخ الإذن],'Report'!C940),\"\")","v":""},"",null,{"$f":"IF( OR(report[[#This Row],[صادر]]>0,report[[#This Row],[وارد]]>0),\"يحسب\",\"\")","v":"يحسب"}]
[null,null,"",{"$f":"IF(C941<>\"\",SUMIFS(add[الكمية المضافة],add[اسم الصنف],'Report'!$G$5,add[مخزن الإضافة],'Report'!$C$3,add[تاريخ الإذن],'Report'!C941),\"\")","v":""},{"$f":"IF(C941<>\"\",SUMIFS(low[الكميه المنصرفه],low[اسم الصنف],'Report'!$G$5,low[مخزن الصرف],'Report'!$C$3,low[تاريخ الإذن],'Report'!C941),\"\")","v":""},"",null,{"$f":"IF( OR(report[[#This Row],[صادر]]>0,report[[#This Row],[وارد]]>0),\"يحسب\",\"\")","v":"يحسب"}]
[null,null,"",{"$f":"IF(C942<>\"\",SUMIFS(add[الكمية المضافة],add[اسم الصنف],'Report'!$G$5,add[مخزن الإضافة],'Report'!$C$3,add[تاريخ الإذن],'Report'!C942),\"\")","v":""},{"$f":"IF(C942<>\"\",SUMIFS(low[الكميه المنصرفه],low[اسم الصنف],'Report'!$G$5,low[مخزن الصرف],'Report'!$C$3,low[تاريخ الإذن],'Report'!C942),\"\")","v":""},"",null,{"$f":"IF( OR(report[[#This Row],[صادر]]>0,report[[#This Row],[وارد]]>0),\"يحسب\",\"\")","v":"يحسب"}]
[null,null,"",{"$f":"IF(C943<>\"\",SUMIFS(add[الكمية المضافة],add[اسم الصنف],'Report'!$G$5,add[مخزن الإضافة],'Report'!$C$3,add[تاريخ الإذن],'Report'!C943),\"\")","v":""},{"$f":"IF(C943<>\"\",SUMIFS(low[الكميه المنصرفه],low[اسم الصنف],'Report'!$G$5,low[مخزن الصرف],'Report'!$C$3,low[تاريخ الإذن],'Report'!C943),\"\")","v":""},"",null,{"$f":"IF( OR(report[[#This Row],[صادر]]>0,report[[#This Row],[وارد]]>0),\"يحسب\",\"\")","v":"يحسب"}]
[null,null,"",{"$f":"IF(C944<>\"\",SUMIFS(add[الكمية المضافة],add[اسم الصنف],'Report'!$G$5,add[مخزن الإضافة],'Report'!$C$3,add[تاريخ الإذن],'Report'!C944),\"\")","v":""},{"$f":"IF(C944<>\"\",SUMIFS(low[الكميه المنصرفه],low[اسم الصنف],'Report'!$G$5,low[مخزن الصرف],'Report'!$C$3,low[تاريخ الإذن],'Report'!C944),\"\")","v":""},"",null,{"$f":"IF( OR(report[[#This Row],[صادر]]>0,report[[#This Row],[وارد]]>0),\"يحسب\",\"\")","v":"يحسب"}]
[null,null,"",{"$f":"IF(C945<>\"\",SUMIFS(add[الكمية المضافة],add[اسم الصنف],'Report'!$G$5,add[مخزن الإضافة],'Report'!$C$3,add[تاريخ الإذن],'Report'!C945),\"\")","v":""},{"$f":"IF(C945<>\"\",SUMIFS(low[الكميه المنصرفه],low[اسم الصنف],'Report'!$G$5,low[مخزن الصرف],'Report'!$C$3,low[تاريخ الإذن],'Report'!C945),\"\")","v":""},"",null,{"$f":"IF( OR(report[[#This Row],[صادر]]>0,report[[#This Row],[وارد]]>0),\"يحسب\",\"\")","v":"يحسب"}]
[null,null,"",{"$f":"IF(C946<>\"\",SUMIFS(add[الكمية المضافة],add[اسم الصنف],'Report'!$G$5,add[مخزن الإضافة],'Report'!$C$3,add[تاريخ الإذن],'Report'!C946),\"\")","v":""},{"$f":"IF(C946<>\"\",SUMIFS(low[الكميه المنصرفه],low[اسم الصنف],'Report'!$G$5,low[مخزن الصرف],'Report'!$C$3,low[تاريخ الإذن],'Report'!C946),\"\")","v":""},"",null,{"$f":"IF( OR(report[[#This Row],[صادر]]>0,report[[#This Row],[وارد]]>0),\"يحسب\",\"\")","v":"يحسب"}]
[null,null,"",{"$f":"IF(C947<>\"\",SUMIFS(add[الكمية المضافة],add[اسم الصنف],'Report'!$G$5,add[مخزن الإضافة],'Report'!$C$3,add[تاريخ الإذن],'Report'!C947),\"\")","v":""},{"$f":"IF(C947<>\"\",SUMIFS(low[الكميه المنصرفه],low[اسم الصنف],'Report'!$G$5,low[مخزن الصرف],'Report'!$C$3,low[تاريخ الإذن],'Report'!C947),\"\")","v":""},"",null,{"$f":"IF( OR(report[[#This Row],[صادر]]>0,report[[#This Row],[وارد]]>0),\"يحسب\",\"\")","v":"يحسب"}]
[null,null,"",{"$f":"IF(C948<>\"\",SUMIFS(add[الكمية المضافة],add[اسم الصنف],'Report'!$G$5,add[مخزن الإضافة],'Report'!$C$3,add[تاريخ الإذن],'Report'!C948),\"\")","v":""},{"$f":"IF(C948<>\"\",SUMIFS(low[الكميه المنصرفه],low[اسم الصنف],'Report'!$G$5,low[مخزن الصرف],'Report'!$C$3,low[تاريخ الإذن],'Report'!C948),\"\")","v":""},"",null,{"$f":"IF( OR(report[[#This Row],[صادر]]>0,report[[#This Row],[وارد]]>0),\"يحسب\",\"\")","v":"يحسب"}]
[null,null,"",{"$f":"IF(C949<>\"\",SUMIFS(add[الكمية المضافة],add[اسم الصنف],'Report'!$G$5,add[مخزن الإضافة],'Report'!$C$3,add[تاريخ الإذن],'Report'!C949),\"\")","v":""},{"$f":"IF(C949<>\"\",SUMIFS(low[الكميه المنصرفه],low[اسم الصنف],'Report'!$G$5,low[مخزن الصرف],'Report'!$C$3,low[تاريخ الإذن],'Report'!C949),\"\")","v":""},"",null,{"$f":"IF( OR(report[[#This Row],[صادر]]>0,report[[#This Row],[وارد]]>0),\"يحسب\",\"\")","v":"يحسب"}]
[null,null,"",{"$f":"IF(C950<>\"\",SUMIFS(add[الكمية المضافة],add[اسم الصنف],'Report'!$G$5,add[مخزن الإضافة],'Report'!$C$3,add[تاريخ الإذن],'Report'!C950),\"\")","v":""},{"$f":"IF(C950<>\"\",SUMIFS(low[الكميه المنصرفه],low[اسم الصنف],'Report'!$G$5,low[مخزن الصرف],'Report'!$C$3,low[تاريخ الإذن],'Report'!C950),\"\")","v":""},"",null,{"$f":"IF( OR(report[[#This Row],[صادر]]>0,report[[#This Row],[وارد]]>0),\"يحسب\",\"\")","v":"يحسب"}]
[null,null,"",{"$f":"IF(C951<>\"\",SUMIFS(add[الكمية المضافة],add[اسم الصنف],'Report'!$G$5,add[مخزن الإضافة],'Report'!$C$3,add[تاريخ الإذن],'Report'!C951),\"\")","v":""},{"$f":"IF(C951<>\"\",SUMIFS(low[الكميه المنصرفه],low[اسم الصنف],'Report'!$G$5,low[مخزن الصرف],'Report'!$C$3,low[تاريخ الإذن],'Report'!C951),\"\")","v":""},"",null,{"$f":"IF( OR(report[[#This Row],[صادر]]>0,report[[#This Row],[وارد]]>0),\"يحسب\",\"\")","v":"يحسب"}]
[null,null,"",{"$f":"IF(C952<>\"\",SUMIFS(add[الكمية المضافة],add[اسم الصنف],'Report'!$G$5,add[مخزن الإضافة],'Report'!$C$3,add[تاريخ الإذن],'Report'!C952),\"\")","v":""},{"$f":"IF(C952<>\"\",SUMIFS(low[الكميه المنصرفه],low[اسم الصنف],'Report'!$G$5,low[مخزن الصرف],'Report'!$C$3,low[تاريخ الإذن],'Report'!C952),\"\")","v":""},"",null,{"$f":"IF( OR(report[[#This Row],[صادر]]>0,report[[#This Row],[وارد]]>0),\"يحسب\",\"\")","v":"يحسب"}]
[null,null,"",{"$f":"IF(C953<>\"\",SUMIFS(add[الكمية المضافة],add[اسم الصنف],'Report'!$G$5,add[مخزن الإضافة],'Report'!$C$3,add[تاريخ الإذن],'Report'!C953),\"\")","v":""},{"$f":"IF(C953<>\"\",SUMIFS(low[الكميه المنصرفه],low[اسم الصنف],'Report'!$G$5,low[مخزن الصرف],'Report'!$C$3,low[تاريخ الإذن],'Report'!C953),\"\")","v":""},"",null,{"$f":"IF( OR(report[[#This Row],[صادر]]>0,report[[#This Row],[وارد]]>0),\"يحسب\",\"\")","v":"يحسب"}]
[null,null,"",{"$f":"IF(C954<>\"\",SUMIFS(add[الكمية المضافة],add[اسم الصنف],'Report'!$G$5,add[مخزن الإضافة],'Report'!$C$3,add[تاريخ الإذن],'Report'!C954),\"\")","v":""},{"$f":"IF(C954<>\"\",SUMIFS(low[الكميه المنصرفه],low[اسم الصنف],'Report'!$G$5,low[مخزن الصرف],'Report'!$C$3,low[تاريخ الإذن],'Report'!C954),\"\")","v":""},"",null,{"$f":"IF( OR(report[[#This Row],[صادر]]>0,report[[#This Row],[وارد]]>0),\"يحسب\",\"\")","v":"يحسب"}]
[null,null,"",{"$f":"IF(C955<>\"\",SUMIFS(add[الكمية المضافة],add[اسم الصنف],'Report'!$G$5,add[مخزن الإضافة],'Report'!$C$3,add[تاريخ الإذن],'Report'!C955),\"\")","v":""},{"$f":"IF(C955<>\"\",SUMIFS(low[الكميه المنصرفه],low[اسم الصنف],'Report'!$G$5,low[مخزن الصرف],'Report'!$C$3,low[تاريخ الإذن],'Report'!C955),\"\")","v":""},"",null,{"$f":"IF( OR(report[[#This Row],[صادر]]>0,report[[#This Row],[وارد]]>0),\"يحسب\",\"\")","v":"يحسب"}]
[null,null,"",{"$f":"IF(C956<>\"\",SUMIFS(add[الكمية المضافة],add[اسم الصنف],'Report'!$G$5,add[مخزن الإضافة],'Report'!$C$3,add[تاريخ الإذن],'Report'!C956),\"\")","v":""},{"$f":"IF(C956<>\"\",SUMIFS(low[الكميه المنصرفه],low[اسم الصنف],'Report'!$G$5,low[مخزن الصرف],'Report'!$C$3,low[تاريخ الإذن],'Report'!C956),\"\")","v":""},"",null,{"$f":"IF( OR(report[[#This Row],[صادر]]>0,report[[#This Row],[وارد]]>0),\"يحسب\",\"\")","v":"يحسب"}]
[null,null,"",{"$f":"IF(C957<>\"\",SUMIFS(add[الكمية المضافة],add[اسم الصنف],'Report'!$G$5,add[مخزن الإضافة],'Report'!$C$3,add[تاريخ الإذن],'Report'!C957),\"\")","v":""},{"$f":"IF(C957<>\"\",SUMIFS(low[الكميه المنصرفه],low[اسم الصنف],'Report'!$G$5,low[مخزن الصرف],'Report'!$C$3,low[تاريخ الإذن],'Report'!C957),\"\")","v":""},"",null,{"$f":"IF( OR(report[[#This Row],[صادر]]>0,report[[#This Row],[وارد]]>0),\"يحسب\",\"\")","v":"يحسب"}]
[null,null,"",{"$f":"IF(C958<>\"\",SUMIFS(add[الكمية المضافة],add[اسم الصنف],'Report'!$G$5,add[مخزن الإضافة],'Report'!$C$3,add[تاريخ الإذن],'Report'!C958),\"\")","v":""},{"$f":"IF(C958<>\"\",SUMIFS(low[الكميه المنصرفه],low[اسم الصنف],'Report'!$G$5,low[مخزن الصرف],'Report'!$C$3,low[تاريخ الإذن],'Report'!C958),\"\")","v":""},"",null,{"$f":"IF( OR(report[[#This Row],[صادر]]>0,report[[#This Row],[وارد]]>0),\"يحسب\",\"\")","v":"يحسب"}]
[null,null,"",{"$f":"IF(C959<>\"\",SUMIFS(add[الكمية المضافة],add[اسم الصنف],'Report'!$G$5,add[مخزن الإضافة],'Report'!$C$3,add[تاريخ الإذن],'Report'!C959),\"\")","v":""},{"$f":"IF(C959<>\"\",SUMIFS(low[الكميه المنصرفه],low[اسم الصنف],'Report'!$G$5,low[مخزن الصرف],'Report'!$C$3,low[تاريخ الإذن],'Report'!C959),\"\")","v":""},"",null,{"$f":"IF( OR(report[[#This Row],[صادر]]>0,report[[#This Row],[وارد]]>0),\"يحسب\",\"\")","v":"يحسب"}]
[null,null,"",{"$f":"IF(C960<>\"\",SUMIFS(add[الكمية المضافة],add[اسم الصنف],'Report'!$G$5,add[مخزن الإضافة],'Report'!$C$3,add[تاريخ الإذن],'Report'!C960),\"\")","v":""},{"$f":"IF(C960<>\"\",SUMIFS(low[الكميه المنصرفه],low[اسم الصنف],'Report'!$G$5,low[مخزن الصرف],'Report'!$C$3,low[تاريخ الإذن],'Report'!C960),\"\")","v":""},"",null,{"$f":"IF( OR(report[[#This Row],[صادر]]>0,report[[#This Row],[وارد]]>0),\"يحسب\",\"\")","v":"يحسب"}]
[null,null,"",{"$f":"IF(C961<>\"\",SUMIFS(add[الكمية المضافة],add[اسم الصنف],'Report'!$G$5,add[مخزن الإضافة],'Report'!$C$3,add[تاريخ الإذن],'Report'!C961),\"\")","v":""},{"$f":"IF(C961<>\"\",SUMIFS(low[الكميه المنصرفه],low[اسم الصنف],'Report'!$G$5,low[مخزن الصرف],'Report'!$C$3,low[تاريخ الإذن],'Report'!C961),\"\")","v":""},"",null,{"$f":"IF( OR(report[[#This Row],[صادر]]>0,report[[#This Row],[وارد]]>0),\"يحسب\",\"\")","v":"يحسب"}]
[null,null,"",{"$f":"IF(C962<>\"\",SUMIFS(add[الكمية المضافة],add[اسم الصنف],'Report'!$G$5,add[مخزن الإضافة],'Report'!$C$3,add[تاريخ الإذن],'Report'!C962),\"\")","v":""},{"$f":"IF(C962<>\"\",SUMIFS(low[الكميه المنصرفه],low[اسم الصنف],'Report'!$G$5,low[مخزن الصرف],'Report'!$C$3,low[تاريخ الإذن],'Report'!C962),\"\")","v":""},"",null,{"$f":"IF( OR(report[[#This Row],[صادر]]>0,report[[#This Row],[وارد]]>0),\"يحسب\",\"\")","v":"يحسب"}]
[null,null,"",{"$f":"IF(C963<>\"\",SUMIFS(add[الكمية المضافة],add[اسم الصنف],'Report'!$G$5,add[مخزن الإضافة],'Report'!$C$3,add[تاريخ الإذن],'Report'!C963),\"\")","v":""},{"$f":"IF(C963<>\"\",SUMIFS(low[الكميه المنصرفه],low[اسم الصنف],'Report'!$G$5,low[مخزن الصرف],'Report'!$C$3,low[تاريخ الإذن],'Report'!C963),\"\")","v":""},"",null,{"$f":"IF( OR(report[[#This Row],[صادر]]>0,report[[#This Row],[وارد]]>0),\"يحسب\",\"\")","v":"يحسب"}]
[null,null,"",{"$f":"IF(C964<>\"\",SUMIFS(add[الكمية المضافة],add[اسم الصنف],'Report'!$G$5,add[مخزن الإضافة],'Report'!$C$3,add[تاريخ الإذن],'Report'!C964),\"\")","v":""},{"$f":"IF(C964<>\"\",SUMIFS(low[الكميه المنصرفه],low[اسم الصنف],'Report'!$G$5,low[مخزن الصرف],'Report'!$C$3,low[تاريخ الإذن],'Report'!C964),\"\")","v":""},"",null,{"$f":"IF( OR(report[[#This Row],[صادر]]>0,report[[#This Row],[وارد]]>0),\"يحسب\",\"\")","v":"يحسب"}]
[null,null,"",{"$f":"IF(C965<>\"\",SUMIFS(add[الكمية المضافة],add[اسم الصنف],'Report'!$G$5,add[مخزن الإضافة],'Report'!$C$3,add[تاريخ الإذن],'Report'!C965),\"\")","v":""},{"$f":"IF(C965<>\"\",SUMIFS(low[الكميه المنصرفه],low[اسم الصنف],'Report'!$G$5,low[مخزن الصرف],'Report'!$C$3,low[تاريخ الإذن],'Report'!C965),\"\")","v":""},"",null,{"$f":"IF( OR(report[[#This Row],[صادر]]>0,report[[#This Row],[وارد]]>0),\"يحسب\",\"\")","v":"يحسب"}]
[null,null,"",{"$f":"IF(C966<>\"\",SUMIFS(add[الكمية المضافة],add[اسم الصنف],'Report'!$G$5,add[مخزن الإضافة],'Report'!$C$3,add[تاريخ الإذن],'Report'!C966),\"\")","v":""},{"$f":"IF(C966<>\"\",SUMIFS(low[الكميه المنصرفه],low[اسم الصنف],'Report'!$G$5,low[مخزن الصرف],'Report'!$C$3,low[تاريخ الإذن],'Report'!C966),\"\")","v":""},"",null,{"$f":"IF( OR(report[[#This Row],[صادر]]>0,report[[#This Row],[وارد]]>0),\"يحسب\",\"\")","v":"يحسب"}]
[null,null,"",{"$f":"IF(C967<>\"\",SUMIFS(add[الكمية المضافة],add[اسم الصنف],'Report'!$G$5,add[مخزن الإضافة],'Report'!$C$3,add[تاريخ الإذن],'Report'!C967),\"\")","v":""},{"$f":"IF(C967<>\"\",SUMIFS(low[الكميه المنصرفه],low[اسم الصنف],'Report'!$G$5,low[مخزن الصرف],'Report'!$C$3,low[تاريخ الإذن],'Report'!C967),\"\")","v":""},{"$f":"IFERROR(IF(C967<>\"\",F966+D967-E967,\"\"),\"\")","v":""},null,{"$f":"IF( OR(report[[#This Row],[صادر]]>0,report[[#This Row],[وارد]]>0),\"يحسب\",\"\")","v":"يحسب"}]
[null,null,"",{"$f":"IF(C968<>\"\",SUMIFS(add[الكمية المضافة],add[اسم الصنف],'Report'!$G$5,add[مخزن الإضافة],'Report'!$C$3,add[تاريخ الإذن],'Report'!C968),\"\")","v":""},{"$f":"IF(C968<>\"\",SUMIFS(low[الكميه المنصرفه],low[اسم الصنف],'Report'!$G$5,low[مخزن الصرف],'Report'!$C$3,low[تاريخ الإذن],'Report'!C968),\"\")","v":""},"",null,{"$f":"IF( OR(report[[#This Row],[صادر]]>0,report[[#This Row],[وارد]]>0),\"يحسب\",\"\")","v":"يحسب"}]
[null,null,"",{"$f":"IF(C969<>\"\",SUMIFS(add[الكمية المضافة],add[اسم الصنف],'Report'!$G$5,add[مخزن الإضافة],'Report'!$C$3,add[تاريخ الإذن],'Report'!C969),\"\")","v":""},{"$f":"IF(C969<>\"\",SUMIFS(low[الكميه المنصرفه],low[اسم الصنف],'Report'!$G$5,low[مخزن الصرف],'Report'!$C$3,low[تاريخ الإذن],'Report'!C969),\"\")","v":""},"",null,{"$f":"IF( OR(report[[#This Row],[صادر]]>0,report[[#This Row],[وارد]]>0),\"يحسب\",\"\")","v":"يحسب"}]
[null,null,"",{"$f":"IF(C970<>\"\",SUMIFS(add[الكمية المضافة],add[اسم الصنف],'Report'!$G$5,add[مخزن الإضافة],'Report'!$C$3,add[تاريخ الإذن],'Report'!C970),\"\")","v":""},{"$f":"IF(C970<>\"\",SUMIFS(low[الكميه المنصرفه],low[اسم الصنف],'Report'!$G$5,low[مخزن الصرف],'Report'!$C$3,low[تاريخ الإذن],'Report'!C970),\"\")","v":""},"",null,{"$f":"IF( OR(report[[#This Row],[صادر]]>0,report[[#This Row],[وارد]]>0),\"يحسب\",\"\")","v":"يحسب"}]
[null,null,"",{"$f":"IF(C971<>\"\",SUMIFS(add[الكمية المضافة],add[اسم الصنف],'Report'!$G$5,add[مخزن الإضافة],'Report'!$C$3,add[تاريخ الإذن],'Report'!C971),\"\")","v":""},{"$f":"IF(C971<>\"\",SUMIFS(low[الكميه المنصرفه],low[اسم الصنف],'Report'!$G$5,low[مخزن الصرف],'Report'!$C$3,low[تاريخ الإذن],'Report'!C971),\"\")","v":""},"",null,{"$f":"IF( OR(report[[#This Row],[صادر]]>0,report[[#This Row],[وارد]]>0),\"يحسب\",\"\")","v":"يحسب"}]
[null,null,"",{"$f":"IF(C972<>\"\",SUMIFS(add[الكمية المضافة],add[اسم الصنف],'Report'!$G$5,add[مخزن الإضافة],'Report'!$C$3,add[تاريخ الإذن],'Report'!C972),\"\")","v":""},{"$f":"IF(C972<>\"\",SUMIFS(low[الكميه المنصرفه],low[اسم الصنف],'Report'!$G$5,low[مخزن الصرف],'Report'!$C$3,low[تاريخ الإذن],'Report'!C972),\"\")","v":""},"",null,{"$f":"IF( OR(report[[#This Row],[صادر]]>0,report[[#This Row],[وارد]]>0),\"يحسب\",\"\")","v":"يحسب"}]

{"sheet":"Intro","index":6,"n_rows":0,"n_cols":0,"rows_kept":0,"cut":false,"hidden":false,"merged":[]}